000
CDUS45 KPSR 240805
CLIPHX

CLIMATE REPORT
NATIONAL WEATHER SERVICE PHOENIX AZ
101 AM MST THU JUL 24 2014


...................................

...THE PHOENIX AZ CLIMATE SUMMARY FOR JULY 23 2014...

CLIMATE NORMAL PERIOD 1981 TO 2010
CLIMATE RECORD PERIOD 1895 TO 2014


WEATHER ITEM   OBSERVED TIME   RECORD YEAR NORMAL DEPARTURE LAST
                VALUE   (LST)  VALUE       VALUE  FROM      YEAR
                                                  NORMAL
..................................................................
TEMPERATURE (F)
 YESTERDAY
  MAXIMUM        114R   339 PM 114    2006 106      8      102
  MINIMUM         94    449 AM  69    1913  84     10       82
  AVERAGE        104                        95      9       92

PRECIPITATION (IN)
  YESTERDAY        0.00          0.41 2002   0.04  -0.04     0.00
  MONTH TO DATE    0.06                      0.71  -0.65     0.98
  SINCE OCT 1      3.87                      6.05  -2.18     4.51
  SINCE JAN 1      1.05                      3.94  -2.89     3.59

SNOWFALL (IN)
  YESTERDAY        0.0
  MONTH TO DATE    0.0
  SINCE JAN 1      0.0
  SINCE JUL 1      0.0
  SNOW DEPTH       0

DEGREE DAYS
 HEATING
  YESTERDAY        0                         0      0        0
  MONTH TO DATE    0                         0      0        0
  SINCE JUN 1      0                         0      0        0
  SINCE JUL 1      0                         0      0        0

 COOLING
  YESTERDAY       39                        30      9       27
  MONTH TO DATE  714                       687     27      711
  SINCE JUN 1   1569                      1461    108     1613
  SINCE JAN 1   2644                      2347    297     2711
..................................................................


WIND (MPH)
  HIGHEST WIND SPEED    25   HIGHEST WIND DIRECTION    NE (30)
  HIGHEST GUST SPEED    28   HIGHEST GUST DIRECTION    NE (30)
  AVERAGE WIND SPEED     7.4


SKY COVER
  AVERAGE SKY COVER 0.7


WEATHER CONDITIONS
 THE FOLLOWING WEATHER WAS RECORDED YESTERDAY.
  NO SIGNIFICANT WEATHER WAS OBSERVED.


RELATIVE HUMIDITY (PERCENT)
 HIGHEST    27           700 AM
 LOWEST     13           500 PM
 AVERAGE    20

..........................................................


THE PHOENIX AZ CLIMATE NORMALS FOR TODAY
                         NORMAL    RECORD    YEAR
 MAXIMUM TEMPERATURE (F)  106       114      2006
                                             2001
                                             1931
 MINIMUM TEMPERATURE (F)   84        68      1913


SUNRISE AND SUNSET
JULY 24 2014..........SUNRISE   535 AM MST   SUNSET   734 PM MST
JULY 25 2014..........SUNRISE   536 AM MST   SUNSET   733 PM MST


-  INDICATES NEGATIVE NUMBERS.
R  INDICATES RECORD WAS SET OR TIED.
MM INDICATES DATA IS MISSING.
T  INDICATES TRACE AMOUNT.

&&
.....................................................................

DEW POINT
  HIGHEST DEW POINT    61
   LOWEST DEW POINT    48
  AVERAGE DEW POINT    54
.....................................................................

$$
