000
CDUS45 KPSR 270808
CLIPHX

CLIMATE REPORT
NATIONAL WEATHER SERVICE PHOENIX AZ
108 AM MST TUE SEP 27 2016

...................................

...THE PHOENIX AZ CLIMATE SUMMARY FOR SEPTEMBER 26 2016...

CLIMATE NORMAL PERIOD 1981 TO 2010
CLIMATE RECORD PERIOD 1895 TO 2016


WEATHER ITEM   OBSERVED TIME   RECORD YEAR NORMAL DEPARTURE LAST
                VALUE   (LST)  VALUE       VALUE  FROM      YEAR
                                                  NORMAL
..................................................................
TEMPERATURE (F)
 YESTERDAY
  MAXIMUM         91   1031 AM 108    1989  96     -5      105
  MINIMUM         68   1011 PM  50    1900  73     -5       82
  AVERAGE         80                        85     -5       94

PRECIPITATION (IN)
  YESTERDAY        T             2.62 1926   0.02  -0.02     0.00
  MONTH TO DATE    0.30                      0.56  -0.26     0.81
  SINCE OCT 1      5.51                      7.95  -2.44     7.02
  SINCE JAN 1      4.34                      5.84  -1.50     5.98

SNOWFALL (IN)
  YESTERDAY        0.0
  MONTH TO DATE    0.0
  SINCE JAN 1      0.0
  SINCE JUL 1      0.0
  SNOW DEPTH       0

DEGREE DAYS
 HEATING
  YESTERDAY        0                         0      0        0
  MONTH TO DATE    0                         0      0        0
  SINCE SEP 1      0                         0      0        0
  SINCE JUL 1      0                         0      0        0

 COOLING
  YESTERDAY       15                        20     -5       29
  MONTH TO DATE  580                       627    -47      644
  SINCE SEP 1    580                       627    -47      644
  SINCE JAN 1   4332                      4096    236     4460
..................................................................


WIND (MPH)
  HIGHEST WIND SPEED    25   HIGHEST WIND DIRECTION    SE (120)
  HIGHEST GUST SPEED    32   HIGHEST GUST DIRECTION    SE (150)
  AVERAGE WIND SPEED    10.5


SKY COVER
  AVERAGE SKY COVER 0.8


WEATHER CONDITIONS
 THE FOLLOWING WEATHER WAS RECORDED YESTERDAY.
  LIGHT RAIN


RELATIVE HUMIDITY (PERCENT)
 HIGHEST    47           800 PM
 LOWEST     18           200 AM
 AVERAGE    33

..........................................................


THE PHOENIX AZ CLIMATE NORMALS FOR TODAY
                         NORMAL    RECORD    YEAR
 MAXIMUM TEMPERATURE (F)   96       107      2009
 MINIMUM TEMPERATURE (F)   73        51      1920
                                             1908


SUNRISE AND SUNSET
SEPTEMBER 27 2016.....SUNRISE   620 AM MST   SUNSET   617 PM MST
SEPTEMBER 28 2016.....SUNRISE   621 AM MST   SUNSET   616 PM MST


-  INDICATES NEGATIVE NUMBERS.
R  INDICATES RECORD WAS SET OR TIED.
MM INDICATES DATA IS MISSING.
T  INDICATES TRACE AMOUNT.

&&
.....................................................................

DEW POINT
  HIGHEST DEW POINT    59
   LOWEST DEW POINT    36
  AVERAGE DEW POINT    48
.....................................................................

$$
