677
CDUS45 KPSR 270846
CLIPHX

CDUS45 KPSR DDHHMM
CLIPHX

CLIMATE REPORT
NATIONAL WEATHER SERVICE PHOENIX AZ
143 AM MST FRI MAY 27 2016


...................................

...THE PHOENIX AZ CLIMATE SUMMARY FOR MAY 26 2016...

CLIMATE NORMAL PERIOD 1981 TO 2010
CLIMATE RECORD PERIOD 1895 TO 2016


WEATHER ITEM   OBSERVED TIME   RECORD YEAR NORMAL DEPARTURE LAST
                VALUE   (LST)  VALUE       VALUE  FROM      YEAR
                                                  NORMAL
..................................................................
TEMPERATURE (F)
 YESTERDAY
  MAXIMUM         85    523 PM 112    1951  98    -13       96
  MINIMUM         65    611 AM  48    1916  72     -7       71
  AVERAGE         75                        85    -10       84

PRECIPITATION (IN)
  YESTERDAY        0.00          0.14 1926   0.01  -0.01     0.00
  MONTH TO DATE    0.05                      0.10  -0.05     1.17
  SINCE OCT 1      3.04                      5.31  -2.27     3.54
  SINCE JAN 1      1.87                      3.20  -1.33     2.50

SNOWFALL (IN)
  YESTERDAY        0.0
  MONTH TO DATE    0.0
  SINCE JAN 1      0.0
  SINCE JUL 1      0.0
  SNOW DEPTH       0

DEGREE DAYS
 HEATING
  YESTERDAY        0                         0      0        0
  MONTH TO DATE    0                         0      0        0
  SINCE MAR 1     16                       101    -85       25
  SINCE JUL 1    829                       934   -105      520

 COOLING
  YESTERDAY       10                        20    -10       19
  MONTH TO DATE  379                       427    -48      319
  SINCE MAR 1    804                       765     39      861
  SINCE JAN 1    917                       782    135      909
..................................................................


WIND (MPH)
  HIGHEST WIND SPEED    16   HIGHEST WIND DIRECTION     W (280)
  HIGHEST GUST SPEED    21   HIGHEST GUST DIRECTION     W (280)
  AVERAGE WIND SPEED     6.4


SKY COVER
  AVERAGE SKY COVER 0.1


WEATHER CONDITIONS
 THE FOLLOWING WEATHER WAS RECORDED YESTERDAY.
  NO SIGNIFICANT WEATHER WAS OBSERVED.


RELATIVE HUMIDITY (PERCENT)
 HIGHEST    40           600 AM
 LOWEST     13           500 PM
 AVERAGE    27

..........................................................


THE PHOENIX AZ CLIMATE NORMALS FOR TODAY
                         NORMAL    RECORD    YEAR
 MAXIMUM TEMPERATURE (F)   98       111      1983
 MINIMUM TEMPERATURE (F)   72        48      1917


SUNRISE AND SUNSET
MAY 27 2016...........SUNRISE   521 AM MST   SUNSET   730 PM MST
MAY 28 2016...........SUNRISE   520 AM MST   SUNSET   731 PM MST


-  INDICATES NEGATIVE NUMBERS.
R  INDICATES RECORD WAS SET OR TIED.
MM INDICATES DATA IS MISSING.
T  INDICATES TRACE AMOUNT.

&&
.....................................................................

DEW POINT
  HIGHEST DEW POINT    39
   LOWEST DEW POINT    27
  AVERAGE DEW POINT    33
.....................................................................

$$
