000
CDUS45 KPSR 280012
CLIPHX

CLIMATE REPORT
NATIONAL WEATHER SERVICE PHOENIX AZ
512 PM MST SAT AUG 27 2016


...................................

...THE PHOENIX AZ CLIMATE SUMMARY FOR AUGUST 27 2016...
VALID TODAY AS OF 0500 PM LOCAL TIME.

CLIMATE NORMAL PERIOD 1981 TO 2010
CLIMATE RECORD PERIOD 1895 TO 2016


WEATHER ITEM   OBSERVED TIME   RECORD YEAR NORMAL DEPARTURE LAST
                VALUE   (LST)  VALUE       VALUE  FROM      YEAR
                                                  NORMAL
..................................................................
TEMPERATURE (F)
 TODAY
  MAXIMUM         97    455 PM 113    2009 104     -7      108
                                      1981
  MINIMUM         80    458 AM  64    1920  82     -2       82
  AVERAGE         89                        93     -4       95

PRECIPITATION (IN)
  TODAY            0.00          2.43 1951   0.03  -0.03     0.15
  MONTH TO DATE    1.27                      0.89   0.38     0.79
  SINCE OCT 1      5.21                      7.28  -2.07     5.71
  SINCE JAN 1      4.04                      5.17  -1.13     4.67

SNOWFALL (IN)
  TODAY            0.0
  MONTH TO DATE    0.0
  SINCE JAN 1      0.0
  SINCE JUL 1      0.0
  SNOW DEPTH       0

DEGREE DAYS
 HEATING
  TODAY            0                         0      0        0
  MONTH TO DATE    0                         0      0        0
  SINCE JUN 1      0                         0      0        0
  SINCE JUL 1      0                         0      0        0

 COOLING
  TODAY           24                        28     -4       30
  MONTH TO DATE  729                       774    -45      870
  SINCE JUN 1   2635                      2472    163     2672
  SINCE JAN 1   3642                      3358    284     3697
..................................................................


WIND (MPH)
  HIGHEST WIND SPEED    16   HIGHEST WIND DIRECTION     E (80)
  HIGHEST GUST SPEED    19   HIGHEST GUST DIRECTION     E (90)
  AVERAGE WIND SPEED     6.8


SKY COVER
  AVERAGE SKY COVER 0.5


WEATHER CONDITIONS
 THE FOLLOWING WEATHER WAS RECORDED TODAY.
  THUNDERSTORM


RELATIVE HUMIDITY (PERCENT)
 HIGHEST    46           800 AM
 LOWEST     20           400 PM
 AVERAGE    33

..........................................................


THE PHOENIX AZ CLIMATE NORMALS FOR TOMORROW
                         NORMAL    RECORD    YEAR
 MAXIMUM TEMPERATURE (F)  104       113      2009
                                             2005
                                             1998
 MINIMUM TEMPERATURE (F)   82        64      2008
                                             1920


SUNRISE AND SUNSET
AUGUST 27 2016........SUNRISE   559 AM MST   SUNSET   659 PM MST
AUGUST 28 2016........SUNRISE   600 AM MST   SUNSET   658 PM MST


-  INDICATES NEGATIVE NUMBERS.
R  INDICATES RECORD WAS SET OR TIED.
MM INDICATES DATA IS MISSING.
T  INDICATES TRACE AMOUNT.

$$
