000
CDUS45 KPSR 280804
CLIPHX

CDUS45 KPSR DDHHMM
CLIPHX

CLIMATE REPORT
NATIONAL WEATHER SERVICE PHOENIX AZ
104 AM MST THU MAY 28 2015

...................................

...THE PHOENIX AZ CLIMATE SUMMARY FOR MAY 27 2015...

CLIMATE NORMAL PERIOD 1981 TO 2010
CLIMATE RECORD PERIOD 1895 TO 2015


WEATHER ITEM   OBSERVED TIME   RECORD YEAR NORMAL DEPARTURE LAST
                VALUE   (LST)  VALUE       VALUE  FROM      YEAR
                                                  NORMAL
..................................................................
TEMPERATURE (F)
 YESTERDAY
  MAXIMUM         97    253 PM 111    1983  98     -1      107
  MINIMUM         73    640 AM  48    1917  72      1       78
  AVERAGE         85                        85      0       93

PRECIPITATION (IN)
  YESTERDAY        0.00          0.05 1934   0.00   0.00     0.00
  MONTH TO DATE    1.17                      0.10   1.07     0.00
  SINCE OCT 1      3.54                      5.31  -1.77     3.81
  SINCE JAN 1      2.50                      3.20  -0.70     0.99

SNOWFALL (IN)
  YESTERDAY        0.0
  MONTH TO DATE    0.0
  SINCE JAN 1      0.0
  SINCE JUL 1      0.0
  SNOW DEPTH       0

DEGREE DAYS
 HEATING
  YESTERDAY        0                         0      0        0
  MONTH TO DATE    0                         0      0        0
  SINCE MAR 1     25                       101    -76       12
  SINCE JUL 1    520                       934   -414      546

 COOLING
  YESTERDAY       20                        20      0       28
  MONTH TO DATE  339                       447   -108      459
  SINCE MAR 1    881                       785     96      902
  SINCE JAN 1    929                       802    127      964
..................................................................


WIND (MPH)
  HIGHEST WIND SPEED    17   HIGHEST WIND DIRECTION    NW (300)
  HIGHEST GUST SPEED    26   HIGHEST GUST DIRECTION    NW (330)
  AVERAGE WIND SPEED     6.6


SKY COVER
  AVERAGE SKY COVER 0.7


WEATHER CONDITIONS
 THE FOLLOWING WEATHER WAS RECORDED YESTERDAY.
  NO SIGNIFICANT WEATHER WAS OBSERVED.


RELATIVE HUMIDITY (PERCENT)
 HIGHEST    35           700 AM
 LOWEST     10           300 PM
 AVERAGE    23

..........................................................


THE PHOENIX AZ CLIMATE NORMALS FOR TODAY
                         NORMAL    RECORD    YEAR
 MAXIMUM TEMPERATURE (F)   99       113      1984
                                             1983
 MINIMUM TEMPERATURE (F)   73        53      1929
                                             1918
                                             1917


SUNRISE AND SUNSET
MAY 28 2015...........SUNRISE   521 AM MST   SUNSET   730 PM MST
MAY 29 2015...........SUNRISE   520 AM MST   SUNSET   731 PM MST


-  INDICATES NEGATIVE NUMBERS.
R  INDICATES RECORD WAS SET OR TIED.
MM INDICATES DATA IS MISSING.
T  INDICATES TRACE AMOUNT.

&&
.....................................................................

DEW POINT
  HIGHEST DEW POINT    44
   LOWEST DEW POINT    27
  AVERAGE DEW POINT    35
.....................................................................

$$
