000
CDUS45 KPSR 010812
CLIPHX

CLIMATE REPORT
NATIONAL WEATHER SERVICE PHOENIX AZ
111 AM MST SUN FEB 1 2015


...................................

...THE PHOENIX AZ CLIMATE SUMMARY FOR JANUARY 31 2015...

CLIMATE NORMAL PERIOD 1981 TO 2010
CLIMATE RECORD PERIOD 1895 TO 2015


WEATHER ITEM   OBSERVED TIME   RECORD YEAR NORMAL DEPARTURE LAST
                VALUE   (LST)  VALUE       VALUE  FROM      YEAR
                                                  NORMAL
..................................................................
TEMPERATURE (F)
 YESTERDAY
  MAXIMUM         60    400 PM  86    2003  69     -9       70
  MINIMUM         53   1115 PM  27    1969  47      6       55
  AVERAGE         57                        58     -1       63

PRECIPITATION (IN)
  YESTERDAY        0.07          0.59 1922   0.03   0.04     0.00
  MONTH TO DATE    0.81                      0.91  -0.10     0.00
  SINCE OCT 1      1.85                      3.02  -1.17     2.82
  SINCE JAN 1      0.81                      0.91  -0.10     0.00

SNOWFALL (IN)
  YESTERDAY        0.0
  MONTH TO DATE    0.0
  SINCE JAN 1      0.0
  SINCE JUL 1      0.0
  SNOW DEPTH       0

DEGREE DAYS
 HEATING
  YESTERDAY        8                         7      1        2
  MONTH TO DATE  188                       269    -81      152
  SINCE DEC 1    416                       567   -151      414
  SINCE JUL 1    470                       670   -200      469

 COOLING
  YESTERDAY        0                         0      0        0
  MONTH TO DATE    0                         2     -2        4
  SINCE DEC 1     10                         3      7        4
  SINCE JAN 1      0                         2     -2        4
..................................................................


WIND (MPH)
  HIGHEST WIND SPEED    12   HIGHEST WIND DIRECTION    NE (60)
  HIGHEST GUST SPEED    14   HIGHEST GUST DIRECTION    NE (60)
  AVERAGE WIND SPEED     2.6


SKY COVER
  AVERAGE SKY COVER 0.9


WEATHER CONDITIONS
 THE FOLLOWING WEATHER WAS RECORDED YESTERDAY.
  LIGHT RAIN
  FOG


RELATIVE HUMIDITY (PERCENT)
 HIGHEST    93          1200 AM
 LOWEST     75           500 PM
 AVERAGE    84

..........................................................


THE PHOENIX AZ CLIMATE NORMALS FOR TODAY
                         NORMAL    RECORD    YEAR
 MAXIMUM TEMPERATURE (F)   69        83      2003
 MINIMUM TEMPERATURE (F)   47        28      1985
                                             1949


SUNRISE AND SUNSET
FEBRUARY  1 2015......SUNRISE   724 AM MST   SUNSET   559 PM MST
FEBRUARY  2 2015......SUNRISE   723 AM MST   SUNSET   600 PM MST


-  INDICATES NEGATIVE NUMBERS.
R  INDICATES RECORD WAS SET OR TIED.
MM INDICATES DATA IS MISSING.
T  INDICATES TRACE AMOUNT.

&&
.....................................................................

DEW POINT
  HIGHEST DEW POINT    54
   LOWEST DEW POINT    52
  AVERAGE DEW POINT    53
.....................................................................

$$
