000
CDUS45 KPSR 010821
CLIPHX

CLIMATE REPORT
NATIONAL WEATHER SERVICE PHOENIX AZ
117 AM MST FRI AUG 1 2014


...................................

...THE PHOENIX AZ CLIMATE SUMMARY FOR JULY 31 2014...

CLIMATE NORMAL PERIOD 1981 TO 2010
CLIMATE RECORD PERIOD 1895 TO 2014


WEATHER ITEM   OBSERVED TIME   RECORD YEAR NORMAL DEPARTURE LAST
                VALUE   (LST)  VALUE       VALUE  FROM      YEAR
                                                  NORMAL
..................................................................
TEMPERATURE (F)
 YESTERDAY
  MAXIMUM        109    501 PM 115    1996 105      4      109
                                      1986
                                      1972
  MINIMUM         87   1159 PM  70    1921  84      3       91
                                      1915
  AVERAGE         98                        94      4      100

PRECIPITATION (IN)
  YESTERDAY        T             1.33 2010   0.04  -0.04     0.00
  MONTH TO DATE    0.06                      1.05  -0.99     1.77
  SINCE OCT 1      3.87                      6.39  -2.52     5.30
  SINCE JAN 1      1.05                      4.28  -3.23     4.38

SNOWFALL (IN)
  YESTERDAY        0.0
  MONTH TO DATE    0.0
  SINCE JAN 1      0.0
  SINCE JUL 1      0.0
  SNOW DEPTH       0

DEGREE DAYS
 HEATING
  YESTERDAY        0                         0      0        0
  MONTH TO DATE    0                         0      0        0
  SINCE JUN 1      0                         0      0        0
  SINCE JUL 1      0                         0      0        0

 COOLING
  YESTERDAY       33                        29      4       35
  MONTH TO DATE  984                       924     60      959
  SINCE JUN 1   1839                      1698    141     1861
  SINCE JAN 1   2914                      2584    330     2959
..................................................................


WIND (MPH)
  HIGHEST WIND SPEED    28   HIGHEST WIND DIRECTION     W (290)
  HIGHEST GUST SPEED    34   HIGHEST GUST DIRECTION     W (290)
  AVERAGE WIND SPEED     8.3


SKY COVER
  AVERAGE SKY COVER 0.6


WEATHER CONDITIONS
 THE FOLLOWING WEATHER WAS RECORDED YESTERDAY.
  THUNDERSTORM
  LIGHT RAIN


RELATIVE HUMIDITY (PERCENT)
 HIGHEST    34           600 AM
 LOWEST     16           600 PM
 AVERAGE    25

..........................................................


THE PHOENIX AZ CLIMATE NORMALS FOR TODAY
                         NORMAL    RECORD    YEAR
 MAXIMUM TEMPERATURE (F)  105       116      1972
 MINIMUM TEMPERATURE (F)   84        68      1950
                                             1906


SUNRISE AND SUNSET
AUGUST  1 2014........SUNRISE   541 AM MST   SUNSET   728 PM MST
AUGUST  2 2014........SUNRISE   541 AM MST   SUNSET   727 PM MST


-  INDICATES NEGATIVE NUMBERS.
R  INDICATES RECORD WAS SET OR TIED.
MM INDICATES DATA IS MISSING.
T  INDICATES TRACE AMOUNT.

&&
.....................................................................

DEW POINT
  HIGHEST DEW POINT    64
   LOWEST DEW POINT    52
  AVERAGE DEW POINT    55
.....................................................................

$$
