000
CDUS45 KPSR 240818
CLIPHX

CLIMATE REPORT
NATIONAL WEATHER SERVICE PHOENIX AZ
116 AM MST SAT FEB 24 2018


...................................

...THE PHOENIX AZ CLIMATE SUMMARY FOR FEBRUARY 23 2018...

CLIMATE NORMAL PERIOD 1981 TO 2010
CLIMATE RECORD PERIOD 1895 TO 2018


WEATHER ITEM   OBSERVED TIME   RECORD YEAR NORMAL DEPARTURE LAST
                VALUE   (LST)  VALUE       VALUE  FROM      YEAR
                                                  NORMAL
..................................................................
TEMPERATURE (F)
 YESTERDAY
  MAXIMUM         62    132 PM  89    1989  72    -10       63
  MINIMUM         41    724 AM  29    1955  50     -9       47
  AVERAGE         52                        61     -9       55

PRECIPITATION (IN)
  YESTERDAY        0.00          0.94 2004   0.03  -0.03     0.00
  MONTH TO DATE    0.30                      0.73  -0.43     0.84
  SINCE OCT 1      0.74                      3.75  -3.01     3.77
  SINCE JAN 1      0.51                      1.64  -1.13     1.94

SNOWFALL (IN)
  YESTERDAY        0.0
  MONTH TO DATE    0.0
  SINCE JAN 1      0.0
  SINCE JUL 1      0.0
  SNOW DEPTH       0

DEGREE DAYS
 HEATING
  YESTERDAY       13                         5      8       10
  MONTH TO DATE   91                       140    -49       61
  SINCE DEC 1    404                       707   -303      571
  SINCE JUL 1    405                       810   -405      629

 COOLING
  YESTERDAY        0                         1     -1        0
  MONTH TO DATE   10                         6      4       20
  SINCE DEC 1     41                         9     32       21
  SINCE JAN 1     22                         8     14       20
..................................................................


WIND (MPH)
  HIGHEST WIND SPEED    25   HIGHEST WIND DIRECTION    NW (320)
  HIGHEST GUST SPEED    31   HIGHEST GUST DIRECTION    SW (230)
  AVERAGE WIND SPEED     8.8


SKY COVER
  AVERAGE SKY COVER 0.4


WEATHER CONDITIONS
 THE FOLLOWING WEATHER WAS RECORDED YESTERDAY.
  NO SIGNIFICANT WEATHER WAS OBSERVED.


RELATIVE HUMIDITY (PERCENT)
 HIGHEST    57           600 AM
 LOWEST     24           400 PM
 AVERAGE    41

..........................................................


THE PHOENIX AZ CLIMATE NORMALS FOR TODAY
                         NORMAL    RECORD    YEAR
 MAXIMUM TEMPERATURE (F)   72        91      1904
 MINIMUM TEMPERATURE (F)   50        29      1964


SUNRISE AND SUNSET
FEBRUARY 24 2018......SUNRISE   702 AM MST   SUNSET   621 PM MST
FEBRUARY 25 2018......SUNRISE   701 AM MST   SUNSET   622 PM MST


-  INDICATES NEGATIVE NUMBERS.
R  INDICATES RECORD WAS SET OR TIED.
MM INDICATES DATA IS MISSING.
T  INDICATES TRACE AMOUNT.

&&
.....................................................................

DEW POINT
  HIGHEST DEW POINT    32
   LOWEST DEW POINT    23
  AVERAGE DEW POINT    28
.....................................................................

$$
