000
CDUS45 KPSR 290011
CLIPHX

CLIMATE REPORT
NATIONAL WEATHER SERVICE PHOENIX AZ
510 PM MST FRI NOV 28 2014


...................................

...THE PHOENIX AZ CLIMATE SUMMARY FOR NOVEMBER 28 2014...
VALID TODAY AS OF 0500 PM LOCAL TIME.

CLIMATE NORMAL PERIOD 1981 TO 2010
CLIMATE RECORD PERIOD 1895 TO 2014


WEATHER ITEM   OBSERVED TIME   RECORD YEAR NORMAL DEPARTURE LAST
                VALUE   (LST)  VALUE       VALUE  FROM      YEAR
                                                  NORMAL
..................................................................
TEMPERATURE (F)
 TODAY
  MAXIMUM         84    348 PM  86    1901  70     14       74
  MINIMUM         52    735 AM  32    1896  48      4       50
  AVERAGE         68                        59      9       62

PRECIPITATION (IN)
  TODAY            0.00          0.51 1967   0.03  -0.03     0.00
  MONTH TO DATE    0.00                      0.60  -0.60     2.43
  SINCE OCT 1      0.13                      1.18  -1.05     2.43
  SINCE JAN 1      7.46                      7.10   0.36     8.03

SNOWFALL (IN)
  TODAY            0.0
  MONTH TO DATE    0.0
  SINCE JAN 1      0.0
  SINCE JUL 1      0.0
  SNOW DEPTH       0

DEGREE DAYS
 HEATING
  TODAY            0                         6     -6        3
  MONTH TO DATE   54                        84    -30       48
  SINCE SEP 1     54                        90    -36       49
  SINCE JUL 1     54                        90    -36       49

 COOLING
  TODAY            3                         0      3        0
  MONTH TO DATE   89                        69     20      111
  SINCE SEP 1   1288                      1136    152     1135
  SINCE JAN 1   5033                      4605    428     5023
..................................................................


WIND (MPH)
  HIGHEST WIND SPEED    12   HIGHEST WIND DIRECTION    SE (130)
  HIGHEST GUST SPEED    14   HIGHEST GUST DIRECTION    SE (120)
  AVERAGE WIND SPEED     4.1


SKY COVER
  AVERAGE SKY COVER 0.0


WEATHER CONDITIONS
 THE FOLLOWING WEATHER WAS RECORDED TODAY.
  NO SIGNIFICANT WEATHER WAS OBSERVED.


RELATIVE HUMIDITY (PERCENT)
 HIGHEST    38           800 AM
 LOWEST     10           400 PM
 AVERAGE    24

..........................................................


THE PHOENIX AZ CLIMATE NORMALS FOR TOMORROW
                         NORMAL    RECORD    YEAR
 MAXIMUM TEMPERATURE (F)   70        85      1999
                                             1924
 MINIMUM TEMPERATURE (F)   48        29      1919


SUNRISE AND SUNSET
NOVEMBER 28 2014......SUNRISE   711 AM MST   SUNSET   521 PM MST
NOVEMBER 29 2014......SUNRISE   712 AM MST   SUNSET   520 PM MST


-  INDICATES NEGATIVE NUMBERS.
R  INDICATES RECORD WAS SET OR TIED.
MM INDICATES DATA IS MISSING.
T  INDICATES TRACE AMOUNT.

$$
