000
CDUS45 KPSR 180010
CLIPHX

CLIMATE REPORT
NATIONAL WEATHER SERVICE PHOENIX AZ
510 PM MST WED SEP 17 2014


...................................

...THE PHOENIX AZ CLIMATE SUMMARY FOR SEPTEMBER 17 2014...
VALID TODAY AS OF 0500 PM LOCAL TIME.

CLIMATE NORMAL PERIOD 1981 TO 2010
CLIMATE RECORD PERIOD 1895 TO 2014


WEATHER ITEM   OBSERVED TIME   RECORD YEAR NORMAL DEPARTURE LAST
                VALUE   (LST)  VALUE       VALUE  FROM      YEAR
                                                  NORMAL
..................................................................
TEMPERATURE (F)
 TODAY
  MAXIMUM         89   1150 AM 109    1962 100    -11      108
  MINIMUM         78    113 PM  56    1906  77      1       88
  AVERAGE         84                        88     -4       98

PRECIPITATION (IN)
  TODAY            0.14          1.19 1946   0.01   0.13     0.00
  MONTH TO DATE    3.45                      0.39   3.06     0.86
  SINCE OCT 1      8.49                      7.78   0.71     6.52
  SINCE JAN 1      5.67                      5.67   0.00     5.60

SNOWFALL (IN)
  TODAY            0.0
  MONTH TO DATE    0.0
  SINCE JAN 1      0.0
  SINCE JUL 1      0.0
  SNOW DEPTH       0

DEGREE DAYS
 HEATING
  TODAY            0                         0      0        0
  MONTH TO DATE    0                         0      0        0
  SINCE SEP 1      0                         0      0        0
  SINCE JUL 1      0                         0      0        0

 COOLING
  TODAY           19                        23     -4       33
  MONTH TO DATE  444                       434     10      457
  SINCE SEP 1    444                       434     10      457
  SINCE JAN 1   4189                      3903    286     4345
..................................................................


WIND (MPH)
  HIGHEST WIND SPEED    18   HIGHEST WIND DIRECTION    NE (40)
  HIGHEST GUST SPEED    23   HIGHEST GUST DIRECTION    NE (50)
  AVERAGE WIND SPEED     7.3


SKY COVER
  AVERAGE SKY COVER 0.9


WEATHER CONDITIONS
 THE FOLLOWING WEATHER WAS RECORDED TODAY.
  RAIN
  LIGHT RAIN
  FOG


RELATIVE HUMIDITY (PERCENT)
 HIGHEST    67           500 AM
 LOWEST     50          1000 AM
 AVERAGE    59

..........................................................


THE PHOENIX AZ CLIMATE NORMALS FOR TOMORROW
                         NORMAL    RECORD    YEAR
 MAXIMUM TEMPERATURE (F)   99       109      2010
 MINIMUM TEMPERATURE (F)   76        58      1950


SUNRISE AND SUNSET
SEPTEMBER 17 2014.....SUNRISE   613 AM MST   SUNSET   632 PM MST
SEPTEMBER 18 2014.....SUNRISE   614 AM MST   SUNSET   630 PM MST


-  INDICATES NEGATIVE NUMBERS.
R  INDICATES RECORD WAS SET OR TIED.
MM INDICATES DATA IS MISSING.
T  INDICATES TRACE AMOUNT.

$$
