000
CDUS45 KPSR 290832
CLIPHX

CLIMATE REPORT
NATIONAL WEATHER SERVICE PHOENIX AZ
131 AM MST SAT APR 29 2017


...................................

...THE PHOENIX AZ CLIMATE SUMMARY FOR APRIL 28 2017...

CLIMATE NORMAL PERIOD 1981 TO 2010
CLIMATE RECORD PERIOD 1895 TO 2017


WEATHER ITEM   OBSERVED TIME   RECORD YEAR NORMAL DEPARTURE LAST
                VALUE   (LST)  VALUE       VALUE  FROM      YEAR
                                                  NORMAL
..................................................................
TEMPERATURE (F)
 YESTERDAY
  MAXIMUM         87    301 PM 104    1992  89     -2       76
  MINIMUM         67   1159 PM  45    1896  64      3       64
  AVERAGE         77                        76      1       70

PRECIPITATION (IN)
  YESTERDAY        0.00          0.65 1933   0.00   0.00     0.00
  MONTH TO DATE    T                         0.27  -0.27     0.51
  SINCE OCT 1      4.23                      5.20  -0.97     2.99
  SINCE JAN 1      2.40                      3.09  -0.69     1.82

SNOWFALL (IN)
  YESTERDAY        0.0
  MONTH TO DATE    0.0
  SINCE JAN 1      0.0
  SINCE JUL 1      0.0
  SNOW DEPTH       0

DEGREE DAYS
 HEATING
  YESTERDAY        0                         0      0        0
  MONTH TO DATE    2                        17    -15        0
  SINCE MAR 1     25                        98    -73       16
  SINCE JUL 1    693                       931   -238      829

 COOLING
  YESTERDAY       12                        12      0        5
  MONTH TO DATE  306                       227     79      245
  SINCE MAR 1    511                       314    197      410
  SINCE JAN 1    531                       331    200      523
..................................................................


WIND (MPH)
  HIGHEST WIND SPEED    40   HIGHEST WIND DIRECTION    NW (300)
  HIGHEST GUST SPEED    50   HIGHEST GUST DIRECTION     W (290)
  AVERAGE WIND SPEED    18.7


SKY COVER
  AVERAGE SKY COVER 0.5


WEATHER CONDITIONS
 THE FOLLOWING WEATHER WAS RECORDED YESTERDAY.
  NO SIGNIFICANT WEATHER WAS OBSERVED.


RELATIVE HUMIDITY (PERCENT)
 HIGHEST    41          1000 AM
 LOWEST      5           600 PM
 AVERAGE    23

..........................................................


THE PHOENIX AZ CLIMATE NORMALS FOR TODAY
                         NORMAL    RECORD    YEAR
 MAXIMUM TEMPERATURE (F)   89       105      1992
 MINIMUM TEMPERATURE (F)   64        43      1970


SUNRISE AND SUNSET
APRIL 29 2017.........SUNRISE   542 AM MST   SUNSET   710 PM MST
APRIL 30 2017.........SUNRISE   541 AM MST   SUNSET   710 PM MST


-  INDICATES NEGATIVE NUMBERS.
R  INDICATES RECORD WAS SET OR TIED.
MM INDICATES DATA IS MISSING.
T  INDICATES TRACE AMOUNT.

&&
.....................................................................

DEW POINT
  HIGHEST DEW POINT    50
   LOWEST DEW POINT    -2
  AVERAGE DEW POINT    30
.....................................................................

$$
