000
CDUS45 KPSR 260902
CLIPHX

CLIMATE REPORT
NATIONAL WEATHER SERVICE PHOENIX AZ
200 AM MST FRI DEC 26 2014


...................................

...THE PHOENIX AZ CLIMATE SUMMARY FOR DECEMBER 25 2014...

CLIMATE NORMAL PERIOD 1981 TO 2010
CLIMATE RECORD PERIOD 1895 TO 2014


WEATHER ITEM   OBSERVED TIME   RECORD YEAR NORMAL DEPARTURE LAST
                VALUE   (LST)  VALUE       VALUE  FROM      YEAR
                                                  NORMAL
..................................................................
TEMPERATURE (F)
 YESTERDAY
  MAXIMUM         64   1253 PM  78    1980  65     -1       71
  MINIMUM         45    738 AM  27    1953  44      1       42
                                      1895
  AVERAGE         55                        55      0       57

PRECIPITATION (IN)
  YESTERDAY        0.00          0.63 1994   0.03  -0.03     0.00
  MONTH TO DATE    0.80                      0.71   0.09     0.39
  SINCE OCT 1      0.93                      1.94  -1.01     2.82
  SINCE JAN 1      8.26                      7.86   0.40     8.42

SNOWFALL (IN)
  YESTERDAY        0.0
  MONTH TO DATE    0.0
  SINCE JAN 1      0.0
  SINCE JUL 1      0.0
  SNOW DEPTH       0

DEGREE DAYS
 HEATING
  YESTERDAY       10                        10      0        8
  MONTH TO DATE  124                       234   -110      219
  SINCE DEC 1    124                       234   -110      219
  SINCE JUL 1    178                       337   -159      274

 COOLING
  YESTERDAY        0                         0      0        0
  MONTH TO DATE   10                         0     10        0
  SINCE DEC 1     10                         0     10        0
  SINCE JAN 1   5046                      4606    440     5023
..................................................................


WIND (MPH)
  HIGHEST WIND SPEED    22   HIGHEST WIND DIRECTION     W (270)
  HIGHEST GUST SPEED    25   HIGHEST GUST DIRECTION     W (270)
  AVERAGE WIND SPEED     8.0


SKY COVER
  AVERAGE SKY COVER 0.4


WEATHER CONDITIONS
 THE FOLLOWING WEATHER WAS RECORDED YESTERDAY.
  NO SIGNIFICANT WEATHER WAS OBSERVED.


RELATIVE HUMIDITY (PERCENT)
 HIGHEST    60           400 AM
 LOWEST     18           100 PM
 AVERAGE    39

..........................................................


THE PHOENIX AZ CLIMATE NORMALS FOR TODAY
                         NORMAL    RECORD    YEAR
 MAXIMUM TEMPERATURE (F)   65        78      1980
                                             1933
                                             1925
 MINIMUM TEMPERATURE (F)   44        22      1911


SUNRISE AND SUNSET
DECEMBER 26 2014......SUNRISE   730 AM MST   SUNSET   527 PM MST
DECEMBER 27 2014......SUNRISE   731 AM MST   SUNSET   528 PM MST


-  INDICATES NEGATIVE NUMBERS.
R  INDICATES RECORD WAS SET OR TIED.
MM INDICATES DATA IS MISSING.
T  INDICATES TRACE AMOUNT.

&&
.....................................................................

DEW POINT
  HIGHEST DEW POINT    33
   LOWEST DEW POINT    14
  AVERAGE DEW POINT    26
.....................................................................

$$
