000
CDUS43 KILX 190641
CLIPIA


CLIMATE REPORT
NATIONAL WEATHER SERVICE LINCOLN IL
1241 AM CST SUN NOV 19 2017


...................................

...THE PEORIA IL CLIMATE SUMMARY FOR NOVEMBER 18 2017...

CLIMATE NORMAL PERIOD 1981 TO 2010
CLIMATE RECORD PERIOD 1883 TO 2017


WEATHER ITEM   OBSERVED TIME   RECORD YEAR NORMAL DEPARTURE LAST
                VALUE   (LST)  VALUE       VALUE  FROM      YEAR
                                                  NORMAL
..................................................................
TEMPERATURE (F)
 YESTERDAY
  MAXIMUM         52    140 AM  73    1999  49      3       67
  MINIMUM         33   1159 PM  12    2014  32      1       39
                                      1891
  AVERAGE         43                        40      3       53

PRECIPITATION (IN)
  YESTERDAY        1.00          2.20 1985   0.11   0.89      T
  MONTH TO DATE    1.58                      1.88  -0.30     1.12
  SINCE SEP 1      7.41                      7.87  -0.46     9.61
  SINCE JAN 1     33.14                     32.82   0.32    34.62

SNOWFALL (IN)
  YESTERDAY        T             3.5  1926   0.1   -0.1      0.0
  MONTH TO DATE    T                         0.3   -0.3      0.0
  SINCE SEP 1      T                         0.3   -0.3      0.0
  SINCE JUL 1      T                         0.3   -0.3      0.0
  SNOW DEPTH       0

DEGREE DAYS
 HEATING
  YESTERDAY       22                        25     -3       12
  MONTH TO DATE  429                       366     63      207
  SINCE SEP 1    712                       806    -94      425
  SINCE JUL 1    712                       812   -100      429

 COOLING
  YESTERDAY        0                         0      0        0
  MONTH TO DATE    0                         0      0        5
  SINCE SEP 1    231                       132     99      266
  SINCE JAN 1   1157                      1039    118     1423
..................................................................


WIND (MPH)
  HIGHEST WIND SPEED    22   HIGHEST WIND DIRECTION    NE (30)
  HIGHEST GUST SPEED    35   HIGHEST GUST DIRECTION    NW (300)
  AVERAGE WIND SPEED    11.3


SKY COVER
  POSSIBLE SUNSHINE  MM
  AVERAGE SKY COVER 0.8


WEATHER CONDITIONS
 THE FOLLOWING WEATHER WAS RECORDED YESTERDAY.
  THUNDERSTORM
  HEAVY RAIN
  RAIN
  LIGHT RAIN
  LIGHT SNOW
  FOG


RELATIVE HUMIDITY (PERCENT)
 HIGHEST   100           400 AM
 LOWEST     75          1100 PM
 AVERAGE    88

..........................................................


THE PEORIA IL CLIMATE NORMALS FOR TODAY
                         NORMAL    RECORD    YEAR
 MAXIMUM TEMPERATURE (F)   48        78      1930
 MINIMUM TEMPERATURE (F)   32         8      1914


SUNRISE AND SUNSET
NOVEMBER 19 2017......SUNRISE   650 AM CST   SUNSET   438 PM CST
NOVEMBER 20 2017......SUNRISE   651 AM CST   SUNSET   437 PM CST


-  INDICATES NEGATIVE NUMBERS.
R  INDICATES RECORD WAS SET OR TIED.
MM INDICATES DATA IS MISSING.
T  INDICATES TRACE AMOUNT.




$$
