000
CDUS43 KILX 290639
CLIPIA


CLIMATE REPORT
NATIONAL WEATHER SERVICE LINCOLN IL
138 AM CDT FRI MAY 29 2015


...................................

...THE PEORIA IL CLIMATE SUMMARY FOR MAY 28 2015...

CLIMATE NORMAL PERIOD 1981 TO 2010
CLIMATE RECORD PERIOD 1883 TO 2015


WEATHER ITEM   OBSERVED TIME   RECORD YEAR NORMAL DEPARTURE LAST
                VALUE   (LST)  VALUE       VALUE  FROM      YEAR
                                                  NORMAL
..................................................................
TEMPERATURE (F)
 YESTERDAY
  MAXIMUM         85    405 PM  94    2006  77      8       88
  MINIMUM         57    425 AM  36    1907  55      2       65
  AVERAGE         71                        66      5       77

PRECIPITATION (IN)
  YESTERDAY        0.00          4.50 1915   0.13  -0.13     0.14
  MONTH TO DATE    4.44                      3.95   0.49     1.45
  SINCE MAR 1      8.47                     10.38  -1.91     7.11
  SINCE JAN 1     12.19                     13.95  -1.76    11.98

SNOWFALL (IN)
  YESTERDAY        0.0           0.0    MM   0.0    0.0      0.0
  MONTH TO DATE    0.0                       0.0    0.0      0.0
  SINCE MAR 1      2.7                       3.3   -0.6      7.4
  SINCE JUL 1     27.0                      24.6    2.4     57.6
  SNOW DEPTH       0

DEGREE DAYS
 HEATING
  YESTERDAY        0                         2     -2        0
  MONTH TO DATE   74                       141    -67      119
  SINCE MAR 1   1091                      1290   -199     1407
  SINCE JUL 1   5797                      5806     -9     6586

 COOLING
  YESTERDAY        6                         4      2       12
  MONTH TO DATE  130                        55     75      120
  SINCE MAR 1    141                        69     72      126
  SINCE JAN 1    141                        69     72      126
..................................................................


WIND (MPH)
  HIGHEST WIND SPEED    16   HIGHEST WIND DIRECTION    SE (140)
  HIGHEST GUST SPEED    22   HIGHEST GUST DIRECTION    SE (150)
  AVERAGE WIND SPEED     6.2


SKY COVER
  POSSIBLE SUNSHINE  MM
  AVERAGE SKY COVER 0.0


WEATHER CONDITIONS
 THE FOLLOWING WEATHER WAS RECORDED YESTERDAY.
  NO SIGNIFICANT WEATHER WAS OBSERVED.


RELATIVE HUMIDITY (PERCENT)
 HIGHEST    84          1200 AM
 LOWEST     32           100 PM
 AVERAGE    58

..........................................................


THE PEORIA IL CLIMATE NORMALS FOR TODAY
                         NORMAL    RECORD    YEAR
 MAXIMUM TEMPERATURE (F)   77        99      1934
 MINIMUM TEMPERATURE (F)   56        33      1965


SUNRISE AND SUNSET
MAY 29 2015...........SUNRISE   532 AM CDT   SUNSET   821 PM CDT
MAY 30 2015...........SUNRISE   531 AM CDT   SUNSET   822 PM CDT


-  INDICATES NEGATIVE NUMBERS.
R  INDICATES RECORD WAS SET OR TIED.
MM INDICATES DATA IS MISSING.
T  INDICATES TRACE AMOUNT.




$$
