000
CDUS43 KILX 212229
CLIPIA


CLIMATE REPORT
NATIONAL WEATHER SERVICE LINCOLN IL
428 PM CST SAT JAN 21 2017


...................................

...THE PEORIA IL CLIMATE SUMMARY FOR JANUARY 21 2017...
VALID TODAY AS OF 0400 PM LOCAL TIME.

CLIMATE NORMAL PERIOD 1981 TO 2010
CLIMATE RECORD PERIOD 1883 TO 2017


WEATHER ITEM   OBSERVED TIME   RECORD YEAR NORMAL DEPARTURE LAST
                VALUE   (LST)  VALUE       VALUE  FROM      YEAR
                                                  NORMAL
..................................................................
TEMPERATURE (F)
 TODAY
  MAXIMUM         60    242 PM  62    1957  33     27       27
  MINIMUM         45    437 AM -19    1883  17     28       11
  AVERAGE         53                        25     28       19

PRECIPITATION (IN)
  TODAY            0.00          0.94 1958   0.05  -0.05     0.00
  MONTH TO DATE    1.51                      1.26   0.25     0.72
  SINCE DEC 1      2.73                      3.68  -0.95     7.03
  SINCE JAN 1      1.51                      1.26   0.25     0.72

SNOWFALL (IN)
  TODAY            0.0           8.0  1958   0.2   -0.2      0.0
  MONTH TO DATE    0.4                       4.7   -4.3      5.2
  SINCE DEC 1      5.9                      11.8   -5.9      7.7
  SINCE JUL 1      5.9                      12.9   -7.0     12.3
  SNOW DEPTH       0

DEGREE DAYS
 HEATING
  TODAY           12                        40    -28       46
  MONTH TO DATE  749                       840    -91      863
  SINCE DEC 1   1877                      1970    -93     1594
  SINCE JUL 1   2615                      3118   -503     2351

 COOLING
  TODAY            0                         0      0        0
  MONTH TO DATE    0                         0      0        0
  SINCE DEC 1      0                         0      0        0
  SINCE JAN 1      0                         0      0        0
..................................................................


WIND (MPH)
  HIGHEST WIND SPEED    22   HIGHEST WIND DIRECTION    SW (220)
  HIGHEST GUST SPEED    27   HIGHEST GUST DIRECTION    SW (210)
  AVERAGE WIND SPEED    12.2


SKY COVER
  POSSIBLE SUNSHINE  MM
  AVERAGE SKY COVER 0.1


WEATHER CONDITIONS
 THE FOLLOWING WEATHER WAS RECORDED TODAY.
  FOG


RELATIVE HUMIDITY (PERCENT)
 HIGHEST   100           200 AM
 LOWEST     51           300 PM
 AVERAGE    76

..........................................................


THE PEORIA IL CLIMATE NORMALS FOR TOMORROW
                         NORMAL    RECORD    YEAR
 MAXIMUM TEMPERATURE (F)   33        62      1967
 MINIMUM TEMPERATURE (F)   17       -22      1883


SUNRISE AND SUNSET
JANUARY 21 2017.......SUNRISE   717 AM CST   SUNSET   503 PM CST
JANUARY 22 2017.......SUNRISE   717 AM CST   SUNSET   505 PM CST


-  INDICATES NEGATIVE NUMBERS.
R  INDICATES RECORD WAS SET OR TIED.
MM INDICATES DATA IS MISSING.
T  INDICATES TRACE AMOUNT.




$$
