000
CDUS43 KILX 280652
CLIPIA


CLIMATE REPORT
NATIONAL WEATHER SERVICE LINCOLN IL
1240 AM CST WED JAN 28 2015


...................................

...THE PEORIA IL CLIMATE SUMMARY FOR JANUARY 27 2015...

CLIMATE NORMAL PERIOD 1981 TO 2010
CLIMATE RECORD PERIOD 1883 TO 2015


WEATHER ITEM   OBSERVED TIME   RECORD YEAR NORMAL DEPARTURE LAST
                VALUE   (LST)  VALUE       VALUE  FROM      YEAR
                                                  NORMAL
..................................................................
TEMPERATURE (F)
 YESTERDAY
  MAXIMUM         35    152 AM  63    1944  33      2        8
  MINIMUM         31   1159 PM -14    1955  17     14       -2
  AVERAGE         33                        25      8        3

PRECIPITATION (IN)
  YESTERDAY        0.00          0.85 1949   0.05  -0.05      T
  MONTH TO DATE    1.94                      1.57   0.37     1.93
  SINCE DEC 1      3.17                      3.99  -0.82     3.42
  SINCE JAN 1      1.94                      1.57   0.37     1.93

SNOWFALL (IN)
  YESTERDAY        0.0           3.5  1972   0.2   -0.2       T
  MONTH TO DATE    9.9                       6.0    3.9     15.0
  SINCE DEC 1      9.9                      13.1   -3.2     23.5
  SINCE JUL 1     11.2                      14.2   -3.0     24.1
  SNOW DEPTH       1

DEGREE DAYS
 HEATING
  YESTERDAY       32                        40     -8       62
  MONTH TO DATE 1079                      1080     -1     1252
  SINCE DEC 1   2047                      2210   -163     2496
  SINCE JUL 1   3288                      3358    -70     3678

 COOLING
  YESTERDAY        0                         0      0        0
  MONTH TO DATE    0                         0      0        0
  SINCE DEC 1      0                         0      0        0
  SINCE JAN 1      0                         0      0        0
..................................................................


WIND (MPH)
  HIGHEST WIND SPEED    10   HIGHEST WIND DIRECTION     N (20)
  HIGHEST GUST SPEED    16   HIGHEST GUST DIRECTION     N (350)
  AVERAGE WIND SPEED     4.9


SKY COVER
  POSSIBLE SUNSHINE  MM
  AVERAGE SKY COVER 0.9


WEATHER CONDITIONS
 THE FOLLOWING WEATHER WAS RECORDED YESTERDAY.
  FOG
  HAZE


RELATIVE HUMIDITY (PERCENT)
 HIGHEST    92           400 AM
 LOWEST     72           200 PM
 AVERAGE    82

..........................................................


THE PEORIA IL CLIMATE NORMALS FOR TODAY
                         NORMAL    RECORD    YEAR
 MAXIMUM TEMPERATURE (F)   33        62      1914
 MINIMUM TEMPERATURE (F)   17       -22      1885


SUNRISE AND SUNSET
JANUARY 28 2015.......SUNRISE   712 AM CST   SUNSET   511 PM CST
JANUARY 29 2015.......SUNRISE   712 AM CST   SUNSET   513 PM CST


-  INDICATES NEGATIVE NUMBERS.
R  INDICATES RECORD WAS SET OR TIED.
MM INDICATES DATA IS MISSING.
T  INDICATES TRACE AMOUNT.




$$
