000
CDUS43 KILX 280635
CLIPIA


CLIMATE REPORT
NATIONAL WEATHER SERVICE LINCOLN IL
133 AM CDT MON JUL 28 2014


...................................

...THE PEORIA IL CLIMATE SUMMARY FOR JULY 27 2014...

CLIMATE NORMAL PERIOD 1981 TO 2010
CLIMATE RECORD PERIOD 1883 TO 2014


WEATHER ITEM   OBSERVED TIME   RECORD YEAR NORMAL DEPARTURE LAST
                VALUE   (LST)  VALUE       VALUE  FROM      YEAR
                                                  NORMAL
..................................................................
TEMPERATURE (F)
 YESTERDAY
  MAXIMUM         86   1057 AM 107    1930  85      1       69
  MINIMUM         67   1159 PM  47    1962  65      2       56
  AVERAGE         77                        75      2       63

PRECIPITATION (IN)
  YESTERDAY        T             1.80 1981   0.12  -0.12     0.00
  MONTH TO DATE    1.49                      3.38  -1.89     1.29
  SINCE JUN 1     11.16                      6.91   4.25     3.48
  SINCE JAN 1     23.14                     21.24   1.90    31.00

SNOWFALL (IN)
  YESTERDAY        0.0           0.0    MM   0.0    0.0      0.0
  MONTH TO DATE    0.0                       0.0    0.0      0.0
  SINCE JUN 1      0.0                       0.0    0.0      0.0
  SINCE JUL 1      0.0                       0.0    0.0      0.0
  SNOW DEPTH       0

DEGREE DAYS
 HEATING
  YESTERDAY        0                         0      0        2
  MONTH TO DATE    2                         0      2        2
  SINCE JUN 1      2                        18    -16       20
  SINCE JUL 1      2                         0      2        2

 COOLING
  YESTERDAY       12                        10      2        0
  MONTH TO DATE  210                       289    -79      291
  SINCE JUN 1    502                       511     -9      514
  SINCE JAN 1    660                       592     68      621
..................................................................


WIND (MPH)
  HIGHEST WIND SPEED    22   HIGHEST WIND DIRECTION     W (290)
  HIGHEST GUST SPEED    34   HIGHEST GUST DIRECTION    NW (310)
  AVERAGE WIND SPEED     9.8


SKY COVER
  POSSIBLE SUNSHINE  MM
  AVERAGE SKY COVER 0.4


WEATHER CONDITIONS
 THE FOLLOWING WEATHER WAS RECORDED YESTERDAY.
  LIGHT RAIN
  FOG
  FOG W/VISIBILITY <= 1/4 MILE
  HAZE


RELATIVE HUMIDITY (PERCENT)
 HIGHEST    93           100 AM
 LOWEST     40           100 PM
 AVERAGE    67

..........................................................


THE PEORIA IL CLIMATE NORMALS FOR TODAY
                         NORMAL    RECORD    YEAR
 MAXIMUM TEMPERATURE (F)   85       102      1983
                                             1916
 MINIMUM TEMPERATURE (F)   65        51      2013


SUNRISE AND SUNSET
JULY 28 2014..........SUNRISE   552 AM CDT   SUNSET   818 PM CDT
JULY 29 2014..........SUNRISE   553 AM CDT   SUNSET   817 PM CDT


-  INDICATES NEGATIVE NUMBERS.
R  INDICATES RECORD WAS SET OR TIED.
MM INDICATES DATA IS MISSING.
T  INDICATES TRACE AMOUNT.




$$
