000
CDUS43 KILX 240702
CLIPIA


CLIMATE REPORT
NATIONAL WEATHER SERVICE LINCOLN IL
102 AM CST WED JAN 24 2018


...................................

...THE PEORIA IL CLIMATE SUMMARY FOR JANUARY 23 2018...

CLIMATE NORMAL PERIOD 1981 TO 2010
CLIMATE RECORD PERIOD 1883 TO 2018


WEATHER ITEM   OBSERVED TIME   RECORD YEAR NORMAL DEPARTURE LAST
                VALUE   (LST)  VALUE       VALUE  FROM      YEAR
                                                  NORMAL
..................................................................
TEMPERATURE (F)
 YESTERDAY
  MAXIMUM         36    610 AM  71    1909  33      3       43
  MINIMUM         29   1159 PM -20    1936  17     12       36
  AVERAGE         33                        25      8       40

PRECIPITATION (IN)
  YESTERDAY        0.01          1.94 1938   0.05  -0.04     0.00
  MONTH TO DATE    1.74                      1.37   0.37     1.51
  SINCE DEC 1      2.54                      3.79  -1.25     2.73
  SINCE JAN 1      1.74                      1.37   0.37     1.51

SNOWFALL (IN)
  YESTERDAY        0.0           5.0  1904   0.2   -0.2      0.0
  MONTH TO DATE    3.4                       5.1   -1.7      0.4
  SINCE DEC 1     10.8                      12.2   -1.4      5.9
  SINCE JUL 1     10.8                      13.3   -2.5      5.9
  SNOW DEPTH       0

DEGREE DAYS
 HEATING
  YESTERDAY       32                        40     -8       25
  MONTH TO DATE 1030                       920    110      802
  SINCE DEC 1   2157                      2050    107     1930
  SINCE JUL 1   3144                      3198    -54     2668

 COOLING
  YESTERDAY        0                         0      0        0
  MONTH TO DATE    0                         0      0        0
  SINCE DEC 1      0                         0      0        0
  SINCE JAN 1      0                         0      0        0
..................................................................


WIND (MPH)
  HIGHEST WIND SPEED    20   HIGHEST WIND DIRECTION    NW (300)
  HIGHEST GUST SPEED    31   HIGHEST GUST DIRECTION    NW (300)
  AVERAGE WIND SPEED    10.1


SKY COVER
  POSSIBLE SUNSHINE  MM
  AVERAGE SKY COVER 1.0


WEATHER CONDITIONS
 THE FOLLOWING WEATHER WAS RECORDED YESTERDAY.
  LIGHT RAIN
  FOG


RELATIVE HUMIDITY (PERCENT)
 HIGHEST    92          1200 AM
 LOWEST     69           800 PM
 AVERAGE    81

..........................................................


THE PEORIA IL CLIMATE NORMALS FOR TODAY
                         NORMAL    RECORD    YEAR
 MAXIMUM TEMPERATURE (F)   33        68      1950
 MINIMUM TEMPERATURE (F)   17       -13      1915


SUNRISE AND SUNSET
JANUARY 24 2018.......SUNRISE   715 AM CST   SUNSET   507 PM CST
JANUARY 25 2018.......SUNRISE   715 AM CST   SUNSET   508 PM CST


-  INDICATES NEGATIVE NUMBERS.
R  INDICATES RECORD WAS SET OR TIED.
MM INDICATES DATA IS MISSING.
T  INDICATES TRACE AMOUNT.




$$
