000
CDUS43 KILX 190645
CLIPIA


CLIMATE REPORT
NATIONAL WEATHER SERVICE LINCOLN IL
133 AM CDT SAT APR 19 2014


...................................

...THE PEORIA IL CLIMATE SUMMARY FOR APRIL 18 2014...

CLIMATE NORMAL PERIOD 1981 TO 2010
CLIMATE RECORD PERIOD 1883 TO 2014


WEATHER ITEM   OBSERVED TIME   RECORD YEAR NORMAL DEPARTURE LAST
                VALUE   (LST)  VALUE       VALUE  FROM      YEAR
                                                  NORMAL
..................................................................
TEMPERATURE (F)
 YESTERDAY
  MAXIMUM         67    450 PM  91    2002  64      3       63
  MINIMUM         39    529 AM  24    1983  43     -4       38
  AVERAGE         53                        53      0       51

PRECIPITATION (IN)
  YESTERDAY        0.00          1.37 2013   0.12  -0.12     1.37
  MONTH TO DATE    2.66                      2.11   0.55     7.12
  SINCE MAR 1      4.60                      4.91  -0.31     9.75
  SINCE JAN 1      9.47                      8.48   0.99    16.48

SNOWFALL (IN)
  YESTERDAY        0.0           0.7  1910   0.0    0.0      0.0
  MONTH TO DATE    0.3                       0.5   -0.2      0.0
  SINCE MAR 1      7.4                       3.2    4.2     10.8
  SINCE JUL 1     57.6                      24.5   33.1     22.7
  SNOW DEPTH       0

DEGREE DAYS
 HEATING
  YESTERDAY       12                        12      0       14
  MONTH TO DATE  280                       273      7      282
  SINCE MAR 1   1214                      1029    185     1234
  SINCE JUL 1   6393                      5545    848     5527

 COOLING
  YESTERDAY        0                         1     -1        0
  MONTH TO DATE    4                         1      3        1
  SINCE MAR 1      4                         2      2        1
  SINCE JAN 1      4                         2      2        1
..................................................................


WIND (MPH)
  HIGHEST WIND SPEED    21   HIGHEST WIND DIRECTION     E (80)
  HIGHEST GUST SPEED    28   HIGHEST GUST DIRECTION     E (90)
  AVERAGE WIND SPEED     5.8


SKY COVER
  POSSIBLE SUNSHINE  MM
  AVERAGE SKY COVER 0.1


WEATHER CONDITIONS
 THE FOLLOWING WEATHER WAS RECORDED YESTERDAY.
  NO SIGNIFICANT WEATHER WAS OBSERVED.


RELATIVE HUMIDITY (PERCENT)
 HIGHEST    79           500 AM
 LOWEST     22           500 PM
 AVERAGE    51

..........................................................


THE PEORIA IL CLIMATE NORMALS FOR TODAY
                         NORMAL    RECORD    YEAR
 MAXIMUM TEMPERATURE (F)   64        84      1985
                                             1938
 MINIMUM TEMPERATURE (F)   43        22      1983


SUNRISE AND SUNSET
APRIL 19 2014.........SUNRISE   614 AM CDT   SUNSET   742 PM CDT
APRIL 20 2014.........SUNRISE   613 AM CDT   SUNSET   743 PM CDT


-  INDICATES NEGATIVE NUMBERS.
R  INDICATES RECORD WAS SET OR TIED.
MM INDICATES DATA IS MISSING.
T  INDICATES TRACE AMOUNT.




$$
