000
CDUS43 KILX 310630
CLIPIA


CLIMATE REPORT
NATIONAL WEATHER SERVICE LINCOLN IL
129 AM CDT SUN AUG 31 2014


...................................

...THE PEORIA IL CLIMATE SUMMARY FOR AUGUST 30 2014...

CLIMATE NORMAL PERIOD 1981 TO 2010
CLIMATE RECORD PERIOD 1883 TO 2014


WEATHER ITEM   OBSERVED TIME   RECORD YEAR NORMAL DEPARTURE LAST
                VALUE   (LST)  VALUE       VALUE  FROM      YEAR
                                                  NORMAL
..................................................................
TEMPERATURE (F)
 YESTERDAY
  MAXIMUM         86    424 PM  99    2013  82      4       99
  MINIMUM         72   1159 PM  44    1915  62     10       72
  AVERAGE         79                        72      7       86

PRECIPITATION (IN)
  YESTERDAY        T             2.62 1965   0.11  -0.11     0.00
  MONTH TO DATE    6.94                      3.13   3.81     0.33
  SINCE JUN 1     18.10                     10.51   7.59     4.31
  SINCE JAN 1     30.08                     24.84   5.24    31.83

SNOWFALL (IN)
  YESTERDAY        0.0           0.0    MM   0.0    0.0      0.0
  MONTH TO DATE    0.0                       0.0    0.0      0.0
  SINCE JUN 1      0.0                       0.0    0.0      0.0
  SINCE JUL 1      0.0                       0.0    0.0      0.0
  SNOW DEPTH       0

DEGREE DAYS
 HEATING
  YESTERDAY        0                         0      0        0
  MONTH TO DATE    0                         0      0        1
  SINCE JUN 1      2                        19    -17       23
  SINCE JUL 1      2                         1      1        5

 COOLING
  YESTERDAY       14                         7      7       21
  MONTH TO DATE  328                       270     58      294
  SINCE JUN 1    852                       820     32      817
  SINCE JAN 1   1010                       901    109      924
..................................................................


WIND (MPH)
  HIGHEST WIND SPEED    17   HIGHEST WIND DIRECTION    SW (230)
  HIGHEST GUST SPEED    22   HIGHEST GUST DIRECTION    SW (220)
  AVERAGE WIND SPEED     7.9


SKY COVER
  POSSIBLE SUNSHINE  MM
  AVERAGE SKY COVER 0.4


WEATHER CONDITIONS
 THE FOLLOWING WEATHER WAS RECORDED YESTERDAY.
  LIGHT RAIN
  FOG


RELATIVE HUMIDITY (PERCENT)
 HIGHEST    93           200 AM
 LOWEST     59           400 PM
 AVERAGE    76

..........................................................


THE PEORIA IL CLIMATE NORMALS FOR TODAY
                         NORMAL    RECORD    YEAR
 MAXIMUM TEMPERATURE (F)   82        96      2000
                                             1953
                                             1943
 MINIMUM TEMPERATURE (F)   61        41      1915


SUNRISE AND SUNSET
AUGUST 31 2014........SUNRISE   625 AM CDT   SUNSET   732 PM CDT
SEPTEMBER  1 2014.....SUNRISE   626 AM CDT   SUNSET   731 PM CDT


-  INDICATES NEGATIVE NUMBERS.
R  INDICATES RECORD WAS SET OR TIED.
MM INDICATES DATA IS MISSING.
T  INDICATES TRACE AMOUNT.




$$
