000
CDUS43 KILX 010639
CLIPIA


CLIMATE REPORT
NATIONAL WEATHER SERVICE LINCOLN IL
1238 AM CST WED MAR 1 2017


...................................

...THE PEORIA IL CLIMATE SUMMARY FOR FEBRUARY 28 2017...

CLIMATE NORMAL PERIOD 1981 TO 2010
CLIMATE RECORD PERIOD 1883 TO 2017


WEATHER ITEM   OBSERVED TIME   RECORD YEAR NORMAL DEPARTURE LAST
                VALUE   (LST)  VALUE       VALUE  FROM      YEAR
                                                  NORMAL
..................................................................
TEMPERATURE (F)
 YESTERDAY
  MAXIMUM         69R   454 PM  68    2016  43     26       68
                                      1895
  MINIMUM         50   1232 AM  -2    1962  25     25       38
  AVERAGE         60                        34     26       53

PRECIPITATION (IN)
  YESTERDAY        0.36          0.76 1987   0.08   0.28     0.01
  MONTH TO DATE    1.09                      1.79  -0.70     0.62
  SINCE DEC 1      3.88                      5.99  -2.11     7.69
  SINCE JAN 1      2.66                      3.57  -0.91     1.38

SNOWFALL (IN)
  YESTERDAY        0.0          13.5  1900   0.2   -0.2      0.0
  MONTH TO DATE    3.7                       6.2   -2.5      2.8
  SINCE DEC 1      9.7                      20.2  -10.5     10.5
  SINCE JUL 1      9.7                      21.3  -11.6     15.1
  SNOW DEPTH       0

DEGREE DAYS
 HEATING
  YESTERDAY        5                        31    -26       12
  MONTH TO DATE  678                       995   -317      894
  SINCE DEC 1   2869                      3368   -499     2807
  SINCE JUL 1   3607                      4516   -909     3564

 COOLING
  YESTERDAY        0                         0      0        0
  MONTH TO DATE    0                         0      0        0
  SINCE DEC 1      0                         0      0        0
  SINCE JAN 1      0                         0      0        0
..................................................................


WIND (MPH)
  HIGHEST WIND SPEED    29   HIGHEST WIND DIRECTION     W (260)
  HIGHEST GUST SPEED    42   HIGHEST GUST DIRECTION     W (250)
  AVERAGE WIND SPEED    13.9


SKY COVER
  POSSIBLE SUNSHINE  MM
  AVERAGE SKY COVER 0.6


WEATHER CONDITIONS
 THE FOLLOWING WEATHER WAS RECORDED YESTERDAY.
  THUNDERSTORM
  HEAVY RAIN
  RAIN
  LIGHT RAIN
  FOG


RELATIVE HUMIDITY (PERCENT)
 HIGHEST   100           800 AM
 LOWEST     66           500 PM
 AVERAGE    83

..........................................................


THE PEORIA IL CLIMATE NORMALS FOR TODAY
                         NORMAL    RECORD    YEAR
 MAXIMUM TEMPERATURE (F)   43        74      1992
 MINIMUM TEMPERATURE (F)   26        -7      1962


SUNRISE AND SUNSET
MARCH  1 2017.........SUNRISE   632 AM CST   SUNSET   550 PM CST
MARCH  2 2017.........SUNRISE   631 AM CST   SUNSET   551 PM CST


-  INDICATES NEGATIVE NUMBERS.
R  INDICATES RECORD WAS SET OR TIED.
MM INDICATES DATA IS MISSING.
T  INDICATES TRACE AMOUNT.




$$
