000
CDUS43 KILX 270645
CLIPIA


CLIMATE REPORT
NATIONAL WEATHER SERVICE LINCOLN IL
144 AM CDT FRI MAR 27 2015


...................................

...THE PEORIA IL CLIMATE SUMMARY FOR MARCH 26 2015...

CLIMATE NORMAL PERIOD 1981 TO 2010
CLIMATE RECORD PERIOD 1883 TO 2015


WEATHER ITEM   OBSERVED TIME   RECORD YEAR NORMAL DEPARTURE LAST
                VALUE   (LST)  VALUE       VALUE  FROM      YEAR
                                                  NORMAL
..................................................................
TEMPERATURE (F)
 YESTERDAY
  MAXIMUM         50    328 PM  82    1991  55     -5       46
                                      1907
  MINIMUM         31   1159 PM   5    1955  34     -3       15
  AVERAGE         41                        45     -4       31

PRECIPITATION (IN)
  YESTERDAY        0.00          2.05 1898   0.09  -0.09      T
  MONTH TO DATE    0.60                      2.28  -1.68     1.45
  SINCE MAR 1      0.60                      2.28  -1.68     1.45
  SINCE JAN 1      4.32                      5.85  -1.53     6.32

SNOWFALL (IN)
  YESTERDAY        0.0           5.9  1934   0.1   -0.1      0.0
  MONTH TO DATE    2.7                       2.5    0.2      7.1
  SINCE MAR 1      2.7                       2.5    0.2      7.1
  SINCE JUL 1     27.0                      23.8    3.2     57.3
  SNOW DEPTH       0

DEGREE DAYS
 HEATING
  YESTERDAY       24                        20      4       34
  MONTH TO DATE  641                       660    -19      841
  SINCE MAR 1    641                       660    -19      841
  SINCE JUL 1   5347                      5176    171     6020

 COOLING
  YESTERDAY        0                         0      0        0
  MONTH TO DATE    0                         0      0        0
  SINCE MAR 1      0                         0      0        0
  SINCE JAN 1      0                         0      0        0
..................................................................


WIND (MPH)
  HIGHEST WIND SPEED    20   HIGHEST WIND DIRECTION    NW (320)
  HIGHEST GUST SPEED    27   HIGHEST GUST DIRECTION    NW (310)
  AVERAGE WIND SPEED     8.5


SKY COVER
  POSSIBLE SUNSHINE  MM
  AVERAGE SKY COVER 0.2


WEATHER CONDITIONS
 THE FOLLOWING WEATHER WAS RECORDED YESTERDAY.
  NO SIGNIFICANT WEATHER WAS OBSERVED.


RELATIVE HUMIDITY (PERCENT)
 HIGHEST    75           300 AM
 LOWEST     31           500 PM
 AVERAGE    53

..........................................................


THE PEORIA IL CLIMATE NORMALS FOR TODAY
                         NORMAL    RECORD    YEAR
 MAXIMUM TEMPERATURE (F)   55        81      1945
                                             1910
 MINIMUM TEMPERATURE (F)   35        12      1965


SUNRISE AND SUNSET
MARCH 27 2015.........SUNRISE   651 AM CDT   SUNSET   718 PM CDT
MARCH 28 2015.........SUNRISE   649 AM CDT   SUNSET   719 PM CDT


-  INDICATES NEGATIVE NUMBERS.
R  INDICATES RECORD WAS SET OR TIED.
MM INDICATES DATA IS MISSING.
T  INDICATES TRACE AMOUNT.




$$
