000
CDUS45 KPIH 230733
CLIPIH


CLIMATE REPORT
NATIONAL WEATHER SERVICE POCATELLO ID
1231 AM MST THU FEB 23 2017


...................................

...THE POCATELLO ID CLIMATE SUMMARY FOR FEBRUARY 22 2017...

CLIMATE NORMAL PERIOD 1981 TO 2010
CLIMATE RECORD PERIOD 1939 TO 2017


WEATHER ITEM   OBSERVED TIME   RECORD YEAR NORMAL DEPARTURE LAST
                VALUE   (LST)  VALUE       VALUE  FROM      YEAR
                                                  NORMAL
..................................................................
TEMPERATURE (F)
 YESTERDAY
  MAXIMUM         41   1256 PM  62    1958  40      1       41
  MINIMUM         29   1159 PM  -6    1952  21      8       24
  AVERAGE         35                        30      5       33

PRECIPITATION (IN)
  YESTERDAY        0.15          0.30 1948   0.04   0.11      T
  MONTH TO DATE    2.31                      0.74   1.57     0.20
  SINCE OCT 1     11.72                      4.95   6.77     5.18
  SINCE JAN 1      5.16                      1.73   3.43     1.61

SNOWFALL (IN)
  YESTERDAY        2.5
  MONTH TO DATE    8.2
  SINCE DEC 1     68.9
  SINCE JUL 1     71.5
  SNOW DEPTH       0

DEGREE DAYS
 HEATING
  YESTERDAY       30                        35     -5       32
  MONTH TO DATE  651                       827   -176      758
  SINCE DEC 1   3549                      3346    203     3206
  SINCE JUL 1   4984                      5074    -90     4650

 COOLING
  YESTERDAY        0                         0      0        0
  MONTH TO DATE    0                         0      0        0
  SINCE DEC 1      0                         0      0        0
  SINCE JAN 1      0                         0      0        0
..................................................................


WIND (MPH)
  HIGHEST WIND SPEED    22   HIGHEST WIND DIRECTION    SW (220)
  HIGHEST GUST SPEED    28   HIGHEST GUST DIRECTION     S (200)
  AVERAGE WIND SPEED     9.8


SKY COVER
  POSSIBLE SUNSHINE  MM
  AVERAGE SKY COVER 0.4


WEATHER CONDITIONS
 THE FOLLOWING WEATHER WAS RECORDED YESTERDAY.
  LIGHT SNOW
  FOG


RELATIVE HUMIDITY (PERCENT)
 HIGHEST   100          1000 PM
 LOWEST     50           400 PM
 AVERAGE    75

..........................................................


THE POCATELLO ID CLIMATE NORMALS FOR TODAY
                         NORMAL    RECORD    YEAR
 MAXIMUM TEMPERATURE (F)   40        58      1995
 MINIMUM TEMPERATURE (F)   21        -5      1955


SUNRISE AND SUNSET
FEBRUARY 23 2017......SUNRISE   715 AM MST   SUNSET   613 PM MST
FEBRUARY 24 2017......SUNRISE   714 AM MST   SUNSET   614 PM MST


-  INDICATES NEGATIVE NUMBERS.
R  INDICATES RECORD WAS SET OR TIED.
MM INDICATES DATA IS MISSING.
T  INDICATES TRACE AMOUNT.




$$
