000
CDUS45 KPIH 300734
CLIPIH


CLIMATE REPORT
NATIONAL WEATHER SERVICE POCATELLO ID
133 AM MDT MON MAR 30 2015


...................................

...THE POCATELLO ID CLIMATE SUMMARY FOR MARCH 29 2015...

CLIMATE NORMAL PERIOD 1981 TO 2010
CLIMATE RECORD PERIOD 1939 TO 2015


WEATHER ITEM   OBSERVED TIME   RECORD YEAR NORMAL DEPARTURE LAST
                VALUE   (LST)  VALUE       VALUE  FROM      YEAR
                                                  NORMAL
..................................................................
TEMPERATURE (F)
 YESTERDAY
  MAXIMUM         64    440 PM  73    1978  53     11       58
  MINIMUM         26    609 AM   9    1987  30     -4       39
  AVERAGE         45                        42      3       49

PRECIPITATION (IN)
  YESTERDAY        0.00          0.41 2006   0.04  -0.04     0.08
  MONTH TO DATE    0.25                      1.18  -0.93     1.47
  SINCE OCT 1      3.74                      6.36  -2.62     4.55
  SINCE JAN 1      1.35                      3.14  -1.79     3.18

SNOWFALL (IN)
  YESTERDAY        0.0
  MONTH TO DATE    2.6
  SINCE MAR 1      2.6
  SINCE JUL 1     17.4
  SNOW DEPTH       0

DEGREE DAYS
 HEATING
  YESTERDAY       20                        23     -3       16
  MONTH TO DATE  610                       792   -182      672
  SINCE MAR 1    610                       792   -182      672
  SINCE JUL 1   4951                      6065  -1114     5652

 COOLING
  YESTERDAY        0                         0      0        0
  MONTH TO DATE    0                         0      0        0
  SINCE MAR 1      0                         0      0        0
  SINCE JAN 1      0                         0      0        0
..................................................................


WIND (MPH)
  HIGHEST WIND SPEED    20   HIGHEST WIND DIRECTION     W (270)
  HIGHEST GUST SPEED    25   HIGHEST GUST DIRECTION     W (260)
  AVERAGE WIND SPEED     8.8


SKY COVER
  POSSIBLE SUNSHINE  MM
  AVERAGE SKY COVER 0.0


WEATHER CONDITIONS
 THE FOLLOWING WEATHER WAS RECORDED YESTERDAY.
  NO SIGNIFICANT WEATHER WAS OBSERVED.


RELATIVE HUMIDITY (PERCENT)
 HIGHEST    63           600 AM
 LOWEST     13           400 PM
 AVERAGE    38

..........................................................


THE POCATELLO ID CLIMATE NORMALS FOR TODAY
                         NORMAL    RECORD    YEAR
 MAXIMUM TEMPERATURE (F)   54        73      2004
 MINIMUM TEMPERATURE (F)   30        16      1954


SUNRISE AND SUNSET
MARCH 30 2015.........SUNRISE   716 AM MDT   SUNSET   754 PM MDT
MARCH 31 2015.........SUNRISE   715 AM MDT   SUNSET   755 PM MDT


-  INDICATES NEGATIVE NUMBERS.
R  INDICATES RECORD WAS SET OR TIED.
MM INDICATES DATA IS MISSING.
T  INDICATES TRACE AMOUNT.




$$
