000
CDUS45 KPIH 312323
CLIPIH


CLIMATE REPORT
NATIONAL WEATHER SERVICE POCATELLO ID
520 PM MDT WED AUG 31 2016


...................................

...THE POCATELLO ID CLIMATE SUMMARY FOR AUGUST 31 2016...
VALID TODAY AS OF 0500 PM LOCAL TIME.

CLIMATE NORMAL PERIOD 1981 TO 2010
CLIMATE RECORD PERIOD 1939 TO 2016


WEATHER ITEM   OBSERVED TIME   RECORD YEAR NORMAL DEPARTURE LAST
                VALUE   (LST)  VALUE       VALUE  FROM      YEAR
                                                  NORMAL
..................................................................
TEMPERATURE (F)
 TODAY
  MAXIMUM         94    330 PM  97    1955  83     11       82
  MINIMUM         47    544 AM  32    2006  47      0       46
                                      1993
                                      1969
  AVERAGE         71                        65      6       64

PRECIPITATION (IN)
  TODAY            0.00          0.38 1963   0.02  -0.02     0.00
  MONTH TO DATE    0.24                      0.61  -0.37     0.63
  SINCE OCT 1     11.15                     11.29  -0.14     9.31
  SINCE JAN 1      7.58                      8.07  -0.49     6.92

SNOWFALL (IN)
  TODAY            0.0
  MONTH TO DATE    0.0
  SINCE JUN 1      0.0
  SINCE JUL 1      0.0
  SNOW DEPTH       0

DEGREE DAYS
 HEATING
  TODAY            0                         2     -2        1
  MONTH TO DATE   21                        23     -2       16
  SINCE JUN 1     81                       177    -96       67
  SINCE JUL 1     38                        46     -8       39

 COOLING
  TODAY            6                         2      4        0
  MONTH TO DATE  113                       147    -34      161
  SINCE JUN 1    399                       365     34      457
  SINCE JAN 1    399                       370     29      461
..................................................................


WIND (MPH)
  HIGHEST WIND SPEED    16   HIGHEST WIND DIRECTION    NW (310)
  HIGHEST GUST SPEED    19   HIGHEST GUST DIRECTION    NW (320)
  AVERAGE WIND SPEED     5.6


SKY COVER
  POSSIBLE SUNSHINE  MM
  AVERAGE SKY COVER 0.1


WEATHER CONDITIONS
 THE FOLLOWING WEATHER WAS RECORDED TODAY.
  NO SIGNIFICANT WEATHER WAS OBSERVED.


RELATIVE HUMIDITY (PERCENT)
 HIGHEST    71           400 AM
 LOWEST     11           400 PM
 AVERAGE    41

..........................................................


THE POCATELLO ID CLIMATE NORMALS FOR TOMORROW
                         NORMAL    RECORD    YEAR
 MAXIMUM TEMPERATURE (F)   83        95      1995
                                             1950
 MINIMUM TEMPERATURE (F)   47        29      2006


SUNRISE AND SUNSET
AUGUST 31 2016........SUNRISE   654 AM MDT   SUNSET   806 PM MDT
SEPTEMBER  1 2016.....SUNRISE   656 AM MDT   SUNSET   804 PM MDT


-  INDICATES NEGATIVE NUMBERS.
R  INDICATES RECORD WAS SET OR TIED.
MM INDICATES DATA IS MISSING.
T  INDICATES TRACE AMOUNT.




$$
