000
CDUS45 KPIH 260732
CLIPIH


CLIMATE REPORT
NATIONAL WEATHER SERVICE POCATELLO ID
129 AM MDT TUE MAY 26 2015


...................................

...THE POCATELLO ID CLIMATE SUMMARY FOR MAY 25 2015...

CLIMATE NORMAL PERIOD 1981 TO 2010
CLIMATE RECORD PERIOD 1939 TO 2015


WEATHER ITEM   OBSERVED TIME   RECORD YEAR NORMAL DEPARTURE LAST
                VALUE   (LST)  VALUE       VALUE  FROM      YEAR
                                                  NORMAL
..................................................................
TEMPERATURE (F)
 YESTERDAY
  MAXIMUM         72    503 PM  91    2001  71      1       78
  MINIMUM         45    513 AM  27    1975  42      3       52
  AVERAGE         59                        56      3       65

PRECIPITATION (IN)
  YESTERDAY        0.38R         0.32 1968   0.05   0.33     0.00
  MONTH TO DATE    2.60                      1.18   1.42     0.34
  SINCE OCT 1      6.75                      8.77  -2.02     7.08
  SINCE JAN 1      4.36                      5.55  -1.19     5.71

SNOWFALL (IN)
  YESTERDAY        0.0
  MONTH TO DATE    0.0
  SINCE MAR 1      5.5
  SINCE JUL 1     20.3
  SNOW DEPTH       0

DEGREE DAYS
 HEATING
  YESTERDAY        6                         9     -3        0
  MONTH TO DATE  253                       303    -50      254
  SINCE MAR 1   1443                      1724   -281     1544
  SINCE JUL 1   5784                      6997  -1213     6524

 COOLING
  YESTERDAY        0                         0      0        0
  MONTH TO DATE    0                         0      0        0
  SINCE MAR 1      0                         0      0        0
  SINCE JAN 1      0                         0      0        0
..................................................................


WIND (MPH)
  HIGHEST WIND SPEED    28   HIGHEST WIND DIRECTION     W (270)
  HIGHEST GUST SPEED    39   HIGHEST GUST DIRECTION    SW (220)
  AVERAGE WIND SPEED     8.6


SKY COVER
  POSSIBLE SUNSHINE  MM
  AVERAGE SKY COVER 0.4


WEATHER CONDITIONS
 THE FOLLOWING WEATHER WAS RECORDED YESTERDAY.
  THUNDERSTORM
  LIGHT RAIN


RELATIVE HUMIDITY (PERCENT)
 HIGHEST   100           500 AM
 LOWEST     31           500 PM
 AVERAGE    66

..........................................................


THE POCATELLO ID CLIMATE NORMALS FOR TODAY
                         NORMAL    RECORD    YEAR
 MAXIMUM TEMPERATURE (F)   71        89      1958
 MINIMUM TEMPERATURE (F)   42        29      1975


SUNRISE AND SUNSET
MAY 26 2015...........SUNRISE   558 AM MDT   SUNSET   857 PM MDT
MAY 27 2015...........SUNRISE   557 AM MDT   SUNSET   858 PM MDT


-  INDICATES NEGATIVE NUMBERS.
R  INDICATES RECORD WAS SET OR TIED.
MM INDICATES DATA IS MISSING.
T  INDICATES TRACE AMOUNT.




$$
