000
CDUS45 KPIH 200736
CLIPIH


CLIMATE REPORT
NATIONAL WEATHER SERVICE POCATELLO ID
135 AM MDT SUN AUG 20 2017


...................................

...THE POCATELLO ID CLIMATE SUMMARY FOR AUGUST 19 2017...

CLIMATE NORMAL PERIOD 1981 TO 2010
CLIMATE RECORD PERIOD 1939 TO 2017


WEATHER ITEM   OBSERVED TIME   RECORD YEAR NORMAL DEPARTURE LAST
                VALUE   (LST)  VALUE       VALUE  FROM      YEAR
                                                  NORMAL
..................................................................
TEMPERATURE (F)
 YESTERDAY
  MAXIMUM         91    413 PM  99    1992  87      4       82
  MINIMUM         43    600 AM  35    1995  50     -7       49
  AVERAGE         67                        69     -2       66

PRECIPITATION (IN)
  YESTERDAY        0.00          0.25 1968   0.02  -0.02     0.00
  MONTH TO DATE    0.33                      0.35  -0.02     0.24
  SINCE OCT 1     18.09                     11.03   7.06    11.15
  SINCE JAN 1     11.53                      7.81   3.72     7.58

SNOWFALL (IN)
  YESTERDAY        0.0
  MONTH TO DATE    0.0
  SINCE JUN 1      0.0
  SINCE JUL 1      0.0
  SNOW DEPTH       0

DEGREE DAYS
 HEATING
  YESTERDAY        0                         1     -1        0
  MONTH TO DATE    4                         6     -2        3
  SINCE JUN 1     93                       157    -64       63
  SINCE JUL 1      4                        26    -22       20

 COOLING
  YESTERDAY        2                         4     -2        1
  MONTH TO DATE   96                       106    -10       89
  SINCE JUN 1    435                       324    111      375
  SINCE JAN 1    437                       329    108      375
..................................................................


WIND (MPH)
  HIGHEST WIND SPEED    20   HIGHEST WIND DIRECTION    SW (220)
  HIGHEST GUST SPEED    25   HIGHEST GUST DIRECTION    SW (220)
  AVERAGE WIND SPEED     9.4


SKY COVER
  POSSIBLE SUNSHINE  MM
  AVERAGE SKY COVER 0.0


WEATHER CONDITIONS
 THE FOLLOWING WEATHER WAS RECORDED YESTERDAY.
  NO SIGNIFICANT WEATHER WAS OBSERVED.


RELATIVE HUMIDITY (PERCENT)
 HIGHEST    53           500 AM
 LOWEST     10           200 PM
 AVERAGE    32

..........................................................


THE POCATELLO ID CLIMATE NORMALS FOR TODAY
                         NORMAL    RECORD    YEAR
 MAXIMUM TEMPERATURE (F)   87        96      1997
 MINIMUM TEMPERATURE (F)   50        35      1964


SUNRISE AND SUNSET
AUGUST 20 2017........SUNRISE   642 AM MDT   SUNSET   824 PM MDT
AUGUST 21 2017........SUNRISE   643 AM MDT   SUNSET   823 PM MDT


-  INDICATES NEGATIVE NUMBERS.
R  INDICATES RECORD WAS SET OR TIED.
MM INDICATES DATA IS MISSING.
T  INDICATES TRACE AMOUNT.




$$
