000
CDUS45 KPIH 240731
CLIPIH


CLIMATE REPORT
NATIONAL WEATHER SERVICE POCATELLO ID
129 AM MDT THU APR 24 2014


...................................

...THE POCATELLO ID CLIMATE SUMMARY FOR APRIL 23 2014...

CLIMATE NORMAL PERIOD 1981 TO 2010
CLIMATE RECORD PERIOD 1939 TO 2014


WEATHER ITEM   OBSERVED TIME   RECORD YEAR NORMAL DEPARTURE LAST
                VALUE   (LST)  VALUE       VALUE  FROM      YEAR
                                                  NORMAL
..................................................................
TEMPERATURE (F)
 YESTERDAY
  MAXIMUM         54    126 PM  86    2012  61     -7       49
  MINIMUM         33    614 AM  17    2013  34     -1       17
  AVERAGE         44                        47     -3       33

PRECIPITATION (IN)
  YESTERDAY        T             0.55 1964   0.04  -0.04     0.00
  MONTH TO DATE    0.83                      0.84  -0.01     0.54
  SINCE OCT 1      6.20                      7.28  -1.08     6.50
  SINCE JAN 1      4.83                      4.06   0.77     2.34

SNOWFALL (IN)
  YESTERDAY        T
  MONTH TO DATE    3.3
  SINCE MAR 1     10.5
  SINCE JUL 1     29.4
  SNOW DEPTH       0

DEGREE DAYS
 HEATING
  YESTERDAY       21                        18      3       32
  MONTH TO DATE  413                       466    -53      515
  SINCE MAR 1   1144                      1305   -161     1306
  SINCE JUL 1   6124                      6578   -454     6417

 COOLING
  YESTERDAY        0                         0      0        0
  MONTH TO DATE    0                         0      0        0
  SINCE MAR 1      0                         0      0        0
  SINCE JAN 1      0                         0      0        0
..................................................................


WIND (MPH)
  HIGHEST WIND SPEED    33   HIGHEST WIND DIRECTION     W (250)
  HIGHEST GUST SPEED    40   HIGHEST GUST DIRECTION    SW (240)
  AVERAGE WIND SPEED    19.8


SKY COVER
  POSSIBLE SUNSHINE  MM
  AVERAGE SKY COVER 0.5


WEATHER CONDITIONS
 THE FOLLOWING WEATHER WAS RECORDED YESTERDAY.
  LIGHT SNOW


RELATIVE HUMIDITY (PERCENT)
 HIGHEST    85          1200 AM
 LOWEST     30           300 PM
 AVERAGE    58

..........................................................


THE POCATELLO ID CLIMATE NORMALS FOR TODAY
                         NORMAL    RECORD    YEAR
 MAXIMUM TEMPERATURE (F)   61        85      1977
 MINIMUM TEMPERATURE (F)   34        18      1950


SUNRISE AND SUNSET
APRIL 24 2014.........SUNRISE   634 AM MDT   SUNSET   823 PM MDT
APRIL 25 2014.........SUNRISE   633 AM MDT   SUNSET   824 PM MDT


-  INDICATES NEGATIVE NUMBERS.
R  INDICATES RECORD WAS SET OR TIED.
MM INDICATES DATA IS MISSING.
T  INDICATES TRACE AMOUNT.




$$
