952
CDUS45 KPIH 010730
CLIPIH


CLIMATE REPORT
NATIONAL WEATHER SERVICE POCATELLO ID
128 AM MDT SUN MAY 1 2016


...................................

...THE POCATELLO ID CLIMATE SUMMARY FOR APRIL 30 2016...

CLIMATE NORMAL PERIOD 1981 TO 2010
CLIMATE RECORD PERIOD 1939 TO 2016


WEATHER ITEM   OBSERVED TIME   RECORD YEAR NORMAL DEPARTURE LAST
                VALUE   (LST)  VALUE       VALUE  FROM      YEAR
                                                  NORMAL
..................................................................
TEMPERATURE (F)
 YESTERDAY
  MAXIMUM         59    303 PM  81    1968  63     -4       67
  MINIMUM         32    408 AM  24    1967  36     -4       45
                                      1950
  AVERAGE         46                        49     -3       56

PRECIPITATION (IN)
  YESTERDAY        T             0.53 1967   0.04  -0.04     0.00
  MONTH TO DATE    1.25                      1.15   0.10     0.41
  SINCE OCT 1      9.43                      7.59   1.84     4.15
  SINCE JAN 1      5.86                      4.37   1.49     1.76

SNOWFALL (IN)
  YESTERDAY        0.0
  MONTH TO DATE    T
  SINCE MAR 1      5.3
  SINCE JUL 1     33.5
  SNOW DEPTH       0

DEGREE DAYS
 HEATING
  YESTERDAY       19                        16      3        9
  MONTH TO DATE  461                       582   -121      553
  SINCE MAR 1   1173                      1421   -248     1190
  SINCE JUL 1   6015                      6694   -679     5531

 COOLING
  YESTERDAY        0                         0      0        0
  MONTH TO DATE    0                         0      0        0
  SINCE MAR 1      0                         0      0        0
  SINCE JAN 1      0                         0      0        0
..................................................................


WIND (MPH)
  HIGHEST WIND SPEED    17   HIGHEST WIND DIRECTION     N (20)
  HIGHEST GUST SPEED    22   HIGHEST GUST DIRECTION     N (20)
  AVERAGE WIND SPEED     5.4


SKY COVER
  POSSIBLE SUNSHINE  MM
  AVERAGE SKY COVER 0.7


WEATHER CONDITIONS
 THE FOLLOWING WEATHER WAS RECORDED YESTERDAY.
  NO SIGNIFICANT WEATHER WAS OBSERVED.


RELATIVE HUMIDITY (PERCENT)
 HIGHEST   100           500 AM
 LOWEST     43           300 PM
 AVERAGE    72

..........................................................


THE POCATELLO ID CLIMATE NORMALS FOR TODAY
                         NORMAL    RECORD    YEAR
 MAXIMUM TEMPERATURE (F)   63        85      1985
 MINIMUM TEMPERATURE (F)   36        20      1972


SUNRISE AND SUNSET
MAY  1 2016...........SUNRISE   624 AM MDT   SUNSET   832 PM MDT
MAY  2 2016...........SUNRISE   622 AM MDT   SUNSET   833 PM MDT


-  INDICATES NEGATIVE NUMBERS.
R  INDICATES RECORD WAS SET OR TIED.
MM INDICATES DATA IS MISSING.
T  INDICATES TRACE AMOUNT.




$$
