000
CDUS45 KPIH 300738
CLIPIH


CLIMATE REPORT
NATIONAL WEATHER SERVICE POCATELLO ID
136 AM MDT TUE JUN 30 2015


...................................

...THE POCATELLO ID CLIMATE SUMMARY FOR JUNE 29 2015...

CLIMATE NORMAL PERIOD 1981 TO 2010
CLIMATE RECORD PERIOD 1939 TO 2015


WEATHER ITEM   OBSERVED TIME   RECORD YEAR NORMAL DEPARTURE LAST
                VALUE   (LST)  VALUE       VALUE  FROM      YEAR
                                                  NORMAL
..................................................................
TEMPERATURE (F)
 YESTERDAY
  MAXIMUM        100    508 PM 101    2013  83     17       82
  MINIMUM         57    431 AM  35    1969  49      8       44
  AVERAGE         79                        66     13       63

PRECIPITATION (IN)
  YESTERDAY        0.01          0.46 1955   0.02  -0.01     0.00
  MONTH TO DATE    0.21                      0.97  -0.76     0.43
  SINCE OCT 1      7.30                     10.02  -2.72     7.51
  SINCE JAN 1      4.91                      6.80  -1.89     6.14

SNOWFALL (IN)
  YESTERDAY        0.0
  MONTH TO DATE    0.0
  SINCE JUN 1      0.0
  SINCE JUL 1     20.3
  SNOW DEPTH       0

DEGREE DAYS
 HEATING
  YESTERDAY        0                         2     -2        2
  MONTH TO DATE   28                       129   -101      107
  SINCE JUN 1     28                       129   -101      107
  SINCE JUL 1   5842                      7176  -1334     6647

 COOLING
  YESTERDAY       14                         3     11        0
  MONTH TO DATE  120                        44     76       20
  SINCE JUN 1    120                        44     76       20
  SINCE JAN 1    124                        49     75       20
..................................................................


WIND (MPH)
  HIGHEST WIND SPEED    29   HIGHEST WIND DIRECTION    SW (220)
  HIGHEST GUST SPEED    35   HIGHEST GUST DIRECTION    NE (40)
  AVERAGE WIND SPEED     7.7


SKY COVER
  POSSIBLE SUNSHINE  MM
  AVERAGE SKY COVER 0.1


WEATHER CONDITIONS
 THE FOLLOWING WEATHER WAS RECORDED YESTERDAY.
  THUNDERSTORM
  LIGHT RAIN


RELATIVE HUMIDITY (PERCENT)
 HIGHEST    80           400 AM
 LOWEST     21          1200 PM
 AVERAGE    51

..........................................................


THE POCATELLO ID CLIMATE NORMALS FOR TODAY
                         NORMAL    RECORD    YEAR
 MAXIMUM TEMPERATURE (F)   83        98      2013
 MINIMUM TEMPERATURE (F)   50        30      1968


SUNRISE AND SUNSET
JUNE 30 2015..........SUNRISE   555 AM MDT   SUNSET   913 PM MDT
JULY  1 2015..........SUNRISE   555 AM MDT   SUNSET   913 PM MDT


-  INDICATES NEGATIVE NUMBERS.
R  INDICATES RECORD WAS SET OR TIED.
MM INDICATES DATA IS MISSING.
T  INDICATES TRACE AMOUNT.




$$
