000
CDUS45 KPIH 230732
CLIPIH


CLIMATE REPORT
NATIONAL WEATHER SERVICE POCATELLO ID
131 AM MDT THU OCT 23 2014


...................................

...THE POCATELLO ID CLIMATE SUMMARY FOR OCTOBER 22 2014...

CLIMATE NORMAL PERIOD 1981 TO 2010
CLIMATE RECORD PERIOD 1939 TO 2014


WEATHER ITEM   OBSERVED TIME   RECORD YEAR NORMAL DEPARTURE LAST
                VALUE   (LST)  VALUE       VALUE  FROM      YEAR
                                                  NORMAL
..................................................................
TEMPERATURE (F)
 YESTERDAY
  MAXIMUM         61    241 PM  83    2003  58      3       68
  MINIMUM         24    707 AM  17    1949  32     -8       27
  AVERAGE         43                        45     -2       48

PRECIPITATION (IN)
  YESTERDAY        0.00          0.73 1975   0.02  -0.02     0.00
  MONTH TO DATE    0.03                      0.61  -0.58     0.38
  SINCE OCT 1      0.03                      0.61  -0.58     0.38
  SINCE JAN 1     10.29                      9.52   0.77     5.18

SNOWFALL (IN)
  YESTERDAY        0.0
  MONTH TO DATE    0.0
  SINCE SEP 1      0.0
  SINCE JUL 1      0.0
  SNOW DEPTH       0

DEGREE DAYS
 HEATING
  YESTERDAY       22                        20      2       17
  MONTH TO DATE  281                       359    -78      458
  SINCE SEP 1    424                       562   -138      595
  SINCE JUL 1    459                       608   -149      595

 COOLING
  YESTERDAY        0                         0      0        0
  MONTH TO DATE    0                         0      0        0
  SINCE SEP 1     35                        22     13       61
  SINCE JAN 1    421                       392     29      688
..................................................................


WIND (MPH)
  HIGHEST WIND SPEED    12   HIGHEST WIND DIRECTION     S (170)
  HIGHEST GUST SPEED    15   HIGHEST GUST DIRECTION     S (180)
  AVERAGE WIND SPEED     3.6


SKY COVER
  POSSIBLE SUNSHINE  MM
  AVERAGE SKY COVER 0.1


WEATHER CONDITIONS
 THE FOLLOWING WEATHER WAS RECORDED YESTERDAY.
  NO SIGNIFICANT WEATHER WAS OBSERVED.


RELATIVE HUMIDITY (PERCENT)
 HIGHEST   100           600 AM
 LOWEST     27           200 PM
 AVERAGE    64

..........................................................


THE POCATELLO ID CLIMATE NORMALS FOR TODAY
                         NORMAL    RECORD    YEAR
 MAXIMUM TEMPERATURE (F)   58        75      1960
 MINIMUM TEMPERATURE (F)   31        18      2008
                                             1949


SUNRISE AND SUNSET
OCTOBER 23 2014.......SUNRISE   754 AM MDT   SUNSET   635 PM MDT
OCTOBER 24 2014.......SUNRISE   755 AM MDT   SUNSET   634 PM MDT


-  INDICATES NEGATIVE NUMBERS.
R  INDICATES RECORD WAS SET OR TIED.
MM INDICATES DATA IS MISSING.
T  INDICATES TRACE AMOUNT.




$$
