000
CDUS45 KPIH 300730
CLIPIH


CLIMATE REPORT
NATIONAL WEATHER SERVICE POCATELLO ID
128 AM MDT TUE SEP 30 2014


...................................

...THE POCATELLO ID CLIMATE SUMMARY FOR SEPTEMBER 29 2014...

CLIMATE NORMAL PERIOD 1981 TO 2010
CLIMATE RECORD PERIOD 1939 TO 2014


WEATHER ITEM   OBSERVED TIME   RECORD YEAR NORMAL DEPARTURE LAST
                VALUE   (LST)  VALUE       VALUE  FROM      YEAR
                                                  NORMAL
..................................................................
TEMPERATURE (F)
 YESTERDAY
  MAXIMUM         62   1250 PM  89    1989  69     -7       67
  MINIMUM         42    637 AM  19    1985  38      4       57
  AVERAGE         52                        53     -1       62

PRECIPITATION (IN)
  YESTERDAY        0.03          0.32 1977   0.03   0.00      T
  MONTH TO DATE    1.48                      0.81   0.67     0.76
  SINCE OCT 1     11.63                     12.10  -0.47     8.95
  SINCE JAN 1     10.26                      8.88   1.38     4.79

SNOWFALL (IN)
  YESTERDAY        0.0
  MONTH TO DATE    0.0
  SINCE SEP 1      0.0
  SINCE JUL 1      0.0
  SNOW DEPTH       0

DEGREE DAYS
 HEATING
  YESTERDAY       13                        12      1        3
  MONTH TO DATE  130                       191    -61      130
  SINCE SEP 1    130                       191    -61      130
  SINCE JUL 1    165                       237    -72      130

 COOLING
  YESTERDAY        0                         0      0        0
  MONTH TO DATE   35                        20     15       61
  SINCE SEP 1     35                        20     15       61
  SINCE JAN 1    421                       390     31      688
..................................................................


WIND (MPH)
  HIGHEST WIND SPEED    18   HIGHEST WIND DIRECTION     W (280)
  HIGHEST GUST SPEED    24   HIGHEST GUST DIRECTION     W (280)
  AVERAGE WIND SPEED     7.0


SKY COVER
  POSSIBLE SUNSHINE  MM
  AVERAGE SKY COVER 0.6


WEATHER CONDITIONS
 THE FOLLOWING WEATHER WAS RECORDED YESTERDAY.
  THUNDERSTORM
  RAIN
  LIGHT RAIN
  FOG


RELATIVE HUMIDITY (PERCENT)
 HIGHEST   100          1200 AM
 LOWEST     64           100 PM
 AVERAGE    82

..........................................................


THE POCATELLO ID CLIMATE NORMALS FOR TODAY
                         NORMAL    RECORD    YEAR
 MAXIMUM TEMPERATURE (F)   69        90      2011
                                             1957
 MINIMUM TEMPERATURE (F)   37        19      1985


SUNRISE AND SUNSET
SEPTEMBER 30 2014.....SUNRISE   727 AM MDT   SUNSET   713 PM MDT
OCTOBER  1 2014.......SUNRISE   728 AM MDT   SUNSET   712 PM MDT


-  INDICATES NEGATIVE NUMBERS.
R  INDICATES RECORD WAS SET OR TIED.
MM INDICATES DATA IS MISSING.
T  INDICATES TRACE AMOUNT.




$$
