000
CDUS45 KPIH 140730
CLIPIH


CLIMATE REPORT
NATIONAL WEATHER SERVICE POCATELLO ID
1228 AM MST SUN FEB 14 2016


...................................

...THE POCATELLO ID CLIMATE SUMMARY FOR FEBRUARY 13 2016...

CLIMATE NORMAL PERIOD 1981 TO 2010
CLIMATE RECORD PERIOD 1939 TO 2016


WEATHER ITEM   OBSERVED TIME   RECORD YEAR NORMAL DEPARTURE LAST
                VALUE   (LST)  VALUE       VALUE  FROM      YEAR
                                                  NORMAL
..................................................................
TEMPERATURE (F)
 YESTERDAY
  MAXIMUM         44    155 PM  60    2015  37      7       60
  MINIMUM         25    726 AM -17    1949  19      6       24
  AVERAGE         35                        28      7       42

PRECIPITATION (IN)
  YESTERDAY        0.00          0.66 1983   0.03  -0.03     0.00
  MONTH TO DATE    0.04                      0.41  -0.37     0.54
  SINCE OCT 1      5.02                      4.62   0.40     3.36
  SINCE JAN 1      1.45                      1.40   0.05     0.97

SNOWFALL (IN)
  YESTERDAY        0.0
  MONTH TO DATE    0.6
  SINCE DEC 1     21.3
  SINCE JUL 1     27.6
  SNOW DEPTH       0

DEGREE DAYS
 HEATING
  YESTERDAY       30                        37     -7       23
  MONTH TO DATE  532                       503     29      278
  SINCE DEC 1   2980                      3022    -42     2358
  SINCE JUL 1   4424                      4750   -326     3885

 COOLING
  YESTERDAY        0                         0      0        0
  MONTH TO DATE    0                         0      0        0
  SINCE DEC 1      0                         0      0        0
  SINCE JAN 1      0                         0      0        0
..................................................................


WIND (MPH)
  HIGHEST WIND SPEED    36   HIGHEST WIND DIRECTION    SW (240)
  HIGHEST GUST SPEED    42   HIGHEST GUST DIRECTION    SW (240)
  AVERAGE WIND SPEED    13.7


SKY COVER
  POSSIBLE SUNSHINE  MM
  AVERAGE SKY COVER 0.3


WEATHER CONDITIONS
 THE FOLLOWING WEATHER WAS RECORDED YESTERDAY.
  NO SIGNIFICANT WEATHER WAS OBSERVED.


RELATIVE HUMIDITY (PERCENT)
 HIGHEST    92          1200 AM
 LOWEST     58           200 PM
 AVERAGE    75

..........................................................


THE POCATELLO ID CLIMATE NORMALS FOR TODAY
                         NORMAL    RECORD    YEAR
 MAXIMUM TEMPERATURE (F)   37        56      2015
 MINIMUM TEMPERATURE (F)   19        -6      2004


SUNRISE AND SUNSET
FEBRUARY 14 2016......SUNRISE   730 AM MST   SUNSET   600 PM MST
FEBRUARY 15 2016......SUNRISE   728 AM MST   SUNSET   601 PM MST


-  INDICATES NEGATIVE NUMBERS.
R  INDICATES RECORD WAS SET OR TIED.
MM INDICATES DATA IS MISSING.
T  INDICATES TRACE AMOUNT.




$$
