000
CDUS45 KPIH 220733
CLIPIH


CLIMATE REPORT
NATIONAL WEATHER SERVICE POCATELLO ID
131 AM MDT MON MAY 22 2017


...................................

...THE POCATELLO ID CLIMATE SUMMARY FOR MAY 21 2017...

CLIMATE NORMAL PERIOD 1981 TO 2010
CLIMATE RECORD PERIOD 1939 TO 2017


WEATHER ITEM   OBSERVED TIME   RECORD YEAR NORMAL DEPARTURE LAST
                VALUE   (LST)  VALUE       VALUE  FROM      YEAR
                                                  NORMAL
..................................................................
TEMPERATURE (F)
 YESTERDAY
  MAXIMUM         71    542 PM  92    2012  69      2       56
  MINIMUM         46    515 AM  26    2001  41      5       40
  AVERAGE         59                        55      4       48

PRECIPITATION (IN)
  YESTERDAY        0.02          1.29 1970   0.04  -0.02     0.22
  MONTH TO DATE    0.36                      0.98  -0.62     1.19
  SINCE OCT 1     16.27                      8.57   7.70    10.62
  SINCE JAN 1      9.71                      5.35   4.36     7.05

SNOWFALL (IN)
  YESTERDAY        0.0
  MONTH TO DATE    T
  SINCE MAR 1      4.1
  SINCE JUL 1     87.6
  SNOW DEPTH       0

DEGREE DAYS
 HEATING
  YESTERDAY        6                        10     -4       17
  MONTH TO DATE  268                       266      2      221
  SINCE MAR 1   1533                      1687   -154     1394
  SINCE JUL 1   6782                      6960   -178     6236

 COOLING
  YESTERDAY        0                         0      0        0
  MONTH TO DATE    0                         0      0        0
  SINCE MAR 1      0                         0      0        0
  SINCE JAN 1      0                         0      0        0
..................................................................


WIND (MPH)
  HIGHEST WIND SPEED    17   HIGHEST WIND DIRECTION     N (20)
  HIGHEST GUST SPEED    23   HIGHEST GUST DIRECTION     N (20)
  AVERAGE WIND SPEED     7.2


SKY COVER
  POSSIBLE SUNSHINE  MM
  AVERAGE SKY COVER 0.4


WEATHER CONDITIONS
 THE FOLLOWING WEATHER WAS RECORDED YESTERDAY.
  LIGHT RAIN
  HAZE


RELATIVE HUMIDITY (PERCENT)
 HIGHEST   100           200 AM
 LOWEST     22           500 PM
 AVERAGE    61

..........................................................


THE POCATELLO ID CLIMATE NORMALS FOR TODAY
                         NORMAL    RECORD    YEAR
 MAXIMUM TEMPERATURE (F)   70        87      1967
 MINIMUM TEMPERATURE (F)   41        30      2010


SUNRISE AND SUNSET
MAY 22 2017...........SUNRISE   601 AM MDT   SUNSET   854 PM MDT
MAY 23 2017...........SUNRISE   600 AM MDT   SUNSET   855 PM MDT


-  INDICATES NEGATIVE NUMBERS.
R  INDICATES RECORD WAS SET OR TIED.
MM INDICATES DATA IS MISSING.
T  INDICATES TRACE AMOUNT.




$$
