405
CDUS43 KABR 041031
CLIPIR


CLIMATE REPORT
NATIONAL WEATHER SERVICE ABERDEEN SD
531 AM CDT WED MAY 4 2016


...................................

...THE PIERRE SD CLIMATE SUMMARY FOR MAY 3 2016...

CLIMATE NORMAL PERIOD 1981 TO 2010
CLIMATE RECORD PERIOD 1892 TO 2016


WEATHER ITEM   OBSERVED TIME   RECORD YEAR NORMAL DEPARTURE LAST
                VALUE   (LST)  VALUE       VALUE  FROM      YEAR
                                                  NORMAL
..................................................................
TEMPERATURE (F)
 YESTERDAY
  MAXIMUM         77    514 PM  94    1982  67     10       75
  MINIMUM         35    331 AM  21    2013  41     -6       44
  AVERAGE         56                        54      2       60

PRECIPITATION (IN)
  YESTERDAY        0.00          1.20 1905   0.08  -0.08     0.00
  MONTH TO DATE    T                         0.26  -0.26     0.00
  SINCE MAR 1      5.24                      3.30   1.94     0.82
  SINCE JAN 1      6.24                      4.31   1.93     1.17

DEGREE DAYS
 HEATING
  YESTERDAY        9                        12     -3        5
  MONTH TO DATE   42                        36      6       11
  SINCE MAR 1   1307                      1528   -221     1214
  SINCE JUL 1   6141                      7026   -885     6723

 COOLING
  YESTERDAY        0                         1     -1        0
  MONTH TO DATE    0                         1     -1        3
  SINCE MAR 1      6                         5      1        8
  SINCE JAN 1      6                         5      1        8
..................................................................


WIND (MPH)
  RESULTANT WIND SPEED   8   RESULTANT WIND DIRECTION  NW (310)
  HIGHEST WIND SPEED    24   HIGHEST WIND DIRECTION     N (340)
  HIGHEST GUST SPEED    30   HIGHEST GUST DIRECTION     N (340)
  AVERAGE WIND SPEED    11.1




RELATIVE HUMIDITY (PERCENT)
 HIGHEST   100           500 AM
 LOWEST     27           300 PM
 AVERAGE    64

..........................................................


THE PIERRE SD CLIMATE NORMALS FOR TODAY
                         NORMAL    RECORD    YEAR
 MAXIMUM TEMPERATURE (F)   67        95      2000
 MINIMUM TEMPERATURE (F)   41        23      1967


SUNRISE AND SUNSET
MAY  4 2016...........SUNRISE   627 AM CDT   SUNSET   850 PM CDT
MAY  5 2016...........SUNRISE   626 AM CDT   SUNSET   851 PM CDT


-  INDICATES NEGATIVE NUMBERS.
R  INDICATES RECORD WAS SET OR TIED.
MM INDICATES DATA IS MISSING.
T  INDICATES TRACE AMOUNT.




$$
