000
CDUS43 KABR 270910
CLIPIR


CLIMATE REPORT
NATIONAL WEATHER SERVICE ABERDEEN SD
409 AM CDT SAT AUG 27 2016


...................................

...THE PIERRE SD CLIMATE SUMMARY FOR AUGUST 26 2016...

CLIMATE NORMAL PERIOD 1981 TO 2010
CLIMATE RECORD PERIOD 1892 TO 2016


WEATHER ITEM   OBSERVED TIME   RECORD YEAR NORMAL DEPARTURE LAST
                VALUE   (LST)  VALUE       VALUE  FROM      YEAR
                                                  NORMAL
..................................................................
TEMPERATURE (F)
 YESTERDAY
  MAXIMUM         66    636 PM 108    1991  85    -19       84
  MINIMUM         45    239 AM  44    1934  58    -13       59
  AVERAGE         56                        72    -16       72

PRECIPITATION (IN)
  YESTERDAY        0.23          0.84 1997   0.05   0.18      T
  MONTH TO DATE    2.14                      1.55   0.59     2.22
  SINCE JUN 1      8.28                      7.73   0.55    10.53
  SINCE JAN 1     15.72                     14.93   0.79    17.88

DEGREE DAYS
 HEATING
  YESTERDAY        9                         1      8        0
  MONTH TO DATE   16                         6     10       23
  SINCE JUN 1     32                        65    -33       30
  SINCE JUL 1     20                        12      8       25

 COOLING
  YESTERDAY        0                         7     -7        7
  MONTH TO DATE  214                       250    -36      215
  SINCE JUN 1    792                       711     81      644
  SINCE JAN 1    815                       743     72      658
..................................................................


WIND (MPH)
  RESULTANT WIND SPEED   4   RESULTANT WIND DIRECTION   E (110)
  HIGHEST WIND SPEED    17   HIGHEST WIND DIRECTION    SE (120)
  HIGHEST GUST SPEED    20   HIGHEST GUST DIRECTION     E (110)
  AVERAGE WIND SPEED     5.8




RELATIVE HUMIDITY (PERCENT)
 HIGHEST   100          1200 PM
 LOWEST     67           700 PM
 AVERAGE    84

..........................................................


THE PIERRE SD CLIMATE NORMALS FOR TODAY
                         NORMAL    RECORD    YEAR
 MAXIMUM TEMPERATURE (F)   85       110      1973
 MINIMUM TEMPERATURE (F)   58        41      1992


SUNRISE AND SUNSET
AUGUST 27 2016........SUNRISE   659 AM CDT   SUNSET   825 PM CDT
AUGUST 28 2016........SUNRISE   700 AM CDT   SUNSET   824 PM CDT


-  INDICATES NEGATIVE NUMBERS.
R  INDICATES RECORD WAS SET OR TIED.
MM INDICATES DATA IS MISSING.
T  INDICATES TRACE AMOUNT.




$$
