000
CDUS43 KABR 251030
CLIPIR


CLIMATE REPORT
NATIONAL WEATHER SERVICE ABERDEEN SD
430 AM CST SUN JAN 25 2015


...................................

...THE PIERRE SD CLIMATE SUMMARY FOR JANUARY 24 2015...

CLIMATE NORMAL PERIOD 1981 TO 2010
CLIMATE RECORD PERIOD 1892 TO 2015


WEATHER ITEM   OBSERVED TIME   RECORD YEAR NORMAL DEPARTURE LAST
                VALUE   (LST)  VALUE       VALUE  FROM      YEAR
                                                  NORMAL
..................................................................
TEMPERATURE (F)
 YESTERDAY
  MAXIMUM         53    358 PM  67    1981  31     22       49
  MINIMUM         32    603 AM -22    1961  10     22       24
  AVERAGE         43                        20     23       37

PRECIPITATION (IN)
  YESTERDAY        T             0.40 1894   0.01  -0.01      T
  MONTH TO DATE    0.13                      0.33  -0.20     0.09
  SINCE DEC 1      0.95                      0.88   0.07     1.57
  SINCE JAN 1      0.13                      0.33  -0.20     0.09

SNOWFALL (IN)
  YESTERDAY        0.0           3.1  1956   0.2   -0.2      0.0
  MONTH TO DATE    1.4                       3.7   -2.3      1.0
  SINCE OCT 1     20.8                      14.9    5.9     17.2
  SINCE JUL 1     20.8                      14.9    5.9     17.2
  SNOW DEPTH       T

DEGREE DAYS
 HEATING
  YESTERDAY       22                        45    -23       28
  MONTH TO DATE 1068                      1085    -17     1050
  SINCE DEC 1   2341                      2427    -86     2650
  SINCE JUL 1   4063                      4047     16     4269

 COOLING
  YESTERDAY        0                         0      0        0
  MONTH TO DATE    0                         0      0        0
  SINCE DEC 1      0                         0      0        0
  SINCE JAN 1      0                         0      0        0
..................................................................


WIND (MPH)
  RESULTANT WIND SPEED  14   RESULTANT WIND DIRECTION   W (290)
  HIGHEST WIND SPEED    43   HIGHEST WIND DIRECTION    NW (320)
  HIGHEST GUST SPEED    52   HIGHEST GUST DIRECTION    NW (330)
  AVERAGE WIND SPEED    17.8




RELATIVE HUMIDITY (PERCENT)
 HIGHEST    78           200 AM
 LOWEST     46           200 PM
 AVERAGE    62

..........................................................


THE PIERRE SD CLIMATE NORMALS FOR TODAY
                         NORMAL    RECORD    YEAR
 MAXIMUM TEMPERATURE (F)   31        58      2002
 MINIMUM TEMPERATURE (F)   10       -22      1950


SUNRISE AND SUNSET
JANUARY 25 2015.......SUNRISE   807 AM CST   SUNSET   541 PM CST
JANUARY 26 2015.......SUNRISE   806 AM CST   SUNSET   542 PM CST


-  INDICATES NEGATIVE NUMBERS.
R  INDICATES RECORD WAS SET OR TIED.
MM INDICATES DATA IS MISSING.
T  INDICATES TRACE AMOUNT.




$$
