000
CDUS43 KABR 202344
CLIPIR


CLIMATE REPORT
NATIONAL WEATHER SERVICE ABERDEEN SD
542 PM CST TUE FEB 20 2018


...................................

...THE PIERRE SD CLIMATE SUMMARY FOR FEBRUARY 20 2018...
VALID TODAY AS OF 0500 PM LOCAL TIME.

CLIMATE NORMAL PERIOD 1981 TO 2010
CLIMATE RECORD PERIOD 1892 TO 2018


WEATHER ITEM   OBSERVED TIME   RECORD YEAR NORMAL DEPARTURE LAST
                VALUE   (LST)  VALUE       VALUE  FROM      YEAR
                                                  NORMAL
..................................................................
TEMPERATURE (F)
 TODAY
  MAXIMUM          9    357 PM  61    2000  36    -27       60
  MINIMUM          3    923 AM -15    1936  15    -12       34
  AVERAGE          6                        26    -20       47

PRECIPITATION (IN)
  TODAY           MM             1.24 2011   0.02  MM        0.11
  MONTH TO DATE    1.05                      0.37   0.68     0.16
  SINCE DEC 1      1.60                      1.34   0.26     2.81
  SINCE JAN 1      1.13                      0.79   0.34     1.11

SNOWFALL (IN)
  TODAY           MM
  MONTH TO DATE   11.9
  SINCE OCT 1     16.3
  SINCE JUL 1     16.3
  SNOW DEPTH      MM

DEGREE DAYS
 HEATING
  TODAY           59                        39     20       18
  MONTH TO DATE 1100                       836    264      721
  SINCE DEC 1   3786                      3576    210     3772
  SINCE JUL 1   5243                      5196     47     4909
..................................................................


WIND (MPH)
  HIGHEST GUST SPEED    25   HIGHEST GUST DIRECTION    NW (330)




..........................................................


THE PIERRE SD CLIMATE NORMALS FOR TOMORROW
                         NORMAL    RECORD    YEAR
 MAXIMUM TEMPERATURE (F)   37        73      1982
 MINIMUM TEMPERATURE (F)   16       -17      1936


SUNRISE AND SUNSET
FEBRUARY 20 2018......SUNRISE   733 AM CST   SUNSET   617 PM CST
FEBRUARY 21 2018......SUNRISE   732 AM CST   SUNSET   619 PM CST


-  INDICATES NEGATIVE NUMBERS.
R  INDICATES RECORD WAS SET OR TIED.
MM INDICATES DATA IS MISSING.
T  INDICATES TRACE AMOUNT.




$$
