000
CDUS43 KABR 232235
CLIPIR


CLIMATE REPORT
NATIONAL WEATHER SERVICE ABERDEEN SD
533 PM CDT FRI JUN 23 2017


...................................

...THE PIERRE SD CLIMATE SUMMARY FOR JUNE 23 2017...
VALID TODAY AS OF 0500 PM LOCAL TIME.

CLIMATE NORMAL PERIOD 1981 TO 2010
CLIMATE RECORD PERIOD 1892 TO 2017


WEATHER ITEM   OBSERVED TIME   RECORD YEAR NORMAL DEPARTURE LAST
                VALUE   (LST)  VALUE       VALUE  FROM      YEAR
                                                  NORMAL
..................................................................
TEMPERATURE (F)
 TODAY
  MAXIMUM         71    301 PM 106    1937  83    -12       78
  MINIMUM         54    545 AM  41    1942  58     -4       49
  AVERAGE         63                        70     -7       64

PRECIPITATION (IN)
  TODAY            0.00          1.01 1951   0.11  -0.11     0.00
  MONTH TO DATE    2.48                      2.88  -0.40     1.70
  SINCE JUN 1      2.48                      2.88  -0.40     1.70
  SINCE JAN 1      6.93                     10.08  -3.15     9.14

DEGREE DAYS
 COOLING
  TODAY            0                         6     -6        0
  MONTH TO DATE  150                        83     67      168
  SINCE JUN 1    150                        83     67      168
  SINCE JAN 1    171                       115     56      191
..................................................................


WIND (MPH)
  HIGHEST GUST SPEED    43   HIGHEST GUST DIRECTION    NW (310)




..........................................................


THE PIERRE SD CLIMATE NORMALS FOR TOMORROW
                         NORMAL    RECORD    YEAR
 MAXIMUM TEMPERATURE (F)   83       112      1988
 MINIMUM TEMPERATURE (F)   58        42      1958


SUNRISE AND SUNSET
JUNE 23 2017..........SUNRISE   557 AM CDT   SUNSET   929 PM CDT
JUNE 24 2017..........SUNRISE   558 AM CDT   SUNSET   929 PM CDT


-  INDICATES NEGATIVE NUMBERS.
R  INDICATES RECORD WAS SET OR TIED.
MM INDICATES DATA IS MISSING.
T  INDICATES TRACE AMOUNT.




$$
