000
CDUS43 KABR 291058
CLIPIR


CLIMATE REPORT
NATIONAL WEATHER SERVICE ABERDEEN SD
555 AM CDT FRI JUL 29 2016


...................................

...THE PIERRE SD CLIMATE SUMMARY FOR JULY 28 2016...

CLIMATE NORMAL PERIOD 1981 TO 2010
CLIMATE RECORD PERIOD 1892 TO 2016


WEATHER ITEM   OBSERVED TIME   RECORD YEAR NORMAL DEPARTURE LAST
                VALUE   (LST)  VALUE       VALUE  FROM      YEAR
                                                  NORMAL
..................................................................
TEMPERATURE (F)
 YESTERDAY
  MAXIMUM         82    154 PM 111    2006  90     -8       83
                                      1999
  MINIMUM         59    447 AM  46    2013  63     -4       61
                                      1971
  AVERAGE         71                        76     -5       72

PRECIPITATION (IN)
  YESTERDAY        0.25          0.80 1986   0.08   0.17      T
  MONTH TO DATE    2.43                      2.36   0.07     2.15
  SINCE JUN 1      4.26                      5.93  -1.67     8.31
  SINCE JAN 1     11.70                     13.13  -1.43    15.66

DEGREE DAYS
 HEATING
  YESTERDAY        0                         0      0        0
  MONTH TO DATE    4                         0      4        2
  SINCE JUN 1     16                        53    -37        7
  SINCE JUL 1      4                         0      4        2

 COOLING
  YESTERDAY        6                        11     -5        7
  MONTH TO DATE  319                       289     30      268
  SINCE JUN 1    546                       423    123      403
  SINCE JAN 1    569                       455    114      417
..................................................................


WIND (MPH)
  RESULTANT WIND SPEED   3   RESULTANT WIND DIRECTION  SE (120)
  HIGHEST WIND SPEED    18   HIGHEST WIND DIRECTION    SW (230)
  HIGHEST GUST SPEED    24   HIGHEST GUST DIRECTION    SW (230)
  AVERAGE WIND SPEED     6.9




RELATIVE HUMIDITY (PERCENT)
 HIGHEST   100           200 AM
 LOWEST     42           100 PM
 AVERAGE    71

..........................................................


THE PIERRE SD CLIMATE NORMALS FOR TODAY
                         NORMAL    RECORD    YEAR
 MAXIMUM TEMPERATURE (F)   90       111      2006
 MINIMUM TEMPERATURE (F)   63        47      1971


SUNRISE AND SUNSET
JULY 29 2016..........SUNRISE   626 AM CDT   SUNSET   909 PM CDT
JULY 30 2016..........SUNRISE   627 AM CDT   SUNSET   908 PM CDT


-  INDICATES NEGATIVE NUMBERS.
R  INDICATES RECORD WAS SET OR TIED.
MM INDICATES DATA IS MISSING.
T  INDICATES TRACE AMOUNT.




$$
