000
CDUS41 KPBZ 300716
CLIPIT


CLIMATE REPORT
NATIONAL WEATHER SERVICE PITTSBURGH PA
315 AM EDT WED JUL 30 2014


...................................

...THE PITTSBURGH PA CLIMATE SUMMARY FOR JULY 29 2014...

CLIMATE NORMAL PERIOD 1981 TO 2010
CLIMATE RECORD PERIOD 1871 TO 2014


WEATHER ITEM   OBSERVED TIME   RECORD YEAR NORMAL DEPARTURE LAST
                VALUE   (LST)  VALUE       VALUE  FROM      YEAR
                                                  NORMAL
..................................................................
TEMPERATURE (F)
 YESTERDAY
  MAXIMUM         69    508 PM  96    1901  82    -13       74
  MINIMUM         51R   502 AM  52    1982  63    -12       54
  AVERAGE         60                        73    -13       64

PRECIPITATION (IN)
  YESTERDAY        0.00          1.48 1992   0.11  -0.11     0.00
  MONTH TO DATE    5.05                      3.59   1.46     6.14
  SINCE JUN 1      9.10                      7.89   1.21    11.62
  SINCE JAN 1     24.19                     22.99   1.20    23.96

SNOWFALL (IN)
  YESTERDAY        0.0           0.0  2002   0.0    0.0      0.0
                                      2001
  MONTH TO DATE    0.0                       0.0    0.0      0.0
  SINCE OCT 1     63.4                      41.4   22.0     57.4
  SINCE JUL 1      0.0                       0.0    0.0      0.0
  SNOW DEPTH       0

DEGREE DAYS
 HEATING
  YESTERDAY        5                         0      5        1
  MONTH TO DATE    9                         0      9        1
  SINCE JUN 1     18                        38    -20       17
  SINCE JUL 1      9                         0      9        1

 COOLING
  YESTERDAY        0                         8     -8        0
  MONTH TO DATE  185                       229    -44      264
  SINCE JUN 1    370                       379     -9      418
  SINCE JAN 1    444                       431     13      522
..................................................................


WIND (MPH)
  HIGHEST WIND SPEED    10   HIGHEST WIND DIRECTION    NW (320)
  HIGHEST GUST SPEED    21   HIGHEST GUST DIRECTION     N (360)
  AVERAGE WIND SPEED     5.0


SKY COVER
  POSSIBLE SUNSHINE  MM
  AVERAGE SKY COVER 0.6


WEATHER CONDITIONS
 THE FOLLOWING WEATHER WAS RECORDED YESTERDAY.
  NO SIGNIFICANT WEATHER WAS OBSERVED.


RELATIVE HUMIDITY (PERCENT)
 HIGHEST    96           300 AM
 LOWEST     52           200 PM
 AVERAGE    74

..........................................................


THE PITTSBURGH PA CLIMATE NORMALS FOR TODAY
                         NORMAL    RECORD    YEAR
 MAXIMUM TEMPERATURE (F)   82        94      1988
                                             1940
                                             1887
 MINIMUM TEMPERATURE (F)   63        50      1968
                                             1956


SUNRISE AND SUNSET
JULY 30 2014..........SUNRISE   616 AM EDT   SUNSET   838 PM EDT
JULY 31 2014..........SUNRISE   617 AM EDT   SUNSET   837 PM EDT


-  INDICATES NEGATIVE NUMBERS.
R  INDICATES RECORD WAS SET OR TIED.
MM INDICATES DATA IS MISSING.
T  INDICATES TRACE AMOUNT.





&&
SNOW DEPTH IS MEASURED AT 7 AM EST OR 8 AM EDT.
$$
