000
CDUS41 KPBZ 292140
CLIPIT

CLIMATE REPORT
NATIONAL WEATHER SERVICE PITTSBURGH PA
540 PM EDT THU SEP 29 2016

...................................

...THE PITTSBURGH PA CLIMATE SUMMARY FOR SEPTEMBER 29 2016...
VALID TODAY AS OF 0500 PM LOCAL TIME.

CLIMATE NORMAL PERIOD 1981 TO 2010
CLIMATE RECORD PERIOD 1871 TO 2016

WEATHER ITEM   OBSERVED TIME   RECORD YEAR NORMAL DEPARTURE LAST
                VALUE   (LST)  VALUE       VALUE  FROM      YEAR
                                                  NORMAL
..................................................................
TEMPERATURE (F)
 TODAY
  MAXIMUM         64    107 AM  89    1959  69     -5       70
                                      1881
  MINIMUM         56    501 AM  35    2000  49      7       64
                                      1978
                                      1969
  AVERAGE         60                        59      1       67

PRECIPITATION (IN)
  TODAY            0.51          3.43 2015   0.09   0.42     3.43
  MONTH TO DATE    1.66                      3.02  -1.36     5.01
  SINCE JUN 1     11.17                     14.63  -3.46    18.25
  SINCE JAN 1     24.79                     29.73  -4.94    32.73

SNOWFALL (IN)
  TODAY            0.0           0.0  2002   0.0    0.0      0.0
                                      2001
  MONTH TO DATE    0.0                       0.0    0.0      0.0
  SINCE OCT 1     29.6                      41.9  -12.3     47.5
  SINCE JUL 1      0.0                       0.0    0.0      0.0
  SNOW DEPTH       0

DEGREE DAYS
 HEATING
  TODAY            5                         7     -2        0
  MONTH TO DATE   13                        94    -81       20
  SINCE SEP 1     13                        94    -81       20
  SINCE JUL 1     14                       107    -93       26

 COOLING
  TODAY            0                         1     -1        2
  MONTH TO DATE  156                        74     82      173
  SINCE SEP 1    156                        74     82      173
  SINCE JAN 1   1131                       726    405      976
..................................................................

WIND (MPH)
  HIGHEST WIND SPEED    18   HIGHEST WIND DIRECTION     E (80)
  HIGHEST GUST SPEED    25   HIGHEST GUST DIRECTION     E (80)
  AVERAGE WIND SPEED     8.2


SKY COVER
  POSSIBLE SUNSHINE  MM
  AVERAGE SKY COVER 1.0


WEATHER CONDITIONS
 THE FOLLOWING WEATHER WAS RECORDED TODAY.
  HEAVY RAIN
  RAIN
  LIGHT RAIN
  FOG


RELATIVE HUMIDITY (PERCENT)
 HIGHEST   100           200 AM
 LOWEST     87           100 AM
 AVERAGE    94

..........................................................


THE PITTSBURGH PA CLIMATE NORMALS FOR TOMORROW
                         NORMAL    RECORD    YEAR
 MAXIMUM TEMPERATURE (F)   68        92      1881
 MINIMUM TEMPERATURE (F)   48        36      1993
                                             1947
                                             1935


SUNRISE AND SUNSET
SEPTEMBER 29 2016.....SUNRISE   716 AM EDT   SUNSET   705 PM EDT
SEPTEMBER 30 2016.....SUNRISE   717 AM EDT   SUNSET   704 PM EDT


-  INDICATES NEGATIVE NUMBERS.
R  INDICATES RECORD WAS SET OR TIED.
MM INDICATES DATA IS MISSING.
T  INDICATES TRACE AMOUNT.

&&

SNOW DEPTH IS MEASURED AT 7 AM EST OR 8 AM EDT.

$$
