000
CDUS41 KPBZ 061321
CLIPIT


CLIMATE REPORT
NATIONAL WEATHER SERVICE PITTSBURGH PA
820 AM EST FRI MAR 6 2015


...................................

...THE PITTSBURGH PA CLIMATE SUMMARY FOR MARCH 6 2015...
VALID AS OF 0800 AM LOCAL TIME.

CLIMATE NORMAL PERIOD 1981 TO 2010
CLIMATE RECORD PERIOD 1871 TO 2015


WEATHER ITEM   OBSERVED TIME   RECORD YEAR NORMAL DEPARTURE LAST
                VALUE   (LST)  VALUE       VALUE  FROM      YEAR
                                                  NORMAL
..................................................................
TEMPERATURE (F)
 TODAY
  MINIMUM         -4R   659 AM   2    1901  27    -31       17

PRECIPITATION (IN)
  TODAY            0.00          2.58 1945   0.09  -0.09     0.00
  MONTH TO DATE    2.09                      0.52   1.57     0.15
  SINCE JUN 1     27.64                     28.70  -1.06    28.89
  SINCE JAN 1      5.89                      5.61   0.28     4.58

SNOWFALL (IN)
  TODAY            0.0           7.4  1967   0.3   -0.3      0.0
  MONTH TO DATE    8.2                       1.9    6.3      2.4
  SINCE OCT 1     45.4                      34.7   10.7     60.8
  SINCE JUL 1     45.4                      34.7   10.7     60.8
  SNOW DEPTH       6

DEGREE DAYS
 HEATING
  TODAY           64

 COOLING
  TODAY            0
..................................................................





WEATHER CONDITIONS
 THE FOLLOWING WEATHER WAS RECORDED TODAY.
  FOG


RELATIVE HUMIDITY (PERCENT)
 HIGHEST    91           200 AM

..........................................................


THE PITTSBURGH PA CLIMATE NORMALS FOR TOMORROW
                         NORMAL    RECORD    YEAR
 MAXIMUM TEMPERATURE (F)   46        76      1983
 MINIMUM TEMPERATURE (F)   27         5      1890


SUNRISE AND SUNSET
MARCH  6 2015.........SUNRISE   647 AM EST   SUNSET   618 PM EST
MARCH  7 2015.........SUNRISE   646 AM EST   SUNSET   619 PM EST


-  INDICATES NEGATIVE NUMBERS.
R  INDICATES RECORD WAS SET OR TIED.
MM INDICATES DATA IS MISSING.
T  INDICATES TRACE AMOUNT.





&&
SNOW DEPTH IS MEASURED AT 7 AM EST OR 8 AM EDT.
$$
