428
CDUS41 KPBZ 302115
CLIPIT

CLIMATE REPORT
NATIONAL WEATHER SERVICE PITTSBURGH PA
513 PM EDT MON MAY 30 2016

...................................

...THE PITTSBURGH PA CLIMATE SUMMARY FOR MAY 30 2016...
VALID TODAY AS OF 0500 PM LOCAL TIME.

CLIMATE NORMAL PERIOD 1981 TO 2010
CLIMATE RECORD PERIOD 1871 TO 2016

WEATHER ITEM   OBSERVED TIME   RECORD YEAR NORMAL DEPARTURE LAST
                VALUE   (LST)  VALUE       VALUE  FROM      YEAR
                                                  NORMAL
..................................................................
TEMPERATURE (F)
 TODAY
  MAXIMUM         83    359 PM  94    1919  75      8       82
                                      1881
  MINIMUM         61    415 AM  37    1961  54      7       67
                                      1930
  AVERAGE         72                        64      8       75

PRECIPITATION (IN)
  TODAY            0.00          1.66 1940   0.14  -0.14     0.07
  MONTH TO DATE    3.61                      3.80  -0.19     2.47
  SINCE JUN 1     39.70                     38.04   1.66    35.98
  SINCE JAN 1     13.62                     14.95  -1.33    14.23

SNOWFALL (IN)
  TODAY            0.0           0.0  2002   0.0    0.0      0.0
                                      2001
  MONTH TO DATE    T                         0.0    0.0      0.0
  SINCE OCT 1     29.6                      41.9  -12.3     47.5
  SINCE JUL 1     29.6                      41.9  -12.3     47.5
  SNOW DEPTH       0

DEGREE DAYS
 HEATING
  TODAY            0                         3     -3        0
  MONTH TO DATE  178                       193    -15       91
  SINCE MAR 1   1104                      1412   -308     1348
  SINCE JUL 1   4670                      5669   -999     6016

 COOLING
  TODAY            7                         2      5       10
  MONTH TO DATE   59                        40     19      129
  SINCE MAR 1     62                        50     12      130
  SINCE JAN 1     62                        50     12      130
..................................................................

WIND (MPH)
  HIGHEST WIND SPEED    15   HIGHEST WIND DIRECTION     N (340)
  HIGHEST GUST SPEED    22   HIGHEST GUST DIRECTION    NW (300)
  AVERAGE WIND SPEED     4.5


SKY COVER
  POSSIBLE SUNSHINE  MM
  AVERAGE SKY COVER 0.6


WEATHER CONDITIONS
 THE FOLLOWING WEATHER WAS RECORDED TODAY.
  FOG
  HAZE


RELATIVE HUMIDITY (PERCENT)
 HIGHEST    90           200 AM
 LOWEST     40           300 PM
 AVERAGE    65

..........................................................


THE PITTSBURGH PA CLIMATE NORMALS FOR TOMORROW
                         NORMAL    RECORD    YEAR
 MAXIMUM TEMPERATURE (F)   75        93      1919
                                             1895
 MINIMUM TEMPERATURE (F)   54        36      2001


SUNRISE AND SUNSET
MAY 30 2016...........SUNRISE   553 AM EDT   SUNSET   844 PM EDT
MAY 31 2016...........SUNRISE   553 AM EDT   SUNSET   845 PM EDT


-  INDICATES NEGATIVE NUMBERS.
R  INDICATES RECORD WAS SET OR TIED.
MM INDICATES DATA IS MISSING.
T  INDICATES TRACE AMOUNT.

&&

SNOW DEPTH IS MEASURED AT 7 AM EST OR 8 AM EDT.

$$
