000
CDUS41 KPBZ 221323
CLIPIT

CLIMATE REPORT
NATIONAL WEATHER SERVICE PITTSBURGH PA
823 AM EST WED NOV 22 2017

...................................

...THE PITTSBURGH PA CLIMATE SUMMARY FOR NOVEMBER 22 2017...
VALID AS OF 0800 AM LOCAL TIME.

CLIMATE NORMAL PERIOD 1981 TO 2010
CLIMATE RECORD PERIOD 1871 TO 2017

WEATHER ITEM   OBSERVED TIME   RECORD YEAR NORMAL DEPARTURE LAST
                VALUE   (LST)  VALUE       VALUE  FROM      YEAR
                                                  NORMAL
..................................................................
TEMPERATURE (F)
 TODAY
  MAXIMUM         47   1202 AM  73    1934
  MINIMUM         35    520 AM   4    1880  33      2       23

PRECIPITATION (IN)
  TODAY            0.07          1.27 1878   0.12  -0.05     0.00
  MONTH TO DATE    3.95                      2.36   1.59     0.58
  SINCE JUN 1     21.47                     19.37   2.10    17.11
  SINCE JAN 1     40.18                     34.47   5.71    30.73

SNOWFALL (IN)
  TODAY           MM             2.8  1971   0.1   MM        0.0
  MONTH TO DATE    T                         1.2   -1.2      2.1
  SINCE OCT 1      T                         1.6   -1.6      2.1
  SINCE JUL 1      T                         1.6   -1.6      2.1
  SNOW DEPTH       0

DEGREE DAYS
 HEATING
  TODAY           24

 COOLING
  TODAY            0
..................................................................


WEATHER CONDITIONS
 THE FOLLOWING WEATHER WAS RECORDED TODAY.
  RAIN
  LIGHT RAIN
  LIGHT SNOW
  FOG


RELATIVE HUMIDITY (PERCENT)
 HIGHEST   100           700 AM

..........................................................


THE PITTSBURGH PA CLIMATE NORMALS FOR TOMORROW
                         NORMAL    RECORD    YEAR
 MAXIMUM TEMPERATURE (F)   48        74      1979
 MINIMUM TEMPERATURE (F)   33         8      1880


SUNRISE AND SUNSET
NOVEMBER 22 2017......SUNRISE   715 AM EST   SUNSET   458 PM EST
NOVEMBER 23 2017......SUNRISE   717 AM EST   SUNSET   458 PM EST


-  INDICATES NEGATIVE NUMBERS.
R  INDICATES RECORD WAS SET OR TIED.
MM INDICATES DATA IS MISSING.
T  INDICATES TRACE AMOUNT.

&&

SNOW DEPTH IS MEASURED AT 7 AM EST OR 8 AM EDT.

&&

$$
SNOW DEPTH IS MEASURED AT 7 AM EST OR 8 AM EDT.

$$
