279
CDUS41 KPBZ 240726
CLIPIT

CLIMATE REPORT
NATIONAL WEATHER SERVICE PITTSBURGH PA
326 AM EDT SUN JUL 24 2016

...................................

...THE PITTSBURGH PA CLIMATE SUMMARY FOR JULY 23 2016...

CLIMATE NORMAL PERIOD 1981 TO 2010
CLIMATE RECORD PERIOD 1871 TO 2016

WEATHER ITEM   OBSERVED TIME   RECORD YEAR NORMAL DEPARTURE LAST
                VALUE   (LST)  VALUE       VALUE  FROM      YEAR
                                                  NORMAL
..................................................................
TEMPERATURE (F)
 YESTERDAY
  MAXIMUM         92    122 PM  98    1933  83      9       81
  MINIMUM         71    540 AM  50    1985  63      8       59
                                      1977
                                      1947
  AVERAGE         82                        73      9       70

PRECIPITATION (IN)
  YESTERDAY        T             1.52 1992   0.12  -0.12     0.00
  MONTH TO DATE    1.43                      2.88  -1.45     3.61
  SINCE JUN 1      4.53                      7.18  -2.65    10.95
  SINCE JAN 1     18.15                     22.28  -4.13    25.43

SNOWFALL (IN)
  YESTERDAY        0.0           0.0  2002   0.0    0.0      0.0
                                      2001
  MONTH TO DATE    0.0                       0.0    0.0      0.0
  SINCE OCT 1     29.6                      41.9  -12.3     47.5
  SINCE JUL 1      0.0                       0.0    0.0      0.0
  SNOW DEPTH       0

DEGREE DAYS
 HEATING
  YESTERDAY        0                         0      0        0
  MONTH TO DATE    1                         0      1        0
  SINCE JUN 1     15                        38    -23       25
  SINCE JUL 1      1                         0      1        0

 COOLING
  YESTERDAY       17                         8      9        5
  MONTH TO DATE  237                       181     56      169
  SINCE JUN 1    457                       331    126      362
  SINCE JAN 1    527                       383    144      496
..................................................................

WIND (MPH)
  HIGHEST WIND SPEED    13   HIGHEST WIND DIRECTION     N (360)
  HIGHEST GUST SPEED    19   HIGHEST GUST DIRECTION     N (360)
  AVERAGE WIND SPEED     4.4


SKY COVER
  POSSIBLE SUNSHINE  MM
  AVERAGE SKY COVER 0.6


WEATHER CONDITIONS
 THE FOLLOWING WEATHER WAS RECORDED YESTERDAY.
  NO SIGNIFICANT WEATHER WAS OBSERVED.


RELATIVE HUMIDITY (PERCENT)
 HIGHEST    90           600 AM
 LOWEST     50           100 PM
 AVERAGE    70

..........................................................


THE PITTSBURGH PA CLIMATE NORMALS FOR TODAY
                         NORMAL    RECORD    YEAR
 MAXIMUM TEMPERATURE (F)   82        98      1934
 MINIMUM TEMPERATURE (F)   63        52      1977


SUNRISE AND SUNSET
JULY 24 2016..........SUNRISE   611 AM EDT   SUNSET   843 PM EDT
JULY 25 2016..........SUNRISE   612 AM EDT   SUNSET   842 PM EDT


-  INDICATES NEGATIVE NUMBERS.
R  INDICATES RECORD WAS SET OR TIED.
MM INDICATES DATA IS MISSING.
T  INDICATES TRACE AMOUNT.

&&

SNOW DEPTH IS MEASURED AT 7 AM EST OR 8 AM EDT.

$$
