000
CDUS41 KPBZ 212213
CLIPIT

CLIMATE REPORT
NATIONAL WEATHER SERVICE PITTSBURGH PA
512 PM EST TUE FEB 21 2017

...................................

...THE PITTSBURGH PA CLIMATE SUMMARY FOR FEBRUARY 21 2017...
VALID TODAY AS OF 0500 PM LOCAL TIME.

CLIMATE NORMAL PERIOD 1981 TO 2010
CLIMATE RECORD PERIOD 1871 TO 2017

WEATHER ITEM   OBSERVED TIME   RECORD YEAR NORMAL DEPARTURE LAST
                VALUE   (LST)  VALUE       VALUE  FROM      YEAR
                                                  NORMAL
..................................................................
TEMPERATURE (F)
 TODAY
  MAXIMUM         65    359 PM  73    1997  41     24       55
  MINIMUM         45    724 AM  -6    1968  24     21       35
  AVERAGE         55                        32     23       45

PRECIPITATION (IN)
  TODAY            0.00          1.39 1874   0.08  -0.08     0.00
  MONTH TO DATE    1.16                      1.78  -0.62     1.99
  SINCE JUN 1     26.09                     27.57  -1.48    29.86
  SINCE JAN 1      4.70                      4.48   0.22     3.78

SNOWFALL (IN)
  TODAY            0.0           7.9  2011   0.3   -0.3      0.0
  MONTH TO DATE    6.7                       7.6   -0.9      8.9
  SINCE OCT 1     22.3                      30.1   -7.8     23.8
  SINCE JUL 1     22.3                      30.1   -7.8     23.8
  SNOW DEPTH       0

DEGREE DAYS
 HEATING
  TODAY           10                        33    -23       20
  MONTH TO DATE  571                       727   -156      712
  SINCE DEC 1   2475                      2873   -398     2519
  SINCE JUL 1   3322                      4036   -714     3373

 COOLING
  TODAY            0                         0      0        0
  MONTH TO DATE    0                         0      0        0
  SINCE DEC 1      0                         0      0        0
  SINCE JAN 1      0                         0      0        0
..................................................................

WIND (MPH)
  HIGHEST WIND SPEED    13   HIGHEST WIND DIRECTION    SW (210)
  HIGHEST GUST SPEED    17   HIGHEST GUST DIRECTION     S (200)
  AVERAGE WIND SPEED     7.4


SKY COVER
  POSSIBLE SUNSHINE  MM
  AVERAGE SKY COVER 0.9


WEATHER CONDITIONS
 THE FOLLOWING WEATHER WAS RECORDED TODAY.
  NO SIGNIFICANT WEATHER WAS OBSERVED.


RELATIVE HUMIDITY (PERCENT)
 HIGHEST    58           200 AM
 LOWEST     40           100 PM
 AVERAGE    49

..........................................................


THE PITTSBURGH PA CLIMATE NORMALS FOR TOMORROW
                         NORMAL    RECORD    YEAR
 MAXIMUM TEMPERATURE (F)   41        70      1930
                                             1922
 MINIMUM TEMPERATURE (F)   24        -8      1963


SUNRISE AND SUNSET
FEBRUARY 21 2017......SUNRISE   706 AM EST   SUNSET   603 PM EST
FEBRUARY 22 2017......SUNRISE   705 AM EST   SUNSET   605 PM EST


-  INDICATES NEGATIVE NUMBERS.
R  INDICATES RECORD WAS SET OR TIED.
MM INDICATES DATA IS MISSING.
T  INDICATES TRACE AMOUNT.

&&

SNOW DEPTH IS MEASURED AT 7 AM EST OR 8 AM EDT.

$$
