356
CDUS41 KPBZ 302112
CLIPIT

CLIMATE REPORT
NATIONAL WEATHER SERVICE PITTSBURGH PA
512 PM EDT SUN APR 30 2017

...................................

...THE PITTSBURGH PA CLIMATE SUMMARY FOR APRIL 30 2017...
VALID TODAY AS OF 0500 PM LOCAL TIME.

CLIMATE NORMAL PERIOD 1981 TO 2010
CLIMATE RECORD PERIOD 1871 TO 2017

WEATHER ITEM   OBSERVED TIME   RECORD YEAR NORMAL DEPARTURE LAST
                VALUE   (LST)  VALUE       VALUE  FROM      YEAR
                                                  NORMAL
..................................................................
TEMPERATURE (F)
 TODAY
  MAXIMUM         87    359 PM  88    1899  67     20       66
  MINIMUM         58    408 AM  28    1977  45     13       45
  AVERAGE         73                        56     17       56

PRECIPITATION (IN)
  TODAY            0.01          1.01 1908   0.10  -0.09     0.22
  MONTH TO DATE    3.54                      3.11   0.43     2.25
  SINCE JUN 1     34.95                     34.24   0.71    36.09
  SINCE JAN 1     13.56                     11.15   2.41    10.01

SNOWFALL (IN)
  TODAY            0.0           0.5  1908   0.0    0.0      0.0
  MONTH TO DATE    T                         1.5   -1.5      3.1
  SINCE OCT 1     32.0                      41.9   -9.9     29.6
  SINCE JUL 1     32.0                      41.9   -9.9     29.6
  SNOW DEPTH       0

DEGREE DAYS
 HEATING
  TODAY            0                        10    -10        9
  MONTH TO DATE  248                       430   -182      406
  SINCE MAR 1   1021                      1219   -198      926
  SINCE JUL 1   4447                      5476  -1029     4492

 COOLING
  TODAY            8                         0      8        0
  MONTH TO DATE   24                         9     15        1
  SINCE MAR 1     26                        10     16        3
  SINCE JAN 1     27                        10     17        3
..................................................................

WIND (MPH)
  HIGHEST WIND SPEED    23   HIGHEST WIND DIRECTION    SW (210)
  HIGHEST GUST SPEED    28   HIGHEST GUST DIRECTION    SW (210)
  AVERAGE WIND SPEED     9.0


SKY COVER
  POSSIBLE SUNSHINE  MM
  AVERAGE SKY COVER 0.7


WEATHER CONDITIONS
 THE FOLLOWING WEATHER WAS RECORDED TODAY.
  LIGHT RAIN


RELATIVE HUMIDITY (PERCENT)
 HIGHEST   100           100 AM
 LOWEST     37           300 PM
 AVERAGE    69

..........................................................


THE PITTSBURGH PA CLIMATE NORMALS FOR TOMORROW
                         NORMAL    RECORD    YEAR
 MAXIMUM TEMPERATURE (F)   67        93      1942
 MINIMUM TEMPERATURE (F)   45        27      1876


SUNRISE AND SUNSET
APRIL 30 2017.........SUNRISE   621 AM EDT   SUNSET   816 PM EDT
MAY  1 2017...........SUNRISE   620 AM EDT   SUNSET   817 PM EDT


-  INDICATES NEGATIVE NUMBERS.
R  INDICATES RECORD WAS SET OR TIED.
MM INDICATES DATA IS MISSING.
T  INDICATES TRACE AMOUNT.

&&

SNOW DEPTH IS MEASURED AT 7 AM EST OR 8 AM EDT.

$$
