000
CDUS41 KPBZ 251232
CLIPIT

CLIMATE REPORT
NATIONAL WEATHER SERVICE PITTSBURGH PA
832 AM EDT MON MAY 25 2015

...................................

...THE PITTSBURGH PA CLIMATE SUMMARY FOR MAY 25 2015...
VALID AS OF 0800 AM LOCAL TIME.

CLIMATE NORMAL PERIOD 1981 TO 2010
CLIMATE RECORD PERIOD 1871 TO 2015

WEATHER ITEM   OBSERVED TIME   RECORD YEAR NORMAL DEPARTURE LAST
                VALUE   (LST)  VALUE       VALUE  FROM      YEAR
                                                  NORMAL
..................................................................
TEMPERATURE (F)
 TODAY
  MAXIMUM         68    659 AM  95    1875
  MINIMUM         58    322 AM  33    2013  52      6       48
                                      1925

PRECIPITATION (IN)
  TODAY            0.00          2.48 1997   0.13  -0.13     0.00
  MONTH TO DATE    1.94                      3.09  -1.15     2.86
  SINCE JUN 1     35.45                     37.33  -1.88    37.94
  SINCE JAN 1     13.70                     14.24  -0.54    13.63

SNOWFALL (IN)
  TODAY            0.0          90.0  2001   0.0    0.0      0.0
  MONTH TO DATE    0.0                       0.0    0.0      0.0
  SINCE OCT 1     47.5                      41.9    5.6     63.4
  SINCE JUL 1     47.5                      41.9    5.6     63.4
  SNOW DEPTH       0

DEGREE DAYS
 HEATING
  TODAY            2

 COOLING
  TODAY            0
..................................................................


WEATHER CONDITIONS
 THE FOLLOWING WEATHER WAS RECORDED TODAY.
  NO SIGNIFICANT WEATHER WAS OBSERVED.


RELATIVE HUMIDITY (PERCENT)
 HIGHEST    69           300 AM

..........................................................


THE PITTSBURGH PA CLIMATE NORMALS FOR TOMORROW
                         NORMAL    RECORD    YEAR
 MAXIMUM TEMPERATURE (F)   73        94      1880
 MINIMUM TEMPERATURE (F)   52        34      1969


SUNRISE AND SUNSET
MAY 25 2015...........SUNRISE   557 AM EDT   SUNSET   839 PM EDT
MAY 26 2015...........SUNRISE   556 AM EDT   SUNSET   840 PM EDT


-  INDICATES NEGATIVE NUMBERS.
R  INDICATES RECORD WAS SET OR TIED.
MM INDICATES DATA IS MISSING.
T  INDICATES TRACE AMOUNT.

&&

SNOW DEPTH IS MEASURED AT 7 AM EST OR 8 AM EDT.

$$
