000
CDUS41 KRLX 172231
CLIPKB


CLIMATE REPORT
NATIONAL WEATHER SERVICE CHARLESTON WV
531 PM EST SAT FEB 17 2018


...................................

...THE PARKERSBURG WV CLIMATE SUMMARY FOR FEBRUARY 17 2018...
VALID TODAY AS OF 0500 PM LOCAL TIME.

CLIMATE NORMAL PERIOD 1981 TO 2010
CLIMATE RECORD PERIOD 1889 TO 2018


WEATHER ITEM   OBSERVED TIME   RECORD YEAR NORMAL DEPARTURE LAST
                VALUE   (LST)  VALUE       VALUE  FROM      YEAR
                                                  NORMAL
..................................................................
TEMPERATURE (F)
 TODAY
  MAXIMUM         36    149 PM  73    1961  45     -9       64
  MINIMUM         28    742 AM  -2    1958  26      2       29
  AVERAGE         32                        35     -3       47

PRECIPITATION (IN)
  TODAY            0.43          0.56 1976   0.09   0.34     0.00
  MONTH TO DATE    4.42                      1.61   2.81     2.10
  SINCE DEC 1      9.61                      7.66   1.95    11.37
  SINCE JAN 1      7.86                      4.56   3.30     6.66

DEGREE DAYS
 HEATING
  TODAY           33                        30      3       18
  MONTH TO DATE  487                       534    -47      449
  SINCE DEC 1   2601                      2494    107     2132
  SINCE JUL 1   3501                      3479     22     2886

 COOLING
  TODAY            0                         0      0        0
  MONTH TO DATE    0                         0      0        0
  SINCE DEC 1      0                         0      0        0
  SINCE JAN 1      0                         0      0        0
..................................................................


WIND (MPH)
  HIGHEST WIND SPEED     8   HIGHEST WIND DIRECTION    SE (120)
  HIGHEST GUST SPEED    10   HIGHEST GUST DIRECTION     E (80)
  AVERAGE WIND SPEED     3.3


SKY COVER
  POSSIBLE SUNSHINE  MM
  AVERAGE SKY COVER 0.7


WEATHER CONDITIONS
 THE FOLLOWING WEATHER WAS RECORDED TODAY.
  HEAVY SNOW
  SNOW
  LIGHT SNOW
  FOG
  FOG W/VISIBILITY <= 1/4 MILE


RELATIVE HUMIDITY (PERCENT)
 HIGHEST    92           300 PM
 LOWEST     75          1200 PM
 AVERAGE    84

..........................................................


THE PARKERSBURG WV CLIMATE NORMALS FOR TOMORROW
                         NORMAL    RECORD    YEAR
 MAXIMUM TEMPERATURE (F)   45        70      1981
 MINIMUM TEMPERATURE (F)   26        -2      1936


SUNRISE AND SUNSET
FEBRUARY 17 2018......SUNRISE   715 AM EST   SUNSET   605 PM EST
FEBRUARY 18 2018......SUNRISE   714 AM EST   SUNSET   606 PM EST


-  INDICATES NEGATIVE NUMBERS.
R  INDICATES RECORD WAS SET OR TIED.
MM INDICATES DATA IS MISSING.
T  INDICATES TRACE AMOUNT.




$$
