000
CDUS41 KRLX 262226
CLIPKB


CLIMATE REPORT
NATIONAL WEATHER SERVICE CHARLESTON WV
523 PM EST THU FEB 26 2015


...................................

...THE PARKERSBURG WV CLIMATE SUMMARY FOR FEBRUARY 26 2015...
VALID TODAY AS OF 0500 PM LOCAL TIME.

CLIMATE NORMAL PERIOD 1981 TO 2010
CLIMATE RECORD PERIOD 1889 TO 2015


WEATHER ITEM   OBSERVED TIME   RECORD YEAR NORMAL DEPARTURE LAST
                VALUE   (LST)  VALUE       VALUE  FROM      YEAR
                                                  NORMAL
..................................................................
TEMPERATURE (F)
 TODAY
  MAXIMUM         30    359 PM  77    2000  47    -17       MM
  MINIMUM         23    806 AM   3    1967  28     -5       MM
  AVERAGE         27                        38    -11       MM

PRECIPITATION (IN)
  TODAY            0.00          0.73 2013   0.10  -0.10     0.01
  MONTH TO DATE    1.66                      2.50  -0.84     1.63
  SINCE DEC 1      7.29                      8.55  -1.26     8.36
  SINCE JAN 1      3.89                      5.45  -1.56     3.89

DEGREE DAYS
 HEATING
  TODAY           38                        28     10       MM
  MONTH TO DATE 1077                       792    285       MM
  SINCE DEC 1   3007                      2752    255     2572
  SINCE JUL 1     MM                      3737     MM     3674

 COOLING
  TODAY            0                         0      0       MM
  MONTH TO DATE    0                         0      0       MM
  SINCE DEC 1      0                         0      0        0
  SINCE JAN 1      0                         0      0        0
..................................................................


WIND (MPH)
  HIGHEST WIND SPEED    16   HIGHEST WIND DIRECTION     W (290)
  HIGHEST GUST SPEED    19   HIGHEST GUST DIRECTION     W (290)
  AVERAGE WIND SPEED     8.1


SKY COVER
  POSSIBLE SUNSHINE  MM
  AVERAGE SKY COVER 0.6


WEATHER CONDITIONS
 THE FOLLOWING WEATHER WAS RECORDED TODAY.
  NO SIGNIFICANT WEATHER WAS OBSERVED.


RELATIVE HUMIDITY (PERCENT)
 HIGHEST    59           800 AM
 LOWEST     46           100 PM
 AVERAGE    53

..........................................................


THE PARKERSBURG WV CLIMATE NORMALS FOR TOMORROW
                         NORMAL    RECORD    YEAR
 MAXIMUM TEMPERATURE (F)   48        73      1996
 MINIMUM TEMPERATURE (F)   28        -1      1963


SUNRISE AND SUNSET
FEBRUARY 26 2015......SUNRISE   703 AM EST   SUNSET   615 PM EST
FEBRUARY 27 2015......SUNRISE   702 AM EST   SUNSET   616 PM EST


-  INDICATES NEGATIVE NUMBERS.
R  INDICATES RECORD WAS SET OR TIED.
MM INDICATES DATA IS MISSING.
T  INDICATES TRACE AMOUNT.




$$
