000
CDUS41 KRLX 272217
CLIPKB


CLIMATE REPORT
NATIONAL WEATHER SERVICE CHARLESTON WV
517 PM EST MON FEB 27 2017


...................................

...THE PARKERSBURG WV CLIMATE SUMMARY FOR FEBRUARY 27 2017...
VALID TODAY AS OF 0500 PM LOCAL TIME.

CLIMATE NORMAL PERIOD 1981 TO 2010
CLIMATE RECORD PERIOD 1889 TO 2017


WEATHER ITEM   OBSERVED TIME   RECORD YEAR NORMAL DEPARTURE LAST
                VALUE   (LST)  VALUE       VALUE  FROM      YEAR
                                                  NORMAL
..................................................................
TEMPERATURE (F)
 TODAY
  MAXIMUM         46    359 PM  73    1996  48     -2       47
  MINIMUM         29   1253 AM  -1    1963  28      1       30
  AVERAGE         38                        38      0       39

PRECIPITATION (IN)
  TODAY            0.09R         T    2002   0.10  -0.01     0.00
                                      2002
                                      2015
  MONTH TO DATE    2.83                      2.60   0.23     3.75
  SINCE DEC 1     12.10                      8.65   3.45    10.14
  SINCE JAN 1      7.39                      5.55   1.84     5.50

DEGREE DAYS
 HEATING
  TODAY           27                        27      0       26
  MONTH TO DATE  576                       819   -243      795
  SINCE DEC 1   2259                      2779   -520     2423
  SINCE JUL 1   3013                      3764   -751     3185

 COOLING
  TODAY            0                         0      0        0
  MONTH TO DATE    4                         0      4        0
  SINCE DEC 1      4                         0      4        0
  SINCE JAN 1      4                         0      4        0
..................................................................


WIND (MPH)
  HIGHEST WIND SPEED     9   HIGHEST WIND DIRECTION     S (180)
  HIGHEST GUST SPEED    11   HIGHEST GUST DIRECTION     S (190)
  AVERAGE WIND SPEED     3.8


SKY COVER
  POSSIBLE SUNSHINE  MM
  AVERAGE SKY COVER 0.8


WEATHER CONDITIONS
 THE FOLLOWING WEATHER WAS RECORDED TODAY.
  LIGHT RAIN
  FOG
  HAZE


RELATIVE HUMIDITY (PERCENT)
 HIGHEST    89          1200 PM
 LOWEST     48           700 AM
 AVERAGE    69

..........................................................


THE PARKERSBURG WV CLIMATE NORMALS FOR TOMORROW
                         NORMAL    RECORD    YEAR
 MAXIMUM TEMPERATURE (F)   48        74      1939
 MINIMUM TEMPERATURE (F)   28        -6      1934


SUNRISE AND SUNSET
FEBRUARY 27 2017......SUNRISE   701 AM EST   SUNSET   616 PM EST
FEBRUARY 28 2017......SUNRISE   700 AM EST   SUNSET   617 PM EST


-  INDICATES NEGATIVE NUMBERS.
R  INDICATES RECORD WAS SET OR TIED.
MM INDICATES DATA IS MISSING.
T  INDICATES TRACE AMOUNT.




$$
