000
CDUS41 KRLX 022216
CLIPKB


CLIMATE REPORT
NATIONAL WEATHER SERVICE CHARLESTON WV
516 PM EST FRI DEC 2 2016


...................................

...THE PARKERSBURG WV CLIMATE SUMMARY FOR DECEMBER 2 2016...
VALID TODAY AS OF 0500 PM LOCAL TIME.

CLIMATE NORMAL PERIOD 1981 TO 2010
CLIMATE RECORD PERIOD 1889 TO 2016


WEATHER ITEM   OBSERVED TIME   RECORD YEAR NORMAL DEPARTURE LAST
                VALUE   (LST)  VALUE       VALUE  FROM      YEAR
                                                  NORMAL
..................................................................
TEMPERATURE (F)
 TODAY
  MAXIMUM         40   1255 AM  75    1982  48     -8       53
  MINIMUM         36    359 PM   7    1976  31      5       38
  AVERAGE         38                        39     -1       46

PRECIPITATION (IN)
  TODAY            T   R         T    2005   0.10  -0.10     0.32
                                      2005
                                      2010
  MONTH TO DATE    T                         0.21  -0.21     0.84
  SINCE DEC 1      T                         0.21  -0.21     0.84
  SINCE JAN 1     32.11                     38.30  -6.19    38.85

DEGREE DAYS
 HEATING
  TODAY           27                        26      1       19
  MONTH TO DATE   49                        52     -3       29
  SINCE DEC 1     49                        52     -3       29
  SINCE JUL 1    803                      1037   -234      791

 COOLING
  TODAY            0                         0      0        0
  MONTH TO DATE    0                         0      0        0
  SINCE DEC 1      0                         0      0        0
  SINCE JAN 1   1352                       955    397     1040
..................................................................


WIND (MPH)
  HIGHEST WIND SPEED    15   HIGHEST WIND DIRECTION     W (270)
  HIGHEST GUST SPEED    22   HIGHEST GUST DIRECTION     W (280)
  AVERAGE WIND SPEED     7.4


SKY COVER
  POSSIBLE SUNSHINE  MM
  AVERAGE SKY COVER 1.0


WEATHER CONDITIONS
 THE FOLLOWING WEATHER WAS RECORDED TODAY.
  LIGHT RAIN
  FOG
  HAZE


RELATIVE HUMIDITY (PERCENT)
 HIGHEST    92           300 PM
 LOWEST     59          1200 AM
 AVERAGE    76

..........................................................


THE PARKERSBURG WV CLIMATE NORMALS FOR TOMORROW
                         NORMAL    RECORD    YEAR
 MAXIMUM TEMPERATURE (F)   47        78      1982
 MINIMUM TEMPERATURE (F)   30         1      1976


SUNRISE AND SUNSET
DECEMBER  2 2016......SUNRISE   728 AM EST   SUNSET   503 PM EST
DECEMBER  3 2016......SUNRISE   729 AM EST   SUNSET   502 PM EST


-  INDICATES NEGATIVE NUMBERS.
R  INDICATES RECORD WAS SET OR TIED.
MM INDICATES DATA IS MISSING.
T  INDICATES TRACE AMOUNT.




$$
