000
CDUS41 KRLX 260827
CLIPKB


CLIMATE REPORT
NATIONAL WEATHER SERVICE CHARLESTON WV
326 AM EST MON JAN 26 2015


...................................

...THE PARKERSBURG WV CLIMATE SUMMARY FOR JANUARY 25 2015...

CLIMATE NORMAL PERIOD 1981 TO 2010
CLIMATE RECORD PERIOD 1889 TO 2015


WEATHER ITEM   OBSERVED TIME   RECORD YEAR NORMAL DEPARTURE LAST
                VALUE   (LST)  VALUE       VALUE  FROM      YEAR
                                                  NORMAL
..................................................................
TEMPERATURE (F)
 YESTERDAY
  MAXIMUM         39    443 PM  78    1950  40     -1       30
  MINIMUM         32    833 AM  -9    1936  23      9       16
  AVERAGE         36                        32      4       23

PRECIPITATION (IN)
  YESTERDAY        0.07          0.21 2010   0.10  -0.03     0.20
  MONTH TO DATE    1.75                      2.37  -0.62     2.22
  SINCE JAN 1      1.75                      2.37  -0.62     2.22

SNOWFALL (IN)
  YESTERDAY       MM
  MONTH TO DATE   MM
  SINCE SEP 1     MM
  SINCE JUL 1     MM
  SNOW DEPTH      MM

DEGREE DAYS
 HEATING
  YESTERDAY       29                        33     -4       42
  MONTH TO DATE  876                       840     36      939
  SINCE DEC 1   1694                      1765    -71     1787
  SINCE JUL 1     MM                      2750     MM     2889

 COOLING
  YESTERDAY        0                         0      0        0
  MONTH TO DATE    0                         0      0        0
  SINCE DEC 1      0                         0      0        0
  SINCE JAN 1      0                         0      0        0
..................................................................


WIND (MPH)
  HIGHEST WIND SPEED    12   HIGHEST WIND DIRECTION    SW (210)
  HIGHEST GUST SPEED    14   HIGHEST GUST DIRECTION    SW (210)
  AVERAGE WIND SPEED     4.3


SKY COVER
  POSSIBLE SUNSHINE  MM
  AVERAGE SKY COVER 0.9


WEATHER CONDITIONS
 THE FOLLOWING WEATHER WAS RECORDED YESTERDAY.
  LIGHT RAIN
  FOG


RELATIVE HUMIDITY (PERCENT)
 HIGHEST    92           700 AM
 LOWEST     79           200 PM
 AVERAGE    86

..........................................................


THE PARKERSBURG WV CLIMATE NORMALS FOR TODAY
                         NORMAL    RECORD    YEAR
 MAXIMUM TEMPERATURE (F)   40        70      1967
 MINIMUM TEMPERATURE (F)   23        -8      1948


SUNRISE AND SUNSET
JANUARY 26 2015.......SUNRISE   738 AM EST   SUNSET   539 PM EST
JANUARY 27 2015.......SUNRISE   737 AM EST   SUNSET   540 PM EST


-  INDICATES NEGATIVE NUMBERS.
R  INDICATES RECORD WAS SET OR TIED.
MM INDICATES DATA IS MISSING.
T  INDICATES TRACE AMOUNT.




$$
