000
CDUS41 KRLX 220826
CLIPKB


CLIMATE REPORT
NATIONAL WEATHER SERVICE CHARLESTON WV
326 AM EST WED NOV 22 2017


...................................

...THE PARKERSBURG WV CLIMATE SUMMARY FOR NOVEMBER 21 2017...

CLIMATE NORMAL PERIOD 1981 TO 2010
CLIMATE RECORD PERIOD 1889 TO 2017


WEATHER ITEM   OBSERVED TIME   RECORD YEAR NORMAL DEPARTURE LAST
                VALUE   (LST)  VALUE       VALUE  FROM      YEAR
                                                  NORMAL
..................................................................
TEMPERATURE (F)
 YESTERDAY
  MAXIMUM         60    341 PM  74    1979  53      7       40
                                      1953
                                      1934
  MINIMUM         28   1205 AM  17    2014  34     -6       24
                                      1937
  AVERAGE         44                        43      1       32

PRECIPITATION (IN)
  YESTERDAY        0.00          0.69 1992   0.12  -0.12     0.00
  MONTH TO DATE    4.00                      2.33   1.67     0.56
  SINCE JAN 1     48.60                     37.06  11.54    31.50

SNOWFALL (IN)
  YESTERDAY       MM
  MONTH TO DATE   MM
  SINCE SEP 1     MM
  SNOW DEPTH      MM

DEGREE DAYS
 HEATING
  YESTERDAY       21                        22     -1       33
  MONTH TO DATE  407                       380     27      350
  SINCE SEP 1    704                       769    -65      565
  SINCE JUL 1    706                       774    -68      565

 COOLING
  YESTERDAY        0                         0      0        0
  MONTH TO DATE    2                         0      2        2
  SINCE SEP 1    173                       123     50      274
  SINCE JAN 1    975                       953     22     1352
..................................................................


WIND (MPH)
  HIGHEST WIND SPEED    22   HIGHEST WIND DIRECTION    SW (230)
  HIGHEST GUST SPEED    36   HIGHEST GUST DIRECTION    SW (210)
  AVERAGE WIND SPEED     8.5


SKY COVER
  POSSIBLE SUNSHINE  MM
  AVERAGE SKY COVER 0.1


WEATHER CONDITIONS
 THE FOLLOWING WEATHER WAS RECORDED YESTERDAY.
  HAZE


RELATIVE HUMIDITY (PERCENT)
 HIGHEST    72          1200 AM
 LOWEST     31           300 PM
 AVERAGE    52

..........................................................


THE PARKERSBURG WV CLIMATE NORMALS FOR TODAY
                         NORMAL    RECORD    YEAR
 MAXIMUM TEMPERATURE (F)   52        76      1934
 MINIMUM TEMPERATURE (F)   34        14      2000


SUNRISE AND SUNSET
NOVEMBER 22 2017......SUNRISE   717 AM EST   SUNSET   506 PM EST
NOVEMBER 23 2017......SUNRISE   718 AM EST   SUNSET   506 PM EST


-  INDICATES NEGATIVE NUMBERS.
R  INDICATES RECORD WAS SET OR TIED.
MM INDICATES DATA IS MISSING.
T  INDICATES TRACE AMOUNT.




$$
