464
CDUS41 KRLX 252117
CLIPKB


CLIMATE REPORT
NATIONAL WEATHER SERVICE CHARLESTON WV
517 PM EDT THU MAY 25 2017


...................................

...THE PARKERSBURG WV CLIMATE SUMMARY FOR MAY 25 2017...
VALID TODAY AS OF 0500 PM LOCAL TIME.

CLIMATE NORMAL PERIOD 1981 TO 2010
CLIMATE RECORD PERIOD 1889 TO 2017


WEATHER ITEM   OBSERVED TIME   RECORD YEAR NORMAL DEPARTURE LAST
                VALUE   (LST)  VALUE       VALUE  FROM      YEAR
                                                  NORMAL
..................................................................
TEMPERATURE (F)
 TODAY
  MAXIMUM         64    348 PM  91    1991  76    -12       84
                                      1975
  MINIMUM         57    640 AM  33    2013  53      4       50
  AVERAGE         61                        65     -4       67

PRECIPITATION (IN)
  TODAY            0.05          0.98 1994   0.15  -0.10     0.00
  MONTH TO DATE    2.28                      3.42  -1.14     3.69
  SINCE MAR 1     11.73                     10.42   1.31    10.87
  SINCE JAN 1     20.28                     16.07   4.21    16.41

DEGREE DAYS
 HEATING
  TODAY            4                         3      1        0
  MONTH TO DATE  125                       131     -6      159
  SINCE MAR 1    944                      1147   -203      928
  SINCE JUL 1   3975                      4937   -962     4141

 COOLING
  TODAY            0                         3     -3        2
  MONTH TO DATE   49                        43      6       16
  SINCE MAR 1     88                        64     24       36
  SINCE JAN 1     92                        64     28       36
..................................................................


WIND (MPH)
  HIGHEST WIND SPEED    15   HIGHEST WIND DIRECTION     S (200)
  HIGHEST GUST SPEED    20   HIGHEST GUST DIRECTION     S (170)
  AVERAGE WIND SPEED     6.5


SKY COVER
  POSSIBLE SUNSHINE  MM
  AVERAGE SKY COVER 1.0


WEATHER CONDITIONS
 THE FOLLOWING WEATHER WAS RECORDED TODAY.
  LIGHT RAIN
  FOG


RELATIVE HUMIDITY (PERCENT)
 HIGHEST    93           500 AM
 LOWEST     72          1000 AM
 AVERAGE    83

..........................................................


THE PARKERSBURG WV CLIMATE NORMALS FOR TOMORROW
                         NORMAL    RECORD    YEAR
 MAXIMUM TEMPERATURE (F)   76        92      1939
 MINIMUM TEMPERATURE (F)   54        35      1988


SUNRISE AND SUNSET
MAY 25 2017...........SUNRISE   604 AM EDT   SUNSET   841 PM EDT
MAY 26 2017...........SUNRISE   604 AM EDT   SUNSET   842 PM EDT


-  INDICATES NEGATIVE NUMBERS.
R  INDICATES RECORD WAS SET OR TIED.
MM INDICATES DATA IS MISSING.
T  INDICATES TRACE AMOUNT.




$$
