000
CDUS41 KRLX 242117
CLIPKB


CLIMATE REPORT
NATIONAL WEATHER SERVICE CHARLESTON WV
516 PM EDT MON APR 24 2017


...................................

...THE PARKERSBURG WV CLIMATE SUMMARY FOR APRIL 24 2017...
VALID TODAY AS OF 0500 PM LOCAL TIME.

CLIMATE NORMAL PERIOD 1981 TO 2010
CLIMATE RECORD PERIOD 1889 TO 2017


WEATHER ITEM   OBSERVED TIME   RECORD YEAR NORMAL DEPARTURE LAST
                VALUE   (LST)  VALUE       VALUE  FROM      YEAR
                                                  NORMAL
..................................................................
TEMPERATURE (F)
 TODAY
  MAXIMUM         62    138 PM  93    1925  69     -7       73
  MINIMUM         54    547 AM  28    2015  45      9       38
                                      1986
  AVERAGE         58                        57      1       56

PRECIPITATION (IN)
  TODAY            0.02          T    2002   0.12  -0.10     0.00
                                      2001
  MONTH TO DATE    3.48                      2.61   0.87     2.13
  SINCE MAR 1      8.03                      6.34   1.69     4.91
  SINCE JAN 1     16.58                     11.99   4.59    10.45

DEGREE DAYS
 HEATING
  TODAY            7                         9     -2        9
  MONTH TO DATE  179                       296   -117      310
  SINCE MAR 1    815                       967   -152      747
  SINCE JUL 1   3846                      4757   -911     3960

 COOLING
  TODAY            0                         1     -1        0
  MONTH TO DATE   18                        14      4        6
  SINCE MAR 1     20                        17      3       14
  SINCE JAN 1     24                        17      7       14
..................................................................


WIND (MPH)
  HIGHEST WIND SPEED    18   HIGHEST WIND DIRECTION     E (90)
  HIGHEST GUST SPEED    23   HIGHEST GUST DIRECTION     E (90)
  AVERAGE WIND SPEED     8.4


SKY COVER
  POSSIBLE SUNSHINE  MM
  AVERAGE SKY COVER 0.7


WEATHER CONDITIONS
 THE FOLLOWING WEATHER WAS RECORDED TODAY.
  LIGHT RAIN


RELATIVE HUMIDITY (PERCENT)
 HIGHEST    80           400 PM
 LOWEST     39          1200 AM
 AVERAGE    60

..........................................................


THE PARKERSBURG WV CLIMATE NORMALS FOR TOMORROW
                         NORMAL    RECORD    YEAR
 MAXIMUM TEMPERATURE (F)   69        91      1915
 MINIMUM TEMPERATURE (F)   45        30      1919


SUNRISE AND SUNSET
APRIL 24 2017.........SUNRISE   636 AM EDT   SUNSET   813 PM EDT
APRIL 25 2017.........SUNRISE   634 AM EDT   SUNSET   814 PM EDT


-  INDICATES NEGATIVE NUMBERS.
R  INDICATES RECORD WAS SET OR TIED.
MM INDICATES DATA IS MISSING.
T  INDICATES TRACE AMOUNT.




$$
