000
CDUS46 KLOX 260915
CLIPMD


CLIMATE REPORT
NATIONAL WEATHER SERVICE LOS ANGELES/OXNARD CA
215 AM PDT THU MAY 26 2016


...................................

...THE PALMDALE AIRPORT CA CLIMATE SUMMARY FOR MAY 25 2016...

CLIMATE NORMAL PERIOD 1981 TO 2010
CLIMATE RECORD PERIOD 1931 TO 2016


WEATHER ITEM   OBSERVED TIME   RECORD YEAR NORMAL DEPARTURE LAST
                VALUE   (LST)  VALUE       VALUE  FROM      YEAR
                                                  NORMAL
..................................................................
TEMPERATURE (F)
 YESTERDAY
  MAXIMUM         70    223 PM 104    1951  86    -16       81
  MINIMUM         49    510 AM  35    1980  55     -6       54
  AVERAGE         60                        70    -10       68

PRECIPITATION (IN)
  YESTERDAY        0.00          0.40 1931   0.01  -0.01     0.00
  MONTH TO DATE    T                         0.23  -0.23     0.10
  SINCE OCT 1      4.28                      7.66  -3.38     4.22
  SINCE JAN 1      2.47                      5.21  -2.74     1.65

SNOWFALL (IN)
  YESTERDAY        0.0          MM      MM  MM               0.0
  MONTH TO DATE    0.0                      MM               0.0
  SINCE MAR 1      0.0                      MM               0.0
  SINCE JUL 1      T                        MM               0.0
  SNOW DEPTH       0

DEGREE DAYS
 HEATING
  YESTERDAY        5                         1      4        0
  MONTH TO DATE   61                        62     -1       98
  SINCE MAR 1    444                       667   -223      444
  SINCE JUL 1   2605                      2912   -307     2099

 COOLING
  YESTERDAY        0                         7     -7        3
  MONTH TO DATE   72                       104    -32       30
  SINCE MAR 1     92                       127    -35       65
  SINCE JAN 1     92                       127    -35       65
..................................................................


WIND (MPH)
  HIGHEST WIND SPEED    29   HIGHEST WIND DIRECTION     W (250)
  HIGHEST GUST SPEED    35   HIGHEST GUST DIRECTION     W (250)
  AVERAGE WIND SPEED    16.9


SKY COVER
  POSSIBLE SUNSHINE  MM
  AVERAGE SKY COVER 0.1


WEATHER CONDITIONS
 THE FOLLOWING WEATHER WAS RECORDED YESTERDAY.
  NO SIGNIFICANT WEATHER WAS OBSERVED.


RELATIVE HUMIDITY (PERCENT)
 HIGHEST    80           500 AM
 LOWEST     36           300 PM
 AVERAGE    58

..........................................................


THE PALMDALE AIRPORT CA CLIMATE NORMALS FOR TODAY
                         NORMAL    RECORD    YEAR
 MAXIMUM TEMPERATURE (F)   86       100      1974
 MINIMUM TEMPERATURE (F)   55        38      1980


SUNRISE AND SUNSET
MAY 26 2016...........SUNRISE   543 AM PDT   SUNSET   757 PM PDT
MAY 27 2016...........SUNRISE   542 AM PDT   SUNSET   757 PM PDT


-  INDICATES NEGATIVE NUMBERS.
R  INDICATES RECORD WAS SET OR TIED.
MM INDICATES DATA IS MISSING.
T  INDICATES TRACE AMOUNT.




$$
