000
CDUS46 KLOX 250930
CLIPMD


CLIMATE REPORT
NATIONAL WEATHER SERVICE LOS ANGELES/OXNARD CA
230 AM PDT TUE APR 25 2017


...................................

...THE PALMDALE AIRPORT CA CLIMATE SUMMARY FOR APRIL 24 2017...

CLIMATE NORMAL PERIOD 1981 TO 2010
CLIMATE RECORD PERIOD 1931 TO 2017


WEATHER ITEM   OBSERVED TIME   RECORD YEAR NORMAL DEPARTURE LAST
                VALUE   (LST)  VALUE       VALUE  FROM      YEAR
                                                  NORMAL
..................................................................
TEMPERATURE (F)
 YESTERDAY
  MAXIMUM         71    115 PM  92    1996  75     -4       71
  MINIMUM         54   1159 PM  32    1937  46      8       43
  AVERAGE         63                        60      3       57

PRECIPITATION (IN)
  YESTERDAY        0.00          0.03 1967   0.02  -0.02     0.00
  MONTH TO DATE    T                         0.40  -0.40     0.08
  SINCE OCT 1      5.91                      7.36  -1.45     4.17
  SINCE JAN 1      4.12                      4.91  -0.79     2.36

SNOWFALL (IN)
  YESTERDAY        0.0           0.0  1973  MM               0.0
  MONTH TO DATE    0.0                      MM               0.0
  SINCE MAR 1      0.0                      MM               0.0
  SINCE JUL 1      0.0                      MM                T
  SNOW DEPTH       0

DEGREE DAYS
 HEATING
  YESTERDAY        2                         6     -4        8
  MONTH TO DATE   94                       200   -106       72
  SINCE MAR 1    337                       576   -239      341
  SINCE JUL 1   2246                      2821   -575     2502

 COOLING
  YESTERDAY        0                         1     -1        0
  MONTH TO DATE    7                         9     -2       20
  SINCE MAR 1     14                        11      3       20
  SINCE JAN 1     14                        11      3       20
..................................................................


WIND (MPH)
  HIGHEST WIND SPEED    38   HIGHEST WIND DIRECTION    NW (300)
  HIGHEST GUST SPEED    45   HIGHEST GUST DIRECTION    NW (320)
  AVERAGE WIND SPEED    24.9


SKY COVER
  POSSIBLE SUNSHINE  MM
  AVERAGE SKY COVER 0.0


WEATHER CONDITIONS
 THE FOLLOWING WEATHER WAS RECORDED YESTERDAY.
  NO SIGNIFICANT WEATHER WAS OBSERVED.


RELATIVE HUMIDITY (PERCENT)
 HIGHEST    61          1100 PM
 LOWEST     18          1100 AM
 AVERAGE    40

..........................................................


THE PALMDALE AIRPORT CA CLIMATE NORMALS FOR TODAY
                         NORMAL    RECORD    YEAR
 MAXIMUM TEMPERATURE (F)   75        92      1996
 MINIMUM TEMPERATURE (F)   46        30      1974


SUNRISE AND SUNSET
APRIL 25 2017.........SUNRISE   608 AM PDT   SUNSET   733 PM PDT
APRIL 26 2017.........SUNRISE   607 AM PDT   SUNSET   733 PM PDT


-  INDICATES NEGATIVE NUMBERS.
R  INDICATES RECORD WAS SET OR TIED.
MM INDICATES DATA IS MISSING.
T  INDICATES TRACE AMOUNT.




$$
