367
CDUS46 KLOX 180926
CLIPMD


CLIMATE REPORT
NATIONAL WEATHER SERVICE LOS ANGELES/OXNARD CA
126 AM PST SAT NOV 18 2017


...................................

...THE PALMDALE AIRPORT CA CLIMATE SUMMARY FOR NOVEMBER 17 2017...

CLIMATE NORMAL PERIOD 1981 TO 2010
CLIMATE RECORD PERIOD 1931 TO 2017


WEATHER ITEM   OBSERVED TIME   RECORD YEAR NORMAL DEPARTURE LAST
                VALUE   (LST)  VALUE       VALUE  FROM      YEAR
                                                  NORMAL
..................................................................
TEMPERATURE (F)
 YESTERDAY
  MAXIMUM         69   1108 AM  83    2006  66      3       59
  MINIMUM         42   1159 PM  18    1958  36      6       30
  AVERAGE         56                        51      5       45

PRECIPITATION (IN)
  YESTERDAY        0.00          0.76 1964   0.02  -0.02     0.00
  MONTH TO DATE    T                         0.44  -0.44     0.00
  SINCE OCT 1      T                         1.04  -1.04     0.07
  SINCE JAN 1      4.56                      6.89  -2.33     2.54

SNOWFALL (IN)
  YESTERDAY        0.0          12.0  1964  MM               0.0
  MONTH TO DATE    0.0                      MM               0.0
  SINCE SEP 1      0.0                      MM               0.0
  SINCE JUL 1      0.0                      MM               0.0
  SNOW DEPTH       0

DEGREE DAYS
 HEATING
  YESTERDAY        9                        14     -5       20
  MONTH TO DATE   98                       185    -87       88
  SINCE SEP 1    171                       312   -141      143
  SINCE JUL 1    171                       312   -141      143

 COOLING
  YESTERDAY        0                         0      0        0
  MONTH TO DATE    1                         0      1        0
  SINCE SEP 1    354                       332     22      322
  SINCE JAN 1   2267                      1814    453     2086
..................................................................


WIND (MPH)
  HIGHEST WIND SPEED    30   HIGHEST WIND DIRECTION    NW (300)
  HIGHEST GUST SPEED    40   HIGHEST GUST DIRECTION    SW (220)
  AVERAGE WIND SPEED    13.0


SKY COVER
  POSSIBLE SUNSHINE  MM
  AVERAGE SKY COVER 0.2


WEATHER CONDITIONS
 THE FOLLOWING WEATHER WAS RECORDED YESTERDAY.
  NO SIGNIFICANT WEATHER WAS OBSERVED.


RELATIVE HUMIDITY (PERCENT)
 HIGHEST    86           900 PM
 LOWEST     40          1200 AM
 AVERAGE    63

..........................................................


THE PALMDALE AIRPORT CA CLIMATE NORMALS FOR TODAY
                         NORMAL    RECORD    YEAR
 MAXIMUM TEMPERATURE (F)   66        83      1995
 MINIMUM TEMPERATURE (F)   36         9      1964


SUNRISE AND SUNSET
NOVEMBER 18 2017......SUNRISE   629 AM PST   SUNSET   446 PM PST
NOVEMBER 19 2017......SUNRISE   630 AM PST   SUNSET   445 PM PST


-  INDICATES NEGATIVE NUMBERS.
R  INDICATES RECORD WAS SET OR TIED.
MM INDICATES DATA IS MISSING.
T  INDICATES TRACE AMOUNT.




$$
