701
CDUS46 KLOX 300118
CLIPMD


CLIMATE REPORT
NATIONAL WEATHER SERVICE LOS ANGELES/OXNARD CA
618 PM PDT THU SEP 29 2016


...................................

...THE PALMDALE AIRPORT CA CLIMATE SUMMARY FOR SEPTEMBER 29 2016...
VALID TODAY AS OF 0600 PM LOCAL TIME.

CLIMATE NORMAL PERIOD 1981 TO 2010
CLIMATE RECORD PERIOD 1931 TO 2016


WEATHER ITEM   OBSERVED TIME   RECORD YEAR NORMAL DEPARTURE LAST
                VALUE   (LST)  VALUE       VALUE  FROM      YEAR
                                                  NORMAL
..................................................................
TEMPERATURE (F)
 TODAY
  MAXIMUM         89    326 PM 102    1963  85      4       93
  MINIMUM         61    428 AM  34    1971  53      8       57
  AVERAGE         75                        69      6       75

PRECIPITATION (IN)
  TODAY            0.00          0.98 1932   0.01  -0.01     0.00
  MONTH TO DATE    T                         0.28  -0.28     0.43
  SINCE OCT 1      4.28                      8.29  -4.01     6.28
  SINCE JAN 1      2.47                      5.84  -3.37     3.71

SNOWFALL (IN)
  TODAY            0.0           0.0  1973  MM               0.0
  MONTH TO DATE    0.0                      MM               0.0
  SINCE SEP 1      0.0                      MM               0.0
  SINCE JUL 1      0.0                      MM               0.0
  SNOW DEPTH       0

DEGREE DAYS
 HEATING
  TODAY            0                         1     -1        0
  MONTH TO DATE    5                         9     -4        0
  SINCE SEP 1      5                         9     -4        0
  SINCE JUL 1      5                         9     -4        0

 COOLING
  TODAY           10                         5      5       10
  MONTH TO DATE  264                       270     -6      370
  SINCE SEP 1    264                       270     -6      370
  SINCE JAN 1   2028                      1752    276     1922
..................................................................


WIND (MPH)
  HIGHEST WIND SPEED    23   HIGHEST WIND DIRECTION    SW (240)
  HIGHEST GUST SPEED    27   HIGHEST GUST DIRECTION    SW (240)
  AVERAGE WIND SPEED     6.2


SKY COVER
  POSSIBLE SUNSHINE  MM
  AVERAGE SKY COVER 0.1


WEATHER CONDITIONS
 THE FOLLOWING WEATHER WAS RECORDED TODAY.
  NO SIGNIFICANT WEATHER WAS OBSERVED.


RELATIVE HUMIDITY (PERCENT)
 HIGHEST    60           500 AM
 LOWEST     22           200 PM
 AVERAGE    41

..........................................................


THE PALMDALE AIRPORT CA CLIMATE NORMALS FOR TOMORROW
                         NORMAL    RECORD    YEAR
 MAXIMUM TEMPERATURE (F)   85        99      2001
 MINIMUM TEMPERATURE (F)   53        35      1950


SUNRISE AND SUNSET
SEPTEMBER 29 2016.....SUNRISE   646 AM PDT   SUNSET   638 PM PDT
SEPTEMBER 30 2016.....SUNRISE   647 AM PDT   SUNSET   637 PM PDT


-  INDICATES NEGATIVE NUMBERS.
R  INDICATES RECORD WAS SET OR TIED.
MM INDICATES DATA IS MISSING.
T  INDICATES TRACE AMOUNT.




$$
