000
CDUS46 KLOX 220110
CLIPMD


CLIMATE REPORT
NATIONAL WEATHER SERVICE LOS ANGELES/OXNARD CA
610 PM PDT FRI JUL 21 2017


...................................

...THE PALMDALE AIRPORT CA CLIMATE SUMMARY FOR JULY 21 2017...
VALID TODAY AS OF 0600 PM LOCAL TIME.

CLIMATE NORMAL PERIOD 1981 TO 2010
CLIMATE RECORD PERIOD 1931 TO 2017


WEATHER ITEM   OBSERVED TIME   RECORD YEAR NORMAL DEPARTURE LAST
                VALUE   (LST)  VALUE       VALUE  FROM      YEAR
                                                  NORMAL
..................................................................
TEMPERATURE (F)
 TODAY
  MAXIMUM         97    135 PM 108    1938  98     -1      103
  MINIMUM         66    431 AM  52    1957  66      0       70
  AVERAGE         82                        82      0       87

PRECIPITATION (IN)
  TODAY            0.00          0.11 1988   0.00   0.00     0.00
  MONTH TO DATE    0.00                      0.06  -0.06     0.00
  SINCE OCT 1      5.93                      7.83  -1.90     4.28
  SINCE JAN 1      4.14                      5.38  -1.24     2.47

SNOWFALL (IN)
  TODAY            0.0           0.0  1973  MM               0.0
  MONTH TO DATE    0.0                      MM               0.0
  SINCE JUN 1      0.0                      MM               0.0
  SINCE JUL 1      0.0                      MM               0.0
  SNOW DEPTH       0

DEGREE DAYS
 HEATING
  TODAY            0                         0      0        0
  MONTH TO DATE    0                         0      0        0
  SINCE JUN 1      7                         7      0        0
  SINCE JUL 1      0                         0      0        0

 COOLING
  TODAY           17                        17      0       22
  MONTH TO DATE  463                       329    134      350
  SINCE JUN 1    922                       635    287      838
  SINCE JAN 1   1103                       805    298      982
..................................................................


WIND (MPH)
  HIGHEST WIND SPEED    22   HIGHEST WIND DIRECTION    SW (240)
  HIGHEST GUST SPEED    26   HIGHEST GUST DIRECTION     W (250)
  AVERAGE WIND SPEED     8.4


SKY COVER
  POSSIBLE SUNSHINE  MM
  AVERAGE SKY COVER 0.0


WEATHER CONDITIONS
 THE FOLLOWING WEATHER WAS RECORDED TODAY.
  NO SIGNIFICANT WEATHER WAS OBSERVED.


RELATIVE HUMIDITY (PERCENT)
 HIGHEST    37           500 AM
 LOWEST     10          1100 AM
 AVERAGE    24

..........................................................


THE PALMDALE AIRPORT CA CLIMATE NORMALS FOR TOMORROW
                         NORMAL    RECORD    YEAR
 MAXIMUM TEMPERATURE (F)   99       108      1953
                                             1980
 MINIMUM TEMPERATURE (F)   66        50      1957


SUNRISE AND SUNSET
JULY 21 2017..........SUNRISE   555 AM PDT   SUNSET   802 PM PDT
JULY 22 2017..........SUNRISE   556 AM PDT   SUNSET   802 PM PDT


-  INDICATES NEGATIVE NUMBERS.
R  INDICATES RECORD WAS SET OR TIED.
MM INDICATES DATA IS MISSING.
T  INDICATES TRACE AMOUNT.




$$
