000
CDUS46 KLOX 200921
CLIPMD


CLIMATE REPORT
NATIONAL WEATHER SERVICE LOS ANGELES/OXNARD CA
220 AM PDT SUN APR 20 2014


...................................

...THE PALMDALE AIRPORT CA CLIMATE SUMMARY FOR APRIL 19 2014...

CLIMATE NORMAL PERIOD 1981 TO 2010
CLIMATE RECORD PERIOD 1931 TO 2014


WEATHER ITEM   OBSERVED TIME   RECORD YEAR NORMAL DEPARTURE LAST
                VALUE   (LST)  VALUE       VALUE  FROM      YEAR
                                                  NORMAL
..................................................................
TEMPERATURE (F)
 YESTERDAY
  MAXIMUM         82    248 PM  92    1994  73      9       80
  MINIMUM         53    449 AM  27    1955  44      9       38
  AVERAGE         68                        59      9       59

PRECIPITATION (IN)
  YESTERDAY        0.00          0.15 1967   0.02  -0.02     0.00
  MONTH TO DATE    0.11                      0.32  -0.21     0.00
  SINCE JUL 1      4.14                      7.81  -3.67     1.00
  SINCE JAN 1      2.07                      4.83  -2.76     0.71

SNOWFALL (IN)
  YESTERDAY        0.0           0.0  1973  MM               0.0
  MONTH TO DATE    0.0                      MM               0.0
  SINCE MAR 1      0.0                      MM               0.0
  SINCE JUL 1      0.0                      MM               0.0
  SNOW DEPTH       0

DEGREE DAYS
 HEATING
  YESTERDAY        0                         7     -7        6
  MONTH TO DATE   86                       169    -83      104
  SINCE MAR 1    349                       545   -196      310
  SINCE JUL 1   2247                      2790   -543     2514

 COOLING
  YESTERDAY        3                         1      2        0
  MONTH TO DATE   35                         4     31        9
  SINCE MAR 1     35                         6     29       16
  SINCE JAN 1     36                         6     30       16
..................................................................


WIND (MPH)
  HIGHEST WIND SPEED    29   HIGHEST WIND DIRECTION     W (290)
  HIGHEST GUST SPEED    34   HIGHEST GUST DIRECTION    NW (300)
  AVERAGE WIND SPEED     9.9


SKY COVER
  POSSIBLE SUNSHINE  MM
  AVERAGE SKY COVER 0.0


WEATHER CONDITIONS
 THE FOLLOWING WEATHER WAS RECORDED YESTERDAY.
  NO SIGNIFICANT WEATHER WAS OBSERVED.


RELATIVE HUMIDITY (PERCENT)
 HIGHEST    55           300 AM
 LOWEST     26           300 PM
 AVERAGE    41

..........................................................


THE PALMDALE AIRPORT CA CLIMATE NORMALS FOR TODAY
                         NORMAL    RECORD    YEAR
 MAXIMUM TEMPERATURE (F)   74        94      2009
                                             1950
 MINIMUM TEMPERATURE (F)   45        28      1966


SUNRISE AND SUNSET
APRIL 20 2014.........SUNRISE   614 AM PDT   SUNSET   728 PM PDT
APRIL 21 2014.........SUNRISE   613 AM PDT   SUNSET   729 PM PDT


-  INDICATES NEGATIVE NUMBERS.
R  INDICATES RECORD WAS SET OR TIED.
MM INDICATES DATA IS MISSING.
T  INDICATES TRACE AMOUNT.




$$
