000
CDUS46 KLOX 280127
CLIPMD


CLIMATE REPORT
NATIONAL WEATHER SERVICE LOS ANGELES/OXNARD CA
626 PM PDT SAT MAY 27 2017


...................................

...THE PALMDALE AIRPORT CA CLIMATE SUMMARY FOR MAY 27 2017...
VALID TODAY AS OF 0600 PM LOCAL TIME.

CLIMATE NORMAL PERIOD 1981 TO 2010
CLIMATE RECORD PERIOD 1931 TO 2017


WEATHER ITEM   OBSERVED TIME   RECORD YEAR NORMAL DEPARTURE LAST
                VALUE   (LST)  VALUE       VALUE  FROM      YEAR
                                                  NORMAL
..................................................................
TEMPERATURE (F)
 TODAY
  MAXIMUM         88    246 PM 102    1984  86      2       86
  MINIMUM         50    519 AM  41    1934  55     -5       54
  AVERAGE         69                        71     -2       70

PRECIPITATION (IN)
  TODAY            0.00          0.20 1937   0.00   0.00     0.00
  MONTH TO DATE    0.02                      0.23  -0.21      T
  SINCE OCT 1      5.93                      7.66  -1.73     4.28
  SINCE JAN 1      4.14                      5.21  -1.07     2.47

SNOWFALL (IN)
  TODAY            0.0           0.0  1973  MM               0.0
  MONTH TO DATE    0.0                      MM               0.0
  SINCE MAR 1      0.0                      MM               0.0
  SINCE JUL 1      0.0                      MM                T
  SNOW DEPTH       0

DEGREE DAYS
 HEATING
  TODAY            0                         1     -1        0
  MONTH TO DATE   62                        64     -2       61
  SINCE MAR 1    415                       669   -254      444
  SINCE JUL 1   2324                      2914   -590     2605

 COOLING
  TODAY            4                         7     -3        5
  MONTH TO DATE  125                       118      7       78
  SINCE MAR 1    139                       141     -2       98
  SINCE JAN 1    139                       141     -2       98
..................................................................


WIND (MPH)
  HIGHEST WIND SPEED    20   HIGHEST WIND DIRECTION    SW (230)
  HIGHEST GUST SPEED    24   HIGHEST GUST DIRECTION    SW (220)
  AVERAGE WIND SPEED     7.9


SKY COVER
  POSSIBLE SUNSHINE  MM
  AVERAGE SKY COVER 0.0


WEATHER CONDITIONS
 THE FOLLOWING WEATHER WAS RECORDED TODAY.
  NO SIGNIFICANT WEATHER WAS OBSERVED.


RELATIVE HUMIDITY (PERCENT)
 HIGHEST    77           400 AM
 LOWEST     13           200 PM
 AVERAGE    45

..........................................................


THE PALMDALE AIRPORT CA CLIMATE NORMALS FOR TOMORROW
                         NORMAL    RECORD    YEAR
 MAXIMUM TEMPERATURE (F)   87       106      2003
 MINIMUM TEMPERATURE (F)   55        39      1964


SUNRISE AND SUNSET
MAY 27 2017...........SUNRISE   542 AM PDT   SUNSET   757 PM PDT
MAY 28 2017...........SUNRISE   542 AM PDT   SUNSET   758 PM PDT


-  INDICATES NEGATIVE NUMBERS.
R  INDICATES RECORD WAS SET OR TIED.
MM INDICATES DATA IS MISSING.
T  INDICATES TRACE AMOUNT.




$$
