000
CDUS46 KLOX 230910
CLIPMD


CLIMATE REPORT
NATIONAL WEATHER SERVICE LOS ANGELES/OXNARD CA
109 AM PST TUE JAN 23 2018


...................................

...THE PALMDALE AIRPORT CA CLIMATE SUMMARY FOR JANUARY 22 2018...

CLIMATE NORMAL PERIOD 1981 TO 2010
CLIMATE RECORD PERIOD 1931 TO 2018


WEATHER ITEM   OBSERVED TIME   RECORD YEAR NORMAL DEPARTURE LAST
                VALUE   (LST)  VALUE       VALUE  FROM      YEAR
                                                  NORMAL
..................................................................
TEMPERATURE (F)
 YESTERDAY
  MAXIMUM         57    425 PM  72    1970  59     -2       54
  MINIMUM         30    702 AM  10    1937  32     -2       45
  AVERAGE         44                        45     -1       50

PRECIPITATION (IN)
  YESTERDAY        0.00          2.01 1943   0.04  -0.04     0.53
  MONTH TO DATE    0.60                      1.22  -0.62     2.06
  SINCE OCT 1      0.60                      3.67  -3.07     3.85
  SINCE JAN 1      0.60                      1.22  -0.62     2.06

SNOWFALL (IN)
  YESTERDAY        0.0           7.0  1962  MM              MM
  MONTH TO DATE    0.0                      MM               0.0
  SINCE DEC 1      0.0                      MM               0.0
  SINCE JUL 1      0.0                      MM               0.0
  SNOW DEPTH       0

DEGREE DAYS
 HEATING
  YESTERDAY       21                        20      1       15
  MONTH TO DATE  287                       449   -162      408
  SINCE DEC 1    816                      1086   -270      980
  SINCE JUL 1   1101                      1613   -512     1363

 COOLING
  YESTERDAY        0                         0      0        0
  MONTH TO DATE    0                         0      0        0
  SINCE DEC 1      0                         0      0        0
  SINCE JAN 1      0                         0      0        0
..................................................................


WIND (MPH)
  HIGHEST WIND SPEED     9   HIGHEST WIND DIRECTION     N (10)
  HIGHEST GUST SPEED    13   HIGHEST GUST DIRECTION     N (10)
  AVERAGE WIND SPEED     4.3


SKY COVER
  POSSIBLE SUNSHINE  MM
  AVERAGE SKY COVER 0.0


WEATHER CONDITIONS
 THE FOLLOWING WEATHER WAS RECORDED YESTERDAY.
  NO SIGNIFICANT WEATHER WAS OBSERVED.


RELATIVE HUMIDITY (PERCENT)
 HIGHEST    69           600 AM
 LOWEST     20           100 PM
 AVERAGE    45

..........................................................


THE PALMDALE AIRPORT CA CLIMATE NORMALS FOR TODAY
                         NORMAL    RECORD    YEAR
 MAXIMUM TEMPERATURE (F)   59        78      1970
 MINIMUM TEMPERATURE (F)   32        11      1937


SUNRISE AND SUNSET
JANUARY 23 2018.......SUNRISE   656 AM PST   SUNSET   513 PM PST
JANUARY 24 2018.......SUNRISE   655 AM PST   SUNSET   514 PM PST


-  INDICATES NEGATIVE NUMBERS.
R  INDICATES RECORD WAS SET OR TIED.
MM INDICATES DATA IS MISSING.
T  INDICATES TRACE AMOUNT.




$$
