000
CDUS44 KMOB 120628
CLIPNS


CLIMATE REPORT
NATIONAL WEATHER SERVICE MOBILE AL
1228 AM CST TUE DEC 12 2017


...................................

...THE PENSACOLA CLIMATE SUMMARY FOR DECEMBER 11 2017...

CLIMATE NORMAL PERIOD 1981 TO 2010
CLIMATE RECORD PERIOD 1879 TO 2017


WEATHER ITEM   OBSERVED TIME   RECORD YEAR NORMAL DEPARTURE LAST
                VALUE   (LST)  VALUE       VALUE  FROM      YEAR
                                                  NORMAL
..................................................................
TEMPERATURE (F)
 YESTERDAY
  MAXIMUM         65    234 PM  77    2015  63      2       66
                                      1985
                                      1971
  MINIMUM         37    610 AM  25    1937  45     -8       40
  AVERAGE         51                        54     -3       53

PRECIPITATION (IN)
  YESTERDAY        0.00          2.56 1982   0.15  -0.15      T
                                      1899
  MONTH TO DATE    3.02                      1.73   1.29     6.09
  SINCE MAR 1     75.92                     52.76  23.16    52.44
  SINCE JAN 1     91.27                     62.45  28.82    61.09

SNOWFALL (IN)
  YESTERDAY        0.0           0.0  2002   0.0    0.0      0.0
                                      2001
                                      2000
  MONTH TO DATE    0.0                       0.0    0.0      0.0
  SINCE MAR 1      0.0                       0.0    0.0      0.0
  SINCE JUL 1      0.0                       0.0    0.0      0.0
  SNOW DEPTH       0

DEGREE DAYS
 HEATING
  YESTERDAY       14                        11      3       12
  MONTH TO DATE  117                       112      5       88
  SINCE DEC 1    117                       112      5       88
  SINCE JUL 1    252                       324    -72      157

 COOLING
  YESTERDAY        0                         0      0        0
  MONTH TO DATE   10                         7      3        7
  SINCE DEC 1     10                         7      3        7
  SINCE JAN 1   3343                      2603    740     3215
..................................................................


WIND (MPH)
  HIGHEST WIND SPEED    14   HIGHEST WIND DIRECTION    SW (230)
  HIGHEST GUST SPEED    31   HIGHEST GUST DIRECTION    NW (320)
  AVERAGE WIND SPEED     6.8


SKY COVER
  POSSIBLE SUNSHINE  MM
  AVERAGE SKY COVER 0.0


WEATHER CONDITIONS
 THE FOLLOWING WEATHER WAS RECORDED YESTERDAY.
  FOG


RELATIVE HUMIDITY (PERCENT)
 HIGHEST    92           500 AM
 LOWEST     34           200 PM
 AVERAGE    63

..........................................................


THE PENSACOLA CLIMATE NORMALS FOR TODAY
                         NORMAL    RECORD    YEAR
 MAXIMUM TEMPERATURE (F)   63        80      2016
 MINIMUM TEMPERATURE (F)   45        15      1962


SUNRISE AND SUNSET
DECEMBER 12 2017......SUNRISE   636 AM CST   SUNSET   449 PM CST
DECEMBER 13 2017......SUNRISE   637 AM CST   SUNSET   449 PM CST


-  INDICATES NEGATIVE NUMBERS.
R  INDICATES RECORD WAS SET OR TIED.
MM INDICATES DATA IS MISSING.
T  INDICATES TRACE AMOUNT.




$$
