132
CDUS44 KMOB 280645
CLIPNS


CLIMATE REPORT
NATIONAL WEATHER SERVICE MOBILE AL
145 AM CDT TUE MAR 28 2017


...................................

...THE PENSACOLA CLIMATE SUMMARY FOR MARCH 27 2017...

CLIMATE NORMAL PERIOD 1981 TO 2010
CLIMATE RECORD PERIOD 1879 TO 2017


WEATHER ITEM   OBSERVED TIME   RECORD YEAR NORMAL DEPARTURE LAST
                VALUE   (LST)  VALUE       VALUE  FROM      YEAR
                                                  NORMAL
..................................................................
TEMPERATURE (F)
 YESTERDAY
  MAXIMUM         79    127 PM  87    1910  72      7       70
  MINIMUM         68    417 AM  28    1955  53     15       61
  AVERAGE         74                        62     12       66

PRECIPITATION (IN)
  YESTERDAY        0.00          4.98 1946   0.18  -0.18     1.35
  MONTH TO DATE    1.79                      5.09  -3.30     7.65
  SINCE MAR 1      1.79                      5.09  -3.30     7.65
  SINCE JAN 1     17.14                     14.78   2.36    16.30

SNOWFALL (IN)
  YESTERDAY        0.0          MM      MM   0.0    0.0      0.0
  MONTH TO DATE    0.0                       0.0    0.0      0.0
  SINCE MAR 1      0.0                       0.0    0.0      0.0
  SINCE JUL 1      0.0                       0.0    0.0      0.0
  SNOW DEPTH       0

DEGREE DAYS
 HEATING
  YESTERDAY        0                         4     -4        0
  MONTH TO DATE   92                       162    -70       72
  SINCE MAR 1     92                       162    -70       72
  SINCE JUL 1    625                      1470   -845      954

 COOLING
  YESTERDAY        9                         1      8        1
  MONTH TO DATE   92                        26     66       65
  SINCE MAR 1     92                        26     66       65
  SINCE JAN 1    202                        40    162       83
..................................................................


WIND (MPH)
  HIGHEST WIND SPEED    18   HIGHEST WIND DIRECTION    SE (150)
  HIGHEST GUST SPEED    22   HIGHEST GUST DIRECTION    SE (150)
  AVERAGE WIND SPEED     9.4


SKY COVER
  POSSIBLE SUNSHINE  MM
  AVERAGE SKY COVER 0.8


WEATHER CONDITIONS
 THE FOLLOWING WEATHER WAS RECORDED YESTERDAY.
  FOG


RELATIVE HUMIDITY (PERCENT)
 HIGHEST    93           400 AM
 LOWEST     67          1100 AM
 AVERAGE    80

..........................................................


THE PENSACOLA CLIMATE NORMALS FOR TODAY
                         NORMAL    RECORD    YEAR
 MAXIMUM TEMPERATURE (F)   72        83      2009
 MINIMUM TEMPERATURE (F)   53        34      1937


SUNRISE AND SUNSET
MARCH 28 2017.........SUNRISE   642 AM CDT   SUNSET   705 PM CDT
MARCH 29 2017.........SUNRISE   641 AM CDT   SUNSET   706 PM CDT


-  INDICATES NEGATIVE NUMBERS.
R  INDICATES RECORD WAS SET OR TIED.
MM INDICATES DATA IS MISSING.
T  INDICATES TRACE AMOUNT.




$$
