000
CDUS44 KMOB 260626
CLIPNS


CLIMATE REPORT
NATIONAL WEATHER SERVICE MOBILE AL
126 AM CDT MON SEP 26 2016


...................................

...THE PENSACOLA CLIMATE SUMMARY FOR SEPTEMBER 25 2016...

CLIMATE NORMAL PERIOD 1981 TO 2010
CLIMATE RECORD PERIOD 1879 TO 2016


WEATHER ITEM   OBSERVED TIME   RECORD YEAR NORMAL DEPARTURE LAST
                VALUE   (LST)  VALUE       VALUE  FROM      YEAR
                                                  NORMAL
..................................................................
TEMPERATURE (F)
 YESTERDAY
  MAXIMUM         94R  1243 PM  92    1988  85      9       89
                                      1973
  MINIMUM         76   1154 PM  51    1975  68      8       66
  AVERAGE         85                        76      9       78

PRECIPITATION (IN)
  YESTERDAY        0.00          5.88 2002   0.20  -0.20     0.00
  MONTH TO DATE    3.31                      5.02  -1.71     0.96
  SINCE MAR 1     45.44                     40.10   5.34    36.26
  SINCE JAN 1     54.09                     49.79   4.30    46.67

DEGREE DAYS
 COOLING
  YESTERDAY       20                        11      9       13
  MONTH TO DATE  449                       351     98      369
  SINCE SEP 1    449                       351     98      369
  SINCE JAN 1   2752                      2318    434     2669
..................................................................


WIND (MPH)
  HIGHEST WIND SPEED    13   HIGHEST WIND DIRECTION    NW (310)
  HIGHEST GUST SPEED    17   HIGHEST GUST DIRECTION    NE (30)
  AVERAGE WIND SPEED     3.5


SKY COVER
  POSSIBLE SUNSHINE  MM
  AVERAGE SKY COVER 0.1


WEATHER CONDITIONS
 THE FOLLOWING WEATHER WAS RECORDED YESTERDAY.
  THUNDERSTORM


RELATIVE HUMIDITY (PERCENT)
 HIGHEST    88           200 AM
 LOWEST     44          1200 PM
 AVERAGE    66

..........................................................


THE PENSACOLA CLIMATE NORMALS FOR TODAY
                         NORMAL    RECORD    YEAR
 MAXIMUM TEMPERATURE (F)   84        94      1984
                                             1955
 MINIMUM TEMPERATURE (F)   67        50      1975


SUNRISE AND SUNSET
SEPTEMBER 26 2016.....SUNRISE   640 AM CDT   SUNSET   640 PM CDT
SEPTEMBER 27 2016.....SUNRISE   640 AM CDT   SUNSET   638 PM CDT


-  INDICATES NEGATIVE NUMBERS.
R  INDICATES RECORD WAS SET OR TIED.
MM INDICATES DATA IS MISSING.
T  INDICATES TRACE AMOUNT.




$$
