000
CDUS44 KMOB 050731
CLIPNS


CLIMATE REPORT
NATIONAL WEATHER SERVICE MOBILE AL
121 AM CST THU MAR 5 2015


...................................

...THE PENSACOLA CLIMATE SUMMARY FOR MARCH 4 2015...

CLIMATE NORMAL PERIOD 1981 TO 2010
CLIMATE RECORD PERIOD 1879 TO 2015


WEATHER ITEM   OBSERVED TIME   RECORD YEAR NORMAL DEPARTURE LAST
                VALUE   (LST)  VALUE       VALUE  FROM      YEAR
                                                  NORMAL
..................................................................
TEMPERATURE (F)
 YESTERDAY
  MAXIMUM         77    230 PM  82    1910  67     10       45
  MINIMUM         62    121 AM  24    1943  49     13       36
  AVERAGE         70                        58     12       41

PRECIPITATION (IN)
  YESTERDAY        0.00          3.38 1915   0.21  -0.21     0.09
  MONTH TO DATE    0.00                      0.81  -0.81     0.09
  SINCE MAR 1      0.00                      0.81  -0.81     0.09
  SINCE JAN 1     10.41                     10.50  -0.09    11.42

SNOWFALL (IN)
  YESTERDAY        0.0          MM      MM   0.0    0.0      0.0
  MONTH TO DATE    0.0                       0.0    0.0      0.0
  SINCE MAR 1      0.0                       0.0    0.0      0.0
  SINCE JUL 1      0.0                       0.0    0.0      1.0
  SNOW DEPTH       0

DEGREE DAYS
 HEATING
  YESTERDAY        0                         8     -8       24
  MONTH TO DATE   13                        32    -19       44
  SINCE MAR 1     13                        32    -19       44
  SINCE JUL 1   1456                      1340    116     1381

 COOLING
  YESTERDAY        5                         1      4        0
  MONTH TO DATE    5                         3      2        0
  SINCE MAR 1      5                         3      2        0
  SINCE JAN 1     12                        17     -5       15
..................................................................


WIND (MPH)
  HIGHEST WIND SPEED    21   HIGHEST WIND DIRECTION     S (180)
  HIGHEST GUST SPEED    26   HIGHEST GUST DIRECTION     S (190)
  AVERAGE WIND SPEED    12.1


SKY COVER
  POSSIBLE SUNSHINE  MM
  AVERAGE SKY COVER 0.9


WEATHER CONDITIONS
 THE FOLLOWING WEATHER WAS RECORDED YESTERDAY.
  FOG
  FOG W/VISIBILITY <= 1/4 MILE
  HAZE


RELATIVE HUMIDITY (PERCENT)
 HIGHEST   100          1200 AM
 LOWEST     74          1200 PM
 AVERAGE    87

..........................................................


THE PENSACOLA CLIMATE NORMALS FOR TODAY
                         NORMAL    RECORD    YEAR
 MAXIMUM TEMPERATURE (F)   67        80      1974
                                             1945
 MINIMUM TEMPERATURE (F)   49        25      2002


SUNRISE AND SUNSET
MARCH  5 2015.........SUNRISE   611 AM CST   SUNSET   550 PM CST
MARCH  6 2015.........SUNRISE   610 AM CST   SUNSET   551 PM CST


-  INDICATES NEGATIVE NUMBERS.
R  INDICATES RECORD WAS SET OR TIED.
MM INDICATES DATA IS MISSING.
T  INDICATES TRACE AMOUNT.




$$
