000
CDUS44 KMOB 280645
CLIPNS


CLIMATE REPORT
NATIONAL WEATHER SERVICE MOBILE AL
145 AM CDT SUN AUG 28 2016


...................................

...THE PENSACOLA CLIMATE SUMMARY FOR AUGUST 27 2016...

CLIMATE NORMAL PERIOD 1981 TO 2010
CLIMATE RECORD PERIOD 1879 TO 2016


WEATHER ITEM   OBSERVED TIME   RECORD YEAR NORMAL DEPARTURE LAST
                VALUE   (LST)  VALUE       VALUE  FROM      YEAR
                                                  NORMAL
..................................................................
TEMPERATURE (F)
 YESTERDAY
  MAXIMUM         90   1114 AM  98    2011  89      1       88
  MINIMUM         76    527 AM  65    2015  74      2       65
  AVERAGE         83                        82      1       77

PRECIPITATION (IN)
  YESTERDAY        0.00          9.89 1935   0.20  -0.20     0.00
  MONTH TO DATE   12.05                      6.01   6.04     6.68
  SINCE MAR 1     42.14                     34.33   7.81    35.27
  SINCE JAN 1     50.79                     44.02   6.77    45.68

DEGREE DAYS
 COOLING
  YESTERDAY       18                        17      1       12
  MONTH TO DATE  494                       459     35      491
  SINCE JUN 1   1625                      1457    168     1585
  SINCE JAN 1   2221                      1905    316     2238
..................................................................


WIND (MPH)
  HIGHEST WIND SPEED    18   HIGHEST WIND DIRECTION     S (190)
  HIGHEST GUST SPEED    22   HIGHEST GUST DIRECTION     S (190)
  AVERAGE WIND SPEED     4.7


SKY COVER
  POSSIBLE SUNSHINE  MM
  AVERAGE SKY COVER 0.1


WEATHER CONDITIONS
 THE FOLLOWING WEATHER WAS RECORDED YESTERDAY.
  THUNDERSTORM


RELATIVE HUMIDITY (PERCENT)
 HIGHEST    94           500 AM
 LOWEST     65           400 PM
 AVERAGE    80

..........................................................


THE PENSACOLA CLIMATE NORMALS FOR TODAY
                         NORMAL    RECORD    YEAR
 MAXIMUM TEMPERATURE (F)   89        97      2011
                                             1951
 MINIMUM TEMPERATURE (F)   74        67      1918


SUNRISE AND SUNSET
AUGUST 28 2016........SUNRISE   623 AM CDT   SUNSET   716 PM CDT
AUGUST 29 2016........SUNRISE   624 AM CDT   SUNSET   715 PM CDT


-  INDICATES NEGATIVE NUMBERS.
R  INDICATES RECORD WAS SET OR TIED.
MM INDICATES DATA IS MISSING.
T  INDICATES TRACE AMOUNT.




$$
