000
CDUS44 KMOB 220625
CLIPNS


CLIMATE REPORT
NATIONAL WEATHER SERVICE MOBILE AL
1225 AM CST SUN JAN 22 2017


...................................

...THE PENSACOLA CLIMATE SUMMARY FOR JANUARY 21 2017...

CLIMATE NORMAL PERIOD 1981 TO 2010
CLIMATE RECORD PERIOD 1879 TO 2017


WEATHER ITEM   OBSERVED TIME   RECORD YEAR NORMAL DEPARTURE LAST
                VALUE   (LST)  VALUE       VALUE  FROM      YEAR
                                                  NORMAL
..................................................................
TEMPERATURE (F)
 YESTERDAY
  MAXIMUM         74    921 AM  78    1993  61     13       69
  MINIMUM         62   1041 AM   5    1985  42     20       59
  AVERAGE         68                        51     17       64

PRECIPITATION (IN)
  YESTERDAY        1.10          2.32 1918   0.16   0.94     1.29
  MONTH TO DATE   11.20                      3.01   8.19     2.60
  SINCE MAR 1     67.17                     58.59   8.58    67.87
  SINCE JAN 1     11.20                      3.01   8.19     2.60

SNOWFALL (IN)
  YESTERDAY        0.0          MM      MM   0.0    0.0      0.0
  MONTH TO DATE    0.0                       0.0    0.0      0.0
  SINCE MAR 1      0.0                       0.0    0.0      0.0
  SINCE JUL 1      0.0                       0.0    0.0      0.0
  SNOW DEPTH       0

DEGREE DAYS
 HEATING
  YESTERDAY        0                        14    -14        1
  MONTH TO DATE  118                       294   -176      302
  SINCE DEC 1    312                       664   -352      419
  SINCE JUL 1    381                       876   -495      496

 COOLING
  YESTERDAY        3                         0      3        0
  MONTH TO DATE   63                         0     63        0
  SINCE DEC 1    110                        13     97       75
  SINCE JAN 1     63                         0     63        0
..................................................................


WIND (MPH)
  HIGHEST WIND SPEED    29   HIGHEST WIND DIRECTION    NW (330)
  HIGHEST GUST SPEED    34   HIGHEST GUST DIRECTION     N (340)
  AVERAGE WIND SPEED    12.4


SKY COVER
  POSSIBLE SUNSHINE  MM
  AVERAGE SKY COVER 0.9


WEATHER CONDITIONS
 THE FOLLOWING WEATHER WAS RECORDED YESTERDAY.
  THUNDERSTORM
  HEAVY RAIN
  RAIN
  LIGHT RAIN
  FOG


RELATIVE HUMIDITY (PERCENT)
 HIGHEST    93           400 AM
 LOWEST     81           200 PM
 AVERAGE    87

..........................................................


THE PENSACOLA CLIMATE NORMALS FOR TODAY
                         NORMAL    RECORD    YEAR
 MAXIMUM TEMPERATURE (F)   61        77      2012
                                             1993
 MINIMUM TEMPERATURE (F)   42        20      1935


SUNRISE AND SUNSET
JANUARY 22 2017.......SUNRISE   644 AM CST   SUNSET   517 PM CST
JANUARY 23 2017.......SUNRISE   644 AM CST   SUNSET   518 PM CST


-  INDICATES NEGATIVE NUMBERS.
R  INDICATES RECORD WAS SET OR TIED.
MM INDICATES DATA IS MISSING.
T  INDICATES TRACE AMOUNT.




$$
