000
CDUS44 KMOB 290626
CLIPNS


CLIMATE REPORT
NATIONAL WEATHER SERVICE MOBILE AL
126 AM CDT FRI JUL 29 2016


...................................

...THE PENSACOLA CLIMATE SUMMARY FOR JULY 28 2016...

CLIMATE NORMAL PERIOD 1981 TO 2010
CLIMATE RECORD PERIOD 1879 TO 2016


WEATHER ITEM   OBSERVED TIME   RECORD YEAR NORMAL DEPARTURE LAST
                VALUE   (LST)  VALUE       VALUE  FROM      YEAR
                                                  NORMAL
..................................................................
TEMPERATURE (F)
 YESTERDAY
  MAXIMUM         91    353 PM  98    1993  90      1       96
  MINIMUM         77    533 AM  68    1994  74      3       78
                                      1911
  AVERAGE         84                        82      2       87

PRECIPITATION (IN)
  YESTERDAY        0.00          4.84 1973   0.24  -0.24     1.22
  MONTH TO DATE    6.62                      6.67  -0.05     6.57
  SINCE MAR 1     29.88                     27.58   2.30    28.16
  SINCE JAN 1     38.53                     37.27   1.26    38.57

DEGREE DAYS
 COOLING
  YESTERDAY       19                        17      2       22
  MONTH TO DATE  550                       476     74      549
  SINCE JUN 1   1071                       941    130     1032
  SINCE JAN 1   1667                      1389    278     1685
..................................................................


WIND (MPH)
  HIGHEST WIND SPEED    17   HIGHEST WIND DIRECTION     S (180)
  HIGHEST GUST SPEED    22   HIGHEST GUST DIRECTION     S (180)
  AVERAGE WIND SPEED     6.3


SKY COVER
  POSSIBLE SUNSHINE  MM
  AVERAGE SKY COVER 0.1


WEATHER CONDITIONS
 THE FOLLOWING WEATHER WAS RECORDED YESTERDAY.
  NO SIGNIFICANT WEATHER WAS OBSERVED.


RELATIVE HUMIDITY (PERCENT)
 HIGHEST    91           600 AM
 LOWEST     52           400 PM
 AVERAGE    72

..........................................................


THE PENSACOLA CLIMATE NORMALS FOR TODAY
                         NORMAL    RECORD    YEAR
 MAXIMUM TEMPERATURE (F)   90       100      1986
 MINIMUM TEMPERATURE (F)   74        66      1994


SUNRISE AND SUNSET
JULY 29 2016..........SUNRISE   605 AM CDT   SUNSET   745 PM CDT
JULY 30 2016..........SUNRISE   606 AM CDT   SUNSET   744 PM CDT


-  INDICATES NEGATIVE NUMBERS.
R  INDICATES RECORD WAS SET OR TIED.
MM INDICATES DATA IS MISSING.
T  INDICATES TRACE AMOUNT.




$$
