891
CDUS44 KMOB 180645
CLIPNS


CLIMATE REPORT
NATIONAL WEATHER SERVICE MOBILE AL
145 AM CDT FRI AUG 18 2017


...................................

...THE PENSACOLA CLIMATE SUMMARY FOR AUGUST 17 2017...

CLIMATE NORMAL PERIOD 1981 TO 2010
CLIMATE RECORD PERIOD 1879 TO 2017


WEATHER ITEM   OBSERVED TIME   RECORD YEAR NORMAL DEPARTURE LAST
                VALUE   (LST)  VALUE       VALUE  FROM      YEAR
                                                  NORMAL
..................................................................
TEMPERATURE (F)
 YESTERDAY
  MAXIMUM         96    404 PM  97    1956  89      7       91
                                      1952
                                      1943
  MINIMUM         78    543 AM  68    1892  74      4       79
                                      1889
  AVERAGE         87                        82      5       85

PRECIPITATION (IN)
  YESTERDAY        0.00          2.74 2013   0.20  -0.20     0.00
  MONTH TO DATE   12.47                      3.95   8.52     9.73
  SINCE MAR 1     51.53                     32.27  19.26    39.82
  SINCE JAN 1     66.88                     41.96  24.92    48.47

DEGREE DAYS
 COOLING
  YESTERDAY       22                        17      5       20
  MONTH TO DATE  317                       289     28      303
  SINCE JUN 1   1408                      1287    121     1434
  SINCE JAN 1   2204                      1735    469     2030
..................................................................


WIND (MPH)
  HIGHEST WIND SPEED    17   HIGHEST WIND DIRECTION     S (180)
  HIGHEST GUST SPEED    19   HIGHEST GUST DIRECTION     S (190)
  AVERAGE WIND SPEED     6.2


SKY COVER
  POSSIBLE SUNSHINE  MM
  AVERAGE SKY COVER 0.2


WEATHER CONDITIONS
 THE FOLLOWING WEATHER WAS RECORDED YESTERDAY.
  NO SIGNIFICANT WEATHER WAS OBSERVED.


RELATIVE HUMIDITY (PERCENT)
 HIGHEST    91           400 AM
 LOWEST     46           400 PM
 AVERAGE    69

..........................................................


THE PENSACOLA CLIMATE NORMALS FOR TODAY
                         NORMAL    RECORD    YEAR
 MAXIMUM TEMPERATURE (F)   89        98      1993
                                             1990
 MINIMUM TEMPERATURE (F)   74        66      2004


SUNRISE AND SUNSET
AUGUST 18 2017........SUNRISE   617 AM CDT   SUNSET   727 PM CDT
AUGUST 19 2017........SUNRISE   618 AM CDT   SUNSET   726 PM CDT


-  INDICATES NEGATIVE NUMBERS.
R  INDICATES RECORD WAS SET OR TIED.
MM INDICATES DATA IS MISSING.
T  INDICATES TRACE AMOUNT.




$$
