000
CDUS44 KMOB 190645
CLIPNS


CLIMATE REPORT
NATIONAL WEATHER SERVICE MOBILE AL
1245 AM CST FRI DEC 19 2014


...................................

...THE PENSACOLA CLIMATE SUMMARY FOR DECEMBER 18 2014...

CLIMATE NORMAL PERIOD 1981 TO 2010
CLIMATE RECORD PERIOD 1879 TO 2014


WEATHER ITEM   OBSERVED TIME   RECORD YEAR NORMAL DEPARTURE LAST
                VALUE   (LST)  VALUE       VALUE  FROM      YEAR
                                                  NORMAL
..................................................................
TEMPERATURE (F)
 YESTERDAY
  MAXIMUM         61    318 PM  79    1956  62     -1       66
  MINIMUM         41    716 AM  20    1901  44     -3       42
  AVERAGE         51                        53     -2       54

PRECIPITATION (IN)
  YESTERDAY        0.00          3.50 1995   0.14  -0.14     0.00
  MONTH TO DATE    0.25                      2.71  -2.46     1.29
  SINCE MAR 1     68.59                     53.74  14.85    57.87
  SINCE JAN 1     79.92                     63.43  16.49    72.14

SNOWFALL (IN)
  YESTERDAY        0.0           0.0  2001   0.0    0.0      0.0
                                      2000
  MONTH TO DATE    0.0                       0.0    0.0      0.0
  SINCE MAR 1      0.0                       0.0    0.0      0.0
  SINCE JUL 1      0.0                       0.0    0.0      0.0
  SNOW DEPTH       0

DEGREE DAYS
 HEATING
  YESTERDAY       14                        12      2       11
  MONTH TO DATE  144                       195    -51      137
  SINCE DEC 1    144                       195    -51      137
  SINCE JUL 1    471                       407     64      342

 COOLING
  YESTERDAY        0                         0      0        0
  MONTH TO DATE    6                         7     -1       30
  SINCE DEC 1      6                         7     -1       30
  SINCE JAN 1   2550                      2603    -53     2748
..................................................................


WIND (MPH)
  HIGHEST WIND SPEED    12   HIGHEST WIND DIRECTION     N (360)
  HIGHEST GUST SPEED    16   HIGHEST GUST DIRECTION     N (360)
  AVERAGE WIND SPEED     3.9


SKY COVER
  POSSIBLE SUNSHINE  MM
  AVERAGE SKY COVER 0.2


WEATHER CONDITIONS
 THE FOLLOWING WEATHER WAS RECORDED YESTERDAY.
  NO SIGNIFICANT WEATHER WAS OBSERVED.


RELATIVE HUMIDITY (PERCENT)
 HIGHEST    93           700 AM
 LOWEST     46           100 PM
 AVERAGE    70

..........................................................


THE PENSACOLA CLIMATE NORMALS FOR TODAY
                         NORMAL    RECORD    YEAR
 MAXIMUM TEMPERATURE (F)   62        79      2006
 MINIMUM TEMPERATURE (F)   44        18      1981


SUNRISE AND SUNSET
DECEMBER 19 2014......SUNRISE   640 AM CST   SUNSET   451 PM CST
DECEMBER 20 2014......SUNRISE   641 AM CST   SUNSET   452 PM CST


-  INDICATES NEGATIVE NUMBERS.
R  INDICATES RECORD WAS SET OR TIED.
MM INDICATES DATA IS MISSING.
T  INDICATES TRACE AMOUNT.




$$
