000
CDUS44 KMOB 240645
CLIPNS


CLIMATE REPORT
NATIONAL WEATHER SERVICE MOBILE AL
145 AM CDT FRI OCT 24 2014


...................................

...THE PENSACOLA CLIMATE SUMMARY FOR OCTOBER 23 2014...

CLIMATE NORMAL PERIOD 1981 TO 2010
CLIMATE RECORD PERIOD 1879 TO 2014


WEATHER ITEM   OBSERVED TIME   RECORD YEAR NORMAL DEPARTURE LAST
                VALUE   (LST)  VALUE       VALUE  FROM      YEAR
                                                  NORMAL
..................................................................
TEMPERATURE (F)
 YESTERDAY
  MAXIMUM         76    255 PM  88    1953  77     -1       75
                                      1949
  MINIMUM         53    619 AM  38    1937  58     -5       56
  AVERAGE         65                        67     -2       66

PRECIPITATION (IN)
  YESTERDAY        0.00          3.30 2008   0.17  -0.17     0.00
  MONTH TO DATE    3.68                      3.91  -0.23     1.89
  SINCE MAR 1     66.38                     44.97  21.41    51.28
  SINCE JAN 1     77.71                     54.66  23.05    65.55

DEGREE DAYS
 HEATING
  YESTERDAY        0                         2     -2        0
  MONTH TO DATE    6                        16    -10        0
  SINCE SEP 1      6                        17    -11        0
  SINCE JUL 1      6                        17    -11        0

 COOLING
  YESTERDAY        0                         4     -4        1
  MONTH TO DATE  147                       151     -4      204
  SINCE SEP 1    548                       554     -6      680
  SINCE JAN 1   2504                      2521    -17     2662
..................................................................


WIND (MPH)
  HIGHEST WIND SPEED    10   HIGHEST WIND DIRECTION    NE (40)
  HIGHEST GUST SPEED    15   HIGHEST GUST DIRECTION    NE (50)
  AVERAGE WIND SPEED     6.2


SKY COVER
  POSSIBLE SUNSHINE  MM
  AVERAGE SKY COVER 0.0


WEATHER CONDITIONS
 THE FOLLOWING WEATHER WAS RECORDED YESTERDAY.
  NO SIGNIFICANT WEATHER WAS OBSERVED.


RELATIVE HUMIDITY (PERCENT)
 HIGHEST    72           200 AM
 LOWEST     27           400 PM
 AVERAGE    50

..........................................................


THE PENSACOLA CLIMATE NORMALS FOR TODAY
                         NORMAL    RECORD    YEAR
 MAXIMUM TEMPERATURE (F)   77        89      1941
 MINIMUM TEMPERATURE (F)   58        40      1937
                                             1917


SUNRISE AND SUNSET
OCTOBER 24 2014.......SUNRISE   657 AM CDT   SUNSET   608 PM CDT
OCTOBER 25 2014.......SUNRISE   658 AM CDT   SUNSET   607 PM CDT


-  INDICATES NEGATIVE NUMBERS.
R  INDICATES RECORD WAS SET OR TIED.
MM INDICATES DATA IS MISSING.
T  INDICATES TRACE AMOUNT.




$$
