000
CDUS41 KALY 240630
CLIPOU


CLIMATE REPORT
NATIONAL WEATHER SERVICE ALBANY NY
129 AM EST WED JAN 24 2018


...................................

...THE POUGHKEEPSIE NY CLIMATE SUMMARY FOR JANUARY 23 2018...

CLIMATE NORMAL PERIOD 1981 TO 2010
CLIMATE RECORD PERIOD 1949 TO 2018


WEATHER ITEM   OBSERVED TIME   RECORD YEAR NORMAL DEPARTURE LAST
                VALUE   (LST)  VALUE       VALUE  FROM      YEAR
                                                  NORMAL
..................................................................
TEMPERATURE (F)
 YESTERDAY
  MAXIMUM         53    336 PM  60    1957  36     17       41
                                      1933
  MINIMUM         36   1110 PM -16    1961  15     21       33
  AVERAGE         45                        25     20       37

PRECIPITATION (IN)
  YESTERDAY        0.69          0.99 1983   0.09   0.60     0.58
  MONTH TO DATE    2.81                      2.30   0.51     2.10
  SINCE DEC 1      4.37                      5.83  -1.46     4.70
  SINCE JAN 1      2.81                      2.30   0.51     2.10

DEGREE DAYS
 HEATING
  YESTERDAY       20                        40    -20       28
  MONTH TO DATE  957                       912     45      759
  SINCE DEC 1   2103                      1963    140     1799
  SINCE JUL 1   3186                      3241    -55     2945

 COOLING
  YESTERDAY        0                         0      0        0
  MONTH TO DATE    0                         0      0        0
  SINCE DEC 1      0                         0      0        0
  SINCE JAN 1      0                         0      0        0
..................................................................


WIND (MPH)
  HIGHEST WIND SPEED    20   HIGHEST WIND DIRECTION     W (270)
  HIGHEST GUST SPEED    27   HIGHEST GUST DIRECTION     W (270)
  AVERAGE WIND SPEED     4.1


SKY COVER
  AVERAGE SKY COVER 0.7



RELATIVE HUMIDITY (PERCENT)
 HIGHEST   100          1000 AM
 LOWEST     62           900 PM
 AVERAGE    81

..........................................................


THE POUGHKEEPSIE NY CLIMATE NORMALS FOR TODAY
                         NORMAL    RECORD    YEAR
 MAXIMUM TEMPERATURE (F)   36        63      1967
 MINIMUM TEMPERATURE (F)   15       -15      1961


SUNRISE AND SUNSET
JANUARY 24 2018.......SUNRISE   715 AM EST   SUNSET   501 PM EST
JANUARY 25 2018.......SUNRISE   714 AM EST   SUNSET   502 PM EST


-  INDICATES NEGATIVE NUMBERS.
R  INDICATES RECORD WAS SET OR TIED.
MM INDICATES DATA IS MISSING.
T  INDICATES TRACE AMOUNT.




RECORDS FOR KPOU DATE BACK TO 1949...
HOWEVER...DATA IS MISSING FROM JANUARY 1993 - JULY 2000.
$$
