000
CDUS46 KLOX 240915
CLIPRB


CLIMATE REPORT
NATIONAL WEATHER SERVICE LOS ANGELES/OXNARD CA
215 AM PDT FRI MAR 24 2017


...................................

...THE PASO ROBLES AIRPORT CA CLIMATE SUMMARY FOR MARCH 23 2017...

CLIMATE NORMAL PERIOD 1981 TO 2010
CLIMATE RECORD PERIOD 1948 TO 2017


WEATHER ITEM   OBSERVED TIME   RECORD YEAR NORMAL DEPARTURE LAST
                VALUE   (LST)  VALUE       VALUE  FROM      YEAR
                                                  NORMAL
..................................................................
TEMPERATURE (F)
 YESTERDAY
  MAXIMUM         65    459 PM  82    1953  67     -2       71
  MINIMUM         38    611 AM  28    1994  40     -2       35
  AVERAGE         52                        54     -2       53

PRECIPITATION (IN)
  YESTERDAY        0.00          0.36 1983   0.07  -0.07     0.00
  MONTH TO DATE    0.36                      2.05  -1.69     2.03
  SINCE OCT 1     14.84                     11.05   3.79     7.90
  SINCE JAN 1     11.16                      7.39   3.77     5.84

SNOWFALL (IN)
  YESTERDAY        0.0
  MONTH TO DATE    0.0
  SINCE MAR 1      0.0
  SINCE JUL 1      0.0

DEGREE DAYS
 HEATING
  YESTERDAY       13                        11      2       12
  MONTH TO DATE  217                       279    -62      198
  SINCE MAR 1    217                       279    -62      198
  SINCE JUL 1   2018                      2372   -354     1985

 COOLING
  YESTERDAY        0                         0      0        0
  MONTH TO DATE    0                         0      0        0
  SINCE MAR 1      0                         0      0        0
  SINCE JAN 1      0                         0      0        0
..................................................................


WIND (MPH)
  HIGHEST WIND SPEED    14   HIGHEST WIND DIRECTION    SW (210)
  HIGHEST GUST SPEED    16   HIGHEST GUST DIRECTION    SW (210)
  AVERAGE WIND SPEED     4.1


SKY COVER
  POSSIBLE SUNSHINE  MM
  AVERAGE SKY COVER 0.1


WEATHER CONDITIONS
 THE FOLLOWING WEATHER WAS RECORDED YESTERDAY.
  FOG


RELATIVE HUMIDITY (PERCENT)
 HIGHEST   100           400 AM
 LOWEST     43           500 PM
 AVERAGE    72

..........................................................


THE PASO ROBLES AIRPORT CA CLIMATE NORMALS FOR TODAY
                         NORMAL    RECORD    YEAR
 MAXIMUM TEMPERATURE (F)   68        99      2015
 MINIMUM TEMPERATURE (F)   40        30      2009


SUNRISE AND SUNSET
MARCH 24 2017.........SUNRISE   700 AM PDT   SUNSET   718 PM PDT
MARCH 25 2017.........SUNRISE   658 AM PDT   SUNSET   719 PM PDT


-  INDICATES NEGATIVE NUMBERS.
R  INDICATES RECORD WAS SET OR TIED.
MM INDICATES DATA IS MISSING.
T  INDICATES TRACE AMOUNT.




$$
