000
CDUS46 KLOX 250119
CLIPRB


CLIMATE REPORT
NATIONAL WEATHER SERVICE LOS ANGELES/OXNARD CA
519 PM PST FRI FEB 24 2017


...................................

...THE PASO ROBLES AIRPORT CA CLIMATE SUMMARY FOR FEBRUARY 24 2017...
VALID TODAY AS OF 0500 PM LOCAL TIME.

CLIMATE NORMAL PERIOD 1981 TO 2010
CLIMATE RECORD PERIOD 1948 TO 2017


WEATHER ITEM   OBSERVED TIME   RECORD YEAR NORMAL DEPARTURE LAST
                VALUE   (LST)  VALUE       VALUE  FROM      YEAR
                                                  NORMAL
..................................................................
TEMPERATURE (F)
 TODAY
  MAXIMUM         57    250 PM  81    1991  63     -6       77
  MINIMUM         29    707 AM  23    1953  39    -10       36
  AVERAGE         43                        51     -8       57

PRECIPITATION (IN)
  TODAY            0.00          2.84 1969   0.10  -0.10     0.00
  MONTH TO DATE    3.84                      2.20   1.64     0.32
  SINCE OCT 1     14.43                      8.61   5.82     5.87
  SINCE JAN 1     10.75                      4.95   5.80     3.81

SNOWFALL (IN)
  TODAY            0.0
  MONTH TO DATE    0.0
  SINCE DEC 1      0.0
  SINCE JUL 1      0.0

DEGREE DAYS
 HEATING
  TODAY           22                        14      8        8
  MONTH TO DATE  289                       364    -75      288
  SINCE DEC 1   1340                      1491   -151     1317
  SINCE JUL 1   1724                      2040   -316     1753

 COOLING
  TODAY            0                         0      0        0
  MONTH TO DATE    0                         0      0        0
  SINCE DEC 1      0                         0      0        0
  SINCE JAN 1      0                         0      0        0
..................................................................


WIND (MPH)
  HIGHEST WIND SPEED    10   HIGHEST WIND DIRECTION     E (100)
  HIGHEST GUST SPEED    13   HIGHEST GUST DIRECTION    SE (140)
  AVERAGE WIND SPEED     3.0


SKY COVER
  POSSIBLE SUNSHINE  MM
  AVERAGE SKY COVER 0.0


WEATHER CONDITIONS
 THE FOLLOWING WEATHER WAS RECORDED TODAY.
  NO SIGNIFICANT WEATHER WAS OBSERVED.


RELATIVE HUMIDITY (PERCENT)
 HIGHEST   100           700 AM
 LOWEST     38           200 PM
 AVERAGE    69

..........................................................


THE PASO ROBLES AIRPORT CA CLIMATE NORMALS FOR TOMORROW
                         NORMAL    RECORD    YEAR
 MAXIMUM TEMPERATURE (F)   64        83      1991
 MINIMUM TEMPERATURE (F)   39        25      1953


SUNRISE AND SUNSET
FEBRUARY 24 2017......SUNRISE   638 AM PST   SUNSET   553 PM PST
FEBRUARY 25 2017......SUNRISE   637 AM PST   SUNSET   554 PM PST


-  INDICATES NEGATIVE NUMBERS.
R  INDICATES RECORD WAS SET OR TIED.
MM INDICATES DATA IS MISSING.
T  INDICATES TRACE AMOUNT.




$$
