000
CDUS46 KLOX 300908
CLIPRB


CLIMATE REPORT
NATIONAL WEATHER SERVICE LOS ANGELES/OXNARD CA
208 AM PDT TUE SEP 30 2014


...................................

...THE PASO ROBLES AIRPORT CA CLIMATE SUMMARY FOR SEPTEMBER 29 2014...

CLIMATE NORMAL PERIOD 1981 TO 2010
CLIMATE RECORD PERIOD 1948 TO 2014


WEATHER ITEM   OBSERVED TIME   RECORD YEAR NORMAL DEPARTURE LAST
                VALUE   (LST)  VALUE       VALUE  FROM      YEAR
                                                  NORMAL
..................................................................
TEMPERATURE (F)
 YESTERDAY
  MAXIMUM         83    431 PM 103    1999  85     -2       92
  MINIMUM         48    621 AM  41    1971  48      0       43
  AVERAGE         66                        66      0       68

PRECIPITATION (IN)
  YESTERDAY        0.00          0.54 1976   0.01  -0.01     0.00
  MONTH TO DATE    0.00                      0.20  -0.20     0.00
  SINCE JUL 1      T                         0.31  -0.31      T
  SINCE JAN 1      4.46                      9.10  -4.64     1.46

SNOWFALL (IN)
  YESTERDAY        0.0
  MONTH TO DATE    0.0
  SINCE SEP 1      0.0
  SINCE JUL 1      0.0

DEGREE DAYS
 HEATING
  YESTERDAY        0                         2     -2        0
  MONTH TO DATE    1                        21    -20       11
  SINCE SEP 1      1                        21    -20       11
  SINCE JUL 1      1                        29    -28       11

 COOLING
  YESTERDAY        1                         3     -2        3
  MONTH TO DATE  239                       155     84      193
  SINCE SEP 1    239                       155     84      193
  SINCE JAN 1   1246                       888    358     1167
..................................................................


WIND (MPH)
  HIGHEST WIND SPEED    16   HIGHEST WIND DIRECTION    NW (310)
  HIGHEST GUST SPEED    19   HIGHEST GUST DIRECTION    NW (320)
  AVERAGE WIND SPEED     4.8


SKY COVER
  POSSIBLE SUNSHINE  MM
  AVERAGE SKY COVER 0.1


WEATHER CONDITIONS
 THE FOLLOWING WEATHER WAS RECORDED YESTERDAY.
  NO SIGNIFICANT WEATHER WAS OBSERVED.


RELATIVE HUMIDITY (PERCENT)
 HIGHEST    86           500 AM
 LOWEST     31           200 PM
 AVERAGE    59

..........................................................


THE PASO ROBLES AIRPORT CA CLIMATE NORMALS FOR TODAY
                         NORMAL    RECORD    YEAR
 MAXIMUM TEMPERATURE (F)   84       104      1980
 MINIMUM TEMPERATURE (F)   48        35      1950


SUNRISE AND SUNSET
SEPTEMBER 30 2014.....SUNRISE   657 AM PDT   SUNSET   648 PM PDT
OCTOBER  1 2014.......SUNRISE   658 AM PDT   SUNSET   646 PM PDT


-  INDICATES NEGATIVE NUMBERS.
R  INDICATES RECORD WAS SET OR TIED.
MM INDICATES DATA IS MISSING.
T  INDICATES TRACE AMOUNT.




$$
