000
CDUS45 KFGZ 170833
CLIPRC
CLIMATE REPORT
NATIONAL WEATHER SERVICE FLAGSTAFF, AZ
132 AM MST TUE OCT 17 2017


...................................

...THE PRESCOTT AZ AIRPORT CLIMATE SUMMARY FOR OCTOBER 16 2017...

CLIMATE NORMAL PERIOD 1981 TO 2010
CLIMATE RECORD PERIOD 1948 TO 2017


WEATHER ITEM   OBSERVED TIME   RECORD YEAR NORMAL DEPARTURE LAST
                VALUE   (LST)  VALUE       VALUE  FROM      YEAR
                                                  NORMAL
..................................................................
TEMPERATURE (F)
 YESTERDAY
  MAXIMUM         83    330 PM  86    1991  72     11       77
  MINIMUM         42    658 AM  28    1994  41      1       48
  AVERAGE         63                        56      7

PRECIPITATION (IN)
  YESTERDAY        0.00          0.65 2015   0.02  -0.02     0.00
  MONTH TO DATE    0.00                      0.51  -0.51     0.58
  SINCE SEP 1      0.53                      2.02  -1.49     2.91
  SINCE JAN 1     12.38                     11.68   0.70    13.67

DEGREE DAYS
 HEATING
  YESTERDAY        2                               -7
  MONTH TO DATE   71                              -28
  SINCE JUL 1    140                                3

 COOLING
  YESTERDAY        0                                0
  MONTH TO DATE    3                               -2
  SINCE JAN 1   1144                              204
..................................................................


WIND (MPH)
  HIGHEST WIND SPEED    10   HIGHEST WIND DIRECTION     S (190)
  HIGHEST GUST SPEED    12   HIGHEST GUST DIRECTION     S (190)
  AVERAGE WIND SPEED     4.1


SKY COVER
  AVERAGE SKY COVER 0.0


WEATHER CONDITIONS
 THE FOLLOWING WEATHER WAS RECORDED YESTERDAY.
  HAZE


RELATIVE HUMIDITY (PERCENT)
 HIGHEST    43
 LOWEST     11

..........................................................


THE PRESCOTT AZ AIRPORT CLIMATE NORMALS FOR TODAY
                         NORMAL    RECORD    YEAR
 MAXIMUM TEMPERATURE (F)   71        86      2009
 MINIMUM TEMPERATURE (F)   41        27      1998


SUNRISE AND SUNSET
OCTOBER 17 2017.......SUNRISE   637 AM MST   SUNSET   552 PM MST
OCTOBER 18 2017.......SUNRISE   638 AM MST   SUNSET   551 PM MST


-  INDICATES NEGATIVE NUMBERS.
R  INDICATES RECORD WAS SET OR TIED.
MM INDICATES DATA IS MISSING.
T  INDICATES TRACE AMOUNT.




$$
