000
CDUS45 KFGZ 290759
CLIPRC
CLIMATE REPORT
NATIONAL WEATHER SERVICE FLAGSTAFF, AZ
1259 AM MST WED MAR 29 2017


...................................

...THE PRESCOTT AZ AIRPORT CLIMATE SUMMARY FOR MARCH 28 2017...

CLIMATE NORMAL PERIOD 1981 TO 2010
CLIMATE RECORD PERIOD 1948 TO 2017


WEATHER ITEM   OBSERVED TIME   RECORD YEAR NORMAL DEPARTURE LAST
                VALUE   (LST)  VALUE       VALUE  FROM      YEAR
                                                  NORMAL
..................................................................
TEMPERATURE (F)
 YESTERDAY
  MAXIMUM         63    419 PM  78    2015  63      0       61
  MINIMUM         34    641 AM  13    1975  34      0       45
  AVERAGE         49                        48      1

PRECIPITATION (IN)
  YESTERDAY        0.00          0.68 1961   0.02  -0.02     0.00
  MONTH TO DATE    0.55                      0.99  -0.44     0.16
  SINCE SEP 1     10.76                      7.81   2.95     5.13
  SINCE JAN 1      4.01                      3.50   0.51     1.64

DEGREE DAYS
 HEATING
  YESTERDAY       16                               -1
  MONTH TO DATE  344                             -184
  SINCE JUL 1   3053                             -647

 COOLING
  YESTERDAY        0                                0
  MONTH TO DATE    0                                0
  SINCE JAN 1      0                                0
..................................................................


WIND (MPH)
  HIGHEST WIND SPEED    24   HIGHEST WIND DIRECTION    NW (330)
  HIGHEST GUST SPEED    29   HIGHEST GUST DIRECTION    NW (330)
  AVERAGE WIND SPEED    11.4


SKY COVER
  AVERAGE SKY COVER 0.2


WEATHER CONDITIONS
 THE FOLLOWING WEATHER WAS RECORDED YESTERDAY.
  NO SIGNIFICANT WEATHER WAS OBSERVED.


RELATIVE HUMIDITY (PERCENT)
 HIGHEST    92
 LOWEST     23

..........................................................


THE PRESCOTT AZ AIRPORT CLIMATE NORMALS FOR TODAY
                         NORMAL    RECORD    YEAR
 MAXIMUM TEMPERATURE (F)   63        78      2015
                                             1971
 MINIMUM TEMPERATURE (F)   34        16      1975


SUNRISE AND SUNSET
MARCH 29 2017.........SUNRISE   620 AM MST   SUNSET   649 PM MST
MARCH 30 2017.........SUNRISE   619 AM MST   SUNSET   650 PM MST


-  INDICATES NEGATIVE NUMBERS.
R  INDICATES RECORD WAS SET OR TIED.
MM INDICATES DATA IS MISSING.
T  INDICATES TRACE AMOUNT.




$$
