000
CDUS46 KPDT 280832
CLIPSC

CLIMATE REPORT
NATIONAL WEATHER SERVICE PENDLETON OR
132 AM PDT SAT MAR 28 2015


...................................

...THE PASCO WA CLIMATE SUMMARY FOR MARCH 27 2015...

CLIMATE NORMAL PERIOD 1981 TO 2010
CLIMATE RECORD PERIOD 1948 TO 2015


WEATHER ITEM   OBSERVED TIME   RECORD YEAR NORMAL DEPARTURE LAST
                VALUE   (LST)  VALUE       VALUE  FROM      YEAR
                                                  NORMAL
..................................................................
TEMPERATURE (F)
 YESTERDAY
  MAXIMUM         79R   354 PM  78    1994  62     17       64
  MINIMUM         41    606 AM  27    1996  36      5       45
  AVERAGE         60                        49     11       55

PRECIPITATION (IN)
  YESTERDAY        0.05          0.34 1981   0.03   0.02     0.00
  MONTH TO DATE    0.49                      0.69  -0.20     0.45
  SINCE OCT 1      4.09                      5.72  -1.63     2.01
  SINCE JAN 1      1.72                      2.77  -1.05     1.43

SNOWFALL (IN)
  YESTERDAY        0.0
  SNOW DEPTH       0

DEGREE DAYS
 HEATING
  YESTERDAY        5                        16    -11       10
  MONTH TO DATE  414                       519   -105      498
  SINCE MAR 1    414                       519   -105      498
  SINCE JUL 1   3870                      4402   -532     4727

 COOLING
  YESTERDAY        0                         0      0        0
  MONTH TO DATE    0                         0      0        0
  SINCE MAR 1      0                         0      0        0
  SINCE JAN 1      0                         0      0        0
..................................................................


WIND (MPH)
  RESULTANT WIND SPEED   2   RESULTANT WIND DIRECTION   N (340)
  HIGHEST WIND SPEED    21   HIGHEST WIND DIRECTION    SW (240)
  HIGHEST GUST SPEED    28   HIGHEST GUST DIRECTION    SW (240)


SKY COVER
  POSSIBLE SUNSHINE  MM
  AVERAGE SKY COVER 0.2


WEATHER CONDITIONS
 THE FOLLOWING WEATHER WAS RECORDED YESTERDAY.
  THUNDERSTORM
  RAIN
  LIGHT RAIN


RELATIVE HUMIDITY (PERCENT)
 HIGHEST   100
 LOWEST     40
 AVERAGE    70

..........................................................


THE PASCO WA CLIMATE NORMALS FOR TODAY
                         NORMAL    RECORD    YEAR
 MAXIMUM TEMPERATURE (F)   63        77      1994
 MINIMUM TEMPERATURE (F)   37        24      2008
                                             1998


SUNRISE AND SUNSET
MARCH 28 2015.........SUNRISE   644 AM PDT   SUNSET   720 PM PDT
MARCH 29 2015.........SUNRISE   642 AM PDT   SUNSET   721 PM PDT


-  INDICATES NEGATIVE NUMBERS.
R  INDICATES RECORD WAS SET OR TIED.
MM INDICATES DATA IS MISSING.
T  INDICATES TRACE AMOUNT.




$$
