000
CDUS46 KPDT 200909
CLIPSC

CLIMATE REPORT
NATIONAL WEATHER SERVICE PENDLETON OR
108 AM PST SAT DEC 20 2014


...................................

...THE PASCO WA CLIMATE SUMMARY FOR DECEMBER 19 2014...

CLIMATE NORMAL PERIOD 1981 TO 2010
CLIMATE RECORD PERIOD 1948 TO 2014


WEATHER ITEM   OBSERVED TIME   RECORD YEAR NORMAL DEPARTURE LAST
                VALUE   (LST)  VALUE       VALUE  FROM      YEAR
                                                  NORMAL
..................................................................
TEMPERATURE (F)
 YESTERDAY
  MAXIMUM         52    303 PM  56    1994  39     13       38
  MINIMUM         36   1115 PM   3    2008  26     10       26
  AVERAGE         44                        32     12       32

PRECIPITATION (IN)
  YESTERDAY        0.04          0.50 1964   0.05  -0.01     0.00
  MONTH TO DATE    0.52                      0.64  -0.12     0.05
  SINCE OCT 1      1.74                      2.38  -0.64     0.49
  SINCE JAN 1      4.85                      8.26  -3.41     4.80

SNOWFALL (IN)
  YESTERDAY       MM
  SNOW DEPTH       0

DEGREE DAYS
 HEATING
  YESTERDAY       21                        33    -12       33
  MONTH TO DATE  548                       594    -46      743
  SINCE DEC 1    548                       594    -46      743
  SINCE JUL 1   1613                      1823   -210     2093

 COOLING
  YESTERDAY        0                         0      0        0
  MONTH TO DATE    0                         0      0        0
  SINCE DEC 1      0                         0      0        0
  SINCE JAN 1    991                       710    281      995
..................................................................


WIND (MPH)
  RESULTANT WIND SPEED   5   RESULTANT WIND DIRECTION  SW (210)
  HIGHEST WIND SPEED    18   HIGHEST WIND DIRECTION    SW (240)
  HIGHEST GUST SPEED    22   HIGHEST GUST DIRECTION    SW (240)


SKY COVER
  POSSIBLE SUNSHINE  MM
  AVERAGE SKY COVER 0.3


WEATHER CONDITIONS
THE FOLLOWING WEATHER WAS RECORDED YESTERDAY.
  LIGHT RAIN
  FOG


RELATIVE HUMIDITY (PERCENT)
 HIGHEST   100
 LOWEST     63
 AVERAGE    82

..........................................................


THE PASCO WA CLIMATE NORMALS FOR TODAY
                         NORMAL    RECORD    YEAR
 MAXIMUM TEMPERATURE (F)   39        64      1994
 MINIMUM TEMPERATURE (F)   26         0      1990


SUNRISE AND SUNSET
DECEMBER 20 2014......SUNRISE   736 AM PST   SUNSET   412 PM PST
DECEMBER 21 2014......SUNRISE   736 AM PST   SUNSET   413 PM PST


-  INDICATES NEGATIVE NUMBERS.
R  INDICATES RECORD WAS SET OR TIED.
MM INDICATES DATA IS MISSING.
T  INDICATES TRACE AMOUNT.




$$
