000
CDUS46 KPDT 030828
CLIPSC

CLIMATE REPORT
NATIONAL WEATHER SERVICE PENDLETON OR
126 AM PDT THU SEP 3 2015


...................................

...THE PASCO WA CLIMATE SUMMARY FOR SEPTEMBER 2 2015...

CLIMATE NORMAL PERIOD 1981 TO 2010
CLIMATE RECORD PERIOD 1948 TO 2015


WEATHER ITEM   OBSERVED TIME   RECORD YEAR NORMAL DEPARTURE LAST
                VALUE   (LST)  VALUE       VALUE  FROM      YEAR
                                                  NORMAL
..................................................................
TEMPERATURE (F)
 YESTERDAY
  MAXIMUM         79    421 PM 101    1998  86     -7       85
  MINIMUM         61   1159 PM  40    2008  51     10       48
  AVERAGE         70                        68      2       67

PRECIPITATION (IN)
  YESTERDAY        0.00          0.09 1979   0.01  -0.01     0.00
  MONTH TO DATE    0.00                      0.02  -0.02     0.00
  SINCE OCT 1      5.60                      8.45  -2.85     3.64
  SINCE JAN 1      3.23                      5.50  -2.27     3.06

SNOWFALL (IN)
  YESTERDAY        0.0
  SNOW DEPTH       0

DEGREE DAYS
 HEATING
  YESTERDAY        0                         1     -1        0
  MONTH TO DATE    0                         2     -2        0
  SINCE SEP 1      0                         2     -2        0
  SINCE JUL 1      0                        14    -14        0

 COOLING
  YESTERDAY        5                         4      1        2
  MONTH TO DATE   12                         8      4        2
  SINCE SEP 1     12                         8      4        2
  SINCE JAN 1   1085                       665    420      920
..................................................................


WIND (MPH)
  RESULTANT WIND SPEED  12   RESULTANT WIND DIRECTION  SW (240)
  HIGHEST WIND SPEED    23   HIGHEST WIND DIRECTION     W (250)
  HIGHEST GUST SPEED    31   HIGHEST GUST DIRECTION    SW (220)


SKY COVER
  POSSIBLE SUNSHINE  MM
  AVERAGE SKY COVER 0.3


WEATHER CONDITIONS
 THE FOLLOWING WEATHER WAS RECORDED YESTERDAY.
  NO SIGNIFICANT WEATHER WAS OBSERVED.


RELATIVE HUMIDITY (PERCENT)
 HIGHEST    58
 LOWEST     26
 AVERAGE    42

..........................................................


THE PASCO WA CLIMATE NORMALS FOR TODAY
                         NORMAL    RECORD    YEAR
 MAXIMUM TEMPERATURE (F)   85       101      1998
 MINIMUM TEMPERATURE (F)   51        40      2008


SUNRISE AND SUNSET
SEPTEMBER  3 2015.....SUNRISE   619 AM PDT   SUNSET   732 PM PDT
SEPTEMBER  4 2015.....SUNRISE   620 AM PDT   SUNSET   730 PM PDT


-  INDICATES NEGATIVE NUMBERS.
R  INDICATES RECORD WAS SET OR TIED.
MM INDICATES DATA IS MISSING.
T  INDICATES TRACE AMOUNT.




$$
