000
CDUS46 KPDT 260900
CLIPSC

CLIMATE REPORT
NATIONAL WEATHER SERVICE PENDLETON OR
158 AM PDT TUE SEP 26 2017


...................................

...THE PASCO WA CLIMATE SUMMARY FOR SEPTEMBER 25 2017...

CLIMATE NORMAL PERIOD 1981 TO 2010
CLIMATE RECORD PERIOD 1948 TO 2017


WEATHER ITEM   OBSERVED TIME   RECORD YEAR NORMAL DEPARTURE LAST
                VALUE   (LST)  VALUE       VALUE  FROM      YEAR
                                                  NORMAL
..................................................................
TEMPERATURE (F)
 YESTERDAY
  MAXIMUM         76    321 PM  93    1942  76      0       85
  MINIMUM         45    530 AM  26    1926  44      1       47
  AVERAGE         61                        60      1       66

PRECIPITATION (IN)
  YESTERDAY        T             0.13 1998   0.02  -0.02     0.00
  MONTH TO DATE    0.13                      0.31  -0.18     0.24
  SINCE OCT 1     10.12                      8.74   1.38     8.38
  SINCE JAN 1      6.35                      5.79   0.56     5.62

SNOWFALL (IN)
  YESTERDAY        0.0
  SNOW DEPTH       0

DEGREE DAYS
 HEATING
  YESTERDAY        4                         6     -2        0
  MONTH TO DATE   77                        65     12       79
  SINCE SEP 1     77                        65     12       79
  SINCE JUL 1     77                        77      0       79

 COOLING
  YESTERDAY        0                         0      0        1
  MONTH TO DATE  101                        49     52       21
  SINCE SEP 1    101                        49     52       21
  SINCE JAN 1    979                       706    273      772
..................................................................


WIND (MPH)
  RESULTANT WIND SPEED   1   RESULTANT WIND DIRECTION   N (340)
  HIGHEST WIND SPEED     8   HIGHEST WIND DIRECTION    NW (330)
  HIGHEST GUST SPEED    10   HIGHEST GUST DIRECTION     N (10)


SKY COVER
  POSSIBLE SUNSHINE  MM
  AVERAGE SKY COVER 0.4


WEATHER CONDITIONS
 THE FOLLOWING WEATHER WAS RECORDED YESTERDAY.
  LIGHT RAIN


RELATIVE HUMIDITY (PERCENT)
 HIGHEST    93
 LOWEST     36
 AVERAGE    65

..........................................................


THE PASCO WA CLIMATE NORMALS FOR TODAY
                         NORMAL    RECORD    YEAR
 MAXIMUM TEMPERATURE (F)   76        92      1952
                                             1942
                                             1897
 MINIMUM TEMPERATURE (F)   43        25      1926


SUNRISE AND SUNSET
SEPTEMBER 26 2017.....SUNRISE   649 AM PDT   SUNSET   645 PM PDT
SEPTEMBER 27 2017.....SUNRISE   650 AM PDT   SUNSET   644 PM PDT


-  INDICATES NEGATIVE NUMBERS.
R  INDICATES RECORD WAS SET OR TIED.
MM INDICATES DATA IS MISSING.
T  INDICATES TRACE AMOUNT.

$$
