000
CDUS46 KPDT 210834
CLIPSC

CLIMATE REPORT
NATIONAL WEATHER SERVICE PENDLETON OR
1231 AM PST WED FEB 21 2018


...................................

...THE PASCO WA CLIMATE SUMMARY FOR FEBRUARY 20 2018...

CLIMATE NORMAL PERIOD 1981 TO 2010
CLIMATE RECORD PERIOD 1948 TO 2018


WEATHER ITEM   OBSERVED TIME   RECORD YEAR NORMAL DEPARTURE LAST
                VALUE   (LST)  VALUE       VALUE  FROM      YEAR
                                                  NORMAL
..................................................................
TEMPERATURE (F)
 YESTERDAY
  MAXIMUM         36    152 PM  68    1982  51    -15       54
  MINIMUM         14    729 AM  13    2006  29    -15       34
  AVERAGE         25                        40    -15       44

PRECIPITATION (IN)
  YESTERDAY        T             0.56 1992   0.03  -0.03     0.10
  MONTH TO DATE    0.40                      0.63  -0.23     1.06
  SINCE OCT 1      4.09                      4.80  -0.71     5.78
  SINCE JAN 1      1.37                      1.85  -0.48     2.01

SNOWFALL (IN)
  YESTERDAY       MM
  SNOW DEPTH       0

DEGREE DAYS
 HEATING
  YESTERDAY       40                        25     15       21
  MONTH TO DATE  466                       538    -72      675
  SINCE DEC 1   2287                      2460   -173     3156
  SINCE JUL 1   3455                      3689   -234     4102

 COOLING
  YESTERDAY        0                         0      0        0
  MONTH TO DATE    0                         0      0        0
  SINCE DEC 1      0                         0      0        0
  SINCE JAN 1      0                         0      0        0
..................................................................


WIND (MPH)
  RESULTANT WIND SPEED   2   RESULTANT WIND DIRECTION   N (20)
  HIGHEST WIND SPEED    15   HIGHEST WIND DIRECTION     N (360)
  HIGHEST GUST SPEED    19   HIGHEST GUST DIRECTION     N (360)


SKY COVER
  POSSIBLE SUNSHINE  MM
  AVERAGE SKY COVER 0.7


WEATHER CONDITIONS
 THE FOLLOWING WEATHER WAS RECORDED YESTERDAY.
  LIGHT SNOW


RELATIVE HUMIDITY (PERCENT)
 HIGHEST    80
 LOWEST     44
 AVERAGE    62

..........................................................


THE PASCO WA CLIMATE NORMALS FOR TODAY
                         NORMAL    RECORD    YEAR
 MAXIMUM TEMPERATURE (F)   51        74      1995
 MINIMUM TEMPERATURE (F)   29         0      1894


SUNRISE AND SUNSET
FEBRUARY 21 2018......SUNRISE   649 AM PST   SUNSET   531 PM PST
FEBRUARY 22 2018......SUNRISE   648 AM PST   SUNSET   533 PM PST


-  INDICATES NEGATIVE NUMBERS.
R  INDICATES RECORD WAS SET OR TIED.
MM INDICATES DATA IS MISSING.
T  INDICATES TRACE AMOUNT.




$$
