000
CDUS46 KPDT 290843 RRA
CLIPSC

CLIMATE REPORT
NATIONAL WEATHER SERVICE PENDLETON OR
143 AM PDT FRI APR 29 2016


...................................

...THE PASCO WA CLIMATE SUMMARY FOR APRIL 28 2016...

CLIMATE NORMAL PERIOD 1981 TO 2010
CLIMATE RECORD PERIOD 1948 TO 2016


WEATHER ITEM   OBSERVED TIME   RECORD YEAR NORMAL DEPARTURE LAST
                VALUE   (LST)  VALUE       VALUE  FROM      YEAR
                                                  NORMAL
..................................................................
TEMPERATURE (F)
 YESTERDAY
  MAXIMUM         75    426 PM  86    2015  71      4       86
  MINIMUM         45    124 AM  30    1996  40      5       38
  AVERAGE         60                        56      4       62

PRECIPITATION (IN)
  YESTERDAY        0.00          0.58 1995   0.02  -0.02     0.01
  MONTH TO DATE    0.28                      0.61  -0.33     0.20
  SINCE OCT 1      5.79                      6.43  -0.64     4.29
  SINCE JAN 1      3.03                      3.48  -0.45     1.92

SNOWFALL (IN)
  YESTERDAY        0.0
  SNOW DEPTH       0

DEGREE DAYS
 HEATING
  YESTERDAY        5                        10     -5        3
  MONTH TO DATE  180                       344   -164      363
  SINCE MAR 1    709                       922   -213      812
  SINCE JUL 1   4227                      4805   -578     4268

 COOLING
  YESTERDAY        0                         0      0        0
  MONTH TO DATE    4                         0      4        0
  SINCE MAR 1      4                         0      4        0
  SINCE JAN 1      4                         0      4        0
..................................................................


WIND (MPH)
  RESULTANT WIND SPEED   2   RESULTANT WIND DIRECTION   W (280)
  HIGHEST WIND SPEED    16   HIGHEST WIND DIRECTION     N (350)
  HIGHEST GUST SPEED    18   HIGHEST GUST DIRECTION     N (350)


SKY COVER
  POSSIBLE SUNSHINE  MM
  AVERAGE SKY COVER 0.6


WEATHER CONDITIONS
 THE FOLLOWING WEATHER WAS RECORDED YESTERDAY.
  NO SIGNIFICANT WEATHER WAS OBSERVED.


RELATIVE HUMIDITY (PERCENT)
 HIGHEST    86
 LOWEST     29
 AVERAGE    58

..........................................................


THE PASCO WA CLIMATE NORMALS FOR TODAY
                         NORMAL    RECORD    YEAR
 MAXIMUM TEMPERATURE (F)   71        89      1998
 MINIMUM TEMPERATURE (F)   40        31      2014


SUNRISE AND SUNSET
APRIL 29 2016.........SUNRISE   545 AM PDT   SUNSET   803 PM PDT
APRIL 30 2016.........SUNRISE   543 AM PDT   SUNSET   805 PM PDT


-  INDICATES NEGATIVE NUMBERS.
R  INDICATES RECORD WAS SET OR TIED.
MM INDICATES DATA IS MISSING.
T  INDICATES TRACE AMOUNT.




$$
