000
CDUS46 KPDT 270837
CLIPSC

CLIMATE REPORT
NATIONAL WEATHER SERVICE PENDLETON OR
137 AM PDT MON MAR 27 2017


...................................

...THE PASCO WA CLIMATE SUMMARY FOR MARCH 26 2017...

CLIMATE NORMAL PERIOD 1981 TO 2010
CLIMATE RECORD PERIOD 1948 TO 2017


WEATHER ITEM   OBSERVED TIME   RECORD YEAR NORMAL DEPARTURE LAST
                VALUE   (LST)  VALUE       VALUE  FROM      YEAR
                                                  NORMAL
..................................................................
TEMPERATURE (F)
 YESTERDAY
  MAXIMUM         51    433 PM  75    2015  62    -11       62
  MINIMUM         36    336 AM  26    1995  36      0       32
  AVERAGE         44                        49     -5       47

PRECIPITATION (IN)
  YESTERDAY        0.06          0.55 1971   0.03   0.03     0.00
  MONTH TO DATE    1.43                      0.66   0.77     1.18
  SINCE OCT 1      7.77                      5.69   2.08     5.51
  SINCE JAN 1      4.00                      2.74   1.26     2.75

SNOWFALL (IN)
  YESTERDAY        0.0
  SNOW DEPTH       0

DEGREE DAYS
 HEATING
  YESTERDAY       21                        16      5       18
  MONTH TO DATE  472                       503    -31      449
  SINCE MAR 1    472                       503    -31      449
  SINCE JUL 1   4794                      4386    408     3967

 COOLING
  YESTERDAY        0                         0      0        0
  MONTH TO DATE    0                         0      0        0
  SINCE MAR 1      0                         0      0        0
  SINCE JAN 1      0                         0      0        0
..................................................................


WIND (MPH)
  RESULTANT WIND SPEED   0   RESULTANT WIND DIRECTION  SE (120)
  HIGHEST WIND SPEED    12   HIGHEST WIND DIRECTION     E (110)
  HIGHEST GUST SPEED    13   HIGHEST GUST DIRECTION     E (100)


SKY COVER
  POSSIBLE SUNSHINE  MM
  AVERAGE SKY COVER 0.7


WEATHER CONDITIONS
 THE FOLLOWING WEATHER WAS RECORDED YESTERDAY.
  LIGHT RAIN


RELATIVE HUMIDITY (PERCENT)
 HIGHEST    93
 LOWEST     65
 AVERAGE    79

..........................................................


THE PASCO WA CLIMATE NORMALS FOR TODAY
                         NORMAL    RECORD    YEAR
 MAXIMUM TEMPERATURE (F)   62        79      2015
 MINIMUM TEMPERATURE (F)   36        27      1996


SUNRISE AND SUNSET
MARCH 27 2017.........SUNRISE   645 AM PDT   SUNSET   719 PM PDT
MARCH 28 2017.........SUNRISE   643 AM PDT   SUNSET   720 PM PDT


-  INDICATES NEGATIVE NUMBERS.
R  INDICATES RECORD WAS SET OR TIED.
MM INDICATES DATA IS MISSING.
T  INDICATES TRACE AMOUNT.


$$
