000
CDUS46 KPDT 270916 RRA
CLIPSC

CLIMATE REPORT
NATIONAL WEATHER SERVICE PENDLETON OR
216 AM PDT SAT MAY 27 2017


...................................

...THE PASCO WA CLIMATE SUMMARY FOR MAY 26 2017...

CLIMATE NORMAL PERIOD 1981 TO 2010
CLIMATE RECORD PERIOD 1948 TO 2017


WEATHER ITEM   OBSERVED TIME   RECORD YEAR NORMAL DEPARTURE LAST
                VALUE   (LST)  VALUE       VALUE  FROM      YEAR
                                                  NORMAL
..................................................................
TEMPERATURE (F)
 YESTERDAY
  MAXIMUM         84    337 PM 100    1947  78      6       75
                                      1936
  MINIMUM         41    443 AM  35    1999  49     -8       53
  AVERAGE         63                        64     -1       64

PRECIPITATION (IN)
  YESTERDAY        0.00          0.42 1980   0.03  -0.03     0.00
  MONTH TO DATE    0.48                      0.57  -0.09     1.52
  SINCE OCT 1      9.44                      7.04   2.40     7.31
  SINCE JAN 1      5.67                      4.09   1.58     4.55

SNOWFALL (IN)
  YESTERDAY        0.0
  SNOW DEPTH       0

DEGREE DAYS
 HEATING
  YESTERDAY        2                         3     -1        1
  MONTH TO DATE  154                       151      3       61
  SINCE MAR 1   1059                      1092    -33      782
  SINCE JUL 1   5381                      4975    406     4300

 COOLING
  YESTERDAY        0                         2     -2        0
  MONTH TO DATE   19                        22     -3       28
  SINCE MAR 1     19                        23     -4       32
  SINCE JAN 1     19                        23     -4       32
..................................................................


WIND (MPH)
  RESULTANT WIND SPEED   1   RESULTANT WIND DIRECTION  NE (50)
  HIGHEST WIND SPEED    10   HIGHEST WIND DIRECTION     S (170)
  HIGHEST GUST SPEED    15   HIGHEST GUST DIRECTION     W (270)


SKY COVER
  POSSIBLE SUNSHINE  MM
  AVERAGE SKY COVER 0.0


WEATHER CONDITIONS
 THE FOLLOWING WEATHER WAS RECORDED YESTERDAY.
  NO SIGNIFICANT WEATHER WAS OBSERVED.


RELATIVE HUMIDITY (PERCENT)
 HIGHEST    96
 LOWEST     22
 AVERAGE    59

..........................................................


THE PASCO WA CLIMATE NORMALS FOR TODAY
                         NORMAL    RECORD    YEAR
 MAXIMUM TEMPERATURE (F)   78        96      1944
 MINIMUM TEMPERATURE (F)   50        35      1918


SUNRISE AND SUNSET
MAY 27 2017...........SUNRISE   511 AM PDT   SUNSET   837 PM PDT
MAY 28 2017...........SUNRISE   511 AM PDT   SUNSET   837 PM PDT


-  INDICATES NEGATIVE NUMBERS.
R  INDICATES RECORD WAS SET OR TIED.
MM INDICATES DATA IS MISSING.
T  INDICATES TRACE AMOUNT.

$$
