000
CDUS46 KPDT 200937
CLIPSC

CLIMATE REPORT
NATIONAL WEATHER SERVICE PENDLETON OR
237 AM PDT MON OCT 20 2014


...................................

...THE PASCO WA CLIMATE SUMMARY FOR OCTOBER 19 2014...

CLIMATE NORMAL PERIOD 1981 TO 2010
CLIMATE RECORD PERIOD 1948 TO 2014


WEATHER ITEM   OBSERVED TIME   RECORD YEAR NORMAL DEPARTURE LAST
                VALUE   (LST)  VALUE       VALUE  FROM      YEAR
                                                  NORMAL
..................................................................
TEMPERATURE (F)
 YESTERDAY
  MAXIMUM         71    322 PM  78    1992  64      7       64
  MINIMUM         44    620 AM  26    1998  37      7       29
  AVERAGE         58                        51      7       47

PRECIPITATION (IN)
  YESTERDAY        0.00          0.23 1990   0.02  -0.02     0.00
  MONTH TO DATE    0.20                      0.41  -0.21     0.03
  SINCE OCT 1      0.20                      0.41  -0.21     0.03
  SINCE JAN 1      3.31                      6.29  -2.98     4.34

SNOWFALL (IN)
  YESTERDAY        0.0
  SNOW DEPTH       0

DEGREE DAYS
 HEATING
  YESTERDAY        7                        14     -7       18
  MONTH TO DATE  102                       208   -106      275
  SINCE SEP 1    144                       307   -163      343
  SINCE JUL 1    144                       319   -175      343

 COOLING
  YESTERDAY        0                         0      0        0
  MONTH TO DATE   11                         0     11        0
  SINCE SEP 1     73                        52     21      133
  SINCE JAN 1    991                       709    282      995
..................................................................


WIND (MPH)
  RESULTANT WIND SPEED   4   RESULTANT WIND DIRECTION  NW (330)
  HIGHEST WIND SPEED     9   HIGHEST WIND DIRECTION    NW (330)
  HIGHEST GUST SPEED    11   HIGHEST GUST DIRECTION     N (340)


SKY COVER
  POSSIBLE SUNSHINE  MM
  AVERAGE SKY COVER 0.0


WEATHER CONDITIONS
THE FOLLOWING WEATHER WAS RECORDED YESTERDAY.
  FOG


RELATIVE HUMIDITY (PERCENT)
 HIGHEST   100
 LOWEST     57
 AVERAGE    79

..........................................................


THE PASCO WA CLIMATE NORMALS FOR TODAY
                         NORMAL    RECORD    YEAR
 MAXIMUM TEMPERATURE (F)   64        78      2003
 MINIMUM TEMPERATURE (F)   37        26      1996


SUNRISE AND SUNSET
OCTOBER 20 2014.......SUNRISE   721 AM PDT   SUNSET   601 PM PDT
OCTOBER 21 2014.......SUNRISE   722 AM PDT   SUNSET   559 PM PDT


-  INDICATES NEGATIVE NUMBERS.
R  INDICATES RECORD WAS SET OR TIED.
MM INDICATES DATA IS MISSING.
T  INDICATES TRACE AMOUNT.

$$
