771
CDUS46 KPDT 230927
CLIPSC

CLIMATE REPORT
NATIONAL WEATHER SERVICE PENDLETON OR
106 AM PST THU NOV 23 2017


...................................

...THE PASCO WA CLIMATE SUMMARY FOR NOVEMBER 22 2017...

CLIMATE NORMAL PERIOD 1981 TO 2010
CLIMATE RECORD PERIOD 1948 TO 2017


WEATHER ITEM   OBSERVED TIME   RECORD YEAR NORMAL DEPARTURE LAST
                VALUE   (LST)  VALUE       VALUE  FROM      YEAR
                                                  NORMAL
..................................................................
TEMPERATURE (F)
 YESTERDAY
  MAXIMUM         49    343 PM  68    1933  47      2       46
  MINIMUM         43   1250 AM   9    2013  31     12       28
  AVERAGE         46                        39      7       37

PRECIPITATION (IN)
  YESTERDAY        0.03          0.62 1909   0.04  -0.01      T
  MONTH TO DATE    1.09                      0.76   0.33     0.42
  SINCE OCT 1      1.76                      1.41   0.35     3.00
  SINCE JAN 1      8.11                      7.29   0.82     8.62

SNOWFALL (IN)
  YESTERDAY       MM
  SNOW DEPTH       0

DEGREE DAYS
 HEATING
  YESTERDAY       19                        26     -7       28
  MONTH TO DATE  485                       490     -5      377
  SINCE SEP 1    986                       996    -10      785
  SINCE JUL 1    986                      1008    -22      785

 COOLING
  YESTERDAY        0                         0      0        0
  MONTH TO DATE    0                         0      0        0
  SINCE SEP 1    103                        53     50       27
  SINCE JAN 1    981                       710    271      778
..................................................................


WIND (MPH)
  RESULTANT WIND SPEED   2   RESULTANT WIND DIRECTION  NW (300)
  HIGHEST WIND SPEED     9   HIGHEST WIND DIRECTION    NW (300)
  HIGHEST GUST SPEED    16   HIGHEST GUST DIRECTION    NW (300)


SKY COVER
  POSSIBLE SUNSHINE  MM
  AVERAGE SKY COVER 0.7


WEATHER CONDITIONS
 THE FOLLOWING WEATHER WAS RECORDED YESTERDAY.
  LIGHT RAIN
  FOG


RELATIVE HUMIDITY (PERCENT)
 HIGHEST   100
 LOWEST     86
 AVERAGE    93

..........................................................


THE PASCO WA CLIMATE NORMALS FOR TODAY
                         NORMAL    RECORD    YEAR
 MAXIMUM TEMPERATURE (F)   46        71      1959
                                             1933
 MINIMUM TEMPERATURE (F)   31        -8      1985


SUNRISE AND SUNSET
NOVEMBER 23 2017......SUNRISE   709 AM PST   SUNSET   416 PM PST
NOVEMBER 24 2017......SUNRISE   710 AM PST   SUNSET   416 PM PST


-  INDICATES NEGATIVE NUMBERS.
R  INDICATES RECORD WAS SET OR TIED.
MM INDICATES DATA IS MISSING.
T  INDICATES TRACE AMOUNT.




$$
