000
CDUS46 KPDT 210844 RRB
CLIPSC

CLIMATE REPORT
NATIONAL WEATHER SERVICE PENDLETON OR
1233 AM PST TUE FEB 21 2017


...................................

...THE PASCO WA CLIMATE SUMMARY FOR FEBRUARY 20 2017...

CLIMATE NORMAL PERIOD 1981 TO 2010
CLIMATE RECORD PERIOD 1948 TO 2017


WEATHER ITEM   OBSERVED TIME   RECORD YEAR NORMAL DEPARTURE LAST
                VALUE   (LST)  VALUE       VALUE  FROM      YEAR
                                                  NORMAL
..................................................................
TEMPERATURE (F)
 YESTERDAY
  MAXIMUM         54    337 PM  74    1995  51      3       54
  MINIMUM         34   1233 AM  13    2006  29      5       30
  AVERAGE         44                        40      4       42

PRECIPITATION (IN)
  YESTERDAY        0.10          0.56 1992   0.03   0.07     0.00
  MONTH TO DATE    1.06                      0.63   0.43     0.33
  SINCE OCT 1      5.78                      4.80   0.98     4.28
  SINCE JAN 1      2.01                      1.85   0.16     1.52

SNOWFALL (IN)
  YESTERDAY        0.0
  SNOW DEPTH       0

DEGREE DAYS
 HEATING
  YESTERDAY       21                        25     -4       23
  MONTH TO DATE  675                       538    137      423
  SINCE DEC 1   3156                      2460    696     2222
  SINCE JUL 1   4102                      3689    413     3324

 COOLING
  YESTERDAY        0                         0      0        0
  MONTH TO DATE    0                         0      0        0
  SINCE DEC 1      0                         0      0        0
  SINCE JAN 1      0                         0      0        0
..................................................................


WIND (MPH)
  RESULTANT WIND SPEED   4   RESULTANT WIND DIRECTION   W (290)
  HIGHEST WIND SPEED    23   HIGHEST WIND DIRECTION     W (290)
  HIGHEST GUST SPEED    27   HIGHEST GUST DIRECTION     W (290)


SKY COVER
  POSSIBLE SUNSHINE  MM
  AVERAGE SKY COVER 0.7


WEATHER CONDITIONS
 THE FOLLOWING WEATHER WAS RECORDED YESTERDAY.
  RAIN
  LIGHT RAIN
  FOG


RELATIVE HUMIDITY (PERCENT)
 HIGHEST    92
 LOWEST     50
 AVERAGE    71

..........................................................


THE PASCO WA CLIMATE NORMALS FOR TODAY
                         NORMAL    RECORD    YEAR
 MAXIMUM TEMPERATURE (F)   51        68      1995
 MINIMUM TEMPERATURE (F)   29        10      1993


SUNRISE AND SUNSET
FEBRUARY 21 2017......SUNRISE   649 AM PST   SUNSET   532 PM PST
FEBRUARY 22 2017......SUNRISE   647 AM PST   SUNSET   533 PM PST


-  INDICATES NEGATIVE NUMBERS.
R  INDICATES RECORD WAS SET OR TIED.
MM INDICATES DATA IS MISSING.
T  INDICATES TRACE AMOUNT.




$$
