000
CDUS41 KALY 180623
CLIPSF


CLIMATE REPORT
NATIONAL WEATHER SERVICE ALBANY NY
122 AM EST MON DEC 18 2017


...................................

...THE PITTSFIELD MA CLIMATE SUMMARY FOR DECEMBER 17 2017...

CLIMATE NORMAL PERIOD 1981 TO 2010
CLIMATE RECORD PERIOD 9999 TO 9999


WEATHER ITEM   OBSERVED TIME   NORMAL DEPARTURE LAST
                VALUE   (LST)  VALUE  FROM      YEAR
                                      NORMAL
......................................................
TEMPERATURE (F)
 YESTERDAY
  MAXIMUM         24   1248 PM  33     -9       32
  MINIMUM          3    735 AM  19    -16       11
  AVERAGE         14            26    -12       22

PRECIPITATION (IN)
  YESTERDAY        0.00          0.09  -0.09     0.44
  MONTH TO DATE    1.29          1.68  -0.39     1.65
  SINCE DEC 1      1.29          1.68  -0.39     1.65
  SINCE JAN 1     40.78         44.06  -3.28    33.59

DEGREE DAYS
 HEATING
  YESTERDAY       51            39     12       43
  MONTH TO DATE  624           609     15      643
  SINCE DEC 1    624           609     15      643
  SINCE JUL 1   1949          2260   -311     2050

 COOLING
  YESTERDAY        0             0      0        0
  MONTH TO DATE    0             0      0        0
  SINCE DEC 1      0             0      0        0
  SINCE JAN 1    351           290     61      432
......................................................


WIND (MPH)
  HIGHEST WIND SPEED    16   HIGHEST WIND DIRECTION    NW (310)
  HIGHEST GUST SPEED    21   HIGHEST GUST DIRECTION    NW (320)
  AVERAGE WIND SPEED     4.3


SKY COVER
  AVERAGE SKY COVER 0.1



RELATIVE HUMIDITY (PERCENT)
 HIGHEST    88
 LOWEST     44
 AVERAGE    66

..........................................................


THE PITTSFIELD MA CLIMATE NORMALS FOR TODAY
                         NORMAL
 MAXIMUM TEMPERATURE (F)   33
 MINIMUM TEMPERATURE (F)   19


SUNRISE AND SUNSET
DECEMBER 18 2017......SUNRISE   718 AM EST   SUNSET   422 PM EST
DECEMBER 19 2017......SUNRISE   718 AM EST   SUNSET   423 PM EST


-  INDICATES NEGATIVE NUMBERS.
R  INDICATES RECORD WAS SET OR TIED.
MM INDICATES DATA IS MISSING.
T  INDICATES TRACE AMOUNT.




$$
