000
CDUS41 KALY 050622
CLIPSF


CLIMATE REPORT
NATIONAL WEATHER SERVICE ALBANY NY
221 AM EDT SAT SEP 5 2015


...................................

...THE PITTSFIELD MA CLIMATE SUMMARY FOR SEPTEMBER 4 2015...

CLIMATE NORMAL PERIOD 1981 TO 2010
CLIMATE RECORD PERIOD 9999 TO 9999


WEATHER ITEM   OBSERVED TIME   NORMAL DEPARTURE LAST
                VALUE   (LST)  VALUE  FROM      YEAR
                                      NORMAL
......................................................
TEMPERATURE (F)
 YESTERDAY
  MAXIMUM         77    343 PM  74      3       80
  MINIMUM         57   1159 PM  52      5       51
  AVERAGE         67            63      4       66

PRECIPITATION (IN)
  YESTERDAY        0.00          0.11  -0.11     0.00
  MONTH TO DATE    0.00          0.40  -0.40     0.77
  SINCE SEP 1      0.00          0.40  -0.40     0.77
  SINCE JAN 1     27.24         30.18  -2.94    31.69

DEGREE DAYS
 HEATING
  YESTERDAY        0             4     -4        0
  MONTH TO DATE    0            13    -13        0
  SINCE SEP 1      0            13    -13        0
  SINCE JUL 1     28            91    -63       73

 COOLING
  YESTERDAY        2             1      1        1
  MONTH TO DATE   19             7     12       20
  SINCE SEP 1     19             7     12       20
  SINCE JAN 1    327           277     50      219
......................................................


WIND (MPH)
  HIGHEST WIND SPEED    14   HIGHEST WIND DIRECTION    NE (60)
  HIGHEST GUST SPEED    19   HIGHEST GUST DIRECTION    NE (60)
  AVERAGE WIND SPEED     4.5


SKY COVER
  AVERAGE SKY COVER 0.3



RELATIVE HUMIDITY (PERCENT)
 HIGHEST    93
 LOWEST     58
 AVERAGE    76

..........................................................


THE PITTSFIELD MA CLIMATE NORMALS FOR TODAY
                         NORMAL
 MAXIMUM TEMPERATURE (F)   73
 MINIMUM TEMPERATURE (F)   52


SUNRISE AND SUNSET
SEPTEMBER  5 2015.....SUNRISE   622 AM EDT   SUNSET   721 PM EDT
SEPTEMBER  6 2015.....SUNRISE   623 AM EDT   SUNSET   719 PM EDT


-  INDICATES NEGATIVE NUMBERS.
R  INDICATES RECORD WAS SET OR TIED.
MM INDICATES DATA IS MISSING.
T  INDICATES TRACE AMOUNT.




$$
