000
CDUS46 KSGX 261517
CLIPSP


CLIMATE REPORT
NATIONAL WEATHER SERVICE SAN DIEGO, CA
717 AM PST SUN FEB 26 2017


...................................

...THE PALM SPRINGS INTL AIRPORT CA CLIMATE SUMMARY FOR FEBRUARY 25 2017...

CLIMATE NORMAL PERIOD 1981 TO 2010
CLIMATE RECORD PERIOD 1893 TO 2017


WEATHER ITEM   OBSERVED TIME   RECORD YEAR NORMAL DEPARTURE LAST
                VALUE   (LST)  VALUE       VALUE  FROM      YEAR
                                                  NORMAL
..................................................................
TEMPERATURE (F)
 YESTERDAY
  MAXIMUM         67    348 PM  95    1986  75     -8       84
  MINIMUM         43    547 AM  28    1953  50     -7       52
  AVERAGE         55                        62     -7       68

PRECIPITATION (IN)
  YESTERDAY        0.00          0.70 1913   0.04  -0.04     0.00
  MONTH TO DATE    0.48                      0.92  -0.44      T
  SINCE OCT 1      5.80                      3.77   2.03     2.45
  SINCE JAN 1      4.01                      1.92   2.09     2.26

DEGREE DAYS
 HEATING
  YESTERDAY       10                         4      6        0
  MONTH TO DATE   63                       141    -78       56
  SINCE DEC 1    575                       672    -97      603
  SINCE JUL 1    636                       768   -132      710

 COOLING
  YESTERDAY        0                         1     -1        3
  MONTH TO DATE   45                        24     21      117
  SINCE DEC 1     46                        36     10      117
  SINCE JAN 1     45                        32     13      117
..................................................................


WIND (MPH)
  RESULTANT WIND SPEED   1   RESULTANT WIND DIRECTION   E (80)
  HIGHEST WIND SPEED    18   HIGHEST WIND DIRECTION    NW (320)
  HIGHEST GUST SPEED    24   HIGHEST GUST DIRECTION    NW (320)
  AVERAGE WIND SPEED     4.7


SKY COVER
  POSSIBLE SUNSHINE  MM
  AVERAGE SKY COVER 0.1


WEATHER CONDITIONS
 THE FOLLOWING WEATHER WAS RECORDED YESTERDAY.
  NO SIGNIFICANT WEATHER WAS OBSERVED.


RELATIVE HUMIDITY (PERCENT)
 HIGHEST    76           500 AM
 LOWEST     29           300 PM
 AVERAGE    53

..........................................................


THE PALM SPRINGS INTL AIRPORT CA CLIMATE NORMALS FOR TODAY
                         NORMAL    RECORD    YEAR
 MAXIMUM TEMPERATURE (F)   75        99      1986
 MINIMUM TEMPERATURE (F)   50        33      1987


SUNRISE AND SUNSET
FEBRUARY 26 2017......SUNRISE   618 AM PST   SUNSET   540 PM PST
FEBRUARY 27 2017......SUNRISE   617 AM PST   SUNSET   541 PM PST


-  INDICATES NEGATIVE NUMBERS.
R  INDICATES RECORD WAS SET OR TIED.
MM INDICATES DATA IS MISSING.
T  INDICATES TRACE AMOUNT.




$$
