000
CDUS46 KSGX 301419
CLIPSP


CLIMATE REPORT
NATIONAL WEATHER SERVICE SAN DIEGO, CA
619 AM PST FRI JAN 30 2015


...................................

...THE PALM SPRINGS INTL AIRPORT CA CLIMATE SUMMARY FOR JANUARY 29 2015...

CLIMATE NORMAL PERIOD 1981 TO 2010
CLIMATE RECORD PERIOD 1893 TO 2015


WEATHER ITEM   OBSERVED TIME   RECORD YEAR NORMAL DEPARTURE LAST
                VALUE   (LST)  VALUE       VALUE  FROM      YEAR
                                                  NORMAL
..................................................................
TEMPERATURE (F)
 YESTERDAY
  MAXIMUM         76    228 PM  89    1971  70      6       81
  MINIMUM         61    451 AM  26    1948  47     14       53
  AVERAGE         69                        58     11       67

PRECIPITATION (IN)
  YESTERDAY        T             2.02 1980   0.02  -0.02     0.00
  MONTH TO DATE    0.12                      0.97  -0.85     0.00
  SINCE OCT 1      0.99                      2.82  -1.83     0.18
  SINCE JAN 1      0.12                      0.97  -0.85     0.00

SNOWFALL (IN)
  YESTERDAY        0.0
  MONTH TO DATE    0.0
  SINCE JAN 1      0.0
  SINCE JUL 1      0.0
  SNOW DEPTH       0

DEGREE DAYS
 HEATING
  YESTERDAY        0                         7     -7        0
  MONTH TO DATE  112                       227   -115       68
  SINCE DEC 1    327                       517   -190      288
  SINCE JUL 1    360                       613   -253      349

 COOLING
  YESTERDAY        4                         0      4        2
  MONTH TO DATE   18                         0     18       37
  SINCE DEC 1     42                         4     38       41
  SINCE JAN 1     18                         0     18       37
..................................................................


WIND (MPH)
  RESULTANT WIND SPEED   4   RESULTANT WIND DIRECTION   W (290)
  HIGHEST WIND SPEED    10   HIGHEST WIND DIRECTION    NW (330)
  HIGHEST GUST SPEED    13   HIGHEST GUST DIRECTION    NW (320)
  AVERAGE WIND SPEED     4.4


SKY COVER
  POSSIBLE SUNSHINE  MM
  AVERAGE SKY COVER 0.6


WEATHER CONDITIONS
 THE FOLLOWING WEATHER WAS RECORDED YESTERDAY.
  LIGHT RAIN


RELATIVE HUMIDITY (PERCENT)
 HIGHEST    60           300 AM
 LOWEST     25           200 PM
 AVERAGE    43

..........................................................


THE PALM SPRINGS INTL AIRPORT CA CLIMATE NORMALS FOR TODAY
                         NORMAL    RECORD    YEAR
 MAXIMUM TEMPERATURE (F)   70        91      1971
 MINIMUM TEMPERATURE (F)   47        26      1949


SUNRISE AND SUNSET
JANUARY 30 2015.......SUNRISE   644 AM PST   SUNSET   515 PM PST
JANUARY 31 2015.......SUNRISE   643 AM PST   SUNSET   516 PM PST


-  INDICATES NEGATIVE NUMBERS.
R  INDICATES RECORD WAS SET OR TIED.
MM INDICATES DATA IS MISSING.
T  INDICATES TRACE AMOUNT.




$$
