000
CDUS46 KSGX 250016
CLIPSP


CLIMATE REPORT
NATIONAL WEATHER SERVICE SAN DIEGO, CA
516 PM PDT THU APR 24 2014


...................................

...THE PALM SPRINGS INTL AIRPORT CA CLIMATE SUMMARY FOR APRIL 24 2014...
VALID TODAY AS OF 0500 PM LOCAL TIME.

CLIMATE NORMAL PERIOD 1981 TO 2010
CLIMATE RECORD PERIOD 1893 TO 2014


WEATHER ITEM   OBSERVED TIME   RECORD YEAR NORMAL DEPARTURE LAST
                VALUE   (LST)  VALUE       VALUE  FROM      YEAR
                                                  NORMAL
..................................................................
TEMPERATURE (F)
 TODAY
  MAXIMUM         91    315 PM 102    1996  87      4       90
                                      1949
                                      1946
  MINIMUM         59    514 AM  43    1960  59      0       64
  AVERAGE         75                        73      2       77

PRECIPITATION (IN)
  TODAY            0.00          0.07 2002   0.00   0.00     0.00
  MONTH TO DATE    T                         0.09  -0.09     0.00
  SINCE JUL 1      1.96                      5.53  -3.57     2.19
  SINCE JAN 1      0.70                      2.73  -2.03     0.97

SNOWFALL (IN)
  TODAY            0.0
  MONTH TO DATE    0.0
  SINCE JAN 1      0.0
  SINCE JUL 1      0.0
  SNOW DEPTH       0

DEGREE DAYS
 HEATING
  TODAY            0                         0      0        0
  MONTH TO DATE    8                        17     -9        0
  SINCE MAR 1     20                        90    -70       22
  SINCE JUL 1    431                       868   -437      760

 COOLING
  TODAY           10                         8      2       12
  MONTH TO DATE  243                       145     98      203
  SINCE MAR 1    410                       238    172      423
  SINCE JAN 1    518                       265    253      435
..................................................................


WIND (MPH)
  RESULTANT WIND SPEED   1   RESULTANT WIND DIRECTION   S (160)
  HIGHEST WIND SPEED    13   HIGHEST WIND DIRECTION    SE (130)
  HIGHEST GUST SPEED    19   HIGHEST GUST DIRECTION    SE (130)
  AVERAGE WIND SPEED     5.3


SKY COVER
  POSSIBLE SUNSHINE  MM
  AVERAGE SKY COVER 0.0


WEATHER CONDITIONS
 THE FOLLOWING WEATHER WAS RECORDED TODAY.
  NO SIGNIFICANT WEATHER WAS OBSERVED.


RELATIVE HUMIDITY (PERCENT)
 HIGHEST    55           500 AM
 LOWEST      7          1100 AM
 AVERAGE    31

..........................................................


THE PALM SPRINGS INTL AIRPORT CA CLIMATE NORMALS FOR TOMORROW
                         NORMAL    RECORD    YEAR
 MAXIMUM TEMPERATURE (F)   87       104      1926
 MINIMUM TEMPERATURE (F)   59        40      1953


SUNRISE AND SUNSET
APRIL 24 2014.........SUNRISE   605 AM PDT   SUNSET   724 PM PDT
APRIL 25 2014.........SUNRISE   603 AM PDT   SUNSET   725 PM PDT


-  INDICATES NEGATIVE NUMBERS.
R  INDICATES RECORD WAS SET OR TIED.
MM INDICATES DATA IS MISSING.
T  INDICATES TRACE AMOUNT.




$$
