000
CDUS46 KSGX 221417
CLIPSP


CLIMATE REPORT
NATIONAL WEATHER SERVICE SAN DIEGO, CA
717 AM PDT WED OCT 22 2014


...................................

...THE PALM SPRINGS INTL AIRPORT CA CLIMATE SUMMARY FOR OCTOBER 21 2014...

CLIMATE NORMAL PERIOD 1981 TO 2010
CLIMATE RECORD PERIOD 1893 TO 2014


WEATHER ITEM   OBSERVED TIME   RECORD YEAR NORMAL DEPARTURE LAST
                VALUE   (LST)  VALUE       VALUE  FROM      YEAR
                                                  NORMAL
..................................................................
TEMPERATURE (F)
 YESTERDAY
  MAXIMUM         95    234 PM 104    2003  87      8       90
                                      1939
  MINIMUM         67    628 AM  39    1949  61      6       60
  AVERAGE         81                        74      7       75

PRECIPITATION (IN)
  YESTERDAY        0.00          0.05 1978   0.02  -0.02     0.00
  MONTH TO DATE    0.00                      0.27  -0.27     0.07
  SINCE JUL 1      1.19                      1.22  -0.03     1.15
  SINCE JAN 1      1.94                      4.16  -2.22     2.12

SNOWFALL (IN)
  YESTERDAY        0.0
  MONTH TO DATE    0.0
  SINCE JAN 1      0.0
  SINCE JUL 1      0.0
  SNOW DEPTH       0

DEGREE DAYS
 HEATING
  YESTERDAY        0                         0      0        0
  MONTH TO DATE    0                         0      0        6
  SINCE SEP 1      0                         0      0        6
  SINCE JUL 1      0                         0      0        6

 COOLING
  YESTERDAY       16                         9      7       10
  MONTH TO DATE  367                       260    107      200
  SINCE SEP 1   1128                       902    226      869
  SINCE JAN 1   4725                      3986    739     4365
..................................................................


WIND (MPH)
  RESULTANT WIND SPEED   2   RESULTANT WIND DIRECTION  NW (320)
  HIGHEST WIND SPEED    16   HIGHEST WIND DIRECTION    NW (330)
  HIGHEST GUST SPEED    19   HIGHEST GUST DIRECTION    NW (330)
  AVERAGE WIND SPEED     4.3


SKY COVER
  POSSIBLE SUNSHINE  MM
  AVERAGE SKY COVER 0.0


WEATHER CONDITIONS
 THE FOLLOWING WEATHER WAS RECORDED YESTERDAY.
  NO SIGNIFICANT WEATHER WAS OBSERVED.


RELATIVE HUMIDITY (PERCENT)
 HIGHEST    61           200 AM
 LOWEST     12           300 PM
 AVERAGE    37

..........................................................


THE PALM SPRINGS INTL AIRPORT CA CLIMATE NORMALS FOR TODAY
                         NORMAL    RECORD    YEAR
 MAXIMUM TEMPERATURE (F)   87       105      2003
                                             1939
 MINIMUM TEMPERATURE (F)   60        43      1957


SUNRISE AND SUNSET
OCTOBER 22 2014.......SUNRISE   657 AM PDT   SUNSET   604 PM PDT
OCTOBER 23 2014.......SUNRISE   657 AM PDT   SUNSET   603 PM PDT


-  INDICATES NEGATIVE NUMBERS.
R  INDICATES RECORD WAS SET OR TIED.
MM INDICATES DATA IS MISSING.
T  INDICATES TRACE AMOUNT.




$$
