000
CDUS46 KSGX 241130
CLIPSP


CLIMATE REPORT
NATIONAL WEATHER SERVICE SAN DIEGO, CA
430 AM PDT WED MAY 24 2017


...................................

...THE PALM SPRINGS INTL AIRPORT CA CLIMATE SUMMARY FOR MAY 23 2017...

CLIMATE NORMAL PERIOD 1981 TO 2010
CLIMATE RECORD PERIOD 1893 TO 2017


WEATHER ITEM   OBSERVED TIME   RECORD YEAR NORMAL DEPARTURE LAST
                VALUE   (LST)  VALUE       VALUE  FROM      YEAR
                                                  NORMAL
..................................................................
TEMPERATURE (F)
 YESTERDAY
  MAXIMUM        111    254 PM 114    2001  95     16       86
  MINIMUM         79    500 AM  49    1960  66     13       61
  AVERAGE         95                        81     14       74

PRECIPITATION (IN)
  YESTERDAY        0.00          0.03 2008   0.01  -0.01     0.00
  MONTH TO DATE    T                         0.12  -0.12     0.02
  SINCE OCT 1      6.97                      4.72   2.25     2.63
  SINCE JAN 1      5.18                      2.87   2.31     2.44

DEGREE DAYS
 HEATING
  YESTERDAY        0                         0      0        0
  MONTH TO DATE    5                         0      5        0
  SINCE MAR 1     24                        94    -70       28
  SINCE JUL 1    684                       872   -188      738

 COOLING
  YESTERDAY       30                        16     14        9
  MONTH TO DATE  330                       303     27      281
  SINCE MAR 1    925                       596    329      748
  SINCE JAN 1    970                       623    347      898
..................................................................


WIND (MPH)
  RESULTANT WIND SPEED   2   RESULTANT WIND DIRECTION  NW (320)
  HIGHEST WIND SPEED    23   HIGHEST WIND DIRECTION    NW (320)
  HIGHEST GUST SPEED    29   HIGHEST GUST DIRECTION    NW (310)
  AVERAGE WIND SPEED     6.6


SKY COVER
  POSSIBLE SUNSHINE  MM
  AVERAGE SKY COVER 0.0


WEATHER CONDITIONS
 THE FOLLOWING WEATHER WAS RECORDED YESTERDAY.
  NO SIGNIFICANT WEATHER WAS OBSERVED.


RELATIVE HUMIDITY (PERCENT)
 HIGHEST    36           300 AM
 LOWEST      5           100 PM
 AVERAGE    21

..........................................................


THE PALM SPRINGS INTL AIRPORT CA CLIMATE NORMALS FOR TODAY
                         NORMAL    RECORD    YEAR
 MAXIMUM TEMPERATURE (F)   96       115      1952
 MINIMUM TEMPERATURE (F)   67        48      1960


SUNRISE AND SUNSET
MAY 24 2017...........SUNRISE   539 AM PDT   SUNSET   747 PM PDT
MAY 25 2017...........SUNRISE   539 AM PDT   SUNSET   748 PM PDT


-  INDICATES NEGATIVE NUMBERS.
R  INDICATES RECORD WAS SET OR TIED.
MM INDICATES DATA IS MISSING.
T  INDICATES TRACE AMOUNT.




$$
