000
CDUS46 KSGX 281421
CLIPSP


CLIMATE REPORT
NATIONAL WEATHER SERVICE SAN DIEGO, CA
719 AM PDT SAT MAY 28 2016


...................................

...THE PALM SPRINGS INTL AIRPORT CA CLIMATE SUMMARY FOR MAY 27 2016...

CLIMATE NORMAL PERIOD 1981 TO 2010
CLIMATE RECORD PERIOD 1893 TO 2016


WEATHER ITEM   OBSERVED TIME   RECORD YEAR NORMAL DEPARTURE LAST
                VALUE   (LST)  VALUE       VALUE  FROM      YEAR
                                                  NORMAL
..................................................................
TEMPERATURE (F)
 YESTERDAY
  MAXIMUM         96        MM 112    1968  97     -1       96
  MINIMUM         MM        MM  48    1953  67     MM       66
  AVERAGE         MM                        82     MM       81

PRECIPITATION (IN)
  YESTERDAY        0.00          0.11 1981   0.00   0.00     0.00
  MONTH TO DATE    0.02                      0.12  -0.10     0.12
  SINCE OCT 1      2.63                      4.72  -2.09     2.21
  SINCE JAN 1      2.44                      2.87  -0.43     1.34

DEGREE DAYS
 HEATING
  YESTERDAY       MM                         0     MM        0
  MONTH TO DATE    0                         0      0        6
  SINCE MAR 1     28                        94    -66       36
  SINCE JUL 1    738                       872   -134      407

 COOLING
  YESTERDAY       MM                        17     MM       16
  MONTH TO DATE  310                       369    -59      266
  SINCE MAR 1    777                       662    115      857
  SINCE JAN 1    927                       689    238      977
..................................................................


WIND (MPH)
  RESULTANT WIND SPEED   4   RESULTANT WIND DIRECTION   N (350)
  HIGHEST WIND SPEED    21   HIGHEST WIND DIRECTION    NW (330)
  HIGHEST GUST SPEED    27   HIGHEST GUST DIRECTION    NW (320)
  AVERAGE WIND SPEED     8.3


SKY COVER
  POSSIBLE SUNSHINE  MM
  AVERAGE SKY COVER 0.1


WEATHER CONDITIONS
 THE FOLLOWING WEATHER WAS RECORDED YESTERDAY.
  NO SIGNIFICANT WEATHER WAS OBSERVED.


RELATIVE HUMIDITY (PERCENT)
 HIGHEST    47           700 AM
 LOWEST     12           200 PM
 AVERAGE    30

..........................................................


THE PALM SPRINGS INTL AIRPORT CA CLIMATE NORMALS FOR TODAY
                         NORMAL    RECORD    YEAR
 MAXIMUM TEMPERATURE (F)   97       116      1983
 MINIMUM TEMPERATURE (F)   67        49      1929


SUNRISE AND SUNSET
MAY 28 2016...........SUNRISE   537 AM PDT   SUNSET   750 PM PDT
MAY 29 2016...........SUNRISE   537 AM PDT   SUNSET   750 PM PDT


-  INDICATES NEGATIVE NUMBERS.
R  INDICATES RECORD WAS SET OR TIED.
MM INDICATES DATA IS MISSING.
T  INDICATES TRACE AMOUNT.




$$
