000
CDUS46 KSGX 181234
CLIPSP


CLIMATE REPORT
NATIONAL WEATHER SERVICE SAN DIEGO, CA
434 AM PST MON DEC 18 2017


...................................

...THE PALM SPRINGS INTL AIRPORT CA CLIMATE SUMMARY FOR DECEMBER 17 2017...

CLIMATE NORMAL PERIOD 1981 TO 2010
CLIMATE RECORD PERIOD 1893 TO 2017


WEATHER ITEM   OBSERVED TIME   RECORD YEAR NORMAL DEPARTURE LAST
                VALUE   (LST)  VALUE       VALUE  FROM      YEAR
                                                  NORMAL
..................................................................
TEMPERATURE (F)
 YESTERDAY
  MAXIMUM         70    218 PM  86    1998  66      4       64
                                      1950
  MINIMUM         56    940 PM  30    1945  44     12       44
  AVERAGE         63                        55      8       54

PRECIPITATION (IN)
  YESTERDAY        0.00          1.62 2008   0.02  -0.02      T
  MONTH TO DATE    0.00                      0.37  -0.37     0.07
  SINCE OCT 1      T                         1.34  -1.34     0.36
  SINCE JAN 1      7.17                      5.23   1.94     3.72

DEGREE DAYS
 HEATING
  YESTERDAY        2                        10     -8       11
  MONTH TO DATE   15                       153   -138       75
  SINCE DEC 1     15                       153   -138       75
  SINCE JUL 1     15                       249   -234      136

 COOLING
  YESTERDAY        0                         0      0        0
  MONTH TO DATE   29                         0     29        1
  SINCE DEC 1     29                         0     29        1
  SINCE JAN 1   5220                      4137   1083     4809
..................................................................


WIND (MPH)
  RESULTANT WIND SPEED   9   RESULTANT WIND DIRECTION   N (340)
  HIGHEST WIND SPEED    23   HIGHEST WIND DIRECTION     N (10)
  HIGHEST GUST SPEED    29   HIGHEST GUST DIRECTION    NE (30)
  AVERAGE WIND SPEED     9.7


SKY COVER
  POSSIBLE SUNSHINE  MM
  AVERAGE SKY COVER 0.1


WEATHER CONDITIONS
 THE FOLLOWING WEATHER WAS RECORDED YESTERDAY.
  NO SIGNIFICANT WEATHER WAS OBSERVED.


RELATIVE HUMIDITY (PERCENT)
 HIGHEST    24          1200 AM
 LOWEST     14          1200 PM
 AVERAGE    19

..........................................................


THE PALM SPRINGS INTL AIRPORT CA CLIMATE NORMALS FOR TODAY
                         NORMAL    RECORD    YEAR
 MAXIMUM TEMPERATURE (F)   66        84      1985
 MINIMUM TEMPERATURE (F)   44        31      1968


SUNRISE AND SUNSET
DECEMBER 18 2017......SUNRISE   646 AM PST   SUNSET   440 PM PST
DECEMBER 19 2017......SUNRISE   646 AM PST   SUNSET   440 PM PST


-  INDICATES NEGATIVE NUMBERS.
R  INDICATES RECORD WAS SET OR TIED.
MM INDICATES DATA IS MISSING.
T  INDICATES TRACE AMOUNT.




$$
