000
CDUS45 KPUB 240025
CLIPUB


CLIMATE REPORT
NATIONAL WEATHER SERVICE PUEBLO
625 PM MDT MON OCT 23 2017


...................................

...THE PUEBLO CO CLIMATE SUMMARY FOR OCTOBER 23 2017...
VALID TODAY AS OF 0500 PM LOCAL TIME.

CLIMATE NORMAL PERIOD 1981 TO 2010
CLIMATE RECORD PERIOD 1888 TO 2017


WEATHER ITEM   OBSERVED TIME   RECORD YEAR NORMAL DEPARTURE LAST
                VALUE   (LST)  VALUE       VALUE  FROM      YEAR
                                                  NORMAL
..................................................................
TEMPERATURE (F)
 TODAY
  MAXIMUM         61   1238 AM  92    2003  67     -6       74
  MINIMUM         44    633 AM  16    1906  32     12       42
  AVERAGE         53                        49      4       58

PRECIPITATION (IN)
  TODAY            0.00          1.71 1941   0.03  -0.03     0.00
  MONTH TO DATE    0.20                      0.56  -0.36      T
  SINCE SEP 1      1.40                      1.33   0.07     0.05
  SINCE JAN 1     15.66                     11.56   4.10    10.37

SNOWFALL (IN)
  TODAY            0.0           3.8  1935   0.0    0.0      0.0
  MONTH TO DATE    0.0                       0.7   -0.7      0.0
  SINCE SEP 1      0.0                       1.0   -1.0      0.0
  SINCE JUL 1      0.0                       1.0   -1.0       T
  SNOW DEPTH       0

DEGREE DAYS
 HEATING
  TODAY           12                        16     -4        7
  MONTH TO DATE  215                       272    -57      160
  SINCE SEP 1    302                       365    -63      180
  SINCE JUL 1    302                       370    -68      180

 COOLING
  TODAY            0                         0      0        0
  MONTH TO DATE    0                         0      0       18
  SINCE SEP 1    146                        83     63      190
  SINCE JAN 1   1027                       894    133     1355
..................................................................


WIND (MPH)
  HIGHEST WIND SPEED    22   HIGHEST WIND DIRECTION     E (70)
  HIGHEST GUST SPEED    26   HIGHEST GUST DIRECTION     E (70)
  AVERAGE WIND SPEED     7.6


SKY COVER
  POSSIBLE SUNSHINE  MM
  AVERAGE SKY COVER 0.0


WEATHER CONDITIONS
 THE FOLLOWING WEATHER WAS RECORDED TODAY.
  NO SIGNIFICANT WEATHER WAS OBSERVED.


RELATIVE HUMIDITY (PERCENT)
 HIGHEST    53           700 AM
 LOWEST     23          1200 AM
 AVERAGE    38

..........................................................


THE PUEBLO CO CLIMATE NORMALS FOR TOMORROW
                         NORMAL    RECORD    YEAR
 MAXIMUM TEMPERATURE (F)   67        84      2014
 MINIMUM TEMPERATURE (F)   31        16      1995


SUNRISE AND SUNSET
OCTOBER 23 2017.......SUNRISE   715 AM MDT   SUNSET   609 PM MDT
OCTOBER 24 2017.......SUNRISE   716 AM MDT   SUNSET   608 PM MDT


-  INDICATES NEGATIVE NUMBERS.
R  INDICATES RECORD WAS SET OR TIED.
MM INDICATES DATA IS MISSING.
T  INDICATES TRACE AMOUNT.




$$
