000
CDUS45 KPUB 131038
CLIPUB


CLIMATE REPORT
NATIONAL WEATHER SERVICE PUEBLO
438 AM MDT SUN JUL 13 2014


...................................

...THE PUEBLO CO CLIMATE SUMMARY FOR JULY 12 2014...

CLIMATE NORMAL PERIOD 1981 TO 2010
CLIMATE RECORD PERIOD 1888 TO 2014


WEATHER ITEM   OBSERVED TIME   RECORD YEAR NORMAL DEPARTURE LAST
                VALUE   (LST)  VALUE       VALUE  FROM      YEAR
                                                  NORMAL
..................................................................
TEMPERATURE (F)
 YESTERDAY
  MAXIMUM         93    234 PM 105    1971  94     -1      101
  MINIMUM         64   1106 PM  51    1995  59      5       66
  AVERAGE         79                        76      3       84

PRECIPITATION (IN)
  YESTERDAY        0.15          0.79 1996   0.06   0.09     0.00
  MONTH TO DATE    0.88                      0.67   0.21     0.13
  SINCE JUN 1      1.74                      2.03  -0.29     0.40
  SINCE JAN 1      5.94                      6.52  -0.58     2.33

SNOWFALL (IN)
  YESTERDAY        0.0           0.0  2002   0.0    0.0      0.0
                                      2001
  MONTH TO DATE    0.0                       0.0    0.0      0.0
  SINCE JUN 1      T                         0.0    0.0       T
  SINCE JUL 1      0.0                       0.0    0.0      0.0
  SNOW DEPTH       0

DEGREE DAYS
 HEATING
  YESTERDAY        0                         0      0        0
  MONTH TO DATE    0                         0      0        0
  SINCE JUN 1      3                        25    -22       17
  SINCE JUL 1      0                         0      0        0

 COOLING
  YESTERDAY       14                        11      3       19
  MONTH TO DATE  144                       127     17      151
  SINCE JUN 1    384                       302     82      454
  SINCE JAN 1    436                       336    100      527
..................................................................


WIND (MPH)
  HIGHEST WIND SPEED    45   HIGHEST WIND DIRECTION     N (20)
  HIGHEST GUST SPEED    52   HIGHEST GUST DIRECTION     N (10)
  AVERAGE WIND SPEED    10.6


SKY COVER
  POSSIBLE SUNSHINE  MM
  AVERAGE SKY COVER 0.3


WEATHER CONDITIONS
 THE FOLLOWING WEATHER WAS RECORDED YESTERDAY.
  THUNDERSTORM
  LIGHT RAIN
  HAZE


RELATIVE HUMIDITY (PERCENT)
 HIGHEST    93          1000 PM
 LOWEST     32           200 PM
 AVERAGE    63

..........................................................


THE PUEBLO CO CLIMATE NORMALS FOR TODAY
                         NORMAL    RECORD    YEAR
 MAXIMUM TEMPERATURE (F)   94       109      2003
 MINIMUM TEMPERATURE (F)   59        49      1895


SUNRISE AND SUNSET
JULY 13 2014..........SUNRISE   545 AM MDT   SUNSET   822 PM MDT
JULY 14 2014..........SUNRISE   546 AM MDT   SUNSET   821 PM MDT


-  INDICATES NEGATIVE NUMBERS.
R  INDICATES RECORD WAS SET OR TIED.
MM INDICATES DATA IS MISSING.
T  INDICATES TRACE AMOUNT.




$$
