000
CDUS45 KPUB 011054
CLIPUB


CLIMATE REPORT
NATIONAL WEATHER SERVICE PUEBLO
454 AM MDT MON SEP 1 2014


...................................

...THE PUEBLO CO CLIMATE SUMMARY FOR AUGUST 31 2014...

CLIMATE NORMAL PERIOD 1981 TO 2010
CLIMATE RECORD PERIOD 1888 TO 2014


WEATHER ITEM   OBSERVED TIME   RECORD YEAR NORMAL DEPARTURE LAST
                VALUE   (LST)  VALUE       VALUE  FROM      YEAR
                                                  NORMAL
..................................................................
TEMPERATURE (F)
 YESTERDAY
  MAXIMUM         95   1248 PM 101    1985  87      8       92
  MINIMUM         54    531 AM  42    1993  54      0       68
  AVERAGE         75                        71      4       80

PRECIPITATION (IN)
  YESTERDAY        0.00          0.94 1902   0.06  -0.06      T
  MONTH TO DATE    1.26                      2.32  -1.06     3.92
  SINCE JUN 1      5.40                      5.74  -0.34     5.87
  SINCE JAN 1      9.60                     10.23  -0.63     7.80

SNOWFALL (IN)
  YESTERDAY        0.0           0.0  2002   0.0    0.0      0.0
  MONTH TO DATE    0.0                       0.0    0.0      0.0
  SINCE JUN 1      T                         0.0    0.0       T
  SINCE JUL 1      0.0                       0.0    0.0       T
  SNOW DEPTH       0

DEGREE DAYS
 HEATING
  YESTERDAY        0                         0      0        0
  MONTH TO DATE    0                         0      0        0
  SINCE JUN 1      4                        30    -26       17
  SINCE JUL 1      1                         5     -4        0

 COOLING
  YESTERDAY       10                         6      4       15
  MONTH TO DATE  262                       266     -4      321
  SINCE JUN 1    823                       777     46      987
  SINCE JAN 1    875                       811     64     1060
..................................................................


WIND (MPH)
  HIGHEST WIND SPEED    32   HIGHEST WIND DIRECTION     N (10)
  HIGHEST GUST SPEED    41   HIGHEST GUST DIRECTION     N (10)
  AVERAGE WIND SPEED     7.5


SKY COVER
  POSSIBLE SUNSHINE  MM
  AVERAGE SKY COVER 0.0


WEATHER CONDITIONS
 THE FOLLOWING WEATHER WAS RECORDED YESTERDAY.
  THUNDERSTORM


RELATIVE HUMIDITY (PERCENT)
 HIGHEST    72           600 AM
 LOWEST     11           200 PM
 AVERAGE    42

..........................................................


THE PUEBLO CO CLIMATE NORMALS FOR TODAY
                         NORMAL    RECORD    YEAR
 MAXIMUM TEMPERATURE (F)   87        99      1995
 MINIMUM TEMPERATURE (F)   54        43      1956


SUNRISE AND SUNSET
SEPTEMBER  1 2014.....SUNRISE   628 AM MDT   SUNSET   728 PM MDT
SEPTEMBER  2 2014.....SUNRISE   628 AM MDT   SUNSET   726 PM MDT


-  INDICATES NEGATIVE NUMBERS.
R  INDICATES RECORD WAS SET OR TIED.
MM INDICATES DATA IS MISSING.
T  INDICATES TRACE AMOUNT.




$$
