000
CDUS45 KPUB 021023
CLIPUB


CLIMATE REPORT
NATIONAL WEATHER SERVICE PUEBLO
423 AM MDT THU OCT 2 2014


...................................

...THE PUEBLO CO CLIMATE SUMMARY FOR OCTOBER 1 2014...

CLIMATE NORMAL PERIOD 1981 TO 2010
CLIMATE RECORD PERIOD 1888 TO 2014


WEATHER ITEM   OBSERVED TIME   RECORD YEAR NORMAL DEPARTURE LAST
                VALUE   (LST)  VALUE       VALUE  FROM      YEAR
                                                  NORMAL
..................................................................
TEMPERATURE (F)
 YESTERDAY
  MAXIMUM         75    243 PM  92    1964  75      0       80
  MINIMUM         42    539 AM  25    1985  40      2       55
  AVERAGE         59                        58      1       68

PRECIPITATION (IN)
  YESTERDAY        T             0.63 1998   0.02  -0.02     0.00
  MONTH TO DATE    T                         0.02  -0.02     0.00
  SINCE SEP 1      0.62                      0.79  -0.17     1.27
  SINCE JAN 1     10.22                     11.02  -0.80     9.07

SNOWFALL (IN)
  YESTERDAY        0.0           3.1  1959   0.0    0.0      0.0
  MONTH TO DATE    0.0                       0.0    0.0      0.0
  SINCE SEP 1      0.0                       0.3   -0.3      0.0
  SINCE JUL 1      T                         0.3   -0.3       T
  SNOW DEPTH       0

DEGREE DAYS
 HEATING
  YESTERDAY        6                         8     -2        0
  MONTH TO DATE    6                         8     -2        0
  SINCE SEP 1     59                       101    -42       25
  SINCE JUL 1     60                       106    -46       25

 COOLING
  YESTERDAY        0                         0      0        3
  MONTH TO DATE    0                         0      0        3
  SINCE SEP 1    127                        83     44      170
  SINCE JAN 1   1002                       894    108     1230
..................................................................


WIND (MPH)
  HIGHEST WIND SPEED    33   HIGHEST WIND DIRECTION     N (10)
  HIGHEST GUST SPEED    42   HIGHEST GUST DIRECTION     N (10)
  AVERAGE WIND SPEED    11.0


SKY COVER
  POSSIBLE SUNSHINE  MM
  AVERAGE SKY COVER 0.3


WEATHER CONDITIONS
 THE FOLLOWING WEATHER WAS RECORDED YESTERDAY.
  LIGHT RAIN


RELATIVE HUMIDITY (PERCENT)
 HIGHEST    76           500 AM
 LOWEST     21           200 PM
 AVERAGE    49

..........................................................


THE PUEBLO CO CLIMATE NORMALS FOR TODAY
                         NORMAL    RECORD    YEAR
 MAXIMUM TEMPERATURE (F)   75        91      1979
 MINIMUM TEMPERATURE (F)   40        25      2009


SUNRISE AND SUNSET
OCTOBER  2 2014.......SUNRISE   655 AM MDT   SUNSET   639 PM MDT
OCTOBER  3 2014.......SUNRISE   656 AM MDT   SUNSET   638 PM MDT


-  INDICATES NEGATIVE NUMBERS.
R  INDICATES RECORD WAS SET OR TIED.
MM INDICATES DATA IS MISSING.
T  INDICATES TRACE AMOUNT.




$$
