000
CDUS46 KOTX 280830
CLIPUW


CLIMATE REPORT
NATIONAL WEATHER SERVICE SPOKANE, WA
1230 AM PST FRI NOV 28 2014


...................................

...THE PULLMAN-MOSCOW  AIRPORT CLIMATE SUMMARY FOR NOVEMBER 27 2014...

CLIMATE NORMAL PERIOD 1981 TO 2010
CLIMATE RECORD PERIOD 9999 TO 9999


WEATHER ITEM   OBSERVED TIME   RECORD YEAR NORMAL DEPARTURE LAST
                VALUE   (LST)  VALUE       VALUE  FROM      YEAR
                                                  NORMAL
..................................................................
TEMPERATURE (F)
 YESTERDAY
  MAXIMUM         56R  1106 AM  54    1941  39     17       48
  MINIMUM         45    450 AM  10    1988  28     17       21
  AVERAGE         51                        33     18       35

PRECIPITATION (IN)
  YESTERDAY        T             0.49 1945   0.07  -0.07     0.00
  MONTH TO DATE    2.23                      2.06   0.17     1.77
  SINCE OCT 1      3.25                      3.40  -0.15     1.92
  SINCE JAN 1     15.13                     15.09   0.04    13.46

SNOWFALL (IN)
  YESTERDAY       MM

DEGREE DAYS
 HEATING
  YESTERDAY       14                        32    -18       30
  MONTH TO DATE  741                       741      0      756
  SINCE SEP 1   1205                      1514   -309     1553
  SINCE JUL 1   1230                      1647   -417     1593

 COOLING
  YESTERDAY        0                         0      0        0
  MONTH TO DATE    0                         0      0        0
  SINCE SEP 1     19                        23     -4       72
  SINCE JAN 1    346                       213    133      334
..................................................................


WIND (MPH)
  HIGHEST WIND SPEED    14   HIGHEST WIND DIRECTION    SE (140)
  HIGHEST GUST SPEED    18   HIGHEST GUST DIRECTION    SW (210)
  AVERAGE WIND SPEED     5.8


SKY COVER
  POSSIBLE SUNSHINE  MM
  AVERAGE SKY COVER 0.9


WEATHER CONDITIONS
 THE FOLLOWING WEATHER WAS RECORDED YESTERDAY.
  NO SIGNIFICANT WEATHER WAS OBSERVED.


RELATIVE HUMIDITY (PERCENT)
 HIGHEST    80           800 PM
 LOWEST     59          1100 AM
 AVERAGE    70

..........................................................


THE PULLMAN-MOSCOW  AIRPORT CLIMATE NORMALS FOR TODAY
                         NORMAL    RECORD    YEAR
 MAXIMUM TEMPERATURE (F)   38        50      1941
 MINIMUM TEMPERATURE (F)   28        -2      2006


SUNRISE AND SUNSET
NOVEMBER 28 2014......SUNRISE   709 AM PST   SUNSET   404 PM PST
NOVEMBER 29 2014......SUNRISE   710 AM PST   SUNSET   403 PM PST


-  INDICATES NEGATIVE NUMBERS.
R  INDICATES RECORD WAS SET OR TIED.
MM INDICATES DATA IS MISSING.
T  INDICATES TRACE AMOUNT.




$$
