000
CDUS46 KOTX 020827
CLIPUW


CLIMATE REPORT
NATIONAL WEATHER SERVICE SPOKANE, WA
125 AM PDT SUN AUG 2 2015


...................................

...THE PULLMAN-MOSCOW  AIRPORT CLIMATE SUMMARY FOR AUGUST 1 2015...

CLIMATE NORMAL PERIOD 1981 TO 2010
CLIMATE RECORD PERIOD 9999 TO 9999


WEATHER ITEM   OBSERVED TIME   RECORD YEAR NORMAL DEPARTURE LAST
                VALUE   (LST)  VALUE       VALUE  FROM      YEAR
                                                  NORMAL
..................................................................
TEMPERATURE (F)
 YESTERDAY
  MAXIMUM         98    330 PM  99    2009  84     14       96
  MINIMUM         51    436 AM  35    1945  51      0       61
  AVERAGE         75                        68      7       79

PRECIPITATION (IN)
  YESTERDAY        0.00          1.28 1960   0.02  -0.02     0.00
  MONTH TO DATE    0.00                      0.02  -0.02     0.00
  SINCE OCT 1     16.63                     15.50   1.13    14.28
  SINCE JAN 1      9.78                     10.30  -0.52    10.94

SNOWFALL (IN)
  YESTERDAY       MM

DEGREE DAYS
 HEATING
  YESTERDAY        0                         1     -1        0
  MONTH TO DATE    0                         1     -1        0
  SINCE JUN 1     98                       271   -173      214
  SINCE JUL 1     19                        65    -46       10

 COOLING
  YESTERDAY       10                         4      6       14
  MONTH TO DATE   10                         4      6       14
  SINCE JUN 1    272                        99    173      204
  SINCE JAN 1    284                       104    180      205
..................................................................


WIND (MPH)
  HIGHEST WIND SPEED    16   HIGHEST WIND DIRECTION     W (270)
  HIGHEST GUST SPEED    24   HIGHEST GUST DIRECTION     W (260)
  AVERAGE WIND SPEED     4.9


SKY COVER
  POSSIBLE SUNSHINE  MM
  AVERAGE SKY COVER 0.0


WEATHER CONDITIONS
 THE FOLLOWING WEATHER WAS RECORDED YESTERDAY.
  HAZE


RELATIVE HUMIDITY (PERCENT)
 HIGHEST    50           300 AM
 LOWEST      8           400 PM
 AVERAGE    29

..........................................................


THE PULLMAN-MOSCOW  AIRPORT CLIMATE NORMALS FOR TODAY
                         NORMAL    RECORD    YEAR
 MAXIMUM TEMPERATURE (F)   84       101      1961
 MINIMUM TEMPERATURE (F)   51        35      1957


SUNRISE AND SUNSET
AUGUST  2 2015........SUNRISE   530 AM PDT   SUNSET   819 PM PDT
AUGUST  3 2015........SUNRISE   531 AM PDT   SUNSET   818 PM PDT


-  INDICATES NEGATIVE NUMBERS.
R  INDICATES RECORD WAS SET OR TIED.
MM INDICATES DATA IS MISSING.
T  INDICATES TRACE AMOUNT.




$$
