000
CDUS46 KOTX 200825
CLIPUW


CLIMATE REPORT
NATIONAL WEATHER SERVICE SPOKANE, WA
125 AM PDT THU JUL 20 2017


...................................

...THE PULLMAN-MOSCOW  AIRPORT CLIMATE SUMMARY FOR JULY 19 2017...

CLIMATE NORMAL PERIOD 1981 TO 2010
CLIMATE RECORD PERIOD 9999 TO 9999


WEATHER ITEM   OBSERVED TIME   RECORD YEAR NORMAL DEPARTURE LAST
                VALUE   (LST)  VALUE       VALUE  FROM      YEAR
                                                  NORMAL
..................................................................
TEMPERATURE (F)
 YESTERDAY
  MAXIMUM         87    417 PM  98    1956  83      4       79
  MINIMUM         51    345 AM  36    1962  50      1       47
  AVERAGE         69                        67      2       63

PRECIPITATION (IN)
  YESTERDAY        0.00                      0.01  -0.01      T
  MONTH TO DATE    0.02                      0.46  -0.44     0.75
  SINCE OCT 1     23.27                     15.25   8.02    19.71
  SINCE JAN 1     14.86                     10.05   4.81    11.72

SNOWFALL (IN)
  YESTERDAY       MM

DEGREE DAYS
 HEATING
  YESTERDAY        0                         1     -1        2
  MONTH TO DATE    6                        50    -44       61
  SINCE JUN 1    140                       256   -116      229
  SINCE JUL 1      6                        50    -44       61

 COOLING
  YESTERDAY        4                         3      1        0
  MONTH TO DATE  106                        40     66        2
  SINCE JUN 1    160                        53    107       45
  SINCE JAN 1    180                        58    122       46
..................................................................


WIND (MPH)
  HIGHEST WIND SPEED    10   HIGHEST WIND DIRECTION     W (280)
  HIGHEST GUST SPEED    16   HIGHEST GUST DIRECTION    NW (300)
  AVERAGE WIND SPEED     2.5


SKY COVER
  POSSIBLE SUNSHINE  MM
  AVERAGE SKY COVER 0.0


WEATHER CONDITIONS
 THE FOLLOWING WEATHER WAS RECORDED YESTERDAY.
  HAZE


RELATIVE HUMIDITY (PERCENT)
 HIGHEST    68           300 AM
 LOWEST     21           200 PM
 AVERAGE    45

..........................................................


THE PULLMAN-MOSCOW  AIRPORT CLIMATE NORMALS FOR TODAY
                         NORMAL    RECORD    YEAR
 MAXIMUM TEMPERATURE (F)   83       103      1905
 MINIMUM TEMPERATURE (F)   50        43      2008
                                             1996
                                             1962


SUNRISE AND SUNSET
JULY 20 2017..........SUNRISE   515 AM PDT   SUNSET   834 PM PDT
JULY 21 2017..........SUNRISE   516 AM PDT   SUNSET   833 PM PDT


-  INDICATES NEGATIVE NUMBERS.
R  INDICATES RECORD WAS SET OR TIED.
MM INDICATES DATA IS MISSING.
T  INDICATES TRACE AMOUNT.




$$
