734
CDUS46 KOTX 230827
CLIPUW


CLIMATE REPORT
NATIONAL WEATHER SERVICE SPOKANE, WA
1227 AM PST THU NOV 23 2017


...................................

...THE PULLMAN-MOSCOW  AIRPORT CLIMATE SUMMARY FOR NOVEMBER 22 2017...

CLIMATE NORMAL PERIOD 1981 TO 2010
CLIMATE RECORD PERIOD 9999 TO 9999


WEATHER ITEM   OBSERVED TIME   RECORD YEAR NORMAL DEPARTURE LAST
                VALUE   (LST)  VALUE       VALUE  FROM      YEAR
                                                  NORMAL
..................................................................
TEMPERATURE (F)
 YESTERDAY
  MAXIMUM         58   1222 PM  62    1933  40     18       46
  MINIMUM         49    406 AM   3    2003  29     20       31
  AVERAGE         54                        35     19       39

PRECIPITATION (IN)
  YESTERDAY        0.12                      0.07   0.05     0.00
  MONTH TO DATE    2.47                      1.68   0.79     1.16
  SINCE OCT 1      4.95                      3.02   1.93     6.17
  SINCE JAN 1     20.56                     14.71   5.85    18.49

SNOWFALL (IN)
  YESTERDAY       MM

DEGREE DAYS
 HEATING
  YESTERDAY       11                        30    -19       26
  MONTH TO DATE  547                       585    -38      368
  SINCE SEP 1   1267                      1358    -91     1036
  SINCE JUL 1   1290                      1491   -201     1138

 COOLING
  YESTERDAY        0                         0      0        0
  MONTH TO DATE    0                         0      0        0
  SINCE SEP 1     83                        23     60        6
  SINCE JAN 1    517                       213    304      203
..................................................................


WIND (MPH)
  HIGHEST WIND SPEED    15   HIGHEST WIND DIRECTION     E (100)
  HIGHEST GUST SPEED    19   HIGHEST GUST DIRECTION    SE (130)
  AVERAGE WIND SPEED     9.0


SKY COVER
  POSSIBLE SUNSHINE  MM
  AVERAGE SKY COVER 0.8


WEATHER CONDITIONS
 THE FOLLOWING WEATHER WAS RECORDED YESTERDAY.
  LIGHT RAIN
  FOG


RELATIVE HUMIDITY (PERCENT)
 HIGHEST    93           400 AM
 LOWEST     77           800 PM
 AVERAGE    85

..........................................................


THE PULLMAN-MOSCOW  AIRPORT CLIMATE NORMALS FOR TODAY
                         NORMAL    RECORD    YEAR
 MAXIMUM TEMPERATURE (F)   40        63      1933
 MINIMUM TEMPERATURE (F)   29        -8      1985


SUNRISE AND SUNSET
NOVEMBER 23 2017......SUNRISE   703 AM PST   SUNSET   407 PM PST
NOVEMBER 24 2017......SUNRISE   704 AM PST   SUNSET   406 PM PST


-  INDICATES NEGATIVE NUMBERS.
R  INDICATES RECORD WAS SET OR TIED.
MM INDICATES DATA IS MISSING.
T  INDICATES TRACE AMOUNT.




$$
