000
CDUS46 KOTX 280821
CLIPUW


CLIMATE REPORT
NATIONAL WEATHER SERVICE SPOKANE, WA
120 AM PDT THU MAY 28 2015


...................................

...THE PULLMAN-MOSCOW  AIRPORT CLIMATE SUMMARY FOR MAY 27 2015...

CLIMATE NORMAL PERIOD 1981 TO 2010
CLIMATE RECORD PERIOD 9999 TO 9999


WEATHER ITEM   OBSERVED TIME   RECORD YEAR NORMAL DEPARTURE LAST
                VALUE   (LST)  VALUE       VALUE  FROM      YEAR
                                                  NORMAL
..................................................................
TEMPERATURE (F)
 YESTERDAY
  MAXIMUM         71    425 PM  89    1958  67      4       69
  MINIMUM         40    401 AM  31    1973  44     -4       38
  AVERAGE         56                        55      1       54

PRECIPITATION (IN)
  YESTERDAY        0.01          0.61 1946   0.04  -0.03     0.05
  MONTH TO DATE    1.89                      1.40   0.49     0.69
  SINCE OCT 1     15.57                     13.55   2.02    12.74
  SINCE JAN 1      8.72                      8.35   0.37     9.40

SNOWFALL (IN)
  YESTERDAY       MM

DEGREE DAYS
 HEATING
  YESTERDAY        9                        10     -1       11
  MONTH TO DATE  270                       334    -64      276
  SINCE MAR 1   1440                      1658   -218     1549
  SINCE JUL 1   5271                      6361  -1090     6400

 COOLING
  YESTERDAY        0                         0      0        0
  MONTH TO DATE    0                         0      0        1
  SINCE MAR 1      0                         0      0        1
  SINCE JAN 1      0                         0      0        1
..................................................................


WIND (MPH)
  HIGHEST WIND SPEED    14   HIGHEST WIND DIRECTION     E (80)
  HIGHEST GUST SPEED    17   HIGHEST GUST DIRECTION     E (80)
  AVERAGE WIND SPEED     3.2


SKY COVER
  POSSIBLE SUNSHINE  MM
  AVERAGE SKY COVER 0.2


WEATHER CONDITIONS
 THE FOLLOWING WEATHER WAS RECORDED YESTERDAY.
  NO SIGNIFICANT WEATHER WAS OBSERVED.


RELATIVE HUMIDITY (PERCENT)
 HIGHEST    96           500 AM
 LOWEST     40           400 PM
 AVERAGE    68

..........................................................


THE PULLMAN-MOSCOW  AIRPORT CLIMATE NORMALS FOR TODAY
                         NORMAL    RECORD    YEAR
 MAXIMUM TEMPERATURE (F)   67        85      1983
 MINIMUM TEMPERATURE (F)   44        34      2011


SUNRISE AND SUNSET
MAY 28 2015...........SUNRISE   501 AM PDT   SUNSET   831 PM PDT
MAY 29 2015...........SUNRISE   500 AM PDT   SUNSET   832 PM PDT


-  INDICATES NEGATIVE NUMBERS.
R  INDICATES RECORD WAS SET OR TIED.
MM INDICATES DATA IS MISSING.
T  INDICATES TRACE AMOUNT.




$$
