000
CDUS41 KBOX 190601
CLIPVD


CLIMATE REPORT
NATIONAL WEATHER SERVICE TAUNTON MA
157 AM EDT FRI SEP 19 2014


...................................

...THE PROVIDENCE RI CLIMATE SUMMARY FOR SEPTEMBER 18 2014...

CLIMATE NORMAL PERIOD 1981 TO 2010
CLIMATE RECORD PERIOD 1904 TO 2014


WEATHER ITEM   OBSERVED TIME   RECORD YEAR NORMAL DEPARTURE LAST
                VALUE   (LST)  VALUE       VALUE  FROM      YEAR
                                                  NORMAL
..................................................................
TEMPERATURE (F)
 YESTERDAY
  MAXIMUM         77    156 PM  89    1906  74      3       71
  MINIMUM         49    554 AM  39    1990  55     -6       44
                                      1959
  AVERAGE         63                        64     -1       58

PRECIPITATION (IN)
  YESTERDAY        0.00          2.85 1936   0.13  -0.13     0.00
  MONTH TO DATE    0.54                      2.30  -1.76     4.32
  SINCE SEP 1      0.54                      2.30  -1.76     4.32
  SINCE JAN 1     31.99                     32.90  -0.91    35.13

SNOWFALL (IN)
  YESTERDAY        0.0           0.0  2002   0.0    0.0      0.0
                                      2001
                                      2000
  MONTH TO DATE    0.0                       0.0    0.0      0.0
  SINCE SEP 1      0.0                       0.0    0.0      0.0
  SINCE JUL 1      0.0                       0.0    0.0      0.0
  SNOW DEPTH       0

DEGREE DAYS
 HEATING
  YESTERDAY        2                         3     -1        7
  MONTH TO DATE   22                        30     -8       46
  SINCE SEP 1     22                        30     -8       46
  SINCE JUL 1     22                        39    -17       46

 COOLING
  YESTERDAY        0                         2     -2        0
  MONTH TO DATE  100                        64     36       63
  SINCE SEP 1    100                        64     36       63
  SINCE JAN 1    682                       720    -38      885
..................................................................


WIND (MPH)
  RESULTANT WIND SPEED   5   RESULTANT WIND DIRECTION   N (340)
  HIGHEST WIND SPEED    18   HIGHEST WIND DIRECTION     N (10)
  HIGHEST GUST SPEED    25   HIGHEST GUST DIRECTION     N (20)
  AVERAGE WIND SPEED     7.0


SKY COVER
  POSSIBLE SUNSHINE  MM
  AVERAGE SKY COVER 0.3


WEATHER CONDITIONS
 THE FOLLOWING WEATHER WAS RECORDED YESTERDAY.
  NO SIGNIFICANT WEATHER WAS OBSERVED.


RELATIVE HUMIDITY (PERCENT)
 HIGHEST    86           200 AM
 LOWEST     33           100 PM
 AVERAGE    60

..........................................................


THE PROVIDENCE RI CLIMATE NORMALS FOR TODAY
                         NORMAL    RECORD    YEAR
 MAXIMUM TEMPERATURE (F)   73        92      1906
 MINIMUM TEMPERATURE (F)   54        37      1956


SUNRISE AND SUNSET
SEPTEMBER 19 2014.....SUNRISE   630 AM EDT   SUNSET   648 PM EDT
SEPTEMBER 20 2014.....SUNRISE   631 AM EDT   SUNSET   647 PM EDT


-  INDICATES NEGATIVE NUMBERS.
R  INDICATES RECORD WAS SET OR TIED.
MM INDICATES DATA IS MISSING.
T  INDICATES TRACE AMOUNT.




$$
