000
CDUS41 KBOX 012235
CLIPVD


CLIMATE REPORT
NATIONAL WEATHER SERVICE TAUNTON MA
635 PM EDT MON JUN 1 2015


...................................

...THE PROVIDENCE RI CLIMATE SUMMARY FOR JUNE 1 2015...
VALID TODAY AS OF 0600 PM LOCAL TIME.

CLIMATE NORMAL PERIOD 1981 TO 2010
CLIMATE RECORD PERIOD 1904 TO 2015


WEATHER ITEM   OBSERVED TIME   RECORD YEAR NORMAL DEPARTURE LAST
                VALUE   (LST)  VALUE       VALUE  FROM      YEAR
                                                  NORMAL
..................................................................
TEMPERATURE (F)
 TODAY
  MAXIMUM         MM        MM  93    1937  73     MM       77
  MINIMUM         MM        MM  39    1945  54     MM       44
  AVERAGE         MM                        63     MM       61

PRECIPITATION (IN)
  TODAY            0.03          2.04 1992   0.14  -0.11     0.00
  MONTH TO DATE    0.03                      0.14  -0.11     0.00
  SINCE JUN 1      0.03                      0.14  -0.11     0.00
  SINCE JAN 1     16.98                     20.21  -3.23    22.80

SNOWFALL (IN)
  TODAY           MM             0.0  2002   0.0   MM        0.0
                                      2001
                                      2000
  MONTH TO DATE   MM                         0.0   MM        0.0
  SINCE JUN 1     MM                         0.0   MM        0.0
  SINCE JUL 1     76.2                      33.8   42.4     43.6
  SNOW DEPTH       0

DEGREE DAYS
 HEATING
  TODAY           MM                         3     MM        4
  MONTH TO DATE   MM                         3     MM        4
  SINCE JUN 1     MM                         3     MM        4
  SINCE JUL 1   5948                      5578    370     5904

 COOLING
  TODAY           MM                         2     MM        0
  MONTH TO DATE   MM                         2     MM        0
  SINCE JUN 1     MM                         2     MM        0
  SINCE JAN 1     64                        28     36       11
..................................................................


WIND (MPH)
  HIGHEST WIND SPEED    18   HIGHEST WIND DIRECTION     N (20)
  HIGHEST GUST SPEED    24   HIGHEST GUST DIRECTION    NE (30)
  AVERAGE WIND SPEED    12.7


SKY COVER
  POSSIBLE SUNSHINE  MM
  AVERAGE SKY COVER 1.0


WEATHER CONDITIONS
 THE FOLLOWING WEATHER WAS RECORDED TODAY.
  LIGHT RAIN
  FOG


RELATIVE HUMIDITY (PERCENT)
 HIGHEST    93           400 AM
 LOWEST     83           200 PM
 AVERAGE    88

..........................................................


THE PROVIDENCE RI CLIMATE NORMALS FOR TOMORROW
                         NORMAL    RECORD    YEAR
 MAXIMUM TEMPERATURE (F)   74        91      1918
 MINIMUM TEMPERATURE (F)   54        42      1915


SUNRISE AND SUNSET
JUNE  1 2015..........SUNRISE   514 AM EDT   SUNSET   814 PM EDT
JUNE  2 2015..........SUNRISE   513 AM EDT   SUNSET   815 PM EDT


-  INDICATES NEGATIVE NUMBERS.
R  INDICATES RECORD WAS SET OR TIED.
MM INDICATES DATA IS MISSING.
T  INDICATES TRACE AMOUNT.




$$
