000
CDUS41 KBOX 230540
CLIPVD


CLIMATE REPORT
NATIONAL WEATHER SERVICE TAUNTON MA
136 AM EDT MON OCT 23 2017


...................................

...THE PROVIDENCE RI CLIMATE SUMMARY FOR OCTOBER 22 2017...

CLIMATE NORMAL PERIOD 1981 TO 2010
CLIMATE RECORD PERIOD 1904 TO 2017


WEATHER ITEM   OBSERVED TIME   RECORD YEAR NORMAL DEPARTURE LAST
                VALUE   (LST)  VALUE       VALUE  FROM      YEAR
                                                  NORMAL
..................................................................
TEMPERATURE (F)
 YESTERDAY
  MAXIMUM         78    146 PM  86    1979  61     17       66
  MINIMUM         49    635 AM  27    1974  42      7       44
                                      1940
  AVERAGE         64                        52     12       55

PRECIPITATION (IN)
  YESTERDAY        0.00          0.90 2005   0.13  -0.13     0.61
  MONTH TO DATE    0.60                      2.75  -2.15     3.11
  SINCE SEP 1      4.45                      6.67  -2.22     5.85
  SINCE JAN 1     38.65                     37.27   1.38    31.68

SNOWFALL (IN)
  YESTERDAY        0.0           0.0  2009   0.0    0.0      0.0
                                      2008
                                      2007
  MONTH TO DATE    0.0                       0.0    0.0      0.0
  SINCE SEP 1      0.0                       0.0    0.0      0.0
  SINCE JUL 1      0.0                       0.0    0.0      0.0
  SNOW DEPTH       0

DEGREE DAYS
 HEATING
  YESTERDAY        1                        14    -13       10
  MONTH TO DATE   94                       228   -134      149
  SINCE SEP 1    126                       316   -190      192
  SINCE JUL 1    134                       325   -191      192

 COOLING
  YESTERDAY        0                         0      0        0
  MONTH TO DATE   37                         6     31       15
  SINCE SEP 1    171                        86     85      166
  SINCE JAN 1    875                       742    133     1049
..................................................................


WIND (MPH)
  RESULTANT WIND SPEED   1   RESULTANT WIND DIRECTION   S (160)
  HIGHEST WIND SPEED    10   HIGHEST WIND DIRECTION    SE (150)
  HIGHEST GUST SPEED    13   HIGHEST GUST DIRECTION    SE (150)
  AVERAGE WIND SPEED     2.3


SKY COVER
  POSSIBLE SUNSHINE  MM
  AVERAGE SKY COVER 0.3


WEATHER CONDITIONS
 THE FOLLOWING WEATHER WAS RECORDED YESTERDAY.
  FOG


RELATIVE HUMIDITY (PERCENT)
 HIGHEST   100           600 AM
 LOWEST     33          1100 AM
 AVERAGE    67

..........................................................


THE PROVIDENCE RI CLIMATE NORMALS FOR TODAY
                         NORMAL    RECORD    YEAR
 MAXIMUM TEMPERATURE (F)   61        85      1947
 MINIMUM TEMPERATURE (F)   42        24      1969


SUNRISE AND SUNSET
OCTOBER 23 2017.......SUNRISE   707 AM EDT   SUNSET   552 PM EDT
OCTOBER 24 2017.......SUNRISE   709 AM EDT   SUNSET   551 PM EDT


-  INDICATES NEGATIVE NUMBERS.
R  INDICATES RECORD WAS SET OR TIED.
MM INDICATES DATA IS MISSING.
T  INDICATES TRACE AMOUNT.




$$
