000
CDUS41 KBOX 230536
CLIPVD


CLIMATE REPORT
NATIONAL WEATHER SERVICE TAUNTON MA
135 AM EDT WED AUG 23 2017


...................................

...THE PROVIDENCE RI CLIMATE SUMMARY FOR AUGUST 22 2017...

CLIMATE NORMAL PERIOD 1981 TO 2010
CLIMATE RECORD PERIOD 1904 TO 2017


WEATHER ITEM   OBSERVED TIME   RECORD YEAR NORMAL DEPARTURE LAST
                VALUE   (LST)  VALUE       VALUE  FROM      YEAR
                                                  NORMAL
..................................................................
TEMPERATURE (F)
 YESTERDAY
  MAXIMUM         90    136 PM  97    1976  81      9       81
  MINIMUM         69    444 AM  46    1969  63      6       59
  AVERAGE         80                        72      8       70

PRECIPITATION (IN)
  YESTERDAY        0.00          1.42 2010   0.13  -0.13     0.74
  MONTH TO DATE    1.12                      2.61  -1.49     2.71
  SINCE JUN 1      8.84                      9.54  -0.70     7.71
  SINCE JAN 1     33.86                     29.61   4.25    25.83

SNOWFALL (IN)
  YESTERDAY        0.0           0.0  2016   0.0    0.0      0.0
  MONTH TO DATE    0.0                       0.0    0.0      0.0
  SINCE JUN 1      0.0                       0.0    0.0      0.0
  SINCE JUL 1      0.0                       0.0    0.0      0.0
  SNOW DEPTH       0

DEGREE DAYS
 HEATING
  YESTERDAY        0                         0      0        0
  MONTH TO DATE    0                         0      0        0
  SINCE JUN 1     56                        46     10       12
  SINCE JUL 1      7                         3      4        0

 COOLING
  YESTERDAY       15                         7      8        5
  MONTH TO DATE  190                       177     13      252
  SINCE JUN 1    613                       575     38      735
  SINCE JAN 1    671                       601     70      786
..................................................................


WIND (MPH)
  RESULTANT WIND SPEED  11   RESULTANT WIND DIRECTION  SW (210)
  HIGHEST WIND SPEED    23   HIGHEST WIND DIRECTION     S (190)
  HIGHEST GUST SPEED    30   HIGHEST GUST DIRECTION     S (190)
  AVERAGE WIND SPEED    11.5


SKY COVER
  POSSIBLE SUNSHINE  MM
  AVERAGE SKY COVER 0.5


WEATHER CONDITIONS
 THE FOLLOWING WEATHER WAS RECORDED YESTERDAY.
  FOG


RELATIVE HUMIDITY (PERCENT)
 HIGHEST   100           400 AM
 LOWEST     56           100 PM
 AVERAGE    78

..........................................................


THE PROVIDENCE RI CLIMATE NORMALS FOR TODAY
                         NORMAL    RECORD    YEAR
 MAXIMUM TEMPERATURE (F)   81        91      1947
 MINIMUM TEMPERATURE (F)   62        45      1957


SUNRISE AND SUNSET
AUGUST 23 2017........SUNRISE   603 AM EDT   SUNSET   733 PM EDT
AUGUST 24 2017........SUNRISE   604 AM EDT   SUNSET   732 PM EDT


-  INDICATES NEGATIVE NUMBERS.
R  INDICATES RECORD WAS SET OR TIED.
MM INDICATES DATA IS MISSING.
T  INDICATES TRACE AMOUNT.




$$
