000
CDUS43 KLOT 290644
CLIPWK


CLIMATE REPORT
NATIONAL WEATHER SERVICE CHICAGO IL
143 AM CDT TUE JUL 29 2014


...................................

...THE CHICAGO EXECUTIVE CLIMATE SUMMARY FOR JULY 28 2014...

CLIMATE NORMAL PERIOD 1981 TO 2010
CLIMATE RECORD PERIOD 1996 TO 2014


WEATHER ITEM   OBSERVED TIME   RECORD YEAR NORMAL DEPARTURE LAST
                VALUE   (LST)  VALUE       VALUE  FROM      YEAR
                                                  NORMAL
..................................................................
TEMPERATURE (F)
 YESTERDAY
  MAXIMUM         72   1237 PM  93    1999  83    -11       70
  MINIMUM         59    537 AM  56    2013  64     -5       56
                                      2005
  AVERAGE         66                        74     -8       63

PRECIPITATION (IN)
  YESTERDAY        0.00          0.19 2000   0.15  -0.15     0.00
  MONTH TO DATE    1.46                      3.17  -1.71     2.38
  SINCE JUN 1      9.19                      6.88   2.31     9.36
  SINCE JAN 1     18.39                     18.37   0.02    19.32

DEGREE DAYS
 HEATING
  YESTERDAY        0                         0      0        2
  MONTH TO DATE    3                         0      3        7
  SINCE JUN 1     23                        52    -29       64
  SINCE JUL 1      3                         0      3        7

 COOLING
  YESTERDAY        1                         9     -8        0
  MONTH TO DATE  168                       246    -78      264
  SINCE JUN 1    346                       400    -54      415
  SINCE JAN 1    404                       442    -38      496
..................................................................


WIND (MPH)
  RESULTANT WIND SPEED   7   RESULTANT WIND DIRECTION   N (10)
  HIGHEST WIND SPEED    20   HIGHEST WIND DIRECTION     N (350)
  HIGHEST GUST SPEED    27   HIGHEST GUST DIRECTION     N (350)
  AVERAGE WIND SPEED     8.5



WEATHER CONDITIONS
 THE FOLLOWING WEATHER WAS RECORDED YESTERDAY.
  NO SIGNIFICANT WEATHER WAS OBSERVED.


..........................................................


THE CHICAGO EXECUTIVE CLIMATE NORMALS FOR TODAY
                         NORMAL    RECORD    YEAR
 MAXIMUM TEMPERATURE (F)   83        98      1999
 MINIMUM TEMPERATURE (F)   64        53      2003


SUNRISE AND SUNSET
JULY 29 2014..........SUNRISE   542 AM CDT   SUNSET   814 PM CDT
JULY 30 2014..........SUNRISE   543 AM CDT   SUNSET   813 PM CDT


-  INDICATES NEGATIVE NUMBERS.
R  INDICATES RECORD WAS SET OR TIED.
MM INDICATES DATA IS MISSING.
T  INDICATES TRACE AMOUNT.




$$
