000
CDUS43 KLOT 260653
CLIPWK


CLIMATE REPORT
NATIONAL WEATHER SERVICE CHICAGO IL
151 AM CDT TUE JUL 26 2016


...................................

...THE CHICAGO EXECUTIVE CLIMATE SUMMARY FOR JULY 25 2016...

CLIMATE NORMAL PERIOD 1981 TO 2010
CLIMATE RECORD PERIOD 1996 TO 2016


WEATHER ITEM   OBSERVED TIME   RECORD YEAR NORMAL DEPARTURE LAST
                VALUE   (LST)  VALUE       VALUE  FROM      YEAR
                                                  NORMAL
..................................................................
TEMPERATURE (F)
 YESTERDAY
  MAXIMUM         89    135 PM  98    2012  83      6       90
  MINIMUM         72   1159 PM  56    2013  64      8       68
                                      2000
  AVERAGE         81                        74      7       79

PRECIPITATION (IN)
  YESTERDAY        0.00          0.59 2001   0.14  -0.14     0.00
  MONTH TO DATE    4.47                      2.73   1.74     3.23
  SINCE JUN 1      8.65                      6.44   2.21     9.33
  SINCE JAN 1     21.01                     17.93   3.08    17.46

DEGREE DAYS
 HEATING
  YESTERDAY        0                         0      0        0
  MONTH TO DATE    2                         0      2       20
  SINCE JUN 1     20                        52    -32       76
  SINCE JUL 1      2                         0      2       20

 COOLING
  YESTERDAY       16                         9      7       14
  MONTH TO DATE  260                       219     41      163
  SINCE JUN 1    446                       373     73      274
  SINCE JAN 1    515                       415    100      325
..................................................................


WIND (MPH)
  RESULTANT WIND SPEED   2   RESULTANT WIND DIRECTION   N (340)
  HIGHEST WIND SPEED    14   HIGHEST WIND DIRECTION    NW (310)
  HIGHEST GUST SPEED    17   HIGHEST GUST DIRECTION     N (350)
  AVERAGE WIND SPEED     5.4



WEATHER CONDITIONS
 THE FOLLOWING WEATHER WAS RECORDED YESTERDAY.
  NO SIGNIFICANT WEATHER WAS OBSERVED.


..........................................................


THE CHICAGO EXECUTIVE CLIMATE NORMALS FOR TODAY
                         NORMAL    RECORD    YEAR
 MAXIMUM TEMPERATURE (F)   83        97      1997
 MINIMUM TEMPERATURE (F)   64        58      1998
                                             1996


SUNRISE AND SUNSET
JULY 26 2016..........SUNRISE   539 AM CDT   SUNSET   816 PM CDT
JULY 27 2016..........SUNRISE   540 AM CDT   SUNSET   815 PM CDT


-  INDICATES NEGATIVE NUMBERS.
R  INDICATES RECORD WAS SET OR TIED.
MM INDICATES DATA IS MISSING.
T  INDICATES TRACE AMOUNT.




$$
