000
CDUS41 KGYX 260803
CLIPWM


CLIMATE REPORT
NATIONAL WEATHER SERVICE GRAY ME
403 AM EDT SUN OCT 26 2014


...................................

...THE PORTLAND ME CLIMATE SUMMARY FOR OCTOBER 25 2014...

CLIMATE NORMAL PERIOD 1981 TO 2010
CLIMATE RECORD PERIOD 1941 TO 2014


WEATHER ITEM   OBSERVED TIME   RECORD YEAR NORMAL DEPARTURE LAST
                VALUE   (LST)  VALUE       VALUE  FROM      YEAR
                                                  NORMAL
..................................................................
TEMPERATURE (F)
 YESTERDAY
  MAXIMUM         66    114 PM  76    1963  56     10       50
  MINIMUM         42    627 AM  20    1947  36      6       31
  AVERAGE         54                        46      8       41

PRECIPITATION (IN)
  YESTERDAY        T             1.87 1925   0.16  -0.16     0.00
  MONTH TO DATE    6.52                      3.91   2.61     0.76
  SINCE SEP 1      7.39                      7.60  -0.21     7.48
  SINCE JAN 1     45.59                     37.34   8.25    35.70

SNOWFALL (IN)
  YESTERDAY        0.0           T    1945   0.0    0.0      0.0
                                      1955
                                      1958
  MONTH TO DATE    0.0                       0.0    0.0      0.0
  SINCE SEP 1      0.0                       0.0    0.0      0.0
  SINCE JUL 1      0.0                       0.0    0.0      0.0
  SNOW DEPTH       0

DEGREE DAYS
 HEATING
  YESTERDAY       11                        19     -8       24
  MONTH TO DATE  238                       382   -144      285
  SINCE SEP 1    424                       558   -134      471
  SINCE JUL 1    448                       603   -155      489

 COOLING
  YESTERDAY        0                         0      0        0
  MONTH TO DATE    8                         0      8        0
  SINCE SEP 1     53                        30     23       37
  SINCE JAN 1    351                       358     -7      454
..................................................................


WIND (MPH)
  RESULTANT WIND SPEED   3   RESULTANT WIND DIRECTION  SW (230)
  HIGHEST WIND SPEED    13   HIGHEST WIND DIRECTION     S (160)
  HIGHEST GUST SPEED    16   HIGHEST GUST DIRECTION     S (160)
  AVERAGE WIND SPEED     4.1


SKY COVER
  AVERAGE SKY COVER 0.7


WEATHER CONDITIONS
 THE FOLLOWING WEATHER WAS RECORDED YESTERDAY.
  LIGHT RAIN


RELATIVE HUMIDITY (PERCENT)
 HIGHEST    89           700 PM
 LOWEST     43          1100 AM
 AVERAGE    66

..........................................................


THE PORTLAND ME CLIMATE NORMALS FOR TODAY
                         NORMAL    RECORD    YEAR
 MAXIMUM TEMPERATURE (F)   55        79      1963
 MINIMUM TEMPERATURE (F)   36        18      1952


SUNRISE AND SUNSET
OCTOBER 26 2014.......SUNRISE   709 AM EDT   SUNSET   541 PM EDT
OCTOBER 27 2014.......SUNRISE   710 AM EDT   SUNSET   539 PM EDT


-  INDICATES NEGATIVE NUMBERS.
R  INDICATES RECORD WAS SET OR TIED.
MM INDICATES DATA IS MISSING.
T  INDICATES TRACE AMOUNT.




$$
