000
CDUS46 KSGX 280019
CLIRAL


CLIMATE REPORT
NATIONAL WEATHER SERVICE SAN DIEGO, CA
519 PM PDT TUE SEP 27 2016


...................................

...THE RIVERSIDE MUNI AIRPORT CA CLIMATE SUMMARY FOR SEPTEMBER 27 2016...
VALID TODAY AS OF 0500 PM LOCAL TIME.

CLIMATE NORMAL PERIOD 1981 TO 2010
CLIMATE RECORD PERIOD 1893 TO 2016


WEATHER ITEM   OBSERVED TIME   RECORD YEAR NORMAL DEPARTURE LAST
                VALUE   (LST)  VALUE       VALUE  FROM      YEAR
                                                  NORMAL
..................................................................
TEMPERATURE (F)
 TODAY
  MAXIMUM         98    240 PM 113    2010  87     11       97
  MINIMUM         69    539 AM  40    1948  60      9       67
  AVERAGE         84                        74     10       82

PRECIPITATION (IN)
  TODAY            0.00          0.55 1919   0.01  -0.01     0.00
  MONTH TO DATE    T                         0.21  -0.21     1.87
  SINCE OCT 1      5.45                     12.36  -6.91     9.57
  SINCE JAN 1      4.28                      9.55  -5.27     6.34

DEGREE DAYS
 HEATING
  TODAY            0                         0      0        0
  MONTH TO DATE    0                         0      0        0
  SINCE SEP 1      0                         0      0        0
  SINCE JUL 1      0                         0      0        0

 COOLING
  TODAY           19                         9     10       17
  MONTH TO DATE  300                       310    -10      434
  SINCE SEP 1    300                       310    -10      434
  SINCE JAN 1   1969                      1568    401     2037
..................................................................


WIND (MPH)
  RESULTANT WIND SPEED   6   RESULTANT WIND DIRECTION  SE (120)
  HIGHEST WIND SPEED    21   HIGHEST WIND DIRECTION    SE (130)
  HIGHEST GUST SPEED    25   HIGHEST GUST DIRECTION    SE (130)
  AVERAGE WIND SPEED     7.0


SKY COVER
  POSSIBLE SUNSHINE  MM
  AVERAGE SKY COVER 0.3


WEATHER CONDITIONS
 THE FOLLOWING WEATHER WAS RECORDED TODAY.
  NO SIGNIFICANT WEATHER WAS OBSERVED.


RELATIVE HUMIDITY (PERCENT)
 HIGHEST    40           600 AM
 LOWEST     15           200 PM
 AVERAGE    28

..........................................................


THE RIVERSIDE MUNI AIRPORT CA CLIMATE NORMALS FOR TOMORROW
                         NORMAL    RECORD    YEAR
 MAXIMUM TEMPERATURE (F)   87       106      1963
                                             1924
 MINIMUM TEMPERATURE (F)   60        42      1915


SUNRISE AND SUNSET
SEPTEMBER 27 2016.....SUNRISE   642 AM PDT   SUNSET   639 PM PDT
SEPTEMBER 28 2016.....SUNRISE   642 AM PDT   SUNSET   637 PM PDT


-  INDICATES NEGATIVE NUMBERS.
R  INDICATES RECORD WAS SET OR TIED.
MM INDICATES DATA IS MISSING.
T  INDICATES TRACE AMOUNT.




$$
