000
CDUS46 KSGX 010024
CLIRAL


CLIMATE REPORT
NATIONAL WEATHER SERVICE SAN DIEGO, CA
523 PM PDT SAT APR 30 2016


...................................

...THE RIVERSIDE MUNI AIRPORT CA CLIMATE SUMMARY FOR APRIL 30 2016...
VALID TODAY AS OF 0500 PM LOCAL TIME.

CLIMATE NORMAL PERIOD 1981 TO 2010
CLIMATE RECORD PERIOD 1893 TO 2016


WEATHER ITEM   OBSERVED TIME   RECORD YEAR NORMAL DEPARTURE LAST
                VALUE   (LST)  VALUE       VALUE  FROM      YEAR
                                                  NORMAL
..................................................................
TEMPERATURE (F)
 TODAY
  MAXIMUM         70    342 PM  98    1996  78     -8       95
  MINIMUM         54    829 AM  37    1951  53      1       60
                                      1911
  AVERAGE         62                        66     -4       78

PRECIPITATION (IN)
  TODAY            0.05          0.41 1930   0.02   0.03     0.00
  MONTH TO DATE    0.49                      0.80  -0.31     0.37
  SINCE OCT 1      5.27                     11.60  -6.33     5.15
  SINCE JAN 1      4.10                      8.79  -4.69     1.92

DEGREE DAYS
 HEATING
  TODAY            3                         2      1        0
  MONTH TO DATE   34                       107    -73       52
  SINCE MAR 1    135                       312   -177      107
  SINCE JUL 1   1012                      1420   -408      714

 COOLING
  TODAY            0                         2     -2       13
  MONTH TO DATE   84                        42     42       78
  SINCE MAR 1    113                        54     59      207
  SINCE JAN 1    189                        63    126      231
..................................................................


WIND (MPH)
  RESULTANT WIND SPEED   3   RESULTANT WIND DIRECTION   W (270)
  HIGHEST WIND SPEED    18   HIGHEST WIND DIRECTION     W (250)
  HIGHEST GUST SPEED    24   HIGHEST GUST DIRECTION     W (250)
  AVERAGE WIND SPEED     4.8


SKY COVER
  POSSIBLE SUNSHINE  MM
  AVERAGE SKY COVER 0.9


WEATHER CONDITIONS
 THE FOLLOWING WEATHER WAS RECORDED TODAY.
  RAIN
  LIGHT RAIN
  FOG
  HAZE


RELATIVE HUMIDITY (PERCENT)
 HIGHEST    86           400 AM
 LOWEST     45           200 PM
 AVERAGE    66

..........................................................


THE RIVERSIDE MUNI AIRPORT CA CLIMATE NORMALS FOR TOMORROW
                         NORMAL    RECORD    YEAR
 MAXIMUM TEMPERATURE (F)   78       100      1947
 MINIMUM TEMPERATURE (F)   53        33      1915


SUNRISE AND SUNSET
APRIL 30 2016.........SUNRISE   601 AM PDT   SUNSET   733 PM PDT
MAY  1 2016...........SUNRISE   600 AM PDT   SUNSET   734 PM PDT


-  INDICATES NEGATIVE NUMBERS.
R  INDICATES RECORD WAS SET OR TIED.
MM INDICATES DATA IS MISSING.
T  INDICATES TRACE AMOUNT.




$$
