000
CDUS46 KSGX 271535
CLIRAL


CLIMATE REPORT
NATIONAL WEATHER SERVICE SAN DIEGO, CA
735 AM PST MON FEB 27 2017


...................................

...THE RIVERSIDE MUNI AIRPORT CA CLIMATE SUMMARY FOR FEBRUARY 26 2017...

CLIMATE NORMAL PERIOD 1981 TO 2010
CLIMATE RECORD PERIOD 1893 TO 2017


WEATHER ITEM   OBSERVED TIME   RECORD YEAR NORMAL DEPARTURE LAST
                VALUE   (LST)  VALUE       VALUE  FROM      YEAR
                                                  NORMAL
..................................................................
TEMPERATURE (F)
 YESTERDAY
  MAXIMUM         55   1208 PM  90    1986  69    -14       84
  MINIMUM         43    147 AM  25    1935  45     -2       49
  AVERAGE         49                        57     -8       67

PRECIPITATION (IN)
  YESTERDAY        0.13          1.11 2004   0.12   0.01     0.00
  MONTH TO DATE    1.88                      2.84  -0.96     0.24
  SINCE OCT 1     12.62                      8.59   4.03     4.00
  SINCE JAN 1      7.36                      5.78   1.58     2.83

DEGREE DAYS
 HEATING
  YESTERDAY       16                         8      8        0
  MONTH TO DATE  218                       248    -30       83
  SINCE DEC 1    831                       893    -62      715
  SINCE JUL 1    935                      1093   -158      877

 COOLING
  YESTERDAY        0                         0      0        2
  MONTH TO DATE    0                         0      0       69
  SINCE DEC 1      0                         8     -8       71
  SINCE JAN 1      0                         6     -6       69
..................................................................


WIND (MPH)
  RESULTANT WIND SPEED   1   RESULTANT WIND DIRECTION   W (260)
  HIGHEST WIND SPEED    12   HIGHEST WIND DIRECTION     W (280)
  HIGHEST GUST SPEED    14   HIGHEST GUST DIRECTION     W (280)
  AVERAGE WIND SPEED     2.9


SKY COVER
  POSSIBLE SUNSHINE  MM
  AVERAGE SKY COVER 0.9


WEATHER CONDITIONS
 THE FOLLOWING WEATHER WAS RECORDED YESTERDAY.
  RAIN
  LIGHT RAIN
  FOG


RELATIVE HUMIDITY (PERCENT)
 HIGHEST   100           600 AM
 LOWEST     77          1000 AM
 AVERAGE    89

..........................................................


THE RIVERSIDE MUNI AIRPORT CA CLIMATE NORMALS FOR TODAY
                         NORMAL    RECORD    YEAR
 MAXIMUM TEMPERATURE (F)   69        87      1972
                                             1926
 MINIMUM TEMPERATURE (F)   45        26      1935


SUNRISE AND SUNSET
FEBRUARY 27 2017......SUNRISE   620 AM PST   SUNSET   545 PM PST
FEBRUARY 28 2017......SUNRISE   619 AM PST   SUNSET   546 PM PST


-  INDICATES NEGATIVE NUMBERS.
R  INDICATES RECORD WAS SET OR TIED.
MM INDICATES DATA IS MISSING.
T  INDICATES TRACE AMOUNT.




$$
