000
CDUS46 KSGX 190018
CLIRAL


CLIMATE REPORT
NATIONAL WEATHER SERVICE SAN DIEGO, CA
418 PM PST THU JAN 18 2018


...................................

...THE RIVERSIDE MUNI AIRPORT CA CLIMATE SUMMARY FOR JANUARY 18 2018...
VALID TODAY AS OF 0400 PM LOCAL TIME.

CLIMATE NORMAL PERIOD 1981 TO 2010
CLIMATE RECORD PERIOD 1893 TO 2018


WEATHER ITEM   OBSERVED TIME   RECORD YEAR NORMAL DEPARTURE LAST
                VALUE   (LST)  VALUE       VALUE  FROM      YEAR
                                                  NORMAL
..................................................................
TEMPERATURE (F)
 TODAY
  MAXIMUM         81   1245 PM  90    1971  67     14       59
  MINIMUM         49    636 AM  27    1949  44      5       38
                                      1937
                                      1928
  AVERAGE         65                        55     10       49

PRECIPITATION (IN)
  TODAY            0.00          1.42 1895   0.10  -0.10     0.01
  MONTH TO DATE    1.53                      2.03  -0.50     1.69
  SINCE OCT 1      1.56                      4.84  -3.28     6.95
  SINCE JAN 1      1.53                      2.03  -0.50     1.69

DEGREE DAYS
 HEATING
  TODAY            0                        10    -10       16
  MONTH TO DATE   57                       184   -127      203
  SINCE DEC 1    207                       510   -303      464
  SINCE JUL 1    253                       710   -457      568

 COOLING
  TODAY            0                         0      0        0
  MONTH TO DATE    4                         0      4        0
  SINCE DEC 1      7                         2      5        0
  SINCE JAN 1      4                         0      4        0
..................................................................


WIND (MPH)
  RESULTANT WIND SPEED   2   RESULTANT WIND DIRECTION   N (20)
  HIGHEST WIND SPEED    17   HIGHEST WIND DIRECTION     W (270)
  HIGHEST GUST SPEED    21   HIGHEST GUST DIRECTION     W (270)
  AVERAGE WIND SPEED     5.3


SKY COVER
  POSSIBLE SUNSHINE  MM
  AVERAGE SKY COVER 0.1


WEATHER CONDITIONS
 THE FOLLOWING WEATHER WAS RECORDED TODAY.
  NO SIGNIFICANT WEATHER WAS OBSERVED.


RELATIVE HUMIDITY (PERCENT)
 HIGHEST    68           500 AM
 LOWEST     19          1200 PM
 AVERAGE    44

..........................................................


THE RIVERSIDE MUNI AIRPORT CA CLIMATE NORMALS FOR TOMORROW
                         NORMAL    RECORD    YEAR
 MAXIMUM TEMPERATURE (F)   67        90      1971
 MINIMUM TEMPERATURE (F)   44        27      1947
                                             1943
                                             1903


SUNRISE AND SUNSET
JANUARY 18 2018.......SUNRISE   654 AM PST   SUNSET   507 PM PST
JANUARY 19 2018.......SUNRISE   654 AM PST   SUNSET   508 PM PST


-  INDICATES NEGATIVE NUMBERS.
R  INDICATES RECORD WAS SET OR TIED.
MM INDICATES DATA IS MISSING.
T  INDICATES TRACE AMOUNT.




$$
