000
CDUS46 KSGX 260018
CLIRAL


CLIMATE REPORT
NATIONAL WEATHER SERVICE SAN DIEGO, CA
518 PM PDT SAT OCT 25 2014


...................................

...THE RIVERSIDE MUNI AIRPORT CA CLIMATE SUMMARY FOR OCTOBER 25 2014...
VALID TODAY AS OF 0500 PM LOCAL TIME.

CLIMATE NORMAL PERIOD 1981 TO 2010
CLIMATE RECORD PERIOD 1893 TO 2014


WEATHER ITEM   OBSERVED TIME   RECORD YEAR NORMAL DEPARTURE LAST
                VALUE   (LST)  VALUE       VALUE  FROM      YEAR
                                                  NORMAL
..................................................................
TEMPERATURE (F)
 TODAY
  MAXIMUM         85    218 PM 101    1926  80      5       75
  MINIMUM         62    346 AM  35    1935  53      9       54
  AVERAGE         74                        66      8       65

PRECIPITATION (IN)
  TODAY            0.00          0.37 1951   0.01  -0.01     0.00
  MONTH TO DATE    0.00                      0.19  -0.19     0.30
  SINCE JUL 1      0.37                      0.59  -0.22     0.46
  SINCE JAN 1      2.09                      9.78  -7.69     2.67

SNOWFALL (IN)
  TODAY            0.0
  MONTH TO DATE    0.0
  SINCE JAN 1      0.0
  SINCE JUL 1      0.0
  SNOW DEPTH       0

DEGREE DAYS
 HEATING
  TODAY            0                         2     -2        0
  MONTH TO DATE    0                        18    -18       21
  SINCE SEP 1      0                        20    -20       21
  SINCE JUL 1      0                        20    -20       21

 COOLING
  TODAY            9                         3      6        0
  MONTH TO DATE  229                       123    106       87
  SINCE SEP 1    681                       457    224      480
  SINCE JAN 1   2272                      1715    557     1949
..................................................................


WIND (MPH)
  RESULTANT WIND SPEED   2   RESULTANT WIND DIRECTION   W (280)
  HIGHEST WIND SPEED    15   HIGHEST WIND DIRECTION     W (260)
  HIGHEST GUST SPEED    21   HIGHEST GUST DIRECTION     W (280)
  AVERAGE WIND SPEED     5.2


SKY COVER
  POSSIBLE SUNSHINE  MM
  AVERAGE SKY COVER 0.3


WEATHER CONDITIONS
 THE FOLLOWING WEATHER WAS RECORDED TODAY.
  NO SIGNIFICANT WEATHER WAS OBSERVED.


RELATIVE HUMIDITY (PERCENT)
 HIGHEST    44           600 AM
 LOWEST     20           100 PM
 AVERAGE    32

..........................................................


THE RIVERSIDE MUNI AIRPORT CA CLIMATE NORMALS FOR TOMORROW
                         NORMAL    RECORD    YEAR
 MAXIMUM TEMPERATURE (F)   79       100      1915
 MINIMUM TEMPERATURE (F)   52        36      1949


SUNRISE AND SUNSET
OCTOBER 25 2014.......SUNRISE   703 AM PDT   SUNSET   604 PM PDT
OCTOBER 26 2014.......SUNRISE   704 AM PDT   SUNSET   603 PM PDT


-  INDICATES NEGATIVE NUMBERS.
R  INDICATES RECORD WAS SET OR TIED.
MM INDICATES DATA IS MISSING.
T  INDICATES TRACE AMOUNT.




$$
