000
CDUS43 KUNR 290833
CLIRAP


CLIMATE REPORT
NATIONAL WEATHER SERVICE RAPID CITY SD
231 AM MDT TUE JUL 29 2014


...................................

...THE RAPID CITY AIRPORT SD CLIMATE SUMMARY FOR JULY 28 2014...

CLIMATE NORMAL PERIOD 1981 TO 2010
CLIMATE RECORD PERIOD 1942 TO 2014


WEATHER ITEM   OBSERVED TIME   RECORD YEAR NORMAL DEPARTURE LAST
                VALUE   (LST)  VALUE       VALUE  FROM      YEAR
                                                  NORMAL
..................................................................
TEMPERATURE (F)
 YESTERDAY
  MAXIMUM         81    350 PM 109    2006  89     -8       82
  MINIMUM         50    423 AM  41    1971  59     -9       50
  AVERAGE         66                        74     -8       66

PRECIPITATION (IN)
  YESTERDAY        0.00          0.30 1966   0.07  -0.07     0.00
  MONTH TO DATE    1.93                      1.65   0.28     1.71
  SINCE JUN 1      7.18                      4.18   3.00     3.87
  SINCE JAN 1     12.57                     10.87   1.70    11.49

SNOWFALL (IN)
  YESTERDAY        0.0                       0.0    0.0      0.0
  MONTH TO DATE    0.0                       0.0    0.0      0.0
  SINCE JUN 1      0.0                       0.0    0.0      0.0
  SINCE JUL 1      0.0                       0.0    0.0      0.0
  SNOW DEPTH       0

DEGREE DAYS
 HEATING
  YESTERDAY        0                         0      0        0
  MONTH TO DATE   19                        10      9        5
  SINCE JUN 1    147                       109     38       85
  SINCE JUL 1     19                        10      9        5

 COOLING
  YESTERDAY        1                         9     -8        1
  MONTH TO DATE  158                       223    -65      247
  SINCE JUN 1    180                       307   -127      317
  SINCE JAN 1    200                       322   -122      325
..................................................................


WIND (MPH)
  HIGHEST WIND SPEED    16   HIGHEST WIND DIRECTION    SE (130)
  HIGHEST GUST SPEED    21   HIGHEST GUST DIRECTION    SE (120)
  AVERAGE WIND SPEED     6.9


SKY COVER
  AVERAGE SKY COVER 0.1


WEATHER CONDITIONS
 THE FOLLOWING WEATHER WAS RECORDED YESTERDAY.
  NO SIGNIFICANT WEATHER WAS OBSERVED.


RELATIVE HUMIDITY (PERCENT)
 HIGHEST    93           500 AM
 LOWEST     39           400 PM
 AVERAGE    66

..........................................................


THE RAPID CITY AIRPORT SD CLIMATE NORMALS FOR TODAY
                         NORMAL    RECORD    YEAR
 MAXIMUM TEMPERATURE (F)   89       108      2006
 MINIMUM TEMPERATURE (F)   59        41      1971


SUNRISE AND SUNSET
JULY 29 2014..........SUNRISE   537 AM MDT   SUNSET   820 PM MDT
JULY 30 2014..........SUNRISE   538 AM MDT   SUNSET   819 PM MDT


-  INDICATES NEGATIVE NUMBERS.
R  INDICATES RECORD WAS SET OR TIED.
MM INDICATES DATA IS MISSING.
T  INDICATES TRACE AMOUNT.




$$
