000
CDUS43 KUNR 231841
CLIRAP


CLIMATE REPORT
NATIONAL WEATHER SERVICE RAPID CITY SD
1140 AM MST FRI FEB 23 2018


...................................

...THE RAPID CITY AIRPORT SD CLIMATE SUMMARY FOR FEBRUARY 23 2018...
VALID AS OF 0900 AM LOCAL TIME.

CLIMATE NORMAL PERIOD 1981 TO 2010
CLIMATE RECORD PERIOD 1942 TO 2018


WEATHER ITEM   OBSERVED TIME   RECORD YEAR NORMAL DEPARTURE LAST
                VALUE   (LST)  VALUE       VALUE  FROM      YEAR
                                                  NORMAL
..................................................................
TEMPERATURE (F)
 TODAY
  MAXIMUM         10   1050 AM  67    1958  41    -31       30
  MINIMUM         -2    700 AM -14    1965  17    -19       24
  AVERAGE          4                        29    -25       27

PRECIPITATION (IN)
  TODAY            0.00          0.25 1948   0.02  -0.02     0.20
  MONTH TO DATE    0.77                      0.33   0.44     0.44
  SINCE DEC 1      1.21                      1.05   0.16     1.56
  SINCE JAN 1      0.94                      0.63   0.31     0.79

SNOWFALL (IN)
  TODAY            0.0           2.8  2017   0.3   -0.3      2.8
                                      1986
  MONTH TO DATE   16.8                       4.5   12.3      7.6
  SINCE DEC 1     29.8                      14.3   15.5     27.4
  SINCE JUL 1     29.8                      22.1    7.7     30.2
  SNOW DEPTH      MM

DEGREE DAYS
 HEATING
  TODAY           61                        36     25       38
  MONTH TO DATE 1247                       877    370      721
  SINCE DEC 1   3765                      3358    407     3627
  SINCE JUL 1   5316                      5033    283     4850

 COOLING
  TODAY            0                         0      0        0
  MONTH TO DATE    0                         0      0        0
  SINCE DEC 1      0                         0      0        0
  SINCE JAN 1      0                         0      0        0
..................................................................


WIND (MPH)
  HIGHEST WIND SPEED    13   HIGHEST WIND DIRECTION    NW (330)
  HIGHEST GUST SPEED    MM   HIGHEST GUST DIRECTION    MM
  AVERAGE WIND SPEED     4.1


SKY COVER
  AVERAGE SKY COVER 0.0


WEATHER CONDITIONS
 THE FOLLOWING WEATHER WAS RECORDED TODAY.
  NO SIGNIFICANT WEATHER WAS OBSERVED.


RELATIVE HUMIDITY (PERCENT)
 HIGHEST    86           600 AM
 LOWEST     69           900 AM
 AVERAGE    78

..........................................................


THE RAPID CITY AIRPORT SD CLIMATE NORMALS FOR TOMORROW
                         NORMAL    RECORD    YEAR
 MAXIMUM TEMPERATURE (F)   42        75      1995
 MINIMUM TEMPERATURE (F)   17       -17      2003


SUNRISE AND SUNSET
FEBRUARY 23 2018......SUNRISE   639 AM MST   SUNSET   533 PM MST
FEBRUARY 24 2018......SUNRISE   637 AM MST   SUNSET   534 PM MST


-  INDICATES NEGATIVE NUMBERS.
R  INDICATES RECORD WAS SET OR TIED.
MM INDICATES DATA IS MISSING.
T  INDICATES TRACE AMOUNT.




$$
