000
CDUS43 KUNR 231833
CLIRAP


CLIMATE REPORT
NATIONAL WEATHER SERVICE RAPID CITY SD
1232 PM MDT THU OCT 23 2014


...................................

...THE RAPID CITY AIRPORT SD CLIMATE SUMMARY FOR OCTOBER 23 2014...
VALID AS OF 1100 AM LOCAL TIME.

CLIMATE NORMAL PERIOD 1981 TO 2010
CLIMATE RECORD PERIOD 1942 TO 2014


WEATHER ITEM   OBSERVED TIME   RECORD YEAR NORMAL DEPARTURE LAST
                VALUE   (LST)  VALUE       VALUE  FROM      YEAR
                                                  NORMAL
..................................................................
TEMPERATURE (F)
 TODAY
  MAXIMUM         63   1059 AM  80    1963  59      4       50
  MINIMUM         31    413 AM  12    1981  32     -1       33
  AVERAGE         47                        45      2       42

PRECIPITATION (IN)
  TODAY            0.00          0.45 1975   0.04  -0.04     0.00
  MONTH TO DATE    0.54                      1.14  -0.60     5.38
  SINCE SEP 1      3.71                      2.43   1.28     6.56
  SINCE JAN 1     20.31                     15.06   5.25    20.62

SNOWFALL (IN)
  TODAY            0.0                       0.1   -0.1      0.0
  MONTH TO DATE    0.0                       0.8   -0.8     19.6
  SINCE SEP 1      T                         1.0   -1.0     19.6
  SINCE JUL 1      T                         1.0   -1.0     19.6
  SNOW DEPTH       0

DEGREE DAYS
 HEATING
  TODAY           18                        20     -2       23
  MONTH TO DATE  294                       364    -70      485
  SINCE SEP 1    499                       551    -52      587
  SINCE JUL 1    535                       588    -53      592

 COOLING
  TODAY            0                         0      0        0
  MONTH TO DATE    0                         0      0        0
  SINCE SEP 1     61                        61      0      133
  SINCE JAN 1    424                       633   -209      724
..................................................................


WIND (MPH)
  HIGHEST WIND SPEED    10   HIGHEST WIND DIRECTION     W (290)
  HIGHEST GUST SPEED    12   HIGHEST GUST DIRECTION     W (280)
  AVERAGE WIND SPEED     4.5


SKY COVER
  AVERAGE SKY COVER 0.0


WEATHER CONDITIONS
 THE FOLLOWING WEATHER WAS RECORDED TODAY.
  NO SIGNIFICANT WEATHER WAS OBSERVED.


RELATIVE HUMIDITY (PERCENT)
 HIGHEST    82          1200 AM
 LOWEST     30          1100 AM
 AVERAGE    56

..........................................................


THE RAPID CITY AIRPORT SD CLIMATE NORMALS FOR TOMORROW
                         NORMAL    RECORD    YEAR
 MAXIMUM TEMPERATURE (F)   58        84      1978
 MINIMUM TEMPERATURE (F)   31        15      1942


SUNRISE AND SUNSET
OCTOBER 23 2014.......SUNRISE   717 AM MDT   SUNSET   555 PM MDT
OCTOBER 24 2014.......SUNRISE   718 AM MDT   SUNSET   554 PM MDT


-  INDICATES NEGATIVE NUMBERS.
R  INDICATES RECORD WAS SET OR TIED.
MM INDICATES DATA IS MISSING.
T  INDICATES TRACE AMOUNT.




$$
