000
CDUS43 KUNR 300832
CLIRAP


CLIMATE REPORT
NATIONAL WEATHER SERVICE RAPID CITY SD
231 AM MDT SAT AUG 30 2014


...................................

...THE RAPID CITY AIRPORT SD CLIMATE SUMMARY FOR AUGUST 29 2014...

CLIMATE NORMAL PERIOD 1981 TO 2010
CLIMATE RECORD PERIOD 1942 TO 2014


WEATHER ITEM   OBSERVED TIME   RECORD YEAR NORMAL DEPARTURE LAST
                VALUE   (LST)  VALUE       VALUE  FROM      YEAR
                                                  NORMAL
..................................................................
TEMPERATURE (F)
 YESTERDAY
  MAXIMUM         79    353 PM 107    2012  83     -4       95
  MINIMUM         53   1159 PM  41    1988  53      0       66
  AVERAGE         66                        68     -2       81

PRECIPITATION (IN)
  YESTERDAY        T             1.07 2011   0.04  -0.04     0.00
  MONTH TO DATE    3.12                      1.47   1.65     2.04
  SINCE JUN 1     10.31                      5.85   4.46     6.07
  SINCE JAN 1     15.70                     12.54   3.16    13.69

SNOWFALL (IN)
  YESTERDAY        0.0                       0.0    0.0      0.0
  MONTH TO DATE    0.0                       0.0    0.0      0.0
  SINCE JUN 1      0.0                       0.0    0.0      0.0
  SINCE JUL 1      0.0                       0.0    0.0      0.0
  SNOW DEPTH       0

DEGREE DAYS
 HEATING
  YESTERDAY        0                         2     -2        0
  MONTH TO DATE   11                        14     -3        0
  SINCE JUN 1    161                       128     33       85
  SINCE JUL 1     33                        29      4        5

 COOLING
  YESTERDAY        1                         5     -4       16
  MONTH TO DATE  149                       215    -66      226
  SINCE JUN 1    338                       549   -211      564
  SINCE JAN 1    358                       564   -206      572
..................................................................


WIND (MPH)
  HIGHEST WIND SPEED    35   HIGHEST WIND DIRECTION     N (340)
  HIGHEST GUST SPEED    44   HIGHEST GUST DIRECTION     N (360)
  AVERAGE WIND SPEED    12.4


SKY COVER
  AVERAGE SKY COVER 0.1


WEATHER CONDITIONS
 THE FOLLOWING WEATHER WAS RECORDED YESTERDAY.
  LIGHT RAIN


RELATIVE HUMIDITY (PERCENT)
 HIGHEST   100          1200 AM
 LOWEST     40           100 PM
 AVERAGE    70

..........................................................


THE RAPID CITY AIRPORT SD CLIMATE NORMALS FOR TODAY
                         NORMAL    RECORD    YEAR
 MAXIMUM TEMPERATURE (F)   83       102      1948
 MINIMUM TEMPERATURE (F)   53        38      1992


SUNRISE AND SUNSET
AUGUST 30 2014........SUNRISE   613 AM MDT   SUNSET   732 PM MDT
AUGUST 31 2014........SUNRISE   614 AM MDT   SUNSET   730 PM MDT


-  INDICATES NEGATIVE NUMBERS.
R  INDICATES RECORD WAS SET OR TIED.
MM INDICATES DATA IS MISSING.
T  INDICATES TRACE AMOUNT.




$$
