000
CDUS43 KUNR 230833
CLIRAP


CLIMATE REPORT
NATIONAL WEATHER SERVICE RAPID CITY SD
232 AM MDT WED APR 23 2014


...................................

...THE RAPID CITY AIRPORT SD CLIMATE SUMMARY FOR APRIL 22 2014...

CLIMATE NORMAL PERIOD 1981 TO 2010
CLIMATE RECORD PERIOD 1942 TO 2014


WEATHER ITEM   OBSERVED TIME   RECORD YEAR NORMAL DEPARTURE LAST
                VALUE   (LST)  VALUE       VALUE  FROM      YEAR
                                                  NORMAL
..................................................................
TEMPERATURE (F)
 YESTERDAY
  MAXIMUM         76   1237 PM  93    1989  61     15       31
  MINIMUM         34    451 AM  13    1951  34      0       15
  AVERAGE         55                        47      8       23

PRECIPITATION (IN)
  YESTERDAY        0.00          0.65 2001   0.07  -0.07     0.52
  MONTH TO DATE    0.54                      1.15  -0.61     3.01
  SINCE MAR 1      1.63                      2.08  -0.45     3.83
  SINCE JAN 1      2.12                      2.82  -0.70     4.44

SNOWFALL (IN)
  YESTERDAY        0.0                       0.2   -0.2      6.0
  MONTH TO DATE    6.0                       6.3   -0.3     43.4
  SINCE MAR 1     20.4                      15.0    5.4     56.3
  SINCE JUL 1     63.4                      38.4   25.0     76.7
  SNOW DEPTH       0

DEGREE DAYS
 HEATING
  YESTERDAY       10                        18     -8       42
  MONTH TO DATE  488                       470     18      700
  SINCE MAR 1   1505                      1388    117     1668
  SINCE JUL 1   7138                      6598    540     6657

 COOLING
  YESTERDAY        0                         0      0        0
  MONTH TO DATE    0                         0      0        0
  SINCE MAR 1      0                         0      0        0
  SINCE JAN 1      0                         0      0        0
..................................................................


WIND (MPH)
  HIGHEST WIND SPEED    23   HIGHEST WIND DIRECTION     S (180)
  HIGHEST GUST SPEED    26   HIGHEST GUST DIRECTION     S (180)
  AVERAGE WIND SPEED    11.4


SKY COVER
  AVERAGE SKY COVER 0.0


WEATHER CONDITIONS
 THE FOLLOWING WEATHER WAS RECORDED YESTERDAY.
  NO SIGNIFICANT WEATHER WAS OBSERVED.


RELATIVE HUMIDITY (PERCENT)
 HIGHEST    75           500 AM
 LOWEST     27           100 PM
 AVERAGE    51

..........................................................


THE RAPID CITY AIRPORT SD CLIMATE NORMALS FOR TODAY
                         NORMAL    RECORD    YEAR
 MAXIMUM TEMPERATURE (F)   61        85      2012
                                             2009
 MINIMUM TEMPERATURE (F)   34        12      2013


SUNRISE AND SUNSET
APRIL 23 2014.........SUNRISE   556 AM MDT   SUNSET   746 PM MDT
APRIL 24 2014.........SUNRISE   554 AM MDT   SUNSET   747 PM MDT


-  INDICATES NEGATIVE NUMBERS.
R  INDICATES RECORD WAS SET OR TIED.
MM INDICATES DATA IS MISSING.
T  INDICATES TRACE AMOUNT.




$$
