000
CDUS43 KUNR 300841
CLIRAP


CLIMATE REPORT
NATIONAL WEATHER SERVICE RAPID CITY SD
238 AM MDT THU MAR 30 2017


...................................

...THE RAPID CITY AIRPORT SD CLIMATE SUMMARY FOR MARCH 29 2017...

CLIMATE NORMAL PERIOD 1981 TO 2010
CLIMATE RECORD PERIOD 1942 TO 2017


WEATHER ITEM   OBSERVED TIME   RECORD YEAR NORMAL DEPARTURE LAST
                VALUE   (LST)  VALUE       VALUE  FROM      YEAR
                                                  NORMAL
..................................................................
TEMPERATURE (F)
 YESTERDAY
  MAXIMUM         57    450 PM  82    1943  52      5       53
  MINIMUM         35   1159 PM   4    1975  27      8       37
  AVERAGE         46                        39      7       45

PRECIPITATION (IN)
  YESTERDAY        0.00          0.75 1977   0.03  -0.03     0.01
  MONTH TO DATE    0.53                      0.85  -0.32     0.70
  SINCE MAR 1      0.53                      0.85  -0.32     0.70
  SINCE JAN 1      1.34                      1.59  -0.25     1.56

SNOWFALL (IN)
  YESTERDAY        0.0           9.8  1977   0.3   -0.3      0.0
  MONTH TO DATE    0.3                       8.1   -7.8      5.3
  SINCE MAR 1      0.3                       8.1   -7.8      5.3
  SINCE JUL 1     30.8                      31.5   -0.7     31.4
  SNOW DEPTH       0

DEGREE DAYS
 HEATING
  YESTERDAY       19                        26     -7       20
  MONTH TO DATE  739                       867   -128      701
  SINCE MAR 1    739                       867   -128      701
  SINCE JUL 1   5795                      6077   -282     5396

 COOLING
  YESTERDAY        0                         0      0        0
  MONTH TO DATE    0                         0      0        0
  SINCE MAR 1      0                         0      0        0
  SINCE JAN 1      0                         0      0        0
..................................................................


WIND (MPH)
  HIGHEST WIND SPEED    13   HIGHEST WIND DIRECTION    NE (40)
  HIGHEST GUST SPEED    15   HIGHEST GUST DIRECTION    NE (30)
  AVERAGE WIND SPEED     4.1


SKY COVER
  AVERAGE SKY COVER 0.5


WEATHER CONDITIONS
 THE FOLLOWING WEATHER WAS RECORDED YESTERDAY.
  FOG
  FOG W/VISIBILITY <= 1/4 MILE


RELATIVE HUMIDITY (PERCENT)
 HIGHEST   100           300 AM
 LOWEST     51           200 PM
 AVERAGE    76

..........................................................


THE RAPID CITY AIRPORT SD CLIMATE NORMALS FOR TODAY
                         NORMAL    RECORD    YEAR
 MAXIMUM TEMPERATURE (F)   53        80      1986
 MINIMUM TEMPERATURE (F)   27         8      1975


SUNRISE AND SUNSET
MARCH 30 2017.........SUNRISE   637 AM MDT   SUNSET   717 PM MDT
MARCH 31 2017.........SUNRISE   635 AM MDT   SUNSET   719 PM MDT


-  INDICATES NEGATIVE NUMBERS.
R  INDICATES RECORD WAS SET OR TIED.
MM INDICATES DATA IS MISSING.
T  INDICATES TRACE AMOUNT.




$$
