000
CDUS43 KUNR 120038
CLIRAP


CLIMATE REPORT
NATIONAL WEATHER SERVICE RAPID CITY SD
537 PM MST THU FEB 11 2016


...................................

...THE RAPID CITY AIRPORT SD CLIMATE SUMMARY FOR FEBRUARY 11 2016...
VALID TODAY AS OF 0500 PM LOCAL TIME.

CLIMATE NORMAL PERIOD 1981 TO 2010
CLIMATE RECORD PERIOD 1942 TO 2016


WEATHER ITEM   OBSERVED TIME   RECORD YEAR NORMAL DEPARTURE LAST
                VALUE   (LST)  VALUE       VALUE  FROM      YEAR
                                                  NORMAL
..................................................................
TEMPERATURE (F)
 TODAY
  MAXIMUM         59    143 PM  68    1990  39     20       36
  MINIMUM         25    156 AM -15    1944  14     11       17
  AVERAGE         42                        26     16       27

PRECIPITATION (IN)
  TODAY            0.00          0.24 2008   0.01  -0.01     0.00
  MONTH TO DATE    0.22                      0.12   0.10      T
  SINCE DEC 1      1.06                      0.84   0.22     0.60
  SINCE JAN 1      0.43                      0.42   0.01     0.18

SNOWFALL (IN)
  TODAY            0.0           2.4  2008   0.2   -0.2      0.0
  MONTH TO DATE    3.4                       1.8    1.6      0.3
  SINCE DEC 1     18.2                      11.6    6.6     13.3
  SINCE JUL 1     24.8                      19.4    5.4     28.8
  SNOW DEPTH       0

DEGREE DAYS
 HEATING
  TODAY           23                        39    -16       38
  MONTH TO DATE  355                       430    -75      342
  SINCE DEC 1   2778                      2911   -133     2613
  SINCE JUL 1   4223                      4586   -363     4421

 COOLING
  TODAY            0                         0      0        0
  MONTH TO DATE    0                         0      0        0
  SINCE DEC 1      0                         0      0        0
  SINCE JAN 1      0                         0      0        0
..................................................................


WIND (MPH)
  HIGHEST WIND SPEED    41   HIGHEST WIND DIRECTION    NW (330)
  HIGHEST GUST SPEED    56   HIGHEST GUST DIRECTION    NW (300)
  AVERAGE WIND SPEED    13.9


SKY COVER
  AVERAGE SKY COVER 0.7


WEATHER CONDITIONS
 THE FOLLOWING WEATHER WAS RECORDED TODAY.
  FOG
  FOG W/VISIBILITY <= 1/4 MILE


RELATIVE HUMIDITY (PERCENT)
 HIGHEST   100           500 AM
 LOWEST     28          1200 PM
 AVERAGE    64

..........................................................


THE RAPID CITY AIRPORT SD CLIMATE NORMALS FOR TOMORROW
                         NORMAL    RECORD    YEAR
 MAXIMUM TEMPERATURE (F)   39        72      1983
 MINIMUM TEMPERATURE (F)   14       -11      1949


SUNRISE AND SUNSET
FEBRUARY 11 2016......SUNRISE   658 AM MST   SUNSET   516 PM MST
FEBRUARY 12 2016......SUNRISE   656 AM MST   SUNSET   517 PM MST


-  INDICATES NEGATIVE NUMBERS.
R  INDICATES RECORD WAS SET OR TIED.
MM INDICATES DATA IS MISSING.
T  INDICATES TRACE AMOUNT.




$$
