000
CDUS46 KMFR 270837
CLIRBG


CLIMATE REPORT
NATIONAL WEATHER SERVICE MEDFORD, OR
137 AM PDT WED JUL 27 2016


...................................

...THE ROSEBURG OR CLIMATE SUMMARY FOR JULY 26 2016...

CLIMATE NORMAL PERIOD 1981 TO 2010
CLIMATE RECORD PERIOD 1931 TO 2016


WEATHER ITEM   OBSERVED TIME   RECORD YEAR NORMAL DEPARTURE LAST
                VALUE   (LST)  VALUE       VALUE  FROM      YEAR
                                                  NORMAL
..................................................................
TEMPERATURE (F)
 YESTERDAY
  MAXIMUM         91    408 PM 104    1998  86      5       79
                                      1939
  MINIMUM         59    519 AM  45    1953  57      2       60
  AVERAGE         75                        72      3       70

PRECIPITATION (IN)
  YESTERDAY        0.00          1.43 1947   0.01  -0.01     0.00
  MONTH TO DATE    0.77                      0.37   0.40     0.01
  SINCE OCT 1     38.45                     34.78   3.67    24.95
  SINCE JAN 1     19.26                     19.13   0.13    10.67

SNOWFALL (IN)
  YESTERDAY       MM                        MM     MM       MM
  MONTH TO DATE   MM                        MM     MM        0.0
  SINCE JUL 1     MM                        MM     MM        0.0
  SNOW DEPTH      MM

DEGREE DAYS
 HEATING
  YESTERDAY        0                         0      0        0
  MONTH TO DATE    3                         8     -5        0
  SINCE JUN 1     67                        91    -24       12
  SINCE JUL 1      3                         8     -5        0

 COOLING
  YESTERDAY       10                         7      3        5
  MONTH TO DATE  130                       141    -11      274
  SINCE JUN 1    266                       191     75      505
  SINCE JAN 1    309                       211     98      535
..................................................................


WIND (MPH)
  RESULTANT WIND SPEED   5   RESULTANT WIND DIRECTION   N (10)
  HIGHEST WIND SPEED    21   HIGHEST WIND DIRECTION     N (10)
  HIGHEST GUST SPEED    24   HIGHEST GUST DIRECTION     N (360)
  AVERAGE WIND SPEED     5.9


SKY COVER
  POSSIBLE SUNSHINE  MM
  AVERAGE SKY COVER 0.2


WEATHER CONDITIONS
 THE FOLLOWING WEATHER WAS RECORDED YESTERDAY.
  NO SIGNIFICANT WEATHER WAS OBSERVED.


RELATIVE HUMIDITY (PERCENT)
 HIGHEST    84           400 AM
 LOWEST     22           600 PM
 AVERAGE    53

..........................................................


THE ROSEBURG OR CLIMATE NORMALS FOR TODAY
                         NORMAL    RECORD    YEAR
 MAXIMUM TEMPERATURE (F)   86       107      1998
 MINIMUM TEMPERATURE (F)   57        44      1957


SUNRISE AND SUNSET
JULY 27 2016..........SUNRISE   559 AM PDT   SUNSET   840 PM PDT
JULY 28 2016..........SUNRISE   600 AM PDT   SUNSET   839 PM PDT


-  INDICATES NEGATIVE NUMBERS.
R  INDICATES RECORD WAS SET OR TIED.
MM INDICATES DATA IS MISSING.
T  INDICATES TRACE AMOUNT.




$$
