000
CDUS46 KMFR 070046
CLIRBG


CLIMATE REPORT
NATIONAL WEATHER SERVICE MEDFORD, OR
446 PM PST FRI MAR 6 2015


...................................

...THE ROSEBURG OR CLIMATE SUMMARY FOR MARCH 6 2015...
VALID TODAY AS OF 0400 PM LOCAL TIME.

CLIMATE NORMAL PERIOD 1981 TO 2010
CLIMATE RECORD PERIOD 1931 TO 2015


WEATHER ITEM   OBSERVED TIME   RECORD YEAR NORMAL DEPARTURE LAST
                VALUE   (LST)  VALUE       VALUE  FROM      YEAR
                                                  NORMAL
..................................................................
TEMPERATURE (F)
 TODAY
  MAXIMUM         70R   359 PM  70    1979  57     13       56
  MINIMUM         37    639 AM  19    1956  39     -2       45
  AVERAGE         54                        48      6       51

PRECIPITATION (IN)
  TODAY            0.00          0.96 1961   0.10  -0.10
  MONTH TO DATE    0.03                      0.60  -0.57
  SINCE OCT 1     20.49                     25.29  -4.80
  SINCE JAN 1      6.21                      9.64  -3.43

SNOWFALL (IN)
  TODAY           MM                        MM     MM       MM
  MONTH TO DATE    0.0                      MM     MM       MM
  SINCE JUL 1      0.0                      MM     MM        0.0
  SNOW DEPTH      MM

DEGREE DAYS
 HEATING
  TODAY           11                        17     -6       14
  MONTH TO DATE   99                       107     -8       56
  SINCE MAR 1     99                       107     -8       56
  SINCE JUL 1   2156                      2976   -820     2983

 COOLING
  TODAY            0                         0      0        0
  MONTH TO DATE    0                         0      0        0
  SINCE MAR 1      0                         0      0        0
  SINCE JAN 1      0                         0      0        0
..................................................................







THE ROSEBURG OR CLIMATE NORMALS FOR TOMORROW
                         NORMAL    RECORD    YEAR
 MAXIMUM TEMPERATURE (F)   57        74      2004
 MINIMUM TEMPERATURE (F)   39        26      1976


SUNRISE AND SUNSET
MARCH  6 2015.........SUNRISE   641 AM PST   SUNSET   609 PM PST
MARCH  7 2015.........SUNRISE   640 AM PST   SUNSET   610 PM PST


-  INDICATES NEGATIVE NUMBERS.
R  INDICATES RECORD WAS SET OR TIED.
MM INDICATES DATA IS MISSING.
T  INDICATES TRACE AMOUNT.




$$
