000
CDUS46 KMFR 040836
CLIRBG


CLIMATE REPORT
NATIONAL WEATHER SERVICE MEDFORD, OR
136 AM PDT WED MAY 4 2016


...................................

...THE ROSEBURG OR CLIMATE SUMMARY FOR MAY 3 2016...

CLIMATE NORMAL PERIOD 1981 TO 2010
CLIMATE RECORD PERIOD 1931 TO 2016


WEATHER ITEM   OBSERVED TIME   RECORD YEAR NORMAL DEPARTURE LAST
                VALUE   (LST)  VALUE       VALUE  FROM      YEAR
                                                  NORMAL
..................................................................
TEMPERATURE (F)
 YESTERDAY
  MAXIMUM         71    242 PM  90    1944  67      4       79
  MINIMUM         51    556 AM  36    2001  45      6       43
                                      1981
  AVERAGE         61                        56      5       61

PRECIPITATION (IN)
  YESTERDAY        0.31          0.79 1936   0.08   0.23     0.00
  MONTH TO DATE    0.36                      0.25   0.11     0.00
  SINCE OCT 1     36.33                     31.26   5.07    24.48
  SINCE JAN 1     17.14                     15.61   1.53    10.20

SNOWFALL (IN)
  YESTERDAY       MM                        MM     MM       MM
  MONTH TO DATE   MM                        MM     MM       MM
  SINCE JUL 1      0.0                      MM     MM        0.0
  SNOW DEPTH      MM

DEGREE DAYS
 HEATING
  YESTERDAY        4                         9     -5        4
  MONTH TO DATE    6                        28    -22        9
  SINCE MAR 1    624                       923   -299      672
  SINCE JUL 1   2977                      3792   -815     2729

 COOLING
  YESTERDAY        0                         0      0        0
  MONTH TO DATE    4                         0      4        0
  SINCE MAR 1     22                         1     21        1
  SINCE JAN 1     22                         1     21        1
..................................................................


WIND (MPH)
  RESULTANT WIND SPEED   2   RESULTANT WIND DIRECTION   N (10)
  HIGHEST WIND SPEED    12   HIGHEST WIND DIRECTION    SW (220)
  HIGHEST GUST SPEED    19   HIGHEST GUST DIRECTION    SW (230)
  AVERAGE WIND SPEED     3.2


SKY COVER
  POSSIBLE SUNSHINE  MM
  AVERAGE SKY COVER 0.4


WEATHER CONDITIONS
 THE FOLLOWING WEATHER WAS RECORDED YESTERDAY.
  THUNDERSTORM
  HEAVY RAIN
  LIGHT RAIN
  FOG


RELATIVE HUMIDITY (PERCENT)
 HIGHEST    93          1100 PM
 LOWEST     53           100 PM
 AVERAGE    73

..........................................................


THE ROSEBURG OR CLIMATE NORMALS FOR TODAY
                         NORMAL    RECORD    YEAR
 MAXIMUM TEMPERATURE (F)   67        87      1953
 MINIMUM TEMPERATURE (F)   45        33      1952


SUNRISE AND SUNSET
MAY  4 2016...........SUNRISE   602 AM PDT   SUNSET   819 PM PDT
MAY  5 2016...........SUNRISE   601 AM PDT   SUNSET   820 PM PDT


-  INDICATES NEGATIVE NUMBERS.
R  INDICATES RECORD WAS SET OR TIED.
MM INDICATES DATA IS MISSING.
T  INDICATES TRACE AMOUNT.




$$
