000
CDUS46 KSTO 260839
CLIRDD

CLIMATE REPORT
NATIONAL WEATHER SERVICE SACRAMENTO, CA
1236 AM PST MON JAN 26 2015


...................................

...THE REDDING AIRPORT CA CLIMATE SUMMARY FOR JANUARY 25 2015...

CLIMATE NORMAL PERIOD 1981 TO 2010
CLIMATE RECORD PERIOD 1986 TO 2015


WEATHER ITEM   OBSERVED RECORD YEAR NORMAL DEPARTURE LAST
                VALUE   VALUE       VALUE  FROM      YEAR
                                           NORMAL
...........................................................
TEMPERATURE (F)
 YESTERDAY
  MAXIMUM         69     78    2014  56     13       78
  MINIMUM         42     22    1991  37      5       32
  AVERAGE         56

PRECIPITATION (IN)
  YESTERDAY        0.00   1.50 2010   0.18  -0.18     0.00
  MONTH TO DATE    0.26               4.88  -4.62     0.08
  SINCE OCT 1     16.51              17.73  -1.22     2.19
  SINCE JAN 1      0.26               4.88  -4.62     0.08

SNOWFALL (IN)
  YESTERDAY        0.0    0.0  2002  MM               0.0
  MONTH TO DATE    0.0               MM               0.0
  SINCE DEC 1      0.0               MM               5.0
  SINCE JUL 1      0.0               MM               5.0

DEGREE DAYS
 HEATING
  YESTERDAY        9

 COOLING
  YESTERDAY        0
...........................................................


WIND (MPH)
  RESULTANT WIND SPEED   1   RESULTANT WIND DIRECTION  SE (140)
  HIGHEST WIND SPEED    10   HIGHEST WIND DIRECTION     S (160)
  HIGHEST GUST SPEED    12   HIGHEST GUST DIRECTION     E (90)


SKY COVER
  POSSIBLE SUNSHINE  MM
  AVERAGE SKY COVER 0.0


WEATHER CONDITIONS
 THE FOLLOWING WEATHER WAS RECORDED YESTERDAY.
  FOG
  HAZE


RELATIVE HUMIDITY (PERCENT)
 HIGHEST    96
 LOWEST     51
 AVERAGE    74

..........................................................


THE REDDING AIRPORT CA CLIMATE NORMALS FOR TODAY
                         NORMAL    RECORD    YEAR
 MAXIMUM TEMPERATURE (F)   56        73      2011
 MINIMUM TEMPERATURE (F)   37        25      1991


SUNRISE AND SUNSET
JANUARY 26 2015.......SUNRISE   724 AM PST   SUNSET   520 PM PST
JANUARY 27 2015.......SUNRISE   723 AM PST   SUNSET   521 PM PST


-  INDICATES NEGATIVE NUMBERS.
R  INDICATES RECORD WAS SET OR TIED.
MM INDICATES DATA IS MISSING.
T  INDICATES TRACE AMOUNT.






&&
....................................................................

REDDING CITY CLIMATE DATA FOR JANUARY 25

CLIMATE RECORD PERIOD 1897-1986

RECORD HIGH..............     73 IN 1980
RECORD LOW...............     22 IN 1950

RECORD RAINFALL..........   3.14 IN 1940

$$
