195
CDUS46 KSTO 010049
CLIRDD

CLIMATE REPORT
NATIONAL WEATHER SERVICE SACRAMENTO, CA
540 PM PDT SUN APR 30 2017


...................................

...THE REDDING AIRPORT CA CLIMATE SUMMARY FOR APRIL 30 2017...
VALID TODAY AS OF 0500 PM LOCAL TIME.

CLIMATE NORMAL PERIOD 1981 TO 2010
CLIMATE RECORD PERIOD 1986 TO 2017


WEATHER ITEM   OBSERVED RECORD YEAR NORMAL DEPARTURE LAST
                VALUE   VALUE       VALUE  FROM      YEAR
                                           NORMAL
...........................................................
TEMPERATURE (F)
 TODAY
  MAXIMUM         84     92    1996  75      9       82
  MINIMUM         47     41    2010  49     -2       57
                               2008
                               1988
  AVERAGE         66

PRECIPITATION (IN)
  TODAY            0.00   0.53 1995   0.07  -0.07     0.00
  MONTH TO DATE    3.89               2.48   1.41     3.25
  SINCE OCT 1     46.19              31.17  15.02    37.06
  SINCE JAN 1     27.46              18.32   9.14    27.20

SNOWFALL (IN)
  TODAY            0.0   MM      MM  MM               0.0
  MONTH TO DATE    0.0               MM               0.0
  SINCE MAR 1      0.0               MM               0.0
  SINCE JUL 1      3.0               MM               0.0

DEGREE DAYS
 HEATING
  TODAY            0

 COOLING
  TODAY            1
...........................................................


WIND (MPH)
  RESULTANT WIND SPEED   1   RESULTANT WIND DIRECTION  NE (40)
  HIGHEST WIND SPEED    13   HIGHEST WIND DIRECTION    SE (130)
  HIGHEST GUST SPEED    15   HIGHEST GUST DIRECTION    SE (130)


SKY COVER
  POSSIBLE SUNSHINE  MM
  AVERAGE SKY COVER 0.0


WEATHER CONDITIONS
 THE FOLLOWING WEATHER WAS RECORDED TODAY.
  NO SIGNIFICANT WEATHER WAS OBSERVED.


RELATIVE HUMIDITY (PERCENT)
 HIGHEST    93
 LOWEST     22
 AVERAGE    58

..........................................................


THE REDDING AIRPORT CA CLIMATE NORMALS FOR TOMORROW
                         NORMAL    RECORD    YEAR
 MAXIMUM TEMPERATURE (F)   76        95      2015
 MINIMUM TEMPERATURE (F)   50        36      1988


SUNRISE AND SUNSET
APRIL 30 2017.........SUNRISE   609 AM PDT   SUNSET   804 PM PDT
MAY  1 2017...........SUNRISE   608 AM PDT   SUNSET   805 PM PDT


-  INDICATES NEGATIVE NUMBERS.
R  INDICATES RECORD WAS SET OR TIED.
MM INDICATES DATA IS MISSING.
T  INDICATES TRACE AMOUNT.

&&
....................................................................

REDDING CITY CLIMATE DATA FOR APRIL 30

CLIMATE RECORD PERIOD 1897-1986

RECORD HIGH..............     93 IN 1945
RECORD LOW...............     33 IN 1913

RECORD RAINFALL..........   2.02 IN 1934

$$

NNNN
