000
CDUS46 KSTO 060851
CLIRDD

CLIMATE REPORT
NATIONAL WEATHER SERVICE SACRAMENTO, CA
1247 AM PST SAT FEB 6 2016


..........................................................

...THE REDDING AIRPORT CA CLIMATE SUMMARY FOR FEBRUARY 5 2016...

CLIMATE NORMAL PERIOD 1981 TO 2010
CLIMATE RECORD PERIOD 1986 TO 2016


WEATHER ITEM   OBSERVED RECORD YEAR NORMAL DEPARTURE LAST
                VALUE   VALUE       VALUE  FROM      YEAR
                                           NORMAL
...........................................................
TEMPERATURE (F)
 YESTERDAY
  MAXIMUM         60     76    2011  58      2       57
  MINIMUM         34     21    1989  38     -4       47
  AVERAGE         47

PRECIPITATION (IN)
  YESTERDAY        0.00   0.95 1998   0.21  -0.21     0.00
  MONTH TO DATE    0.09               1.01  -0.92     0.44
  SINCE OCT 1     22.63              19.82   2.81    16.95
  SINCE JAN 1     12.77               6.97   5.80     0.70

SNOWFALL (IN)
  YESTERDAY        0.0    0.0  2002  MM               0.0
  MONTH TO DATE    0.0               MM               0.0
  SINCE DEC 1      0.0               MM               0.0
  SINCE JUL 1      0.0               MM               0.0

DEGREE DAYS
 HEATING
  YESTERDAY       18

 COOLING
  YESTERDAY        0
...........................................................


WIND (MPH)
  RESULTANT WIND SPEED   0   RESULTANT WIND DIRECTION   N (0)
  HIGHEST WIND SPEED     6   HIGHEST WIND DIRECTION    NW (310)
  HIGHEST GUST SPEED     7   HIGHEST GUST DIRECTION    NW (330)


SKY COVER
  POSSIBLE SUNSHINE  MM
  AVERAGE SKY COVER 0.0


WEATHER CONDITIONS
 THE FOLLOWING WEATHER WAS RECORDED YESTERDAY.
  FOG
  HAZE


RELATIVE HUMIDITY (PERCENT)
 HIGHEST    89
 LOWEST     39
 AVERAGE    64

..........................................................


THE REDDING AIRPORT CA CLIMATE NORMALS FOR TODAY
                         NORMAL    RECORD    YEAR
 MAXIMUM TEMPERATURE (F)   58        76      2011
                                             1987
 MINIMUM TEMPERATURE (F)   38        26      1989


SUNRISE AND SUNSET
FEBRUARY  6 2016......SUNRISE   714 AM PST   SUNSET   533 PM PST
FEBRUARY  7 2016......SUNRISE   713 AM PST   SUNSET   534 PM PST


-  INDICATES NEGATIVE NUMBERS.
R  INDICATES RECORD WAS SET OR TIED.
MM INDICATES DATA IS MISSING.
T  INDICATES TRACE AMOUNT.

&&
....................................................................

REDDING CITY CLIMATE DATA FOR FEBRUARY 05

CLIMATE RECORD PERIOD 1897-1986

RECORD HIGH..............     76 IN 1917
RECORD LOW...............     23 IN 1899

RECORD RAINFALL..........   2.84 IN 1942

$$

NNNN
