125
CDUS46 KSTO 260033 RRA
CLIRDD

CLIMATE REPORT
NATIONAL WEATHER SERVICE SACRAMENTO, CA
531 PM PDT WED MAY 25 2016


...................................

...THE REDDING AIRPORT CA CLIMATE SUMMARY FOR MAY 25 2016...
VALID TODAY AS OF 0500 PM LOCAL TIME.

CLIMATE NORMAL PERIOD 1981 TO 2010
CLIMATE RECORD PERIOD 1986 TO 2016


WEATHER ITEM   OBSERVED RECORD YEAR NORMAL DEPARTURE LAST
                VALUE   VALUE       VALUE  FROM      YEAR
                                           NORMAL
...........................................................
TEMPERATURE (F)
 TODAY
  MAXIMUM         85     98    2014  84      1       88
  MINIMUM         54     45    1989  56     -2       62
  AVERAGE         70

PRECIPITATION (IN)
  TODAY            0.00   0.82 1993   0.06  -0.06     0.00
  MONTH TO DATE    0.97               1.51  -0.54     0.34
  SINCE OCT 1     38.03              32.68   5.35    22.47
  SINCE JAN 1     28.17              19.83   8.34     6.22

SNOWFALL (IN)
  TODAY            0.0   MM      MM  MM               0.0
  MONTH TO DATE    0.0               MM               0.0
  SINCE MAR 1      0.0               MM               0.0
  SINCE JUL 1      0.0               MM               0.0

DEGREE DAYS
 HEATING
  TODAY            0

 COOLING
  TODAY            5
...........................................................


WIND (MPH)
  RESULTANT WIND SPEED   2   RESULTANT WIND DIRECTION   N (20)
  HIGHEST WIND SPEED    12   HIGHEST WIND DIRECTION    NE (40)
  HIGHEST GUST SPEED    17   HIGHEST GUST DIRECTION    NE (30)


SKY COVER
  POSSIBLE SUNSHINE  MM
  AVERAGE SKY COVER 0.1


WEATHER CONDITIONS
 THE FOLLOWING WEATHER WAS RECORDED TODAY.
  NO SIGNIFICANT WEATHER WAS OBSERVED.


RELATIVE HUMIDITY (PERCENT)
 HIGHEST    93
 LOWEST     24
 AVERAGE    59

..........................................................


THE REDDING AIRPORT CA CLIMATE NORMALS FOR TOMORROW
                         NORMAL    RECORD    YEAR
 MAXIMUM TEMPERATURE (F)   84        98      2009
 MINIMUM TEMPERATURE (F)   57        44      2012
                                             1998


SUNRISE AND SUNSET
MAY 25 2016...........SUNRISE   544 AM PDT   SUNSET   829 PM PDT
MAY 26 2016...........SUNRISE   544 AM PDT   SUNSET   829 PM PDT


-  INDICATES NEGATIVE NUMBERS.
R  INDICATES RECORD WAS SET OR TIED.
MM INDICATES DATA IS MISSING.
T  INDICATES TRACE AMOUNT.




&&
....................................................................

REDDING CITY CLIMATE DATA FOR MAY 25

CLIMATE RECORD PERIOD 1897-1986

RECORD HIGH..............    103 IN 1982
RECORD LOW...............     35 IN 1950

RECORD RAINFALL..........   1.91 IN 1906

$$

NNNN
