000
CDUS46 KSTO 281438
CLIRDD

CLIMATE REPORT
NATIONAL WEATHER SERVICE SACRAMENTO, CA
737 AM PDT THU AUG 28 2014

...................................

...THE REDDING AIRPORT CA CLIMATE SUMMARY FOR AUGUST 27 2014...

CLIMATE NORMAL PERIOD 1981 TO 2010
CLIMATE RECORD PERIOD 1986 TO 2014


WEATHER ITEM   OBSERVED RECORD YEAR NORMAL DEPARTURE LAST
                VALUE   VALUE       VALUE  FROM      YEAR
                                           NORMAL
...........................................................
TEMPERATURE (F)
 YESTERDAY
  MAXIMUM         98    110    1988  95      3       95
  MINIMUM         65     53    1994  61      4       57
  AVERAGE         82

PRECIPITATION (IN)
  YESTERDAY        0.00   0.00 2007   0.01  -0.01     0.00
                               2006
                               2005
  MONTH TO DATE    0.12               0.15  -0.03      T
  SINCE JUL 1      0.21               0.24  -0.03      T
  SINCE JAN 1     14.48              21.10  -6.62     9.30

SNOWFALL (IN)
  YESTERDAY        0.0   MM      MM  MM               0.0
  MONTH TO DATE    0.0               MM               0.0
  SINCE JUN 1      0.0               MM               0.0
  SINCE JUL 1      0.0               MM               0.0

DEGREE DAYS
 HEATING
  YESTERDAY        0

 COOLING
  YESTERDAY       17
...........................................................


WIND (MPH)
  RESULTANT WIND SPEED   3   RESULTANT WIND DIRECTION  SE (150)
  HIGHEST WIND SPEED    15   HIGHEST WIND DIRECTION     S (160)
  HIGHEST GUST SPEED    19   HIGHEST GUST DIRECTION     S (160)


SKY COVER
  POSSIBLE SUNSHINE  MM
  AVERAGE SKY COVER 0.0


WEATHER CONDITIONS
 THE FOLLOWING WEATHER WAS RECORDED YESTERDAY.
  NO SIGNIFICANT WEATHER WAS OBSERVED.


RELATIVE HUMIDITY (PERCENT)
 HIGHEST    68
 LOWEST     22
 AVERAGE    45

..........................................................


THE REDDING AIRPORT CA CLIMATE NORMALS FOR TODAY
                         NORMAL    RECORD    YEAR
 MAXIMUM TEMPERATURE (F)   94       109      2008
 MINIMUM TEMPERATURE (F)   61        51      1995


SUNRISE AND SUNSET
AUGUST 28 2014........SUNRISE   633 AM PDT   SUNSET   747 PM PDT
AUGUST 29 2014........SUNRISE   634 AM PDT   SUNSET   746 PM PDT


-  INDICATES NEGATIVE NUMBERS.
R  INDICATES RECORD WAS SET OR TIED.
MM INDICATES DATA IS MISSING.
T  INDICATES TRACE AMOUNT.


&&
....................................................................

REDDING CITY CLIMATE DATA FOR AUGUST 27

CLIMATE RECORD PERIOD 1897-1986

RECORD HIGH..............    112 IN 1972
RECORD LOW...............     51 IN 1918

RECORD RAINFALL..........   0.32 IN 1954

$$
