000
CDUS46 KSTO 270841
CLIRDD

CLIMATE REPORT
NATIONAL WEATHER SERVICE SACRAMENTO, CA
140 AM PDT TUE JUN 27 2017


...................................

...THE REDDING AIRPORT CA CLIMATE SUMMARY FOR JUNE 26 2017...

CLIMATE NORMAL PERIOD 1981 TO 2010
CLIMATE RECORD PERIOD 1986 TO 2017


WEATHER ITEM   OBSERVED RECORD YEAR NORMAL DEPARTURE LAST
                VALUE   VALUE       VALUE  FROM      YEAR
                                           NORMAL
...........................................................
TEMPERATURE (F)
 YESTERDAY
  MAXIMUM         93    113    2006  94     -1      103
  MINIMUM         68     51    2012  64      4       63
                               1998
  AVERAGE         81

PRECIPITATION (IN)
  YESTERDAY        0.00   0.70 2001   0.01  -0.01     0.00
  MONTH TO DATE    0.59               0.67  -0.08     2.46
  SINCE OCT 1     47.03              33.69  13.34    40.49
  SINCE JAN 1     28.30              20.84   7.46    30.63

SNOWFALL (IN)
  YESTERDAY        0.0   MM      MM  MM               0.0
  MONTH TO DATE    0.0               MM               0.0
  SINCE JUN 1      0.0               MM               0.0
  SINCE JUL 1      3.0               MM               0.0

DEGREE DAYS
 HEATING
  YESTERDAY        0

 COOLING
  YESTERDAY       16
...........................................................


WIND (MPH)
  RESULTANT WIND SPEED   5   RESULTANT WIND DIRECTION   S (170)
  HIGHEST WIND SPEED    16   HIGHEST WIND DIRECTION     S (180)
  HIGHEST GUST SPEED    22   HIGHEST GUST DIRECTION    SE (150)


SKY COVER
  POSSIBLE SUNSHINE  MM
  AVERAGE SKY COVER 0.0


WEATHER CONDITIONS
 THE FOLLOWING WEATHER WAS RECORDED YESTERDAY.
  NO SIGNIFICANT WEATHER WAS OBSERVED.


RELATIVE HUMIDITY (PERCENT)
 HIGHEST    61
 LOWEST     20
 AVERAGE    41

..........................................................


THE REDDING AIRPORT CA CLIMATE NORMALS FOR TODAY
                         NORMAL    RECORD    YEAR
 MAXIMUM TEMPERATURE (F)   94       109      2003
 MINIMUM TEMPERATURE (F)   64        52      2012


SUNRISE AND SUNSET
JUNE 27 2017..........SUNRISE   541 AM PDT   SUNSET   844 PM PDT
JUNE 28 2017..........SUNRISE   541 AM PDT   SUNSET   844 PM PDT


-  INDICATES NEGATIVE NUMBERS.
R  INDICATES RECORD WAS SET OR TIED.
MM INDICATES DATA IS MISSING.
T  INDICATES TRACE AMOUNT.

&&
....................................................................

REDDING CITY CLIMATE DATA FOR JUNE 26

CLIMATE RECORD PERIOD 1897-1986

RECORD HIGH..............    112 IN 1925
RECORD LOW...............     48 IN 1980
RECORD RAINFALL..........   1.44 IN 1971

$$
