000
CDUS46 KSTO 180843
CLIRDD

CLIMATE REPORT
NATIONAL WEATHER SERVICE SACRAMENTO, CA
141 AM PDT FRI AUG 18 2017


...................................

...THE REDDING AIRPORT CA CLIMATE SUMMARY FOR AUGUST 17 2017...

CLIMATE NORMAL PERIOD 1981 TO 2010
CLIMATE RECORD PERIOD 1986 TO 2017


WEATHER ITEM   OBSERVED RECORD YEAR NORMAL DEPARTURE LAST
                VALUE   VALUE       VALUE  FROM      YEAR
                                           NORMAL
...........................................................
TEMPERATURE (F)
 YESTERDAY
  MAXIMUM        109R   108    2016  96     13      108
  MINIMUM         66     53    1995  63      3       67
  AVERAGE         88

PRECIPITATION (IN)
  YESTERDAY        0.00   0.45 1990   0.00   0.00     0.00
  MONTH TO DATE    0.10               0.07   0.03     0.00
  SINCE OCT 1     47.13              33.87  13.26    40.49
  SINCE JAN 1     28.40              21.02   7.38    30.63

SNOWFALL (IN)
  YESTERDAY        0.0   MM      MM  MM               0.0
  MONTH TO DATE    0.0               MM               0.0
  SINCE JUN 1      0.0               MM               0.0
  SINCE JUL 1      0.0               MM               0.0

DEGREE DAYS
 HEATING
  YESTERDAY        0

 COOLING
  YESTERDAY       23
...........................................................


WIND (MPH)
  RESULTANT WIND SPEED   2   RESULTANT WIND DIRECTION   S (170)
  HIGHEST WIND SPEED    16   HIGHEST WIND DIRECTION     S (180)
  HIGHEST GUST SPEED    19   HIGHEST GUST DIRECTION     S (180)


SKY COVER
  POSSIBLE SUNSHINE  MM
  AVERAGE SKY COVER 0.0


WEATHER CONDITIONS
 THE FOLLOWING WEATHER WAS RECORDED YESTERDAY.
  NO SIGNIFICANT WEATHER WAS OBSERVED.


RELATIVE HUMIDITY (PERCENT)
 HIGHEST    78
 LOWEST      9
 AVERAGE    44

..........................................................


THE REDDING AIRPORT CA CLIMATE NORMALS FOR TODAY
                         NORMAL    RECORD    YEAR
 MAXIMUM TEMPERATURE (F)   96       110      2013
 MINIMUM TEMPERATURE (F)   63        56      2010
                                             1999
                                             1997


SUNRISE AND SUNSET
AUGUST 18 2017........SUNRISE   623 AM PDT   SUNSET   802 PM PDT
AUGUST 19 2017........SUNRISE   624 AM PDT   SUNSET   801 PM PDT


-  INDICATES NEGATIVE NUMBERS.
R  INDICATES RECORD WAS SET OR TIED.
MM INDICATES DATA IS MISSING.
T  INDICATES TRACE AMOUNT.




&&
....................................................................

REDDING CITY CLIMATE DATA FOR AUGUST 17

CLIMATE RECORD PERIOD 1897-1986

RECORD HIGH..............    108 IN 1967
RECORD LOW...............     51 IN 1968

RECORD RAINFALL..........   0.16 IN 1975

$$

NNNN
