000
CDUS46 KSTO 300837
CLIRDD

CLIMATE REPORT
NATIONAL WEATHER SERVICE SACRAMENTO, CA
135 AM PDT FRI SEP 30 2016


...................................

...THE REDDING AIRPORT CA CLIMATE SUMMARY FOR SEPTEMBER 29 2016...

CLIMATE NORMAL PERIOD 1981 TO 2010
CLIMATE RECORD PERIOD 1986 TO 2016


WEATHER ITEM   OBSERVED RECORD YEAR NORMAL DEPARTURE LAST
                VALUE   VALUE       VALUE  FROM      YEAR
                                           NORMAL
...........................................................
TEMPERATURE (F)
 YESTERDAY
  MAXIMUM         87    106    2010  86      1       87
  MINIMUM         59     44    2007  55      4       54
  AVERAGE         73

PRECIPITATION (IN)
  YESTERDAY        0.00   0.39 1989   0.03  -0.03     0.00
  MONTH TO DATE    0.00               0.61  -0.61     0.55
  SINCE OCT 1     40.49              34.59   5.90    23.63
  SINCE JAN 1     30.63              21.74   8.89     7.38

SNOWFALL (IN)
  YESTERDAY        0.0    0.0  2002  MM               0.0
                               2001
  MONTH TO DATE    0.0               MM               0.0
  SINCE SEP 1      0.0               MM               0.0
  SINCE JUL 1      0.0               MM               0.0

DEGREE DAYS
 HEATING
  YESTERDAY        0

 COOLING
  YESTERDAY        8
...........................................................


WIND (MPH)
  RESULTANT WIND SPEED   3   RESULTANT WIND DIRECTION   S (180)
  HIGHEST WIND SPEED    21   HIGHEST WIND DIRECTION     S (160)
  HIGHEST GUST SPEED    26   HIGHEST GUST DIRECTION     S (160)


SKY COVER
  POSSIBLE SUNSHINE  MM
  AVERAGE SKY COVER 0.0


WEATHER CONDITIONS
 THE FOLLOWING WEATHER WAS RECORDED YESTERDAY.
  NO SIGNIFICANT WEATHER WAS OBSERVED.


RELATIVE HUMIDITY (PERCENT)
 HIGHEST    67
 LOWEST     25
 AVERAGE    46

..........................................................


THE REDDING AIRPORT CA CLIMATE NORMALS FOR TODAY
                         NORMAL    RECORD    YEAR
 MAXIMUM TEMPERATURE (F)   86       104      1987
 MINIMUM TEMPERATURE (F)   54        40      2007


SUNRISE AND SUNSET
SEPTEMBER 30 2016.....SUNRISE   705 AM PDT   SUNSET   652 PM PDT
OCTOBER  1 2016.......SUNRISE   706 AM PDT   SUNSET   650 PM PDT


-  INDICATES NEGATIVE NUMBERS.
R  INDICATES RECORD WAS SET OR TIED.
MM INDICATES DATA IS MISSING.
T  INDICATES TRACE AMOUNT.




&&
....................................................................

REDDING CITY CLIMATE DATA FOR SEPTEMBER 29

CLIMATE RECORD PERIOD 1897-1986

RECORD HIGH..............    107 IN 1966
RECORD LOW...............     40 IN 1980

RECORD RAINFALL..........   1.12 IN 1971

$$

NNNN
