381
CDUS46 KSTO 230835 RRA
CLIRDD

CLIMATE REPORT
NATIONAL WEATHER SERVICE SACRAMENTO, CA
135 AM PDT TUE AUG 23 2016


...................................

...THE REDDING AIRPORT CA CLIMATE SUMMARY FOR AUGUST 22 2016...

CLIMATE NORMAL PERIOD 1981 TO 2010
CLIMATE RECORD PERIOD 1986 TO 2016


WEATHER ITEM   OBSERVED RECORD YEAR NORMAL DEPARTURE LAST
                VALUE   VALUE       VALUE  FROM      YEAR
                                           NORMAL
...........................................................
TEMPERATURE (F)
 YESTERDAY
  MAXIMUM         99    106    1999  95      4       99
  MINIMUM         66     53    1992  62      4       64
  AVERAGE         83

PRECIPITATION (IN)
  YESTERDAY        0.00   0.23 1989   0.01  -0.01     0.00
  MONTH TO DATE    0.00               0.11  -0.11      T
  SINCE OCT 1     40.49              33.91   6.58    23.08
  SINCE JAN 1     30.63              21.06   9.57     6.83

SNOWFALL (IN)
  YESTERDAY        0.0   MM      MM  MM               0.0
  MONTH TO DATE    0.0               MM               0.0
  SINCE JUN 1      0.0               MM               0.0
  SINCE JUL 1      0.0               MM               0.0

DEGREE DAYS
 HEATING
  YESTERDAY        0

 COOLING
  YESTERDAY       18
...........................................................


WIND (MPH)
  RESULTANT WIND SPEED   3   RESULTANT WIND DIRECTION   S (160)
  HIGHEST WIND SPEED    16   HIGHEST WIND DIRECTION     S (170)
  HIGHEST GUST SPEED    20   HIGHEST GUST DIRECTION     S (160)


SKY COVER
  POSSIBLE SUNSHINE  MM
  AVERAGE SKY COVER 0.0


WEATHER CONDITIONS
 THE FOLLOWING WEATHER WAS RECORDED YESTERDAY.
  NO SIGNIFICANT WEATHER WAS OBSERVED.


RELATIVE HUMIDITY (PERCENT)
 HIGHEST    68
 LOWEST     18
 AVERAGE    43

..........................................................


THE REDDING AIRPORT CA CLIMATE NORMALS FOR TODAY
                         NORMAL    RECORD    YEAR
 MAXIMUM TEMPERATURE (F)   95       106      2007
 MINIMUM TEMPERATURE (F)   62        55      1994
                                             1989


SUNRISE AND SUNSET
AUGUST 23 2016........SUNRISE   628 AM PDT   SUNSET   754 PM PDT
AUGUST 24 2016........SUNRISE   629 AM PDT   SUNSET   753 PM PDT


-  INDICATES NEGATIVE NUMBERS.
R  INDICATES RECORD WAS SET OR TIED.
MM INDICATES DATA IS MISSING.
T  INDICATES TRACE AMOUNT.

&&
....................................................................

REDDING CITY CLIMATE DATA FOR AUGUST 22

CLIMATE RECORD PERIOD 1897-1986

RECORD HIGH..............    110 IN 1982
RECORD LOW...............     52 IN 1978

RECORD RAINFALL..........   0.12 IN 1925

$$
