000
CDUS46 KSTO 270842 RRA
CLIRDD

CLIMATE REPORT
NATIONAL WEATHER SERVICE SACRAMENTO, CA
142 AM PDT MON MAR 27 2017


...................................

...THE REDDING AIRPORT CA CLIMATE SUMMARY FOR MARCH 26 2017...

CLIMATE NORMAL PERIOD 1981 TO 2010
CLIMATE RECORD PERIOD 1986 TO 2017


WEATHER ITEM   OBSERVED RECORD YEAR NORMAL DEPARTURE LAST
                VALUE   VALUE       VALUE  FROM      YEAR
                                           NORMAL
...........................................................
TEMPERATURE (F)
 YESTERDAY
  MAXIMUM         56     85    1988  66    -10       75
  MINIMUM         47     33    1996  44      3       52
  AVERAGE         52

PRECIPITATION (IN)
  YESTERDAY        0.47R  0.40 2007   0.10   0.37     0.00
  MONTH TO DATE    4.53               3.87   0.66    10.36
  SINCE OCT 1     42.29              28.19  14.10    33.81
  SINCE JAN 1     23.56              15.34   8.22    23.95

SNOWFALL (IN)
  YESTERDAY        0.0   MM      MM  MM               0.0
  MONTH TO DATE    0.0               MM               0.0
  SINCE MAR 1      0.0               MM               0.0
  SINCE JUL 1      3.0               MM               0.0

DEGREE DAYS
 HEATING
  YESTERDAY       13

 COOLING
  YESTERDAY        0
...........................................................


WIND (MPH)
  RESULTANT WIND SPEED   5   RESULTANT WIND DIRECTION   S (190)
  HIGHEST WIND SPEED    20   HIGHEST WIND DIRECTION     S (180)
  HIGHEST GUST SPEED    24   HIGHEST GUST DIRECTION     S (170)


SKY COVER
  POSSIBLE SUNSHINE  MM
  AVERAGE SKY COVER 1.0


WEATHER CONDITIONS
 THE FOLLOWING WEATHER WAS RECORDED YESTERDAY.
  HEAVY RAIN
  RAIN
  LIGHT RAIN
  FOG


RELATIVE HUMIDITY (PERCENT)
 HIGHEST    93
 LOWEST     59
 AVERAGE    76

..........................................................


THE REDDING AIRPORT CA CLIMATE NORMALS FOR TODAY
                         NORMAL    RECORD    YEAR
 MAXIMUM TEMPERATURE (F)   66        83      2015
                                             1994
 MINIMUM TEMPERATURE (F)   44        32      1991


SUNRISE AND SUNSET
MARCH 27 2017.........SUNRISE   700 AM PDT   SUNSET   729 PM PDT
MARCH 28 2017.........SUNRISE   659 AM PDT   SUNSET   730 PM PDT


-  INDICATES NEGATIVE NUMBERS.
R  INDICATES RECORD WAS SET OR TIED.
MM INDICATES DATA IS MISSING.
T  INDICATES TRACE AMOUNT.

&&
....................................................................

REDDING CITY CLIMATE DATA FOR MARCH 26

CLIMATE RECORD PERIOD 1897-1986

RECORD HIGH..............     84 IN 1923
RECORD LOW...............     29 IN 1920
RECORD RAINFALL..........   1.51 IN 1985

$$
