000
CDUS41 KPHI 270634
CLIRDG


CLIMATE REPORT
NATIONAL WEATHER SERVICE MOUNT HOLLY NJ
229 AM EDT TUE SEP 27 2016


...................................

...THE READING PA CLIMATE SUMMARY FOR SEPTEMBER 26 2016...

CLIMATE NORMAL PERIOD 1981 TO 2010
CLIMATE RECORD PERIOD 1869 TO 2016


WEATHER ITEM   OBSERVED TIME   RECORD YEAR NORMAL DEPARTURE LAST
                VALUE   (LST)  VALUE       VALUE  FROM      YEAR
                                                  NORMAL
..................................................................
TEMPERATURE (F)
 YESTERDAY
  MAXIMUM         68   1223 PM  92    1970  71     -3       72
  MINIMUM         47    610 AM  38    1983  51     -4       57
  AVERAGE         58                        61     -3       65

PRECIPITATION (IN)
  YESTERDAY        0.11          3.20 1869   0.17  -0.06     0.00
  MONTH TO DATE    2.64                      3.65  -1.01     4.19
  SINCE SEP 1      2.64                      3.65  -1.01     4.19
  SINCE JAN 1     27.15                     32.61  -5.46    29.57

SNOWFALL (IN)
  YESTERDAY       MM            MM      MM  MM     MM       MM
  MONTH TO DATE   MM                        MM     MM       MM
  SINCE SEP 1     MM                        MM     MM       MM
  SINCE JUL 1     MM                        MM     MM       MM
  SNOW DEPTH      MM

DEGREE DAYS
 HEATING
  YESTERDAY        7                         5      2        0
  MONTH TO DATE   15                        49    -34       12
  SINCE SEP 1     15                        49    -34       12
  SINCE JUL 1     15                        54    -39       12

 COOLING
  YESTERDAY        0                         1     -1        0
  MONTH TO DATE  191                        81    110      163
  SINCE SEP 1    191                        81    110      163
  SINCE JAN 1   1333                       884    449     1158
..................................................................


WIND (MPH)
  HIGHEST WIND SPEED    13   HIGHEST WIND DIRECTION     S (170)
  HIGHEST GUST SPEED    17   HIGHEST GUST DIRECTION     S (170)
  AVERAGE WIND SPEED     4.2


SKY COVER
  POSSIBLE SUNSHINE  MM
  AVERAGE SKY COVER 0.6


WEATHER CONDITIONS
 THE FOLLOWING WEATHER WAS RECORDED YESTERDAY.
  HEAVY RAIN
  RAIN
  FOG


RELATIVE HUMIDITY (PERCENT)
 HIGHEST    93           200 AM
 LOWEST     52          1200 PM
 AVERAGE    73

..........................................................


THE READING PA CLIMATE NORMALS FOR TODAY
                         NORMAL    RECORD    YEAR
 MAXIMUM TEMPERATURE (F)   71        91      1998
 MINIMUM TEMPERATURE (F)   50        35      1947


SUNRISE AND SUNSET
SEPTEMBER 27 2016.....SUNRISE   657 AM EDT   SUNSET   652 PM EDT
SEPTEMBER 28 2016.....SUNRISE   658 AM EDT   SUNSET   650 PM EDT


-  INDICATES NEGATIVE NUMBERS.
R  INDICATES RECORD WAS SET OR TIED.
MM INDICATES DATA IS MISSING.
T  INDICATES TRACE AMOUNT.




$$
