000
CDUS41 KPHI 170628
CLIRDG


CLIMATE REPORT
NATIONAL WEATHER SERVICE MOUNT HOLLY NJ
228 AM EDT WED SEP 17 2014


...................................

...THE READING PA CLIMATE SUMMARY FOR SEPTEMBER 16 2014...

CLIMATE NORMAL PERIOD 1981 TO 2010
CLIMATE RECORD PERIOD 1869 TO 2014


WEATHER ITEM   OBSERVED TIME   RECORD YEAR NORMAL DEPARTURE LAST
                VALUE   (LST)  VALUE       VALUE  FROM      YEAR
                                                  NORMAL
..................................................................
TEMPERATURE (F)
 YESTERDAY
  MAXIMUM         73    150 PM  95    1991  76     -3       71
                                      1970
  MINIMUM         52   1159 PM  39    1975  55     -3       53
  AVERAGE         63                        65     -2       62

PRECIPITATION (IN)
  YESTERDAY        0.08          4.78 1999   0.18  -0.10     0.13
  MONTH TO DATE    1.25                      2.01  -0.76     0.77
  SINCE SEP 1      1.25                      2.01  -0.76     0.77
  SINCE JAN 1     31.68                     30.97   0.71    29.91

SNOWFALL (IN)
  YESTERDAY       MM            MM      MM  MM     MM       MM
  MONTH TO DATE   MM                        MM     MM       MM
  SINCE SEP 1     MM                        MM     MM       MM
  SINCE JUL 1     MM                        MM     MM       MM
  SNOW DEPTH      MM

DEGREE DAYS
 HEATING
  YESTERDAY        2                         2      0        3
  MONTH TO DATE   22                        13      9       26
  SINCE SEP 1     22                        13      9       26
  SINCE JUL 1     23                        18      5       26

 COOLING
  YESTERDAY        0                         2     -2        0
  MONTH TO DATE  102                        65     37       95
  SINCE SEP 1    102                        65     37       95
  SINCE JAN 1    923                       868     55     1079
..................................................................


WIND (MPH)
  HIGHEST WIND SPEED    17   HIGHEST WIND DIRECTION    NW (310)
  HIGHEST GUST SPEED    21   HIGHEST GUST DIRECTION    NW (330)
  AVERAGE WIND SPEED     4.6


SKY COVER
  POSSIBLE SUNSHINE  MM
  AVERAGE SKY COVER 0.5


WEATHER CONDITIONS
 THE FOLLOWING WEATHER WAS RECORDED YESTERDAY.
  LIGHT RAIN
  FOG


RELATIVE HUMIDITY (PERCENT)
 HIGHEST    89          1100 PM
 LOWEST     49           200 PM
 AVERAGE    69

..........................................................


THE READING PA CLIMATE NORMALS FOR TODAY
                         NORMAL    RECORD    YEAR
 MAXIMUM TEMPERATURE (F)   75        94      1991
 MINIMUM TEMPERATURE (F)   55        37      1986


SUNRISE AND SUNSET
SEPTEMBER 17 2014.....SUNRISE   647 AM EDT   SUNSET   709 PM EDT
SEPTEMBER 18 2014.....SUNRISE   647 AM EDT   SUNSET   708 PM EDT


-  INDICATES NEGATIVE NUMBERS.
R  INDICATES RECORD WAS SET OR TIED.
MM INDICATES DATA IS MISSING.
T  INDICATES TRACE AMOUNT.




$$
