000
CDUS41 KPHI 030635
CLIRDG


CLIMATE REPORT
NATIONAL WEATHER SERVICE MOUNT HOLLY NJ
231 AM EDT WED SEP 3 2014


...................................

...THE READING PA CLIMATE SUMMARY FOR SEPTEMBER 2 2014...

CLIMATE NORMAL PERIOD 1981 TO 2010
CLIMATE RECORD PERIOD 1869 TO 2014


WEATHER ITEM   OBSERVED TIME   RECORD YEAR NORMAL DEPARTURE LAST
                VALUE   (LST)  VALUE       VALUE  FROM      YEAR
                                                  NORMAL
..................................................................
TEMPERATURE (F)
 YESTERDAY
  MAXIMUM         91    328 PM 102    1953  81     10       88
  MINIMUM         70    537 AM  45    1970  60     10       69
  AVERAGE         81                        70     11       79

PRECIPITATION (IN)
  YESTERDAY        0.03          2.17 1931   0.10  -0.07     0.04
  MONTH TO DATE    0.11                      0.20  -0.09     0.04
  SINCE SEP 1      0.11                      0.20  -0.09     0.04
  SINCE JAN 1     30.54                     29.16   1.38    29.18

SNOWFALL (IN)
  YESTERDAY       MM            MM      MM  MM     MM       MM
  MONTH TO DATE   MM                        MM     MM       MM
  SINCE SEP 1     MM                        MM     MM       MM
  SINCE JUL 1     MM                        MM     MM       MM
  SNOW DEPTH      MM

DEGREE DAYS
 HEATING
  YESTERDAY        0                         0      0        0
  MONTH TO DATE    0                         0      0        0
  SINCE SEP 1      0                         0      0        0
  SINCE JUL 1      1                         5     -4        0

 COOLING
  YESTERDAY       16                         6     10       14
  MONTH TO DATE   31                        12     19       29
  SINCE SEP 1     31                        12     19       29
  SINCE JAN 1    852                       815     37     1013
..................................................................


WIND (MPH)
  HIGHEST WIND SPEED    16   HIGHEST WIND DIRECTION    SW (220)
  HIGHEST GUST SPEED    21   HIGHEST GUST DIRECTION    SW (210)
  AVERAGE WIND SPEED     5.7


SKY COVER
  POSSIBLE SUNSHINE  MM
  AVERAGE SKY COVER 0.3


WEATHER CONDITIONS
 THE FOLLOWING WEATHER WAS RECORDED YESTERDAY.
  THUNDERSTORM
  LIGHT RAIN
  FOG


RELATIVE HUMIDITY (PERCENT)
 HIGHEST    93          1200 AM
 LOWEST     47           200 PM
 AVERAGE    70

..........................................................


THE READING PA CLIMATE NORMALS FOR TODAY
                         NORMAL    RECORD    YEAR
 MAXIMUM TEMPERATURE (F)   80        97      1980
 MINIMUM TEMPERATURE (F)   60        45      1976


SUNRISE AND SUNSET
SEPTEMBER  3 2014.....SUNRISE   633 AM EDT   SUNSET   733 PM EDT
SEPTEMBER  4 2014.....SUNRISE   634 AM EDT   SUNSET   731 PM EDT


-  INDICATES NEGATIVE NUMBERS.
R  INDICATES RECORD WAS SET OR TIED.
MM INDICATES DATA IS MISSING.
T  INDICATES TRACE AMOUNT.




$$
