000
CDUS41 KPHI 230629
CLIRDG


CLIMATE REPORT
NATIONAL WEATHER SERVICE MOUNT HOLLY NJ
229 AM EDT THU MAR 23 2017


...................................

...THE READING PA CLIMATE SUMMARY FOR MARCH 22 2017...

CLIMATE NORMAL PERIOD 1981 TO 2010
CLIMATE RECORD PERIOD 1869 TO 2017


WEATHER ITEM   OBSERVED TIME   RECORD YEAR NORMAL DEPARTURE LAST
                VALUE   (LST)  VALUE       VALUE  FROM      YEAR
                                                  NORMAL
..................................................................
TEMPERATURE (F)
 YESTERDAY
  MAXIMUM         48   1218 AM  83    1938  53     -5       59
  MINIMUM         25   1159 PM  14    1986  33     -8       28
  AVERAGE         37                        43     -6       44

PRECIPITATION (IN)
  YESTERDAY        0.00          2.70 2000   0.13  -0.13     0.00
  MONTH TO DATE    2.04                      2.30  -0.26     0.56
  SINCE MAR 1      2.04                      2.30  -0.26     0.56
  SINCE JAN 1      5.43                      7.83  -2.40     7.37

DEGREE DAYS
 HEATING
  YESTERDAY       28                        22      6       21
  MONTH TO DATE  618                       561     57      413
  SINCE MAR 1    618                       561     57      413
  SINCE JUL 1   3980                      4603   -623     3760

 COOLING
  YESTERDAY        0                         0      0        0
  MONTH TO DATE    0                         0      0        3
  SINCE MAR 1      0                         0      0        3
  SINCE JAN 1      0                         0      0        3
..................................................................


WIND (MPH)
  HIGHEST WIND SPEED    32   HIGHEST WIND DIRECTION    NW (320)
  HIGHEST GUST SPEED    43   HIGHEST GUST DIRECTION     N (360)
  AVERAGE WIND SPEED    16.1


SKY COVER
  POSSIBLE SUNSHINE  MM
  AVERAGE SKY COVER 0.1


WEATHER CONDITIONS
 THE FOLLOWING WEATHER WAS RECORDED YESTERDAY.
  NO SIGNIFICANT WEATHER WAS OBSERVED.


RELATIVE HUMIDITY (PERCENT)
 HIGHEST    60          1200 AM
 LOWEST     25           300 PM
 AVERAGE    43

..........................................................


THE READING PA CLIMATE NORMALS FOR TODAY
                         NORMAL    RECORD    YEAR
 MAXIMUM TEMPERATURE (F)   53        80      2012
 MINIMUM TEMPERATURE (F)   34        14      1906


SUNRISE AND SUNSET
MARCH 23 2017.........SUNRISE   702 AM EDT   SUNSET   719 PM EDT
MARCH 24 2017.........SUNRISE   700 AM EDT   SUNSET   720 PM EDT


-  INDICATES NEGATIVE NUMBERS.
R  INDICATES RECORD WAS SET OR TIED.
MM INDICATES DATA IS MISSING.
T  INDICATES TRACE AMOUNT.




$$
