000
CDUS41 KPHI 210547
CLIRDG


CLIMATE REPORT
NATIONAL WEATHER SERVICE MOUNT HOLLY NJ
147 AM EDT MON AUG 21 2017


...................................

...THE READING PA CLIMATE SUMMARY FOR AUGUST 20 2017...

CLIMATE NORMAL PERIOD 1981 TO 2010
CLIMATE RECORD PERIOD 1869 TO 2017


WEATHER ITEM   OBSERVED TIME   RECORD YEAR NORMAL DEPARTURE LAST
                VALUE   (LST)  VALUE       VALUE  FROM      YEAR
                                                  NORMAL
..................................................................
TEMPERATURE (F)
 YESTERDAY
  MAXIMUM         83    416 PM  98    1983  83      0       90
  MINIMUM         62    403 AM  49    1998  62      0       65
  AVERAGE         73                        73      0       78

PRECIPITATION (IN)
  YESTERDAY        0.00          1.79 1894   0.13  -0.13     0.00
  MONTH TO DATE    5.11                      2.34   2.77     3.16
  SINCE JUN 1     18.83                     10.64   8.19     8.95
  SINCE JAN 1     32.25                     27.66   4.59    22.95

DEGREE DAYS
 HEATING
  YESTERDAY        0                         0      0        0
  MONTH TO DATE    0                         0      0        0
  SINCE JUN 1     16                        25     -9        9
  SINCE JUL 1      0                         1     -1        0

 COOLING
  YESTERDAY        8                         8      0       13
  MONTH TO DATE  170                       174     -4      282
  SINCE JUN 1    767                       666    101      937
  SINCE JAN 1    842                       726    116     1031
..................................................................


WIND (MPH)
  HIGHEST WIND SPEED    14   HIGHEST WIND DIRECTION    NW (300)
  HIGHEST GUST SPEED    17   HIGHEST GUST DIRECTION     N (360)
  AVERAGE WIND SPEED     4.7


SKY COVER
  POSSIBLE SUNSHINE  MM
  AVERAGE SKY COVER 0.1


WEATHER CONDITIONS
 THE FOLLOWING WEATHER WAS RECORDED YESTERDAY.
  FOG


RELATIVE HUMIDITY (PERCENT)
 HIGHEST   100          1200 AM
 LOWEST     51           200 PM
 AVERAGE    76

..........................................................


THE READING PA CLIMATE NORMALS FOR TODAY
                         NORMAL    RECORD    YEAR
 MAXIMUM TEMPERATURE (F)   83        97      1899
 MINIMUM TEMPERATURE (F)   62        44      1977


SUNRISE AND SUNSET
AUGUST 21 2017........SUNRISE   621 AM EDT   SUNSET   752 PM EDT
AUGUST 22 2017........SUNRISE   622 AM EDT   SUNSET   751 PM EDT


-  INDICATES NEGATIVE NUMBERS.
R  INDICATES RECORD WAS SET OR TIED.
MM INDICATES DATA IS MISSING.
T  INDICATES TRACE AMOUNT.




$$
