000
CDUS46 KPDT 240035 RRA
CLIRDM

CLIMATE REPORT
NATIONAL WEATHER SERVICE PENDLETON OR
435 PM PST FRI FEB 23 2018


...................................

...THE REDMOND OR CLIMATE SUMMARY FOR FEBRUARY 23 2018...
VALID TODAY AS OF 0400 PM LOCAL TIME.

CLIMATE NORMAL PERIOD 1981 TO 2010
CLIMATE RECORD PERIOD 1949 TO 2018


WEATHER ITEM   OBSERVED TIME   RECORD YEAR NORMAL DEPARTURE LAST
                VALUE   (LST)  VALUE       VALUE  FROM      YEAR
                                                  NORMAL
..................................................................
TEMPERATURE (F)
 TODAY
  MAXIMUM         36    259 PM  73    1995  49    -13       39
  MINIMUM         -5R   409 AM  10    2015  24    -29       22
  AVERAGE         16                        36    -20       31

PRECIPITATION (IN)
  TODAY            0.00          0.11 1993   0.02  -0.02     0.01
  MONTH TO DATE    0.09                      0.54  -0.45     1.14
  SINCE OCT 1      1.37                      4.27  -2.90     6.51
  SINCE JAN 1      0.26                      1.51  -1.25     2.76

DEGREE DAYS
 HEATING
  TODAY           49                        29     20       34
  MONTH TO DATE  685                       692     -7      664
  SINCE DEC 1   2688                      2758    -70     3243
  SINCE JUL 1   4267                      4532   -265     4707

 COOLING
  TODAY            0                         0      0        0
  MONTH TO DATE    0                         0      0        0
  SINCE DEC 1      0                         0      0        0
  SINCE JAN 1      0                         0      0        0
..................................................................


WIND (MPH)
  RESULTANT WIND SPEED   3   RESULTANT WIND DIRECTION  SE (150)
  HIGHEST WIND SPEED    10   HIGHEST WIND DIRECTION    NW (320)
  HIGHEST GUST SPEED    13   HIGHEST GUST DIRECTION    NW (320)
  AVERAGE WIND SPEED     3.7


SKY COVER
  POSSIBLE SUNSHINE  MM
  AVERAGE SKY COVER 0.3


WEATHER CONDITIONS
 THE FOLLOWING WEATHER WAS RECORDED TODAY.
  NO SIGNIFICANT WEATHER WAS OBSERVED.


RELATIVE HUMIDITY (PERCENT)
 HIGHEST    88          1200 AM
 LOWEST     38           300 PM
 AVERAGE    63

..........................................................


THE REDMOND OR CLIMATE NORMALS FOR TOMORROW
                         NORMAL    RECORD    YEAR
 MAXIMUM TEMPERATURE (F)   49        72      1986
 MINIMUM TEMPERATURE (F)   24         8      1993


SUNRISE AND SUNSET
FEBRUARY 23 2018......SUNRISE   651 AM PST   SUNSET   545 PM PST
FEBRUARY 24 2018......SUNRISE   650 AM PST   SUNSET   546 PM PST


-  INDICATES NEGATIVE NUMBERS.
R  INDICATES RECORD WAS SET OR TIED.
MM INDICATES DATA IS MISSING.
T  INDICATES TRACE AMOUNT.




$$
