000
CDUS46 KPDT 290040 RRA
CLIRDM

CLIMATE REPORT
NATIONAL WEATHER SERVICE PENDLETON OR
540 PM PDT THU MAY 28 2015


...................................

...THE REDMOND OR CLIMATE SUMMARY FOR MAY 28 2015...
VALID TODAY AS OF 0500 PM LOCAL TIME.

CLIMATE NORMAL PERIOD 1981 TO 2010
CLIMATE RECORD PERIOD 1949 TO 2015


WEATHER ITEM   OBSERVED TIME   RECORD YEAR NORMAL DEPARTURE LAST
                VALUE   (LST)  VALUE       VALUE  FROM      YEAR
                                                  NORMAL
..................................................................
TEMPERATURE (F)
 TODAY
  MAXIMUM         82    232 PM  94    1983  71     11       60
  MINIMUM         46    457 AM  26    2007  38      8       30
                                      1989
  AVERAGE         64                        54     10       45

PRECIPITATION (IN)
  TODAY            0.00          0.26 1985   0.03  -0.03     0.00
  MONTH TO DATE    2.39                      0.91   1.48     0.36
  SINCE OCT 1      8.20                      6.68   1.52     4.16
  SINCE JAN 1      3.92                      3.92   0.00     3.45

DEGREE DAYS
 HEATING
  TODAY            1                        11    -10       20
  MONTH TO DATE  359                       395    -36      340
  SINCE MAR 1   1637                      1793   -156     1642
  SINCE JUL 1   5670                      6466   -796     6435

 COOLING
  TODAY            0                         0      0        0
  MONTH TO DATE    0                         0      0        0
  SINCE MAR 1      0                         0      0        0
  SINCE JAN 1      0                         0      0        0
..................................................................


WIND (MPH)
  RESULTANT WIND SPEED   3   RESULTANT WIND DIRECTION  NE (60)
  HIGHEST WIND SPEED    14   HIGHEST WIND DIRECTION     N (10)
  HIGHEST GUST SPEED    20   HIGHEST GUST DIRECTION     W (290)
  AVERAGE WIND SPEED     4.7


SKY COVER
  POSSIBLE SUNSHINE  MM
  AVERAGE SKY COVER 0.0


WEATHER CONDITIONS
 THE FOLLOWING WEATHER WAS RECORDED TODAY.
  NO SIGNIFICANT WEATHER WAS OBSERVED.


RELATIVE HUMIDITY (PERCENT)
 HIGHEST    93           200 AM
 LOWEST     20           300 PM
 AVERAGE    57

..........................................................


THE REDMOND OR CLIMATE NORMALS FOR TOMORROW
                         NORMAL    RECORD    YEAR
 MAXIMUM TEMPERATURE (F)   71        94      1986
 MINIMUM TEMPERATURE (F)   38        26      1979


SUNRISE AND SUNSET
MAY 28 2015...........SUNRISE   526 AM PDT   SUNSET   838 PM PDT
MAY 29 2015...........SUNRISE   526 AM PDT   SUNSET   839 PM PDT


-  INDICATES NEGATIVE NUMBERS.
R  INDICATES RECORD WAS SET OR TIED.
MM INDICATES DATA IS MISSING.
T  INDICATES TRACE AMOUNT.

$$
