421
CDUS46 KPDT 110833
CLIRDM

CLIMATE REPORT
NATIONAL WEATHER SERVICE PENDLETON OR
1233 AM PST SUN DEC 11 2016


...................................

...THE REDMOND OR CLIMATE SUMMARY FOR DECEMBER 10 2016...

CLIMATE NORMAL PERIOD 1981 TO 2010
CLIMATE RECORD PERIOD 1949 TO 2016


WEATHER ITEM   OBSERVED TIME   RECORD YEAR NORMAL DEPARTURE LAST
                VALUE   (LST)  VALUE       VALUE  FROM      YEAR
                                                  NORMAL
..................................................................
TEMPERATURE (F)
 YESTERDAY
  MAXIMUM         44    314 PM  60    2014  41      3       48
  MINIMUM         28   1159 PM -25    1972  21      7       36
  AVERAGE         36                        31      5       42

PRECIPITATION (IN)
  YESTERDAY        T             0.63 1948   0.03  -0.03     0.21
  MONTH TO DATE    0.73                      0.39   0.34     0.64
  SINCE OCT 1      2.74                      1.99   0.75     2.33
  SINCE JAN 1      8.28                      8.13   0.15     6.89

DEGREE DAYS
 HEATING
  YESTERDAY       29                        34     -5       23
  MONTH TO DATE  377                       336     41       89
  SINCE DEC 1    377                       336     41       89
  SINCE JUL 1   1841                      2110   -269     1807

 COOLING
  YESTERDAY        0                         0      0        0
  MONTH TO DATE    0                         0      0        0
  SINCE DEC 1      0                         0      0        0
  SINCE JAN 1    240                       222     18      363
..................................................................


WIND (MPH)
  RESULTANT WIND SPEED   2   RESULTANT WIND DIRECTION  SE (140)
  HIGHEST WIND SPEED    15   HIGHEST WIND DIRECTION     S (190)
  HIGHEST GUST SPEED    20   HIGHEST GUST DIRECTION     S (190)
  AVERAGE WIND SPEED     3.5


SKY COVER
  POSSIBLE SUNSHINE  MM
  AVERAGE SKY COVER 0.6


WEATHER CONDITIONS
 THE FOLLOWING WEATHER WAS RECORDED YESTERDAY.
  NO SIGNIFICANT WEATHER WAS OBSERVED.


RELATIVE HUMIDITY (PERCENT)
 HIGHEST    89           400 AM
 LOWEST     41           400 PM
 AVERAGE    65

..........................................................


THE REDMOND OR CLIMATE NORMALS FOR TODAY
                         NORMAL    RECORD    YEAR
 MAXIMUM TEMPERATURE (F)   40        58      1988
 MINIMUM TEMPERATURE (F)   21       -11      1972


SUNRISE AND SUNSET
DECEMBER 11 2016......SUNRISE   731 AM PST   SUNSET   426 PM PST
DECEMBER 12 2016......SUNRISE   731 AM PST   SUNSET   426 PM PST


-  INDICATES NEGATIVE NUMBERS.
R  INDICATES RECORD WAS SET OR TIED.
MM INDICATES DATA IS MISSING.
T  INDICATES TRACE AMOUNT.




$$
