000
CDUS46 KPDT 230836
CLIRDM

CLIMATE REPORT
NATIONAL WEATHER SERVICE PENDLETON OR
133 AM PDT SAT AUG 23 2014


...................................

...THE REDMOND OR CLIMATE SUMMARY FOR AUGUST 22 2014...

CLIMATE NORMAL PERIOD 1981 TO 2010
CLIMATE RECORD PERIOD 1949 TO 2014


WEATHER ITEM   OBSERVED TIME   RECORD YEAR NORMAL DEPARTURE LAST
                VALUE   (LST)  VALUE       VALUE  FROM      YEAR
                                                  NORMAL
..................................................................
TEMPERATURE (F)
 YESTERDAY
  MAXIMUM         76    410 PM  98    1961  84     -8       85
  MINIMUM         41    502 AM  31    1960  44     -3       52
  AVERAGE         59                        64     -5       69

PRECIPITATION (IN)
  YESTERDAY        0.00          0.39 1948   0.01  -0.01     0.11
  MONTH TO DATE    0.90                      0.35   0.55     0.21
  SINCE OCT 1      5.65                      8.34  -2.69     6.04
  SINCE JAN 1      4.94                      5.58  -0.64     2.13

DEGREE DAYS
 HEATING
  YESTERDAY        6                         3      3        0
  MONTH TO DATE   15                        47    -32       11
  SINCE JUN 1    269                       333    -64      216
  SINCE JUL 1     46                       116    -70       31

 COOLING
  YESTERDAY        0                         2     -2        4
  MONTH TO DATE   96                        67     29       82
  SINCE JUN 1    290                       188    102      288
  SINCE JAN 1    290                       193     97      297
..................................................................


WIND (MPH)
  RESULTANT WIND SPEED   4   RESULTANT WIND DIRECTION   N (350)
  HIGHEST WIND SPEED    18   HIGHEST WIND DIRECTION     N (340)
  HIGHEST GUST SPEED    24   HIGHEST GUST DIRECTION     N (350)
  AVERAGE WIND SPEED     6.9


SKY COVER
  POSSIBLE SUNSHINE  MM
  AVERAGE SKY COVER 0.2


WEATHER CONDITIONS
THE FOLLOWING WEATHER WAS RECORDED YESTERDAY.
  NO SIGNIFICANT WEATHER WAS OBSERVED.


RELATIVE HUMIDITY (PERCENT)
 HIGHEST    82           500 AM
 LOWEST     23           400 PM
 AVERAGE    53

..........................................................


THE REDMOND OR CLIMATE NORMALS FOR TODAY
                         NORMAL    RECORD    YEAR
 MAXIMUM TEMPERATURE (F)   83        99      1969
 MINIMUM TEMPERATURE (F)   44        32      2010
                                             1971


SUNRISE AND SUNSET
AUGUST 23 2014........SUNRISE   617 AM PDT   SUNSET   756 PM PDT
AUGUST 24 2014........SUNRISE   618 AM PDT   SUNSET   755 PM PDT


-  INDICATES NEGATIVE NUMBERS.
R  INDICATES RECORD WAS SET OR TIED.
MM INDICATES DATA IS MISSING.
T  INDICATES TRACE AMOUNT.




$$
