000
CDUS46 KPDT 050848 RRA
CLIRDM

CLIMATE REPORT
NATIONAL WEATHER SERVICE PENDLETON OR
148 AM PDT THU MAY 5 2016


...................................

...THE REDMOND OR CLIMATE SUMMARY FOR MAY 4 2016...

CLIMATE NORMAL PERIOD 1981 TO 2010
CLIMATE RECORD PERIOD 1949 TO 2016


WEATHER ITEM   OBSERVED TIME   RECORD YEAR NORMAL DEPARTURE LAST
                VALUE   (LST)  VALUE       VALUE  FROM      YEAR
                                                  NORMAL
..................................................................
TEMPERATURE (F)
 YESTERDAY
  MAXIMUM         70   1234 PM  91    1966  64      6       76
  MINIMUM         45    520 AM  16    1962  33     12       29
  AVERAGE         58                        48     10       53

PRECIPITATION (IN)
  YESTERDAY        0.21          0.63 1995   0.03   0.18     0.00
  MONTH TO DATE    0.22                      0.11   0.11     0.00
  SINCE OCT 1      5.99                      5.88   0.11     5.81
  SINCE JAN 1      2.42                      3.12  -0.70     1.53

DEGREE DAYS
 HEATING
  YESTERDAY        7                        17    -10       12
  MONTH TO DATE   31                        69    -38       49
  SINCE MAR 1   1201                      1467   -266     1327
  SINCE JUL 1   5332                      6140   -808     5360

 COOLING
  YESTERDAY        0                         0      0        0
  MONTH TO DATE    0                         0      0        0
  SINCE MAR 1      0                         0      0        0
  SINCE JAN 1      0                         0      0        0
..................................................................


WIND (MPH)
  RESULTANT WIND SPEED   1   RESULTANT WIND DIRECTION  NE (60)
  HIGHEST WIND SPEED    28   HIGHEST WIND DIRECTION    SW (210)
  HIGHEST GUST SPEED    36   HIGHEST GUST DIRECTION    SW (210)
  AVERAGE WIND SPEED     4.2


SKY COVER
  POSSIBLE SUNSHINE  MM
  AVERAGE SKY COVER 0.4


WEATHER CONDITIONS
 THE FOLLOWING WEATHER WAS RECORDED YESTERDAY.
  THUNDERSTORM
  HEAVY RAIN
  RAIN
  LIGHT RAIN
  FOG


RELATIVE HUMIDITY (PERCENT)
 HIGHEST    89           800 PM
 LOWEST     39           100 PM
 AVERAGE    64

..........................................................


THE REDMOND OR CLIMATE NORMALS FOR TODAY
                         NORMAL    RECORD    YEAR
 MAXIMUM TEMPERATURE (F)   64        89      1992
 MINIMUM TEMPERATURE (F)   33        19      1978


SUNRISE AND SUNSET
MAY  5 2016...........SUNRISE   549 AM PDT   SUNSET   814 PM PDT
MAY  6 2016...........SUNRISE   548 AM PDT   SUNSET   815 PM PDT


-  INDICATES NEGATIVE NUMBERS.
R  INDICATES RECORD WAS SET OR TIED.
MM INDICATES DATA IS MISSING.
T  INDICATES TRACE AMOUNT.




$$
