000
CDUS46 KPDT 020828
CLIRDM

CLIMATE REPORT
NATIONAL WEATHER SERVICE PENDLETON OR
128 AM PDT SAT AUG 2 2014


...................................

...THE REDMOND OR CLIMATE SUMMARY FOR AUGUST 1 2014...

CLIMATE NORMAL PERIOD 1981 TO 2010
CLIMATE RECORD PERIOD 1949 TO 2014


WEATHER ITEM   OBSERVED TIME   RECORD YEAR NORMAL DEPARTURE LAST
                VALUE   (LST)  VALUE       VALUE  FROM      YEAR
                                                  NORMAL
..................................................................
TEMPERATURE (F)
 YESTERDAY
  MAXIMUM         95    325 PM 103    2009  88      7       76
  MINIMUM         56    506 AM  32    1963  47      9       50
  AVERAGE         76                        67      9       63

PRECIPITATION (IN)
  YESTERDAY        0.05          0.78 2009   0.02   0.03     0.03
  MONTH TO DATE    0.05                      0.02   0.03     0.03
  SINCE OCT 1      4.80                      8.01  -3.21     5.86
  SINCE JAN 1      4.09                      5.25  -1.16     1.95

DEGREE DAYS
 HEATING
  YESTERDAY        0                         1     -1        2
  MONTH TO DATE    0                         1     -1        2
  SINCE JUN 1    254                       287    -33      207
  SINCE JUL 1     31                        70    -39       22

 COOLING
  YESTERDAY       11                         4      7        0
  MONTH TO DATE   11                         4      7        0
  SINCE JUN 1    205                       125     80      206
  SINCE JAN 1    205                       130     75      215
..................................................................


WIND (MPH)
  RESULTANT WIND SPEED   4   RESULTANT WIND DIRECTION  NW (320)
  HIGHEST WIND SPEED    15   HIGHEST WIND DIRECTION    NW (300)
  HIGHEST GUST SPEED    19   HIGHEST GUST DIRECTION    NW (300)
  AVERAGE WIND SPEED     6.1


SKY COVER
  POSSIBLE SUNSHINE  MM
  AVERAGE SKY COVER 0.1


WEATHER CONDITIONS
 THE FOLLOWING WEATHER WAS RECORDED YESTERDAY.
  THUNDERSTORM
  LIGHT RAIN


RELATIVE HUMIDITY (PERCENT)
 HIGHEST    80           500 AM
 LOWEST     14           400 PM
 AVERAGE    47

..........................................................


THE REDMOND OR CLIMATE NORMALS FOR TODAY
                         NORMAL    RECORD    YEAR
 MAXIMUM TEMPERATURE (F)   87        98      1998
 MINIMUM TEMPERATURE (F)   47        34      1972


SUNRISE AND SUNSET
AUGUST  2 2014........SUNRISE   553 AM PDT   SUNSET   828 PM PDT
AUGUST  3 2014........SUNRISE   554 AM PDT   SUNSET   826 PM PDT


-  INDICATES NEGATIVE NUMBERS.
R  INDICATES RECORD WAS SET OR TIED.
MM INDICATES DATA IS MISSING.
T  INDICATES TRACE AMOUNT.


$$
