000
CDUS46 KPDT 050839 RRB
CLIRDM

CLIMATE REPORT
NATIONAL WEATHER SERVICE PENDLETON OR
125 AM PDT SUN JUL 5 2015


...................................

...THE REDMOND OR CLIMATE SUMMARY FOR JULY 4 2015...

CLIMATE NORMAL PERIOD 1981 TO 2010
CLIMATE RECORD PERIOD 1949 TO 2015


WEATHER ITEM   OBSERVED TIME   RECORD YEAR NORMAL DEPARTURE LAST
                VALUE   (LST)  VALUE       VALUE  FROM      YEAR
                                                  NORMAL
..................................................................
TEMPERATURE (F)
 YESTERDAY
  MAXIMUM         94    324 PM 105    1968  83     11       89
  MINIMUM         56    442 AM  32    2012  44     12       47
  AVERAGE         75                        64     11       68

PRECIPITATION (IN)
  YESTERDAY        0.00          0.33 1986   0.02  -0.02     0.00
  MONTH TO DATE    0.00                      0.07  -0.07     0.06
  SINCE OCT 1      8.31                      7.51   0.80     4.52
  SINCE JAN 1      4.03                      4.75  -0.72     3.81

DEGREE DAYS
 HEATING
  YESTERDAY        0                         4     -4        0
  MONTH TO DATE    0                        16    -16        0
  SINCE JUN 1     77                       233   -156      223
  SINCE JUL 1      0                        16    -16        0

 COOLING
  YESTERDAY       10                         2      8        3
  MONTH TO DATE   49                         8     41       20
  SINCE JUN 1    156                        32    124       21
  SINCE JAN 1    165                        37    128       21
..................................................................


WIND (MPH)
  RESULTANT WIND SPEED   3   RESULTANT WIND DIRECTION  NW (300)
  HIGHEST WIND SPEED    20   HIGHEST WIND DIRECTION    NW (310)
  HIGHEST GUST SPEED    24   HIGHEST GUST DIRECTION    NW (320)
  AVERAGE WIND SPEED     6.8


SKY COVER
  POSSIBLE SUNSHINE  MM
  AVERAGE SKY COVER 0.0


WEATHER CONDITIONS
 THE FOLLOWING WEATHER WAS RECORDED YESTERDAY.
  NO SIGNIFICANT WEATHER WAS OBSERVED.


RELATIVE HUMIDITY (PERCENT)
 HIGHEST    57           300 AM
 LOWEST     14           100 PM
 AVERAGE    36

..........................................................


THE REDMOND OR CLIMATE NORMALS FOR TODAY
                         NORMAL    RECORD    YEAR
 MAXIMUM TEMPERATURE (F)   83       104      1968
 MINIMUM TEMPERATURE (F)   45        32      1986


SUNRISE AND SUNSET
JULY  5 2015..........SUNRISE   527 AM PDT   SUNSET   851 PM PDT
JULY  6 2015..........SUNRISE   528 AM PDT   SUNSET   851 PM PDT


-  INDICATES NEGATIVE NUMBERS.
R  INDICATES RECORD WAS SET OR TIED.
MM INDICATES DATA IS MISSING.
T  INDICATES TRACE AMOUNT.




$$
