453
CDUS46 KPDT 260827 RRA
CLIRDM

CLIMATE REPORT
NATIONAL WEATHER SERVICE PENDLETON OR
126 AM PDT WED JUL 26 2017


...................................

...THE REDMOND OR CLIMATE SUMMARY FOR JULY 25 2017...

CLIMATE NORMAL PERIOD 1981 TO 2010
CLIMATE RECORD PERIOD 1949 TO 2017


WEATHER ITEM   OBSERVED TIME   RECORD YEAR NORMAL DEPARTURE LAST
                VALUE   (LST)  VALUE       VALUE  FROM      YEAR
                                                  NORMAL
..................................................................
TEMPERATURE (F)
 YESTERDAY
  MAXIMUM         94    317 PM 103    1978  88      6       94
  MINIMUM         52    404 AM  32    1963  47      5       53
  AVERAGE         73                        68      5       74

PRECIPITATION (IN)
  YESTERDAY        0.00          0.47 1965   0.02  -0.02     0.00
  MONTH TO DATE    0.00                      0.45  -0.45     0.64
  SINCE OCT 1      8.50                      7.89   0.61     9.04
  SINCE JAN 1      4.75                      5.13  -0.38     5.47

DEGREE DAYS
 HEATING
  YESTERDAY        0                         1     -1        0
  MONTH TO DATE    6                        62    -56       49
  SINCE JUN 1    171                       279   -108      226
  SINCE JUL 1      6                        62    -56       49

 COOLING
  YESTERDAY        8                         4      4        9
  MONTH TO DATE  130                        76     54       31
  SINCE JUN 1    171                       100     71       95
  SINCE JAN 1    181                       105     76       98
..................................................................


WIND (MPH)
  RESULTANT WIND SPEED   4   RESULTANT WIND DIRECTION  NW (330)
  HIGHEST WIND SPEED    16   HIGHEST WIND DIRECTION     N (350)
  HIGHEST GUST SPEED    22   HIGHEST GUST DIRECTION     N (340)
  AVERAGE WIND SPEED     6.5


SKY COVER
  POSSIBLE SUNSHINE  MM
  AVERAGE SKY COVER 0.0


WEATHER CONDITIONS
 THE FOLLOWING WEATHER WAS RECORDED YESTERDAY.
  HAZE


RELATIVE HUMIDITY (PERCENT)
 HIGHEST    49          1100 PM
 LOWEST      8           300 PM
 AVERAGE    29

..........................................................


THE REDMOND OR CLIMATE NORMALS FOR TODAY
                         NORMAL    RECORD    YEAR
 MAXIMUM TEMPERATURE (F)   88       101      1998
 MINIMUM TEMPERATURE (F)   47        38      1963


SUNRISE AND SUNSET
JULY 26 2017..........SUNRISE   546 AM PDT   SUNSET   836 PM PDT
JULY 27 2017..........SUNRISE   547 AM PDT   SUNSET   835 PM PDT


-  INDICATES NEGATIVE NUMBERS.
R  INDICATES RECORD WAS SET OR TIED.
MM INDICATES DATA IS MISSING.
T  INDICATES TRACE AMOUNT.




$$
