000
CDUS46 KPDT 290051
CLIRDM

CLIMATE REPORT
NATIONAL WEATHER SERVICE PENDLETON OR
551 PM PDT TUE JUL 28 2015


...................................

...THE REDMOND OR CLIMATE SUMMARY FOR JULY 28 2015...
VALID TODAY AS OF 0500 PM LOCAL TIME.

CLIMATE NORMAL PERIOD 1981 TO 2010
CLIMATE RECORD PERIOD 1949 TO 2015


WEATHER ITEM   OBSERVED TIME   RECORD YEAR NORMAL DEPARTURE LAST
                VALUE   (LST)  VALUE       VALUE  FROM      YEAR
                                                  NORMAL
..................................................................
TEMPERATURE (F)
 TODAY
  MAXIMUM         82    359 PM 104    1968  88     -6       98
  MINIMUM         36    504 AM  32    1959  47    -11       46
  AVERAGE         59                        68     -9       72

PRECIPITATION (IN)
  TODAY            0.00          0.07 1984   0.02  -0.02     0.00
  MONTH TO DATE    0.44                      0.50  -0.06     0.29
  SINCE OCT 1      8.75                      7.94   0.81     4.75
  SINCE JAN 1      4.47                      5.18  -0.71     4.04

DEGREE DAYS
 HEATING
  TODAY            6                         1      5        0
  MONTH TO DATE   49                        65    -16       31
  SINCE JUN 1    126                       282   -156      254
  SINCE JUL 1     49                        65    -16       31

 COOLING
  TODAY            0                         4     -4        7
  MONTH TO DATE  108                        88     20      156
  SINCE JUN 1    215                       112    103      157
  SINCE JAN 1    224                       117    107      157
..................................................................


WIND (MPH)
  RESULTANT WIND SPEED   2   RESULTANT WIND DIRECTION  NE (30)
  HIGHEST WIND SPEED    15   HIGHEST WIND DIRECTION    NW (330)
  HIGHEST GUST SPEED    19   HIGHEST GUST DIRECTION     N (340)
  AVERAGE WIND SPEED     4.5


SKY COVER
  POSSIBLE SUNSHINE  MM
  AVERAGE SKY COVER 0.0


WEATHER CONDITIONS
 THE FOLLOWING WEATHER WAS RECORDED TODAY.
  NO SIGNIFICANT WEATHER WAS OBSERVED.


RELATIVE HUMIDITY (PERCENT)
 HIGHEST    82           200 AM
 LOWEST     15           200 PM
 AVERAGE    49

..........................................................


THE REDMOND OR CLIMATE NORMALS FOR TOMORROW
                         NORMAL    RECORD    YEAR
 MAXIMUM TEMPERATURE (F)   88       101      1999
 MINIMUM TEMPERATURE (F)   47        34      1950


SUNRISE AND SUNSET
JULY 28 2015..........SUNRISE   548 AM PDT   SUNSET   834 PM PDT
JULY 29 2015..........SUNRISE   549 AM PDT   SUNSET   833 PM PDT


-  INDICATES NEGATIVE NUMBERS.
R  INDICATES RECORD WAS SET OR TIED.
MM INDICATES DATA IS MISSING.
T  INDICATES TRACE AMOUNT.

$$
