000
CDUS46 KPDT 230926 RRA
CLIRDM

CLIMATE REPORT
NATIONAL WEATHER SERVICE PENDLETON OR
106 AM PST THU NOV 23 2017


...................................

...THE REDMOND OR CLIMATE SUMMARY FOR NOVEMBER 22 2017...

CLIMATE NORMAL PERIOD 1981 TO 2010
CLIMATE RECORD PERIOD 1949 TO 2017


WEATHER ITEM   OBSERVED TIME   RECORD YEAR NORMAL DEPARTURE LAST
                VALUE   (LST)  VALUE       VALUE  FROM      YEAR
                                                  NORMAL
..................................................................
TEMPERATURE (F)
 YESTERDAY
  MAXIMUM         67    206 PM  71    1954  46     21       50
  MINIMUM         54    122 AM  -3    1985  24     30       24
  AVERAGE         61                        35     26       37

PRECIPITATION (IN)
  YESTERDAY        0.00          1.40 1961   0.03  -0.03      T
  MONTH TO DATE    0.42                      0.68  -0.26     0.19
  SINCE OCT 1      0.94                      1.32  -0.38     1.93
  SINCE JAN 1      6.41                      7.46  -1.05     7.47

DEGREE DAYS
 HEATING
  YESTERDAY        4                        30    -26       28
  MONTH TO DATE  540                       579    -39      404
  SINCE SEP 1   1351                      1375    -24     1168
  SINCE JUL 1   1374                      1524   -150     1257

 COOLING
  YESTERDAY        0                         0      0        0
  MONTH TO DATE    0                         0      0        0
  SINCE SEP 1     56                        16     40        1
  SINCE JAN 1    434                       222    212      240
..................................................................


WIND (MPH)
  RESULTANT WIND SPEED   8   RESULTANT WIND DIRECTION   S (190)
  HIGHEST WIND SPEED    25   HIGHEST WIND DIRECTION    SW (220)
  HIGHEST GUST SPEED    32   HIGHEST GUST DIRECTION    SW (220)
  AVERAGE WIND SPEED     9.5


SKY COVER
  POSSIBLE SUNSHINE  MM
  AVERAGE SKY COVER 0.4


WEATHER CONDITIONS
 THE FOLLOWING WEATHER WAS RECORDED YESTERDAY.
  NO SIGNIFICANT WEATHER WAS OBSERVED.


RELATIVE HUMIDITY (PERCENT)
 HIGHEST    72          1200 AM
 LOWEST     48          1200 PM
 AVERAGE    60

..........................................................


THE REDMOND OR CLIMATE NORMALS FOR TODAY
                         NORMAL    RECORD    YEAR
 MAXIMUM TEMPERATURE (F)   46        65      1959
 MINIMUM TEMPERATURE (F)   24        -8      1993


SUNRISE AND SUNSET
NOVEMBER 23 2017......SUNRISE   711 AM PST   SUNSET   431 PM PST
NOVEMBER 24 2017......SUNRISE   712 AM PST   SUNSET   430 PM PST


-  INDICATES NEGATIVE NUMBERS.
R  INDICATES RECORD WAS SET OR TIED.
MM INDICATES DATA IS MISSING.
T  INDICATES TRACE AMOUNT.




$$
