000
CDUS42 KRAH 010753
CLIRDU


CLIMATE REPORT
NATIONAL WEATHER SERVICE RALEIGH NC
352 AM EDT SAT AUG 1 2015


...................................

...THE RALEIGH-DURHAM INTL AIRPORT NC CLIMATE SUMMARY FOR JULY 31 2015...

CLIMATE NORMAL PERIOD 1981 TO 2010
CLIMATE RECORD PERIOD 1887 TO 2015


WEATHER ITEM   OBSERVED TIME   RECORD YEAR NORMAL DEPARTURE LAST
                VALUE   (LST)  VALUE       VALUE  FROM      YEAR
                                                  NORMAL
..................................................................
TEMPERATURE (F)
 YESTERDAY
  MAXIMUM         91    309 PM 104    1999  90      1       82
  MINIMUM         71   1159 PM  55    1914  70      1       66
  AVERAGE         81                        80      1       74

PRECIPITATION (IN)
  YESTERDAY        T             2.70 1931   0.16  -0.16     0.08
  MONTH TO DATE    5.01                      4.73   0.28     8.96
  SINCE JUN 1     11.36                      8.25   3.11    12.27
  SINCE JAN 1     29.20                     25.28   3.92    31.54

DEGREE DAYS
 HEATING
  YESTERDAY        0                         0      0        0
  MONTH TO DATE    0                         0      0        0
  SINCE JUN 1      0                         4     -4        0
  SINCE JUL 1      0                         0      0        0

 COOLING
  YESTERDAY       16                        15      1        9
  MONTH TO DATE  472                       466      6      423
  SINCE JUN 1    909                       813     96      800
  SINCE JAN 1   1179                      1022    157     1013
..................................................................


WIND (MPH)
  HIGHEST WIND SPEED    13   HIGHEST WIND DIRECTION    NE (40)
  HIGHEST GUST SPEED    17   HIGHEST GUST DIRECTION    NE (30)
  AVERAGE WIND SPEED     3.7


SKY COVER
  POSSIBLE SUNSHINE  MM
  AVERAGE SKY COVER 0.5


WEATHER CONDITIONS
 THE FOLLOWING WEATHER WAS RECORDED YESTERDAY.
  NO SIGNIFICANT WEATHER WAS OBSERVED.


RELATIVE HUMIDITY (PERCENT)
 HIGHEST    79          1100 PM
 LOWEST     40           600 PM
 AVERAGE    60

..........................................................


THE RALEIGH-DURHAM INTL AIRPORT NC CLIMATE NORMALS FOR TODAY
                         NORMAL    RECORD    YEAR
 MAXIMUM TEMPERATURE (F)   90       104      1999
 MINIMUM TEMPERATURE (F)   70        56      1997


SUNRISE AND SUNSET
AUGUST  1 2015........SUNRISE   623 AM EDT   SUNSET   820 PM EDT
AUGUST  2 2015........SUNRISE   623 AM EDT   SUNSET   819 PM EDT


-  INDICATES NEGATIVE NUMBERS.
R  INDICATES RECORD WAS SET OR TIED.
MM INDICATES DATA IS MISSING.
T  INDICATES TRACE AMOUNT.

&&

CLIMATE REPORT NWS FORECAST OFFICE
NCSU CENTENNIAL CAMPUS
RALEIGH, NC

MAXIMUM TEMPERATURE... 92

MINIMUM TEMPERATURE... 73

PRECIPITATION... 0.00

$$
