000
CDUS42 KRAH 220737
CLIRDU


CLIMATE REPORT
NATIONAL WEATHER SERVICE RALEIGH NC
233 AM EST MON JAN 22 2018


...................................

...THE RALEIGH-DURHAM INTL AIRPORT NC CLIMATE SUMMARY FOR JANUARY 21 2018...

CLIMATE NORMAL PERIOD 1981 TO 2010
CLIMATE RECORD PERIOD 1887 TO 2018


WEATHER ITEM   OBSERVED TIME   RECORD YEAR NORMAL DEPARTURE LAST
                VALUE   (LST)  VALUE       VALUE  FROM      YEAR
                                                  NORMAL
..................................................................
TEMPERATURE (F)
 YESTERDAY
  MAXIMUM         68    354 PM  75    1933  51     17       55
  MINIMUM         31    729 AM  -9    1985  31      0       51
  AVERAGE         50                        41      9       53

PRECIPITATION (IN)
  YESTERDAY        0.00          1.44 1979   0.11  -0.11     0.38
  MONTH TO DATE    1.16                      2.38  -1.22     3.32
  SINCE DEC 1      3.45                      5.45  -2.00     5.51
  SINCE JAN 1      1.16                      2.38  -1.22     3.32

SNOWFALL (IN)
  YESTERDAY        0.0           1.2  1961   0.1   -0.1      0.0
  MONTH TO DATE    7.0                       1.9    5.1      0.5
  SINCE DEC 1      7.3                       2.5    4.8      0.5
  SINCE JUL 1      7.3                       2.6    4.7      0.5
  SNOW DEPTH       0

DEGREE DAYS
 HEATING
  YESTERDAY       15                        24     -9       12
  MONTH TO DATE  661                       510    151      396
  SINCE DEC 1   1358                      1180    178     1023
  SINCE JUL 1   1940                      1761    179     1478

 COOLING
  YESTERDAY        0                         0      0        0
  MONTH TO DATE    0                         0      0        0
  SINCE DEC 1      0                         2     -2        0
  SINCE JAN 1      0                         0      0        0
..................................................................


WIND (MPH)
  HIGHEST WIND SPEED     9   HIGHEST WIND DIRECTION     W (250)
  HIGHEST GUST SPEED    13   HIGHEST GUST DIRECTION    SW (230)
  AVERAGE WIND SPEED     1.2


SKY COVER
  POSSIBLE SUNSHINE  MM
  AVERAGE SKY COVER 0.2


WEATHER CONDITIONS
 THE FOLLOWING WEATHER WAS RECORDED YESTERDAY.
  NO SIGNIFICANT WEATHER WAS OBSERVED.


RELATIVE HUMIDITY (PERCENT)
 HIGHEST    92           800 AM
 LOWEST     39           300 PM
 AVERAGE    66

..........................................................


THE RALEIGH-DURHAM INTL AIRPORT NC CLIMATE NORMALS FOR TODAY
                         NORMAL    RECORD    YEAR
 MAXIMUM TEMPERATURE (F)   51        76      1937
 MINIMUM TEMPERATURE (F)   31         0      1970


SUNRISE AND SUNSET
JANUARY 22 2018.......SUNRISE   722 AM EST   SUNSET   532 PM EST
JANUARY 23 2018.......SUNRISE   721 AM EST   SUNSET   533 PM EST


-  INDICATES NEGATIVE NUMBERS.
R  INDICATES RECORD WAS SET OR TIED.
MM INDICATES DATA IS MISSING.
T  INDICATES TRACE AMOUNT.

&&

CLIMATE REPORT
NWS FORECAST OFFICE
NCSU CENTENNIAL CAMPUS
RALEIGH NC

MAXIMUM TEMPERATURE... 68

MINIMUM TEMPERATURE... 38

PRECIPITATION... 0.00

$$
