000
CDUS42 KRAH 270852
CLIRDU


CLIMATE REPORT
NATIONAL WEATHER SERVICE RALEIGH NC
351 AM EST THU NOV 27 2014


...................................

...THE RALEIGH-DURHAM INTL AIRPORT NC CLIMATE SUMMARY FOR NOVEMBER 26 2014...

CLIMATE NORMAL PERIOD 1981 TO 2010
CLIMATE RECORD PERIOD 1887 TO 2014


WEATHER ITEM   OBSERVED TIME   RECORD YEAR NORMAL DEPARTURE LAST
                VALUE   (LST)  VALUE       VALUE  FROM      YEAR
                                                  NORMAL
..................................................................
TEMPERATURE (F)
 YESTERDAY
  MAXIMUM         50    436 AM  76    1990  60    -10       66
                                      1896
  MINIMUM         35   1148 PM  14    1950  38     -3       37
  AVERAGE         43                        49     -6       52

PRECIPITATION (IN)
  YESTERDAY        1.69R         1.69 2014   0.11   1.58     0.83
  MONTH TO DATE    3.73                      2.71   1.02     2.28
  SINCE SEP 1     11.82                     10.32   1.50     6.60
  SINCE JAN 1     50.23                     39.86  10.37    44.07

SNOWFALL (IN)
  YESTERDAY        0.0           2.5  1938   0.0    0.0      0.0
                                      1956
                                      1953
  MONTH TO DATE    T                         0.1   -0.1       T
  SINCE SEP 1      T                         0.1   -0.1       T
  SINCE JUL 1      T                         0.1   -0.1       T
  SNOW DEPTH       0

DEGREE DAYS
 HEATING
  YESTERDAY       22                        16      6       13
  MONTH TO DATE  445                       324    121      382
  SINCE SEP 1    573                       512     61      541
  SINCE JUL 1    573                       513     60      541

 COOLING
  YESTERDAY        0                         0      0        0
  MONTH TO DATE    1                         1      0        2
  SINCE SEP 1    299                       280     19      246
  SINCE JAN 1   1657                      1721    -64     1552
..................................................................


WIND (MPH)
  HIGHEST WIND SPEED    23   HIGHEST WIND DIRECTION    NE (30)
  HIGHEST GUST SPEED    37   HIGHEST GUST DIRECTION    NE (40)
  AVERAGE WIND SPEED     6.7


SKY COVER
  POSSIBLE SUNSHINE  MM
  AVERAGE SKY COVER 0.9


WEATHER CONDITIONS
 THE FOLLOWING WEATHER WAS RECORDED YESTERDAY.
  HEAVY RAIN
  RAIN
  LIGHT RAIN
  FOG
  FOG W/VISIBILITY <= 1/4 MILE


RELATIVE HUMIDITY (PERCENT)
 HIGHEST    93           100 AM
 LOWEST     82           400 PM
 AVERAGE    88

..........................................................


THE RALEIGH-DURHAM INTL AIRPORT NC CLIMATE NORMALS FOR TODAY
                         NORMAL    RECORD    YEAR
 MAXIMUM TEMPERATURE (F)   60        83      1973
 MINIMUM TEMPERATURE (F)   38        19      1977


SUNRISE AND SUNSET
NOVEMBER 27 2014......SUNRISE   703 AM EST   SUNSET   502 PM EST
NOVEMBER 28 2014......SUNRISE   704 AM EST   SUNSET   502 PM EST


-  INDICATES NEGATIVE NUMBERS.
R  INDICATES RECORD WAS SET OR TIED.
MM INDICATES DATA IS MISSING.
T  INDICATES TRACE AMOUNT.

&&

CLIMATE REPORT NWS FORECAST OFFICE
NCSU CENTENNIAL CAMPUS
RALEIGH, NC

MAXIMUM TEMPERATURE... 50

MINIMUM TEMPERATURE... 37

PRECIPITATION... 2.13

$$
