000
CDUS42 KRAH 010642
CLIRDU


CLIMATE REPORT
NATIONAL WEATHER SERVICE RALEIGH NC
240 AM EDT SUN MAY 1 2016


...................................

...THE RALEIGH-DURHAM INTL AIRPORT NC CLIMATE SUMMARY FOR APRIL 30 2016...

CLIMATE NORMAL PERIOD 1981 TO 2010
CLIMATE RECORD PERIOD 1887 TO 2016


WEATHER ITEM   OBSERVED TIME   RECORD YEAR NORMAL DEPARTURE LAST
                VALUE   (LST)  VALUE       VALUE  FROM      YEAR
                                                  NORMAL
..................................................................
TEMPERATURE (F)
 YESTERDAY
  MAXIMUM         65    250 PM  90    1906  76    -11       73
                                      1893
  MINIMUM         58    720 AM  33    1961  52      6       51
  AVERAGE         62                        64     -2       62

PRECIPITATION (IN)
  YESTERDAY        0.00          2.45 1909   0.08  -0.08     0.99
  MONTH TO DATE    2.98                      2.92   0.06     5.26
  SINCE MAR 1      7.02                      7.03  -0.01     8.54
  SINCE JAN 1     13.43                     13.76  -0.33    14.80

SNOWFALL (IN)
  YESTERDAY        0.0           0.0  2002   0.0    0.0      0.0
                                      2001
  MONTH TO DATE    0.0                       0.1   -0.1      0.0
  SINCE MAR 1      T                         0.6   -0.6      0.0
  SINCE JUL 1      1.4                       6.1   -4.7      7.9
  SNOW DEPTH       0

DEGREE DAYS
 HEATING
  YESTERDAY        3                         4     -1        3
  MONTH TO DATE  180                       192    -12      148
  SINCE MAR 1    414                       617   -203      567
  SINCE JUL 1   2557                      3189   -632     3464

 COOLING
  YESTERDAY        0                         3     -3        0
  MONTH TO DATE   57                        49      8       52
  SINCE MAR 1     95                        60     35       56
  SINCE JAN 1     95                        61     34       56
..................................................................


WIND (MPH)
  HIGHEST WIND SPEED    13   HIGHEST WIND DIRECTION     E (80)
  HIGHEST GUST SPEED    16   HIGHEST GUST DIRECTION     E (90)
  AVERAGE WIND SPEED     8.1


SKY COVER
  POSSIBLE SUNSHINE  MM
  AVERAGE SKY COVER 1.0


WEATHER CONDITIONS
 THE FOLLOWING WEATHER WAS RECORDED YESTERDAY.
  FOG


RELATIVE HUMIDITY (PERCENT)
 HIGHEST   100           600 AM
 LOWEST     73           200 PM
 AVERAGE    87

..........................................................


THE RALEIGH-DURHAM INTL AIRPORT NC CLIMATE NORMALS FOR TODAY
                         NORMAL    RECORD    YEAR
 MAXIMUM TEMPERATURE (F)   76        92      2007
 MINIMUM TEMPERATURE (F)   52        36      1963


SUNRISE AND SUNSET
MAY  1 2016...........SUNRISE   622 AM EDT   SUNSET   803 PM EDT
MAY  2 2016...........SUNRISE   621 AM EDT   SUNSET   803 PM EDT


-  INDICATES NEGATIVE NUMBERS.
R  INDICATES RECORD WAS SET OR TIED.
MM INDICATES DATA IS MISSING.
T  INDICATES TRACE AMOUNT.



&&

CLIMATE REPORT
NWS FORECAST OFFICE
NCSU CENTENNIAL CAMPUS
RALEIGH NC

MAXIMUM TEMPERATURE... 65

MINIMUM TEMPERATURE... 57

PRECIPITATION... 0.02

$$
