000
CDUS42 KRAH 262150
CLIRDU


CLIMATE REPORT
NATIONAL WEATHER SERVICE RALEIGH NC
444 PM EST THU FEB 26 2015


...................................

...THE RALEIGH-DURHAM INTL AIRPORT NC CLIMATE SUMMARY FOR FEBRUARY 26 2015...
VALID TODAY AS OF 0444 PM LOCAL TIME.

CLIMATE NORMAL PERIOD 1981 TO 2010
CLIMATE RECORD PERIOD 1887 TO 2015


WEATHER ITEM   OBSERVED TIME   RECORD YEAR NORMAL DEPARTURE LAST
                VALUE   (LST)  VALUE       VALUE  FROM      YEAR
                                                  NORMAL
..................................................................
TEMPERATURE (F)
 TODAY
  MAXIMUM         35    441 PM  84    1977  58    -23       49
  MINIMUM         31    815 AM  11    1967  36     -5       32
  AVERAGE         33                        47    -14       41

PRECIPITATION (IN)
  TODAY            0.72          1.92 1891   0.12   0.60     0.00
  MONTH TO DATE    2.91                      2.99  -0.08     3.00
  SINCE DEC 1     11.23                      9.56   1.67    10.87
  SINCE JAN 1      6.26                      6.49  -0.23     4.96

SNOWFALL (IN)
  TODAY            3.2           7.0  1914   0.1    3.1      0.0
  MONTH TO DATE    7.9                       1.8    6.1      3.7
  SINCE DEC 1      7.9                       5.3    2.6      5.6
  SINCE JUL 1      7.9                       5.4    2.5      5.6
  SNOW DEPTH       4

DEGREE DAYS
 HEATING
  TODAY           32                        18     14       24
  MONTH TO DATE  771                       540    231      543
  SINCE DEC 1   2168                      1956    212     1995
  SINCE JUL 1   2832                      2537    295     2647

 COOLING
  TODAY            0                         0      0        0
  MONTH TO DATE    0                         0      0        0
  SINCE DEC 1      0                         2     -2       13
  SINCE JAN 1      0                         0      0        0
..................................................................


WIND (MPH)
  HIGHEST WIND SPEED    17   HIGHEST WIND DIRECTION    NE (50)
  HIGHEST GUST SPEED    25   HIGHEST GUST DIRECTION    NE (30)
  AVERAGE WIND SPEED     6.3


SKY COVER
  POSSIBLE SUNSHINE  MM
  AVERAGE SKY COVER 1.0


WEATHER CONDITIONS
 THE FOLLOWING WEATHER WAS RECORDED TODAY.
  LIGHT RAIN
  FREEZING RAIN
  LT FREEZING RAIN
  SNOW
  LIGHT SNOW
  SLEET
  FOG
  FOG W/VISIBILITY <= 1/4 MILE


RELATIVE HUMIDITY (PERCENT)
 HIGHEST    92          1200 AM
 LOWEST     75           200 PM
 AVERAGE    84

..........................................................


THE RALEIGH-DURHAM INTL AIRPORT NC CLIMATE NORMALS FOR TOMORROW
                         NORMAL    RECORD    YEAR
 MAXIMUM TEMPERATURE (F)   58        82      1997
 MINIMUM TEMPERATURE (F)   36         9      1963


SUNRISE AND SUNSET
FEBRUARY 26 2015......SUNRISE   649 AM EST   SUNSET   607 PM EST
FEBRUARY 27 2015......SUNRISE   648 AM EST   SUNSET   608 PM EST


-  INDICATES NEGATIVE NUMBERS.
R  INDICATES RECORD WAS SET OR TIED.
MM INDICATES DATA IS MISSING.
T  INDICATES TRACE AMOUNT.

&&

CLIMATE REPORT NWS FORECAST OFFICE
NCSU CENTENNIAL CAMPUS
RALEIGH, NC

MAXIMUM TEMPERATURE... 35

MINIMUM TEMPERATURE... 30

PRECIPITATION... 0.66

SNOWFALL... 1.8

$$
