000
CDUS42 KRAH 240720
CLIRDU


CLIMATE REPORT
NATIONAL WEATHER SERVICE RALEIGH NC
318 AM EDT MON APR 24 2017


...................................

...THE RALEIGH-DURHAM INTL AIRPORT NC CLIMATE SUMMARY FOR APRIL 23 2017...

CLIMATE NORMAL PERIOD 1981 TO 2010
CLIMATE RECORD PERIOD 1887 TO 2017


WEATHER ITEM   OBSERVED TIME   RECORD YEAR NORMAL DEPARTURE LAST
                VALUE   (LST)  VALUE       VALUE  FROM      YEAR
                                                  NORMAL
..................................................................
TEMPERATURE (F)
 YESTERDAY
  MAXIMUM         56   1200 AM  95    1980  74    -18       77
  MINIMUM         53   1159 PM  33    1986  50      3       61
                                      1971
  AVERAGE         55                        62     -7       69

PRECIPITATION (IN)
  YESTERDAY        0.77          1.11 1945   0.10   0.67      T
  MONTH TO DATE    1.96                      2.30  -0.34     2.22
  SINCE MAR 1      5.09                      6.41  -1.32     6.26
  SINCE JAN 1      9.52                     13.14  -3.62    12.67

SNOWFALL (IN)
  YESTERDAY        0.0           0.0  2002   0.0    0.0      0.0
  MONTH TO DATE    0.0                       0.1   -0.1      0.0
  SINCE MAR 1      0.3                       0.6   -0.3       T
  SINCE JUL 1      0.8                       6.1   -5.3      1.4
  SNOW DEPTH       0

DEGREE DAYS
 HEATING
  YESTERDAY       10                         5      5        0
  MONTH TO DATE   65                       162    -97      174
  SINCE MAR 1    479                       586   -107      408
  SINCE JUL 1   2452                      3158   -706     2551

 COOLING
  YESTERDAY        0                         2     -2        4
  MONTH TO DATE   72                        33     39       23
  SINCE MAR 1     90                        44     46       61
  SINCE JAN 1     98                        45     53       61
..................................................................


WIND (MPH)
  HIGHEST WIND SPEED    21   HIGHEST WIND DIRECTION     E (90)
  HIGHEST GUST SPEED    27   HIGHEST GUST DIRECTION     E (80)
  AVERAGE WIND SPEED    11.1


SKY COVER
  POSSIBLE SUNSHINE  MM
  AVERAGE SKY COVER 1.0


WEATHER CONDITIONS
 THE FOLLOWING WEATHER WAS RECORDED YESTERDAY.
  RAIN
  LIGHT RAIN
  FOG


RELATIVE HUMIDITY (PERCENT)
 HIGHEST    93          1200 AM
 LOWEST     93          1200 AM
 AVERAGE    93

..........................................................


THE RALEIGH-DURHAM INTL AIRPORT NC CLIMATE NORMALS FOR TODAY
                         NORMAL    RECORD    YEAR
 MAXIMUM TEMPERATURE (F)   75        93      1960
                                             1925
 MINIMUM TEMPERATURE (F)   50        31      1986


SUNRISE AND SUNSET
APRIL 24 2017.........SUNRISE   631 AM EDT   SUNSET   756 PM EDT
APRIL 25 2017.........SUNRISE   629 AM EDT   SUNSET   757 PM EDT


-  INDICATES NEGATIVE NUMBERS.
R  INDICATES RECORD WAS SET OR TIED.
MM INDICATES DATA IS MISSING.
T  INDICATES TRACE AMOUNT.

&&

CLIMATE REPORT
NWS FORECAST OFFICE
NCSU CENTENNIAL CAMPUS
RALEIGH NC

MAXIMUM TEMPERATURE... 56

MINIMUM TEMPERATURE... 52

PRECIPITATION... 0.73


$$
