000
CDUS42 KRAH 220717
CLIRDU


CLIMATE REPORT
NATIONAL WEATHER SERVICE RALEIGH NC
316 AM EDT FRI SEP 22 2017


...................................

...THE RALEIGH-DURHAM INTL AIRPORT NC CLIMATE SUMMARY FOR SEPTEMBER 21 2017...

CLIMATE NORMAL PERIOD 1981 TO 2010
CLIMATE RECORD PERIOD 1887 TO 2017


WEATHER ITEM   OBSERVED TIME   RECORD YEAR NORMAL DEPARTURE LAST
                VALUE   (LST)  VALUE       VALUE  FROM      YEAR
                                                  NORMAL
..................................................................
TEMPERATURE (F)
 YESTERDAY
  MAXIMUM         88    237 PM  98    1895  81      7       75
  MINIMUM         65   1142 PM  41    1962  60      5       70
  AVERAGE         77                        70      7       73

PRECIPITATION (IN)
  YESTERDAY        T             1.62 1979   0.12  -0.12     0.49
  MONTH TO DATE    2.28                      3.23  -0.95     3.45
  SINCE SEP 1      2.28                      3.23  -0.95     3.45
  SINCE JAN 1     37.68                     32.77   4.91    40.20

DEGREE DAYS
 HEATING
  YESTERDAY        0                         1     -1        0
  MONTH TO DATE    7                         5      2        0
  SINCE SEP 1      7                         5      2        0
  SINCE JUL 1      7                         6      1        0

 COOLING
  YESTERDAY       12                         6      6        8
  MONTH TO DATE  141                       184    -43      261
  SINCE SEP 1    141                       184    -43      261
  SINCE JAN 1   1773                      1625    148     1929
..................................................................


WIND (MPH)
  HIGHEST WIND SPEED    24   HIGHEST WIND DIRECTION    NE (50)
  HIGHEST GUST SPEED    34   HIGHEST GUST DIRECTION    NE (50)
  AVERAGE WIND SPEED     1.7


SKY COVER
  POSSIBLE SUNSHINE  MM
  AVERAGE SKY COVER 0.3


WEATHER CONDITIONS
 THE FOLLOWING WEATHER WAS RECORDED YESTERDAY.
  THUNDERSTORM
  LIGHT RAIN


RELATIVE HUMIDITY (PERCENT)
 HIGHEST   100          1000 PM
 LOWEST     46           100 PM
 AVERAGE    73

..........................................................


THE RALEIGH-DURHAM INTL AIRPORT NC CLIMATE NORMALS FOR TODAY
                         NORMAL    RECORD    YEAR
 MAXIMUM TEMPERATURE (F)   80        98      1895
 MINIMUM TEMPERATURE (F)   59        42      1889


SUNRISE AND SUNSET
SEPTEMBER 22 2017.....SUNRISE   703 AM EDT   SUNSET   712 PM EDT
SEPTEMBER 23 2017.....SUNRISE   704 AM EDT   SUNSET   710 PM EDT


-  INDICATES NEGATIVE NUMBERS.
R  INDICATES RECORD WAS SET OR TIED.
MM INDICATES DATA IS MISSING.
T  INDICATES TRACE AMOUNT.

&&

CLIMATE REPORT
NWS FORECAST OFFICE
NCSU CENTENNIAL CAMPUS
RALEIGH NC

MAXIMUM TEMPERATURE... 89

MINIMUM TEMPERATURE... 67

PRECIPITATION... 0.01

$$
