000
CDUS42 KRAH 050601
CLIRDU


CLIMATE REPORT
NATIONAL WEATHER SERVICE RALEIGH NC
100 AM EST MON DEC 5 2016


...................................

...THE RALEIGH-DURHAM INTL AIRPORT NC CLIMATE SUMMARY FOR DECEMBER 4 2016...

CLIMATE NORMAL PERIOD 1981 TO 2010
CLIMATE RECORD PERIOD 1887 TO 2016


WEATHER ITEM   OBSERVED TIME   RECORD YEAR NORMAL DEPARTURE LAST
                VALUE   (LST)  VALUE       VALUE  FROM      YEAR
                                                  NORMAL
..................................................................
TEMPERATURE (F)
 YESTERDAY
  MAXIMUM         47   1238 PM  79    1978  57    -10       54
  MINIMUM         41    645 AM  15    1976  36      5       33
  AVERAGE         44                        46     -2       44

PRECIPITATION (IN)
  YESTERDAY        0.32          2.22 1931   0.10   0.22     0.00
  MONTH TO DATE    0.32                      0.41  -0.09     0.08
  SINCE DEC 1      0.32                      0.41  -0.09     0.08
  SINCE JAN 1     49.38                     40.68   8.70    51.11

SNOWFALL (IN)
  YESTERDAY        0.0           2.6  1907   0.0    0.0      0.0
  MONTH TO DATE    0.0                       0.0    0.0      0.0
  SINCE DEC 1      0.0                       0.0    0.0      0.0
  SINCE JUL 1      0.0                       0.1   -0.1      0.0
  SNOW DEPTH       0

DEGREE DAYS
 HEATING
  YESTERDAY       21                        19      2       21
  MONTH TO DATE   61                        73    -12       61
  SINCE DEC 1     61                        73    -12       61
  SINCE JUL 1    516                       654   -138      512

 COOLING
  YESTERDAY        0                         0      0        0
  MONTH TO DATE    0                         0      0        0
  SINCE DEC 1      0                         0      0        0
  SINCE JAN 1   2101                      1728    373     1886
..................................................................


WIND (MPH)
  HIGHEST WIND SPEED     9   HIGHEST WIND DIRECTION    NE (60)
  HIGHEST GUST SPEED    13   HIGHEST GUST DIRECTION     E (80)
  AVERAGE WIND SPEED     3.5


SKY COVER
  POSSIBLE SUNSHINE  MM
  AVERAGE SKY COVER 1.0


WEATHER CONDITIONS
 THE FOLLOWING WEATHER WAS RECORDED YESTERDAY.
  LIGHT RAIN
  FOG


RELATIVE HUMIDITY (PERCENT)
 HIGHEST    96          1100 PM
 LOWEST     57           900 AM
 AVERAGE    77

..........................................................


THE RALEIGH-DURHAM INTL AIRPORT NC CLIMATE NORMALS FOR TODAY
                         NORMAL    RECORD    YEAR
 MAXIMUM TEMPERATURE (F)   57        76      2001
                                             1998
                                             1982
 MINIMUM TEMPERATURE (F)   36        19      2000
                                             1966


SUNRISE AND SUNSET
DECEMBER  5 2016......SUNRISE   711 AM EST   SUNSET   501 PM EST
DECEMBER  6 2016......SUNRISE   712 AM EST   SUNSET   501 PM EST


-  INDICATES NEGATIVE NUMBERS.
R  INDICATES RECORD WAS SET OR TIED.
MM INDICATES DATA IS MISSING.
T  INDICATES TRACE AMOUNT.

&&

CLIMATE REPORT
NWS FORECAST OFFICE
NCSU CENTENNIAL CAMPUS
RALEIGH NC

MAXIMUM TEMPERATURE...45

MINIMUM TEMPERATURE...41

PRECIPITATION...0.28"

$$
