000
CDUS42 KRAH 240036
CLIRDU


CLIMATE REPORT
NATIONAL WEATHER SERVICE RALEIGH NC
834 PM EDT SAT MAY 23 2015


...................................

...THE RALEIGH-DURHAM INTL AIRPORT NC CLIMATE SUMMARY FOR MAY 23 2015...
VALID AS OF 0800 PM LOCAL TIME.

CLIMATE NORMAL PERIOD 1981 TO 2010
CLIMATE RECORD PERIOD 1887 TO 2015


WEATHER ITEM   OBSERVED TIME   RECORD YEAR NORMAL DEPARTURE LAST
                VALUE   (LST)  VALUE       VALUE  FROM      YEAR
                                                  NORMAL
..................................................................
TEMPERATURE (F)
 TODAY
  MAXIMUM         80    329 PM  98    1941  81     -1       82
  MINIMUM         48    431 AM  38    2002  59    -11       63
  AVERAGE         64                        70     -6       73

PRECIPITATION (IN)
  TODAY            0.00          1.27 1974   0.12  -0.12      T
  MONTH TO DATE    2.59                      2.32   0.27     3.63
  SINCE MAR 1     11.13                      9.35   1.78    13.92
  SINCE JAN 1     17.39                     16.08   1.31    18.88

DEGREE DAYS
 HEATING
  TODAY            1                         1      0        0
  MONTH TO DATE   20                        47    -27       27
  SINCE MAR 1    587                       664    -77      777
  SINCE JUL 1   3484                      3236    248     3478

 COOLING
  TODAY            0                         6     -6        8
  MONTH TO DATE  128                        93     35      126
  SINCE MAR 1    184                       153     31      157
  SINCE JAN 1    184                       154     30      157
..................................................................


WIND (MPH)
  RESULTANT WIND SPEED   2   RESULTANT WIND DIRECTION   E (90)
  HIGHEST WIND SPEED    15   HIGHEST WIND DIRECTION    NE (50)
  HIGHEST GUST SPEED    18   HIGHEST GUST DIRECTION     E (80)
  AVERAGE WIND SPEED     3.0


SKY COVER
  POSSIBLE SUNSHINE  MM
  AVERAGE SKY COVER 0.4


WEATHER CONDITIONS
 THE FOLLOWING WEATHER WAS RECORDED TODAY.
  NO SIGNIFICANT WEATHER WAS OBSERVED.


RELATIVE HUMIDITY (PERCENT)
 HIGHEST    93           200 AM
 LOWEST     31           400 PM
 AVERAGE    62

..........................................................


THE RALEIGH-DURHAM INTL AIRPORT NC CLIMATE NORMALS FOR TOMORROW
                         NORMAL    RECORD    YEAR
 MAXIMUM TEMPERATURE (F)   82        95      1944
                                             1903
 MINIMUM TEMPERATURE (F)   59        42      1931


SUNRISE AND SUNSET
MAY 23 2015...........SUNRISE   604 AM EDT   SUNSET   820 PM EDT
MAY 24 2015...........SUNRISE   604 AM EDT   SUNSET   820 PM EDT


-  INDICATES NEGATIVE NUMBERS.
R  INDICATES RECORD WAS SET OR TIED.
MM INDICATES DATA IS MISSING.
T  INDICATES TRACE AMOUNT.

&&

CLIMATE REPORT NWS FORECAST OFFICE
NCSU CENTENNIAL CAMPUS
RALEIGH, NC

MAXIMUM TEMPERATURE... 79

MINIMUM TEMPERATURE... 51

PRECIPITATION... 0.00



$$
