000
CDUS46 KBOI 040931
CLIREO


CLIMATE REPORT
NATIONAL WEATHER SERVICE BOISE ID
331 AM MDT FRI SEP 4 2015


...................................

...THE ROME OR CLIMATE SUMMARY FOR SEPTEMBER 3 2015...

CLIMATE NORMAL PERIOD 1981 TO 2010
CLIMATE RECORD PERIOD 9999 TO 9999


WEATHER ITEM   OBSERVED TIME   NORMAL DEPARTURE LAST
                VALUE   (LST)  VALUE  FROM      YEAR
                                      NORMAL
......................................................
TEMPERATURE (F)
 YESTERDAY
  MAXIMUM         70    346 PM  85    -15       75
  MINIMUM         47   1159 PM  46      1       47
  AVERAGE         59            65     -6       61

PRECIPITATION (IN)
  YESTERDAY        0.00          0.01  -0.01     0.00
  MONTH TO DATE    0.00          0.03  -0.03     0.00
  SINCE OCT 1      7.67          8.55  -0.88     2.49
  SINCE JAN 1      5.67          6.36  -0.69     2.30

DEGREE DAYS
 HEATING
  YESTERDAY        6             3      3        4
  MONTH TO DATE    6             9     -3        5
  SINCE SEP 1      6             9     -3        5
  SINCE JUL 1     13            50    -37       15

 COOLING
  YESTERDAY        0             3     -3        0
  MONTH TO DATE   15            11      4        4
  SINCE SEP 1     15            11      4        4
  SINCE JAN 1    800           477    323      630
......................................................


WIND (MPH)
  RESULTANT WIND SPEED   7   RESULTANT WIND DIRECTION  NE (30)
  HIGHEST WIND SPEED    17   HIGHEST WIND DIRECTION    NW (320)
  HIGHEST GUST SPEED    21   HIGHEST GUST DIRECTION    NW (320)
  AVERAGE WIND SPEED     8.2


SKY COVER
  AVERAGE SKY COVER 0.0


WEATHER CONDITIONS
 THE FOLLOWING WEATHER WAS RECORDED YESTERDAY.
  NO SIGNIFICANT WEATHER WAS OBSERVED.


RELATIVE HUMIDITY (PERCENT)
 HIGHEST    59           400 AM
 LOWEST     31           300 PM
 AVERAGE    45

..........................................................


THE ROME OR CLIMATE NORMALS FOR TODAY
                         NORMAL    RECORD    YEAR
 MAXIMUM TEMPERATURE (F)   85        MM        MM
 MINIMUM TEMPERATURE (F)   45        MM        MM


SUNRISE AND SUNSET
SEPTEMBER  4 2015.....SUNRISE   619 AM PDT   SUNSET   721 PM PDT
SEPTEMBER  5 2015.....SUNRISE   620 AM PDT   SUNSET   719 PM PDT


-  INDICATES NEGATIVE NUMBERS.
R  INDICATES RECORD WAS SET OR TIED.
MM INDICATES DATA IS MISSING.
T  INDICATES TRACE AMOUNT.




$$
