000
CDUS46 KBOI 180931
CLIREO


CLIMATE REPORT
NATIONAL WEATHER SERVICE BOISE ID
231 AM MST MON DEC 18 2017


...................................

...THE ROME OR CLIMATE SUMMARY FOR DECEMBER 17 2017...

CLIMATE NORMAL PERIOD 1981 TO 2010
CLIMATE RECORD PERIOD 9999 TO 9999


WEATHER ITEM   OBSERVED TIME   NORMAL DEPARTURE LAST
                VALUE   (LST)  VALUE  FROM      YEAR
                                      NORMAL
......................................................
TEMPERATURE (F)
 YESTERDAY
  MAXIMUM         35    357 PM  38     -3       19
  MINIMUM          6    705 AM  18    -12       -7
  AVERAGE         21            28     -7        6

PRECIPITATION (IN)
  YESTERDAY        0.00          0.03  -0.03     0.00
  MONTH TO DATE    0.42          0.46  -0.04     1.54
  SINCE OCT 1      1.80          1.83  -0.03     2.20
  SINCE JAN 1      8.92          8.56   0.36     6.51

DEGREE DAYS
 HEATING
  YESTERDAY       44            37      7       59
  MONTH TO DATE  727           613    114      645
  SINCE DEC 1    727           613    114      645
  SINCE JUL 1   2149          2226    -77     1880

 COOLING
  YESTERDAY        0             0      0        0
  MONTH TO DATE    0             0      0        0
  SINCE DEC 1      0             0      0        0
  SINCE JAN 1   1037           507    530      697
......................................................


WIND (MPH)
  RESULTANT WIND SPEED   7   RESULTANT WIND DIRECTION   S (160)
  HIGHEST WIND SPEED    18   HIGHEST WIND DIRECTION    SE (150)
  HIGHEST GUST SPEED    24   HIGHEST GUST DIRECTION    SE (140)
  AVERAGE WIND SPEED     7.7


SKY COVER
  AVERAGE SKY COVER 0.0


WEATHER CONDITIONS
 THE FOLLOWING WEATHER WAS RECORDED YESTERDAY.
  NO SIGNIFICANT WEATHER WAS OBSERVED.


RELATIVE HUMIDITY (PERCENT)
 HIGHEST    88           500 AM
 LOWEST     56           100 PM
 AVERAGE    72

..........................................................


THE ROME OR CLIMATE NORMALS FOR TODAY
                         NORMAL    RECORD    YEAR
 MAXIMUM TEMPERATURE (F)   38        MM        MM
 MINIMUM TEMPERATURE (F)   18        MM        MM


SUNRISE AND SUNSET
DECEMBER 18 2017......SUNRISE   717 AM PST   SUNSET   420 PM PST
DECEMBER 19 2017......SUNRISE   717 AM PST   SUNSET   420 PM PST


-  INDICATES NEGATIVE NUMBERS.
R  INDICATES RECORD WAS SET OR TIED.
MM INDICATES DATA IS MISSING.
T  INDICATES TRACE AMOUNT.




$$
