000
CDUS46 KBOI 060931
CLIREO


CLIMATE REPORT
NATIONAL WEATHER SERVICE BOISE ID
231 AM MST TUE DEC 6 2016


...................................

...THE ROME OR CLIMATE SUMMARY FOR DECEMBER 5 2016...

CLIMATE NORMAL PERIOD 1981 TO 2010
CLIMATE RECORD PERIOD 9999 TO 9999


WEATHER ITEM   OBSERVED TIME   NORMAL DEPARTURE LAST
                VALUE   (LST)  VALUE  FROM      YEAR
                                      NORMAL
......................................................
TEMPERATURE (F)
 YESTERDAY
  MAXIMUM         34    142 PM  40     -6       43
  MINIMUM         11    733 AM  19     -8       15
  AVERAGE         23            30     -7       29

PRECIPITATION (IN)
  YESTERDAY        0.00          0.02  -0.02     0.00
  MONTH TO DATE    0.02          0.11  -0.09     0.23
  SINCE OCT 1      0.68          1.48  -0.80     3.14
  SINCE JAN 1      4.99          8.21  -3.22     9.12

DEGREE DAYS
 HEATING
  YESTERDAY       42            35      7       36
  MONTH TO DATE  168           174     -6      193
  SINCE DEC 1    168           174     -6      193
  SINCE JUL 1   1403          1787   -384     1449

 COOLING
  YESTERDAY        0             0      0        0
  MONTH TO DATE    0             0      0        0
  SINCE DEC 1      0             0      0        0
  SINCE JAN 1    697           507    190      868
......................................................


WIND (MPH)
  RESULTANT WIND SPEED   4   RESULTANT WIND DIRECTION   S (160)
  HIGHEST WIND SPEED    13   HIGHEST WIND DIRECTION    SE (140)
  HIGHEST GUST SPEED    15   HIGHEST GUST DIRECTION    SE (140)
  AVERAGE WIND SPEED     5.5


SKY COVER
  AVERAGE SKY COVER 0.0


WEATHER CONDITIONS
 THE FOLLOWING WEATHER WAS RECORDED YESTERDAY.
  NO SIGNIFICANT WEATHER WAS OBSERVED.


RELATIVE HUMIDITY (PERCENT)
 HIGHEST    83           700 AM
 LOWEST     41           200 PM
 AVERAGE    62

..........................................................


THE ROME OR CLIMATE NORMALS FOR TODAY
                         NORMAL    RECORD    YEAR
 MAXIMUM TEMPERATURE (F)   40        MM        MM
 MINIMUM TEMPERATURE (F)   19        MM        MM


SUNRISE AND SUNSET
DECEMBER  6 2016......SUNRISE   707 AM PST   SUNSET   418 PM PST
DECEMBER  7 2016......SUNRISE   708 AM PST   SUNSET   418 PM PST


-  INDICATES NEGATIVE NUMBERS.
R  INDICATES RECORD WAS SET OR TIED.
MM INDICATES DATA IS MISSING.
T  INDICATES TRACE AMOUNT.




$$
