000
CDUS43 KLOT 042235
CLIRFD


CLIMATE REPORT
NATIONAL WEATHER SERVICE CHICAGO IL
433 PM CST WED MAR 4 2015


...................................

...THE ROCKFORD IL CLIMATE SUMMARY FOR MARCH 4 2015...
VALID TODAY AS OF 0400 PM LOCAL TIME.

CLIMATE NORMAL PERIOD 1981 TO 2010
CLIMATE RECORD PERIOD 1905 TO 2015


WEATHER ITEM   OBSERVED TIME   RECORD YEAR NORMAL DEPARTURE LAST
                VALUE   (LST)  VALUE       VALUE  FROM      YEAR
                                                  NORMAL
..................................................................
TEMPERATURE (F)
 TODAY
  MAXIMUM         28   1212 AM  71    1983  41    -13       27
  MINIMUM         11    605 AM -11    2002  23    -12        9
  AVERAGE         20                        32    -12       18

PRECIPITATION (IN)
  TODAY            0.00          2.50 1976   0.07  -0.07     0.04
  MONTH TO DATE    0.40                      0.26   0.14     0.37
  SINCE MAR 1      0.40                      0.26   0.14     0.37
  SINCE JAN 1      2.32                      3.04  -0.72     4.11

SNOWFALL (IN)
  TODAY            0.0           6.0  1944   0.2   -0.2      0.8
  MONTH TO DATE    2.5                       0.8    1.7      5.4
  SINCE MAR 1      2.5                       0.8    1.7      5.4
  SINCE JUL 1     30.4                      31.8   -1.4     52.9

DEGREE DAYS
 HEATING
  TODAY           45                        33     12       47
  MONTH TO DATE  176                       134     42      217
  SINCE MAR 1    176                       134     42      217
  SINCE JUL 1   5622                      5136    486     6109

 COOLING
  TODAY            0                         0      0        0
  MONTH TO DATE    0                         0      0        0
  SINCE MAR 1      0                         0      0        0
  SINCE JAN 1      0                         0      0        0
..................................................................


WIND (MPH)
  HIGHEST WIND SPEED    22   HIGHEST WIND DIRECTION    NW (310)
  HIGHEST GUST SPEED    27   HIGHEST GUST DIRECTION     W (290)
  AVERAGE WIND SPEED    15.5


SKY COVER
  POSSIBLE SUNSHINE  MM
  AVERAGE SKY COVER 0.7


WEATHER CONDITIONS
 THE FOLLOWING WEATHER WAS RECORDED TODAY.
  NO SIGNIFICANT WEATHER WAS OBSERVED.


RELATIVE HUMIDITY (PERCENT)
 HIGHEST    75          1200 AM
 LOWEST     49           200 PM
 AVERAGE    62

..........................................................


THE ROCKFORD IL CLIMATE NORMALS FOR TOMORROW
                         NORMAL    RECORD    YEAR
 MAXIMUM TEMPERATURE (F)   42        74      1983
 MINIMUM TEMPERATURE (F)   24        -9      1978


SUNRISE AND SUNSET
MARCH  4 2015.........SUNRISE   627 AM CST   SUNSET   550 PM CST
MARCH  5 2015.........SUNRISE   625 AM CST   SUNSET   551 PM CST


-  INDICATES NEGATIVE NUMBERS.
R  INDICATES RECORD WAS SET OR TIED.
MM INDICATES DATA IS MISSING.
T  INDICATES TRACE AMOUNT.




$$
