000
CDUS43 KLOT 062250
CLIRFD


CLIMATE REPORT
NATIONAL WEATHER SERVICE CHICAGO IL
450 PM CST SAT FEB 6 2016


...................................

...THE ROCKFORD IL CLIMATE SUMMARY FOR FEBRUARY 6 2016...
VALID TODAY AS OF 0400 PM LOCAL TIME.

CLIMATE NORMAL PERIOD 1981 TO 2010
CLIMATE RECORD PERIOD 1905 TO 2016


WEATHER ITEM   OBSERVED TIME   RECORD YEAR NORMAL DEPARTURE LAST
                VALUE   (LST)  VALUE       VALUE  FROM      YEAR
                                                  NORMAL
..................................................................
TEMPERATURE (F)
 TODAY
  MAXIMUM         41    339 PM  54    1946  31     10       27
                                      1925
  MINIMUM         24    701 AM -20    1982  15      9       11
  AVERAGE         33                        23     10       19

PRECIPITATION (IN)
  TODAY            0.00          1.15 1911   0.04  -0.04     0.00
  MONTH TO DATE    0.40                      0.24   0.16     0.69
  SINCE DEC 1      5.93                      3.59   2.34     2.69
  SINCE JAN 1      1.28                      1.61  -0.33     1.76

SNOWFALL (IN)
  TODAY            0.0          11.5  1911   0.3   -0.3      0.0
  MONTH TO DATE    0.3                       1.9   -1.6     11.6
  SINCE DEC 1      9.2                      23.4  -14.2     21.2
  SINCE JUL 1     18.0                      25.2   -7.2     24.8

DEGREE DAYS
 HEATING
  TODAY           32                        42    -10       46
  MONTH TO DATE  211                       253    -42      316
  SINCE DEC 1   2351                      2827   -476     2741
  SINCE JUL 1   3382                      4162   -780     4288

 COOLING
  TODAY            0                         0      0        0
  MONTH TO DATE    0                         0      0        0
  SINCE DEC 1      0                         0      0        0
  SINCE JAN 1      0                         0      0        0
..................................................................


WIND (MPH)
  HIGHEST WIND SPEED    15   HIGHEST WIND DIRECTION    SW (240)
  HIGHEST GUST SPEED    20   HIGHEST GUST DIRECTION    SW (240)
  AVERAGE WIND SPEED     7.6


SKY COVER
  POSSIBLE SUNSHINE  MM
  AVERAGE SKY COVER 0.7


WEATHER CONDITIONS
 THE FOLLOWING WEATHER WAS RECORDED TODAY.
  FOG
  HAZE


RELATIVE HUMIDITY (PERCENT)
 HIGHEST    88           600 AM
 LOWEST     55           300 PM
 AVERAGE    72

..........................................................


THE ROCKFORD IL CLIMATE NORMALS FOR TOMORROW
                         NORMAL    RECORD    YEAR
 MAXIMUM TEMPERATURE (F)   32        52      2009
 MINIMUM TEMPERATURE (F)   16       -16      1972


SUNRISE AND SUNSET
FEBRUARY  6 2016......SUNRISE   705 AM CST   SUNSET   517 PM CST
FEBRUARY  7 2016......SUNRISE   703 AM CST   SUNSET   518 PM CST


-  INDICATES NEGATIVE NUMBERS.
R  INDICATES RECORD WAS SET OR TIED.
MM INDICATES DATA IS MISSING.
T  INDICATES TRACE AMOUNT.




$$
