000
CDUS43 KGRB 210650
CLIRHI


CLIMATE REPORT
NATIONAL WEATHER SERVICE GREEN BAY
148 AM CDT TUE OCT 21 2014


...................................

...THE RHINELANDER WI CLIMATE SUMMARY FOR OCTOBER 20 2014...

CLIMATE NORMAL PERIOD 1981 TO 2010
CLIMATE RECORD PERIOD 1908 TO 2014


WEATHER ITEM   OBSERVED TIME   RECORD YEAR NORMAL DEPARTURE LAST
                VALUE   (LST)  VALUE       VALUE  FROM      YEAR
                                                  NORMAL
..................................................................
TEMPERATURE (F)
 YESTERDAY
  MAXIMUM         49   1147 AM  83    1947  52     -3       42
  MINIMUM         39   1159 PM  14    1917  33      6       31
  AVERAGE         44                        42      2       37

PRECIPITATION (IN)
  YESTERDAY        0.05          1.36 1934   0.09  -0.04     0.30
  MONTH TO DATE    2.89                      2.19   0.70     3.71
  SINCE SEP 1      9.27                      6.39   2.88     5.83
  SINCE JAN 1     35.73                     27.27   8.46    32.67

SNOWFALL (IN)
  YESTERDAY        0.0           1.0  1982  MM     MM        0.4
  MONTH TO DATE    T                        MM     MM        0.4
  SINCE SEP 1      T                        MM     MM        0.4
  SINCE JUL 1      T                        MM     MM        0.4
  SNOW DEPTH       0

DEGREE DAYS
 HEATING
  YESTERDAY       21                        23     -2       28
  MONTH TO DATE  427                       389     38      329
  SINCE SEP 1    741                       694     47      591
  SINCE JUL 1    941                       821    120      781

 COOLING
  YESTERDAY        0                         0      0        0
  MONTH TO DATE    0                         0      0        0
  SINCE SEP 1      1                        18    -17       17
  SINCE JAN 1    148                       259   -111      281
..................................................................


WIND (MPH)
  HIGHEST WIND SPEED    13   HIGHEST WIND DIRECTION    NE (40)
  HIGHEST GUST SPEED    19   HIGHEST GUST DIRECTION     N (340)
  AVERAGE WIND SPEED     5.3


SKY COVER
  POSSIBLE SUNSHINE  MM
  AVERAGE SKY COVER 0.9


WEATHER CONDITIONS
 THE FOLLOWING WEATHER WAS RECORDED YESTERDAY.
  LIGHT RAIN
  FOG


RELATIVE HUMIDITY (PERCENT)
 HIGHEST    96           700 PM
 LOWEST     71          1200 PM
 AVERAGE    84

..........................................................


THE RHINELANDER WI CLIMATE NORMALS FOR TODAY
                         NORMAL    RECORD    YEAR
 MAXIMUM TEMPERATURE (F)   52        85      1947
 MINIMUM TEMPERATURE (F)   33        18      1930
                                             1917


SUNRISE AND SUNSET
OCTOBER 21 2014.......SUNRISE   722 AM CDT   SUNSET   602 PM CDT
OCTOBER 22 2014.......SUNRISE   724 AM CDT   SUNSET   600 PM CDT


-  INDICATES NEGATIVE NUMBERS.
R  INDICATES RECORD WAS SET OR TIED.
MM INDICATES DATA IS MISSING.
T  INDICATES TRACE AMOUNT.




$$
