000
CDUS43 KGRB 030822
CLIRHI


CLIMATE REPORT
NATIONAL WEATHER SERVICE GREEN BAY
220 AM CST TUE MAR 3 2015


...................................

...THE RHINELANDER WI CLIMATE SUMMARY FOR MARCH 2 2015...

CLIMATE NORMAL PERIOD 1981 TO 2010
CLIMATE RECORD PERIOD 1908 TO 2015


WEATHER ITEM   OBSERVED TIME   RECORD YEAR NORMAL DEPARTURE LAST
                VALUE   (LST)  VALUE       VALUE  FROM      YEAR
                                                  NORMAL
..................................................................
TEMPERATURE (F)
 YESTERDAY
  MAXIMUM         26    344 PM  59    1923  31     -5        6
  MINIMUM          6    724 AM -23    2009  11     -5      -16
  AVERAGE         16                        21     -5       -5

PRECIPITATION (IN)
  YESTERDAY        T             0.62 1965   0.05  -0.05     0.00
  MONTH TO DATE    T                         0.09  -0.09     0.00
  SINCE MAR 1      T                         0.09  -0.09     0.00
  SINCE JAN 1      0.89                      2.13  -1.24     2.61

SNOWFALL (IN)
  YESTERDAY        T             5.0  2006  MM     MM        0.0
                                      1934
  MONTH TO DATE    T                        MM     MM        0.0
  SINCE MAR 1      T                        MM     MM        0.0
  SINCE JUL 1     68.9                      MM     MM       72.5
  SNOW DEPTH      17

DEGREE DAYS
 HEATING
  YESTERDAY       49                        44      5       70
  MONTH TO DATE  101                        88     13      137
  SINCE MAR 1    101                        88     13      137
  SINCE JUL 1   7442                      6710    732     7766

 COOLING
  YESTERDAY        0                         0      0        0
  MONTH TO DATE    0                         0      0        0
  SINCE MAR 1      0                         0      0        0
  SINCE JAN 1      0                         0      0        0
..................................................................


WIND (MPH)
  HIGHEST WIND SPEED    16   HIGHEST WIND DIRECTION    NW (300)
  HIGHEST GUST SPEED    25   HIGHEST GUST DIRECTION    NW (300)
  AVERAGE WIND SPEED     7.4


SKY COVER
  POSSIBLE SUNSHINE  MM
  AVERAGE SKY COVER 0.4


WEATHER CONDITIONS
 THE FOLLOWING WEATHER WAS RECORDED YESTERDAY.
  LIGHT SNOW


RELATIVE HUMIDITY (PERCENT)
 HIGHEST    80           700 AM
 LOWEST     36           400 PM
 AVERAGE    58

..........................................................


THE RHINELANDER WI CLIMATE NORMALS FOR TODAY
                         NORMAL    RECORD    YEAR
 MAXIMUM TEMPERATURE (F)   32        53      2000
 MINIMUM TEMPERATURE (F)   12       -28      2014


SUNRISE AND SUNSET
MARCH  3 2015.........SUNRISE   633 AM CST   SUNSET   547 PM CST
MARCH  4 2015.........SUNRISE   631 AM CST   SUNSET   548 PM CST


-  INDICATES NEGATIVE NUMBERS.
R  INDICATES RECORD WAS SET OR TIED.
MM INDICATES DATA IS MISSING.
T  INDICATES TRACE AMOUNT.

$$
