000
CDUS43 KGRB 210722
CLIRHI


CLIMATE REPORT
NATIONAL WEATHER SERVICE GREEN BAY
221 AM CDT MON AUG 21 2017


...................................

...THE RHINELANDER WI CLIMATE SUMMARY FOR AUGUST 20 2017...

CLIMATE NORMAL PERIOD 1981 TO 2010
CLIMATE RECORD PERIOD 1908 TO 2017


WEATHER ITEM   OBSERVED TIME   RECORD YEAR NORMAL DEPARTURE LAST
                VALUE   (LST)  VALUE       VALUE  FROM      YEAR
                                                  NORMAL
..................................................................
TEMPERATURE (F)
 YESTERDAY
  MAXIMUM         83    240 PM  94    1916  77      6       66
  MINIMUM         52    327 AM  34    1908  53     -1       57
  AVERAGE         68                        65      3       62

PRECIPITATION (IN)
  YESTERDAY        0.00          4.06 1926   0.10  -0.10     1.36
  MONTH TO DATE    3.02                      2.11   0.91     5.22
  SINCE JUN 1     11.91                     10.02   1.89    16.06
  SINCE JAN 1     29.63                     19.70   9.93    27.14

SNOWFALL (IN)
  YESTERDAY        0.0           0.0    MM  MM     MM        0.0
  MONTH TO DATE    0.0                      MM     MM        0.0
  SINCE JUN 1      0.0                      MM     MM        0.0
  SINCE JUL 1      0.0                      MM     MM        0.0
  SNOW DEPTH       0

DEGREE DAYS
 HEATING
  YESTERDAY        0                         2     -2        3
  MONTH TO DATE   62                        38     24        3
  SINCE JUN 1    196                       223    -27      128
  SINCE JUL 1     98                        89      9       36

 COOLING
  YESTERDAY        3                         2      1        0
  MONTH TO DATE   14                        56    -42       89
  SINCE JUN 1    156                       214    -58      271
  SINCE JAN 1    158                       226    -68      286
..................................................................


WIND (MPH)
  HIGHEST WIND SPEED    20   HIGHEST WIND DIRECTION    SW (220)
  HIGHEST GUST SPEED    27   HIGHEST GUST DIRECTION    SW (230)
  AVERAGE WIND SPEED     7.4


SKY COVER
  POSSIBLE SUNSHINE  MM
  AVERAGE SKY COVER 0.3


WEATHER CONDITIONS
 THE FOLLOWING WEATHER WAS RECORDED YESTERDAY.
  FOG
  FOG W/VISIBILITY <= 1/4 MILE


RELATIVE HUMIDITY (PERCENT)
 HIGHEST   100          1200 AM
 LOWEST     58           300 PM
 AVERAGE    79

..........................................................


THE RHINELANDER WI CLIMATE NORMALS FOR TODAY
                         NORMAL    RECORD    YEAR
 MAXIMUM TEMPERATURE (F)   76        91      1955
 MINIMUM TEMPERATURE (F)   52        34      2004


SUNRISE AND SUNSET
AUGUST 21 2017........SUNRISE   606 AM CDT   SUNSET   755 PM CDT
AUGUST 22 2017........SUNRISE   607 AM CDT   SUNSET   753 PM CDT


-  INDICATES NEGATIVE NUMBERS.
R  INDICATES RECORD WAS SET OR TIED.
MM INDICATES DATA IS MISSING.
T  INDICATES TRACE AMOUNT.




$$
