000
CDUS43 KGRB 112248
CLIRHI


CLIMATE REPORT
NATIONAL WEATHER SERVICE GREEN BAY
448 PM CST THU FEB 11 2016


...................................

...THE RHINELANDER WI CLIMATE SUMMARY FOR FEBRUARY 11 2016...
VALID TODAY AS OF 0400 PM LOCAL TIME.

CLIMATE NORMAL PERIOD 1981 TO 2010
CLIMATE RECORD PERIOD 1908 TO 2016


WEATHER ITEM   OBSERVED TIME   RECORD YEAR NORMAL DEPARTURE LAST
                VALUE   (LST)  VALUE       VALUE  FROM      YEAR
                                                  NORMAL
..................................................................
TEMPERATURE (F)
 TODAY
  MAXIMUM         15    329 PM  50    1918  25    -10       23
  MINIMUM         -7    731 AM -32    1917   5    -12        3
  AVERAGE          4                        15    -11       13

PRECIPITATION (IN)
  TODAY           MM             1.54 1932   0.03  MM        0.04
  MONTH TO DATE    0.43                      0.34   0.09     0.14
  SINCE DEC 1      5.15                      2.89   2.26     2.84
  SINCE JAN 1      1.19                      1.45  -0.26     0.82

SNOWFALL (IN)
  TODAY           MM             5.0  1940  MM     MM        1.1
  MONTH TO DATE    5.6                      MM     MM        2.1
  SINCE DEC 1     25.7                      MM     MM       30.5
  SINCE JUL 1     29.8                      MM     MM       65.6
  SNOW DEPTH      MM

DEGREE DAYS
 HEATING
  TODAY           61                        50     11       52
  MONTH TO DATE  520                       561    -41      602
  SINCE DEC 1   3179                      3688   -509     3693
  SINCE JUL 1   4896                      5822   -926     6214

 COOLING
  TODAY            0                         0      0        0
  MONTH TO DATE    0                         0      0        0
  SINCE DEC 1      0                         0      0        0
  SINCE JAN 1      0                         0      0        0
..................................................................


WIND (MPH)
  HIGHEST WIND SPEED    16   HIGHEST WIND DIRECTION     W (270)
  HIGHEST GUST SPEED    19   HIGHEST GUST DIRECTION     W (260)
  AVERAGE WIND SPEED     8.0


SKY COVER
  POSSIBLE SUNSHINE  MM
  AVERAGE SKY COVER 0.6


WEATHER CONDITIONS
 THE FOLLOWING WEATHER WAS RECORDED TODAY.
  HAZE


RELATIVE HUMIDITY (PERCENT)
 HIGHEST    86           600 AM
 LOWEST     40           300 PM
 AVERAGE    63

..........................................................


THE RHINELANDER WI CLIMATE NORMALS FOR TOMORROW
                         NORMAL    RECORD    YEAR
 MAXIMUM TEMPERATURE (F)   25        47      1976
 MINIMUM TEMPERATURE (F)    6       -33      1967


SUNRISE AND SUNSET
FEBRUARY 11 2016......SUNRISE   706 AM CST   SUNSET   518 PM CST
FEBRUARY 12 2016......SUNRISE   705 AM CST   SUNSET   520 PM CST


-  INDICATES NEGATIVE NUMBERS.
R  INDICATES RECORD WAS SET OR TIED.
MM INDICATES DATA IS MISSING.
T  INDICATES TRACE AMOUNT.




$$
