000
CDUS43 KGRB 050800
CLIRHI


CLIMATE REPORT
NATIONAL WEATHER SERVICE GREEN BAY
259 AM CDT THU MAY 5 2016


...................................

...THE RHINELANDER WI CLIMATE SUMMARY FOR MAY 4 2016...

CLIMATE NORMAL PERIOD 1981 TO 2010
CLIMATE RECORD PERIOD 1908 TO 2016


WEATHER ITEM   OBSERVED TIME   RECORD YEAR NORMAL DEPARTURE LAST
                VALUE   (LST)  VALUE       VALUE  FROM      YEAR
                                                  NORMAL
..................................................................
TEMPERATURE (F)
 YESTERDAY
  MAXIMUM         50    403 PM  89    1959  62    -12       67
  MINIMUM         33   1136 PM  21    1909  37     -4       44
  AVERAGE         42                        49     -7       56

PRECIPITATION (IN)
  YESTERDAY        T             1.21 1912   0.10  -0.10     0.00
  MONTH TO DATE    0.10                      0.42  -0.32     0.39
  SINCE MAR 1      6.55                      4.57   1.98     4.41
  SINCE JAN 1      8.28                      6.61   1.67     5.30

SNOWFALL (IN)
  YESTERDAY        0.0           0.2  1954  MM     MM        0.0
  MONTH TO DATE    0.0                      MM     MM        0.0
  SINCE MAR 1     21.2                      MM     MM       20.4
  SINCE JUL 1     55.9                      MM     MM       89.3
  SNOW DEPTH       0

DEGREE DAYS
 HEATING
  YESTERDAY       23                        16      7        9
  MONTH TO DATE   75                        66      9       24
  SINCE MAR 1   1750                      1944   -194     1839
  SINCE JUL 1   7433                      8566  -1133     9180

 COOLING
  YESTERDAY        0                         0      0        0
  MONTH TO DATE    0                         0      0        1
  SINCE MAR 1      0                         1     -1        1
  SINCE JAN 1      0                         1     -1        1
..................................................................


WIND (MPH)
  HIGHEST WIND SPEED    18   HIGHEST WIND DIRECTION     N (10)
  HIGHEST GUST SPEED    29   HIGHEST GUST DIRECTION     N (350)
  AVERAGE WIND SPEED     9.1


SKY COVER
  POSSIBLE SUNSHINE  MM
  AVERAGE SKY COVER 0.4


WEATHER CONDITIONS
 THE FOLLOWING WEATHER WAS RECORDED YESTERDAY.
  LIGHT RAIN


RELATIVE HUMIDITY (PERCENT)
 HIGHEST    82          1100 PM
 LOWEST     50           200 PM
 AVERAGE    66

..........................................................


THE RHINELANDER WI CLIMATE NORMALS FOR TODAY
                         NORMAL    RECORD    YEAR
 MAXIMUM TEMPERATURE (F)   62        88      1918
 MINIMUM TEMPERATURE (F)   37        21      1954


SUNRISE AND SUNSET
MAY  5 2016...........SUNRISE   539 AM CDT   SUNSET   811 PM CDT
MAY  6 2016...........SUNRISE   538 AM CDT   SUNSET   812 PM CDT


-  INDICATES NEGATIVE NUMBERS.
R  INDICATES RECORD WAS SET OR TIED.
MM INDICATES DATA IS MISSING.
T  INDICATES TRACE AMOUNT.




$$
