000
CDUS43 KGRB 190721
CLIRHI


CLIMATE REPORT
NATIONAL WEATHER SERVICE GREEN BAY
220 AM CDT FRI SEP 19 2014


...................................

...THE RHINELANDER WI CLIMATE SUMMARY FOR SEPTEMBER 18 2014...

CLIMATE NORMAL PERIOD 1981 TO 2010
CLIMATE RECORD PERIOD 1908 TO 2014


WEATHER ITEM   OBSERVED TIME   RECORD YEAR NORMAL DEPARTURE LAST
                VALUE   (LST)  VALUE       VALUE  FROM      YEAR
                                                  NORMAL
..................................................................
TEMPERATURE (F)
 YESTERDAY
  MAXIMUM         57    447 PM  87    1908  65     -8       66
  MINIMUM         38    730 AM  28    2012  43     -5       54
                                      1916
  AVERAGE         48                        54     -6       60

PRECIPITATION (IN)
  YESTERDAY        0.00          2.24 1942   0.14  -0.14     0.21
  MONTH TO DATE    5.67                      2.49   3.18     0.74
  SINCE SEP 1      5.67                      2.49   3.18     0.74
  SINCE JAN 1     32.13                     23.37   8.76    27.58

SNOWFALL (IN)
  YESTERDAY        0.0           0.0    MM  MM     MM        0.0
  MONTH TO DATE    T                        MM     MM        0.0
  SINCE SEP 1      T                        MM     MM        0.0
  SINCE JUL 1      T                        MM     MM        0.0
  SNOW DEPTH       0

DEGREE DAYS
 HEATING
  YESTERDAY       17                        11      6        5
  MONTH TO DATE  200                       142     58      142
  SINCE SEP 1    200                       142     58      142
  SINCE JUL 1    400                       269    131      332

 COOLING
  YESTERDAY        0                         0      0        0
  MONTH TO DATE    1                        16    -15       15
  SINCE SEP 1      1                        16    -15       15
  SINCE JAN 1    148                       257   -109      279
..................................................................


WIND (MPH)
  HIGHEST WIND SPEED    12   HIGHEST WIND DIRECTION     E (100)
  HIGHEST GUST SPEED    15   HIGHEST GUST DIRECTION     E (90)
  AVERAGE WIND SPEED     6.0


SKY COVER
  POSSIBLE SUNSHINE  MM
  AVERAGE SKY COVER 0.7


WEATHER CONDITIONS
 THE FOLLOWING WEATHER WAS RECORDED YESTERDAY.
  FOG


RELATIVE HUMIDITY (PERCENT)
 HIGHEST   100           600 AM
 LOWEST     71           200 PM
 AVERAGE    86

..........................................................


THE RHINELANDER WI CLIMATE NORMALS FOR TODAY
                         NORMAL    RECORD    YEAR
 MAXIMUM TEMPERATURE (F)   65        86      1998
                                             1908
 MINIMUM TEMPERATURE (F)   43        29      2012


SUNRISE AND SUNSET
SEPTEMBER 19 2014.....SUNRISE   641 AM CDT   SUNSET   701 PM CDT
SEPTEMBER 20 2014.....SUNRISE   642 AM CDT   SUNSET   659 PM CDT


-  INDICATES NEGATIVE NUMBERS.
R  INDICATES RECORD WAS SET OR TIED.
MM INDICATES DATA IS MISSING.
T  INDICATES TRACE AMOUNT.




$$
