000
CDUS43 KGRB 052129
CLIRHI


CLIMATE REPORT
NATIONAL WEATHER SERVICE GREEN BAY
429 PM CDT SUN JUL 5 2015


...................................

...THE RHINELANDER WI CLIMATE SUMMARY FOR JULY 5 2015...
VALID TODAY AS OF 0400 PM LOCAL TIME.

CLIMATE NORMAL PERIOD 1981 TO 2010
CLIMATE RECORD PERIOD 1908 TO 2015


WEATHER ITEM   OBSERVED TIME   RECORD YEAR NORMAL DEPARTURE LAST
                VALUE   (LST)  VALUE       VALUE  FROM      YEAR
                                                  NORMAL
..................................................................
TEMPERATURE (F)
 TODAY
  MAXIMUM         82    259 PM  93    1988  79      3       78
                                      1921
  MINIMUM         60    123 AM  37    1967  54      6       59
  AVERAGE         71                        66      5       69

PRECIPITATION (IN)
  TODAY            0.00          1.24 2010   0.13  -0.13     0.00
  MONTH TO DATE    T                         0.68  -0.68     0.03
  SINCE JUN 1      3.56                      4.57  -1.01     6.76
  SINCE JAN 1     12.16                     14.25  -2.09    17.87

SNOWFALL (IN)
  TODAY            0.0           0.0    MM  MM     MM        0.0
  MONTH TO DATE    0.0                      MM     MM        0.0
  SINCE JUN 1      0.0                      MM     MM        0.0
  SINCE JUL 1      0.0                      MM     MM        0.0
  SNOW DEPTH       0

DEGREE DAYS
 HEATING
  TODAY            0                         2     -2        0
  MONTH TO DATE   16                        10      6       25
  SINCE JUN 1    148                       144      4      118
  SINCE JUL 1     16                        10      6       25

 COOLING
  TODAY            6                         3      3        4
  MONTH TO DATE    7                        15     -8        4
  SINCE JUN 1     10                        68    -58       66
  SINCE JAN 1     15                        80    -65       73
..................................................................


WIND (MPH)
  HIGHEST WIND SPEED    18   HIGHEST WIND DIRECTION    SW (220)
  HIGHEST GUST SPEED    25   HIGHEST GUST DIRECTION    SW (230)
  AVERAGE WIND SPEED     7.6


SKY COVER
  POSSIBLE SUNSHINE  MM
  AVERAGE SKY COVER 0.2


WEATHER CONDITIONS
 THE FOLLOWING WEATHER WAS RECORDED TODAY.
  FOG
  HAZE


RELATIVE HUMIDITY (PERCENT)
 HIGHEST   100           100 AM
 LOWEST     45           100 PM
 AVERAGE    73

..........................................................


THE RHINELANDER WI CLIMATE NORMALS FOR TOMORROW
                         NORMAL    RECORD    YEAR
 MAXIMUM TEMPERATURE (F)   79        94      1988
 MINIMUM TEMPERATURE (F)   54        37      2001


SUNRISE AND SUNSET
JULY  5 2015..........SUNRISE   515 AM CDT   SUNSET   850 PM CDT
JULY  6 2015..........SUNRISE   515 AM CDT   SUNSET   849 PM CDT


-  INDICATES NEGATIVE NUMBERS.
R  INDICATES RECORD WAS SET OR TIED.
MM INDICATES DATA IS MISSING.
T  INDICATES TRACE AMOUNT.




$$
