774
CDUS43 KGRB 190703
CLIRHI


CLIMATE REPORT
NATIONAL WEATHER SERVICE GREEN BAY
203 AM CDT THU OCT 19 2017


...................................

...THE RHINELANDER WI CLIMATE SUMMARY FOR OCTOBER 18 2017...

CLIMATE NORMAL PERIOD 1981 TO 2010
CLIMATE RECORD PERIOD 1908 TO 2017


WEATHER ITEM   OBSERVED TIME   RECORD YEAR NORMAL DEPARTURE LAST
                VALUE   (LST)  VALUE       VALUE  FROM      YEAR
                                                  NORMAL
..................................................................
TEMPERATURE (F)
 YESTERDAY
  MAXIMUM         70    223 PM  79    1910  53     17       65
  MINIMUM         48   1154 PM  16    1972  33     15       40
  AVERAGE         59                        43     16       53

PRECIPITATION (IN)
  YESTERDAY        0.00          1.40 1917   0.10  -0.10     0.12
  MONTH TO DATE    3.48                      2.00   1.48     5.29
  SINCE SEP 1      5.43                      6.20  -0.77    10.91
  SINCE JAN 1     36.52                     27.08   9.44    38.50

SNOWFALL (IN)
  YESTERDAY        0.0           3.0  2002  MM     MM        0.0
  MONTH TO DATE    0.0                      MM     MM        0.0
  SINCE SEP 1      0.0                      MM     MM        0.0
  SINCE JUL 1      0.0                      MM     MM        0.0
  SNOW DEPTH       0

DEGREE DAYS
 HEATING
  YESTERDAY        6                        22    -16       12
  MONTH TO DATE  245                       344    -99      224
  SINCE SEP 1    452                       649   -197      384
  SINCE JUL 1    618                       776   -158      445

 COOLING
  YESTERDAY        0                         0      0        0
  MONTH TO DATE    0                         0      0        0
  SINCE SEP 1     53                        18     35       13
  SINCE JAN 1    215                       259    -44      321
..................................................................


WIND (MPH)
  HIGHEST WIND SPEED    24   HIGHEST WIND DIRECTION    SW (210)
  HIGHEST GUST SPEED    33   HIGHEST GUST DIRECTION    SW (220)
  AVERAGE WIND SPEED    12.6


SKY COVER
  POSSIBLE SUNSHINE  MM
  AVERAGE SKY COVER 0.0


WEATHER CONDITIONS
 THE FOLLOWING WEATHER WAS RECORDED YESTERDAY.
  NO SIGNIFICANT WEATHER WAS OBSERVED.


RELATIVE HUMIDITY (PERCENT)
 HIGHEST    86           600 AM
 LOWEST     30          1100 PM
 AVERAGE    58

..........................................................


THE RHINELANDER WI CLIMATE NORMALS FOR TODAY
                         NORMAL    RECORD    YEAR
 MAXIMUM TEMPERATURE (F)   53        78      1953
 MINIMUM TEMPERATURE (F)   33        13      1972


SUNRISE AND SUNSET
OCTOBER 19 2017.......SUNRISE   720 AM CDT   SUNSET   605 PM CDT
OCTOBER 20 2017.......SUNRISE   721 AM CDT   SUNSET   603 PM CDT


-  INDICATES NEGATIVE NUMBERS.
R  INDICATES RECORD WAS SET OR TIED.
MM INDICATES DATA IS MISSING.
T  INDICATES TRACE AMOUNT.




$$
