383
CDUS41 KAKQ 020626
CLIRIC


CLIMATE REPORT
NATIONAL WEATHER SERVICE WAKEFIELD, VA
126 AM EST FRI DEC 2 2016


...................................

...THE RICHMOND VA CLIMATE SUMMARY FOR DECEMBER 1 2016...

CLIMATE NORMAL PERIOD 1981 TO 2010
CLIMATE RECORD PERIOD 1871 TO 2016


WEATHER ITEM   OBSERVED TIME   RECORD YEAR NORMAL DEPARTURE LAST
                VALUE   (LST)  VALUE       VALUE  FROM      YEAR
                                                  NORMAL
..................................................................
TEMPERATURE (F)
 YESTERDAY
  MAXIMUM         68    121 AM  77    2006  55     13       53
  MINIMUM         41   1133 PM  12    1976  35      6       41
                                      1929
  AVERAGE         55                        45     10       47

PRECIPITATION (IN)
  YESTERDAY        0.18          1.42 1974   0.11   0.07     0.45
  MONTH TO DATE    0.18                      0.11   0.07     0.45
  SINCE DEC 1      0.18                      0.11   0.07     0.45
  SINCE JAN 1     50.13                     40.45   9.68    43.58

SNOWFALL (IN)
  YESTERDAY        0.0           T    2007   0.0    0.0
                                      1936
  MONTH TO DATE    0.0                       0.0    0.0
  SINCE NOV 1      0.0                       0.2   -0.2
  SINCE JUL 1      0.0                       0.2   -0.2
  SNOW DEPTH       0

DEGREE DAYS
 HEATING
  YESTERDAY       10                        20    -10       18
  MONTH TO DATE   10                        20    -10       18
  SINCE DEC 1     10                        20    -10       18
  SINCE JUL 1    600                       696    -96      610

 COOLING
  YESTERDAY        0                         0      0        0
  MONTH TO DATE    0                         0      0        0
  SINCE DEC 1      0                         0      0        0
  SINCE JAN 1   1699                      1548    151     1817
..................................................................


WIND (MPH)
  HIGHEST WIND SPEED    23   HIGHEST WIND DIRECTION     S (200)
  HIGHEST GUST SPEED    32   HIGHEST GUST DIRECTION    SW (230)
  AVERAGE WIND SPEED     9.6


SKY COVER
  POSSIBLE SUNSHINE  MM
  AVERAGE SKY COVER 0.3


WEATHER CONDITIONS
 THE FOLLOWING WEATHER WAS RECORDED YESTERDAY.
  HEAVY RAIN
  FOG


RELATIVE HUMIDITY (PERCENT)
 HIGHEST    93          1200 AM
 LOWEST     36           200 PM
 AVERAGE    65

..........................................................


THE RICHMOND VA CLIMATE NORMALS FOR TODAY
                         NORMAL    RECORD    YEAR
 MAXIMUM TEMPERATURE (F)   55        73      1970
 MINIMUM TEMPERATURE (F)   35        19      1965
                                             1930


SUNRISE AND SUNSET
DECEMBER  2 2016......SUNRISE   707 AM EST   SUNSET   451 PM EST
DECEMBER  3 2016......SUNRISE   707 AM EST   SUNSET   451 PM EST


-  INDICATES NEGATIVE NUMBERS.
R  INDICATES RECORD WAS SET OR TIED.
MM INDICATES DATA IS MISSING.
T  INDICATES TRACE AMOUNT.




$$
