846
CDUS41 KAKQ 230634
CLIRIC


CLIMATE REPORT
NATIONAL WEATHER SERVICE WAKEFIELD, VA
134 AM EST FRI FEB 23 2018


...................................

...THE RICHMOND VA CLIMATE SUMMARY FOR FEBRUARY 22 2018...

CLIMATE NORMAL PERIOD 1981 TO 2010
CLIMATE RECORD PERIOD 1871 TO 2018


WEATHER ITEM   OBSERVED TIME   RECORD YEAR NORMAL DEPARTURE LAST
                VALUE   (LST)  VALUE       VALUE  FROM      YEAR
                                                  NORMAL
..................................................................
TEMPERATURE (F)
 YESTERDAY
  MAXIMUM         75R   315 PM  73    1985  53     22       57
  MINIMUM         46   1159 PM   6    1968  32     14       38
  AVERAGE         61                        42     19       48

PRECIPITATION (IN)
  YESTERDAY        T             1.21 1900   0.10  -0.10     0.01
  MONTH TO DATE    2.01                      2.14  -0.13     0.53
  SINCE DEC 1      6.47                      8.44  -1.97     7.62
  SINCE JAN 1      5.42                      5.18   0.24     4.82

SNOWFALL (IN)
  YESTERDAY        0.0           2.5  2001   0.2   -0.2
  MONTH TO DATE    0.0                       2.9   -2.9
  SINCE NOV 1      8.4                       9.1   -0.7
  SINCE JUL 1      8.4                       9.1   -0.7
  SNOW DEPTH       0

DEGREE DAYS
 HEATING
  YESTERDAY        4                        23    -19       17
  MONTH TO DATE  406                       544   -138      389
  SINCE DEC 1   2080                      2129    -49     1841
  SINCE JUL 1   2692                      2805   -113     2431

 COOLING
  YESTERDAY        0                         0      0        0
  MONTH TO DATE    6                         0      6        0
  SINCE DEC 1      6                         1      5        0
  SINCE JAN 1      6                         0      6        0
..................................................................


WIND (MPH)
  HIGHEST WIND SPEED    21   HIGHEST WIND DIRECTION    NE (30)
  HIGHEST GUST SPEED    27   HIGHEST GUST DIRECTION     N (20)
  AVERAGE WIND SPEED     8.7


SKY COVER
  POSSIBLE SUNSHINE  MM
  AVERAGE SKY COVER 0.7


WEATHER CONDITIONS
 THE FOLLOWING WEATHER WAS RECORDED YESTERDAY.
  LIGHT RAIN
  FOG


RELATIVE HUMIDITY (PERCENT)
 HIGHEST   100           200 AM
 LOWEST     64           300 PM
 AVERAGE    82

..........................................................


THE RICHMOND VA CLIMATE NORMALS FOR TODAY
                         NORMAL    RECORD    YEAR
 MAXIMUM TEMPERATURE (F)   53        75      2017
                                             1985
                                             1925
 MINIMUM TEMPERATURE (F)   32        12      1963


SUNRISE AND SUNSET
FEBRUARY 23 2018......SUNRISE   649 AM EST   SUNSET   557 PM EST
FEBRUARY 24 2018......SUNRISE   647 AM EST   SUNSET   558 PM EST


-  INDICATES NEGATIVE NUMBERS.
R  INDICATES RECORD WAS SET OR TIED.
MM INDICATES DATA IS MISSING.
T  INDICATES TRACE AMOUNT.




$$
