000
CDUS41 KAKQ 260545
CLIRIC


CLIMATE REPORT
NATIONAL WEATHER SERVICE WAKEFIELD, VA
145 AM EDT FRI MAY 26 2017


...................................

...THE RICHMOND VA CLIMATE SUMMARY FOR MAY 25 2017...

CLIMATE NORMAL PERIOD 1981 TO 2010
CLIMATE RECORD PERIOD 1871 TO 2017


WEATHER ITEM   OBSERVED TIME   RECORD YEAR NORMAL DEPARTURE LAST
                VALUE   (LST)  VALUE       VALUE  FROM      YEAR
                                                  NORMAL
..................................................................
TEMPERATURE (F)
 YESTERDAY
  MAXIMUM         77    137 PM  93    2004  80     -3       86
                                      1991
  MINIMUM         58   1224 AM  39    1967  58      0       57
  AVERAGE         68                        69     -1       72

PRECIPITATION (IN)
  YESTERDAY        0.22          2.25 1958   0.13   0.09     0.00
  MONTH TO DATE    5.35                      3.00   2.35     8.41
  SINCE MAR 1     11.31                     10.31   1.00    11.60
  SINCE JAN 1     16.31                     16.11   0.20    19.25

SNOWFALL (IN)
  YESTERDAY        0.0           0.0  2002   0.0    0.0
                                      2001
  MONTH TO DATE    0.0                       0.0    0.0
  SINCE NOV 1      7.1                      10.3   -3.2
  SINCE JUL 1      7.1                      10.3   -3.2
  SNOW DEPTH       0

DEGREE DAYS
 HEATING
  YESTERDAY        0                         1     -1        0
  MONTH TO DATE   83                        68     15      110
  SINCE MAR 1    687                       824   -137      737
  SINCE JUL 1   3169                      3760   -591     3325

 COOLING
  YESTERDAY        3                         5     -2        7
  MONTH TO DATE   65                        81    -16       24
  SINCE MAR 1    170                       123     47       54
  SINCE JAN 1    170                       123     47       54
..................................................................


WIND (MPH)
  HIGHEST WIND SPEED    32   HIGHEST WIND DIRECTION     W (260)
  HIGHEST GUST SPEED    42   HIGHEST GUST DIRECTION     W (250)
  AVERAGE WIND SPEED    12.1


SKY COVER
  POSSIBLE SUNSHINE  MM
  AVERAGE SKY COVER 0.7


WEATHER CONDITIONS
 THE FOLLOWING WEATHER WAS RECORDED YESTERDAY.
  THUNDERSTORM
  HEAVY RAIN
  LIGHT RAIN
  FOG


RELATIVE HUMIDITY (PERCENT)
 HIGHEST   100          1200 AM
 LOWEST     60           100 PM
 AVERAGE    80

..........................................................


THE RICHMOND VA CLIMATE NORMALS FOR TODAY
                         NORMAL    RECORD    YEAR
 MAXIMUM TEMPERATURE (F)   80        94      1991
                                             1984
                                             1953
 MINIMUM TEMPERATURE (F)   58        42      1925


SUNRISE AND SUNSET
MAY 26 2017...........SUNRISE   552 AM EDT   SUNSET   821 PM EDT
MAY 27 2017...........SUNRISE   552 AM EDT   SUNSET   822 PM EDT


-  INDICATES NEGATIVE NUMBERS.
R  INDICATES RECORD WAS SET OR TIED.
MM INDICATES DATA IS MISSING.
T  INDICATES TRACE AMOUNT.




$$
