000
CDUS41 KAKQ 250526
CLIRIC


CLIMATE REPORT
NATIONAL WEATHER SERVICE WAKEFIELD, VA
125 AM EDT SUN SEP 25 2016


...................................

...THE RICHMOND VA CLIMATE SUMMARY FOR SEPTEMBER 24 2016...

CLIMATE NORMAL PERIOD 1981 TO 2010
CLIMATE RECORD PERIOD 1871 TO 2016


WEATHER ITEM   OBSERVED TIME   RECORD YEAR NORMAL DEPARTURE LAST
                VALUE   (LST)  VALUE       VALUE  FROM      YEAR
                                                  NORMAL
..................................................................
TEMPERATURE (F)
 YESTERDAY
  MAXIMUM         86    124 PM  96    2010  78      8       81
  MINIMUM         64    602 AM  35    1974  57      7       56
  AVERAGE         75                        68      7       69

PRECIPITATION (IN)
  YESTERDAY        0.00          1.93 1946   0.13  -0.13     0.00
  MONTH TO DATE    3.96                      3.38   0.58     2.01
  SINCE SEP 1      3.96                      3.38   0.58     2.01
  SINCE JAN 1     37.40                     33.37   4.03    34.56

SNOWFALL (IN)
  YESTERDAY        0.0           0.0  2002   0.0    0.0
                                      2001
  MONTH TO DATE    0.0                       0.0    0.0
  SINCE NOV 1     15.1                      10.3    4.8
  SINCE JUL 1      0.0                       0.0    0.0
  SNOW DEPTH       0

DEGREE DAYS
 HEATING
  YESTERDAY        0                         2     -2        0
  MONTH TO DATE    0                        12    -12        0
  SINCE SEP 1      0                        12    -12        0
  SINCE JUL 1      0                        13    -13        0

 COOLING
  YESTERDAY       10                         4      6        4
  MONTH TO DATE  251                       176     75      246
  SINCE SEP 1    251                       176     75      246
  SINCE JAN 1   1605                      1483    122     1753
..................................................................


WIND (MPH)
  HIGHEST WIND SPEED    16   HIGHEST WIND DIRECTION    NE (60)
  HIGHEST GUST SPEED    22   HIGHEST GUST DIRECTION     E (70)
  AVERAGE WIND SPEED     6.1


SKY COVER
  POSSIBLE SUNSHINE  MM
  AVERAGE SKY COVER 0.3


WEATHER CONDITIONS
 THE FOLLOWING WEATHER WAS RECORDED YESTERDAY.
  NO SIGNIFICANT WEATHER WAS OBSERVED.


RELATIVE HUMIDITY (PERCENT)
 HIGHEST    93          1200 AM
 LOWEST     55          1000 AM
 AVERAGE    74

..........................................................


THE RICHMOND VA CLIMATE NORMALS FOR TODAY
                         NORMAL    RECORD    YEAR
 MAXIMUM TEMPERATURE (F)   78        95      1930
 MINIMUM TEMPERATURE (F)   56        37      1963


SUNRISE AND SUNSET
SEPTEMBER 25 2016.....SUNRISE   700 AM EDT   SUNSET   701 PM EDT
SEPTEMBER 26 2016.....SUNRISE   701 AM EDT   SUNSET   659 PM EDT


-  INDICATES NEGATIVE NUMBERS.
R  INDICATES RECORD WAS SET OR TIED.
MM INDICATES DATA IS MISSING.
T  INDICATES TRACE AMOUNT.




$$
