000
CDUS41 KAKQ 210530
CLIRIC


CLIMATE REPORT
NATIONAL WEATHER SERVICE WAKEFIELD, VA
128 AM EDT THU SEP 21 2017


...................................

...THE RICHMOND VA CLIMATE SUMMARY FOR SEPTEMBER 20 2017...

CLIMATE NORMAL PERIOD 1981 TO 2010
CLIMATE RECORD PERIOD 1871 TO 2017


WEATHER ITEM   OBSERVED TIME   RECORD YEAR NORMAL DEPARTURE LAST
                VALUE   (LST)  VALUE       VALUE  FROM      YEAR
                                                  NORMAL
..................................................................
TEMPERATURE (F)
 YESTERDAY
  MAXIMUM         89    246 PM  95    2005  80      9       73
  MINIMUM         66   1157 PM  42    1916  59      7       69
  AVERAGE         78                        69      9       71

PRECIPITATION (IN)
  YESTERDAY        0.00          1.87 1989   0.13  -0.13     0.02
  MONTH TO DATE    1.48                      2.86  -1.38     3.39
  SINCE SEP 1      1.48                      2.86  -1.38     3.39
  SINCE JAN 1     30.53                     32.85  -2.32    36.83

SNOWFALL (IN)
  YESTERDAY        0.0           0.0  2002   0.0    0.0
                                      2001
  MONTH TO DATE    0.0                       0.0    0.0
  SINCE NOV 1      7.1                      10.3   -3.2
  SINCE JUL 1      0.0                       0.0    0.0
  SNOW DEPTH       0

DEGREE DAYS
 HEATING
  YESTERDAY        0                         1     -1        0
  MONTH TO DATE    9                         7      2        0
  SINCE SEP 1      9                         7      2        0
  SINCE JUL 1      9                         8      1        0

 COOLING
  YESTERDAY       13                         5      8        6
  MONTH TO DATE  113                       158    -45      214
  SINCE SEP 1    113                       158    -45      214
  SINCE JAN 1   1526                      1465     61     1568
..................................................................


WIND (MPH)
  HIGHEST WIND SPEED    14   HIGHEST WIND DIRECTION     N (350)
  HIGHEST GUST SPEED    18   HIGHEST GUST DIRECTION     N (350)
  AVERAGE WIND SPEED     5.8


SKY COVER
  POSSIBLE SUNSHINE  MM
  AVERAGE SKY COVER 0.2


WEATHER CONDITIONS
 THE FOLLOWING WEATHER WAS RECORDED YESTERDAY.
  NO SIGNIFICANT WEATHER WAS OBSERVED.


RELATIVE HUMIDITY (PERCENT)
 HIGHEST    87           300 AM
 LOWEST     40           200 PM
 AVERAGE    64

..........................................................


THE RICHMOND VA CLIMATE NORMALS FOR TODAY
                         NORMAL    RECORD    YEAR
 MAXIMUM TEMPERATURE (F)   79        94      1980
 MINIMUM TEMPERATURE (F)   58        39      1956


SUNRISE AND SUNSET
SEPTEMBER 21 2017.....SUNRISE   656 AM EDT   SUNSET   707 PM EDT
SEPTEMBER 22 2017.....SUNRISE   657 AM EDT   SUNSET   706 PM EDT


-  INDICATES NEGATIVE NUMBERS.
R  INDICATES RECORD WAS SET OR TIED.
MM INDICATES DATA IS MISSING.
T  INDICATES TRACE AMOUNT.




$$
