000
CDUS41 KAKQ 312234
CLIRIC


CLIMATE REPORT
NATIONAL WEATHER SERVICE WAKEFIELD, VA
534 PM EST SAT JAN 31 2015


...................................

...THE RICHMOND VA CLIMATE SUMMARY FOR JANUARY 31 2015...
VALID TODAY AS OF 0500 PM LOCAL TIME.

CLIMATE NORMAL PERIOD 1981 TO 2010
CLIMATE RECORD PERIOD 1871 TO 2015


WEATHER ITEM   OBSERVED TIME   RECORD YEAR NORMAL DEPARTURE LAST
                VALUE   (LST)  VALUE       VALUE  FROM      YEAR
                                                  NORMAL
..................................................................
TEMPERATURE (F)
 TODAY
  MAXIMUM         43    336 PM  72    1916  48     -5       50
  MINIMUM         19    732 AM   4    1934  29    -10       14
                                      1930
  AVERAGE         31

PRECIPITATION (IN)
  TODAY            0.00          0.82 1957   0.10  -0.10     0.00
  MONTH TO DATE    3.49                      3.04   0.45     3.28
  SINCE DEC 1      6.63                      6.30   0.33     9.39
  SINCE JAN 1      3.49                      3.04   0.45     3.28

SNOWFALL (IN)
  TODAY            0.0
  MONTH TO DATE    0.3
  SINCE NOV 1      0.3
  SINCE JUL 1      0.3
  SNOW DEPTH       0

DEGREE DAYS
 HEATING
  TODAY           34                        26      8       33
  MONTH TO DATE  851                       836     15      962
  SINCE DEC 1   1497                      1585    -88     1613
  SINCE JUL 1   2167                      2261    -94     2253

 COOLING
  TODAY            0                         0      0        0
  MONTH TO DATE    0                         0      0        0
  SINCE DEC 1      0                         1     -1        4
  SINCE JAN 1      0                         0      0        0
..................................................................


WIND (MPH)
  RESULTANT WIND SPEED   6   RESULTANT WIND DIRECTION  NW (320)
  HIGHEST WIND SPEED    15   HIGHEST WIND DIRECTION    NW (300)
  HIGHEST GUST SPEED    20   HIGHEST GUST DIRECTION     W (290)


SKY COVER
  POSSIBLE SUNSHINE  MM
  AVERAGE SKY COVER 0.1


WEATHER CONDITIONS
 THE FOLLOWING WEATHER WAS RECORDED TODAY.
  NO SIGNIFICANT WEATHER WAS OBSERVED.


RELATIVE HUMIDITY (PERCENT)
 HIGHEST    62
 LOWEST     19
 AVERAGE    41

..........................................................


THE RICHMOND VA CLIMATE NORMALS FOR TOMORROW
                         NORMAL    RECORD    YEAR
 MAXIMUM TEMPERATURE (F)   49        79      2002
 MINIMUM TEMPERATURE (F)   29         3      1965
                                             1940


SUNRISE AND SUNSET
JANUARY 31 2015.......SUNRISE   714 AM EST   SUNSET   532 PM EST
FEBRUARY  1 2015......SUNRISE   713 AM EST   SUNSET   533 PM EST


-  INDICATES NEGATIVE NUMBERS.
R  INDICATES RECORD WAS SET OR TIED.
MM INDICATES DATA IS MISSING.
T  INDICATES TRACE AMOUNT.




$$
