000
CDUS41 KAKQ 272126
CLIRIC


CLIMATE REPORT
NATIONAL WEATHER SERVICE WAKEFIELD, VA
526 PM EDT THU JUL 27 2017


...................................

...THE RICHMOND VA CLIMATE SUMMARY FOR JULY 27 2017...
VALID TODAY AS OF 0500 PM LOCAL TIME.

CLIMATE NORMAL PERIOD 1981 TO 2010
CLIMATE RECORD PERIOD 1871 TO 2017


WEATHER ITEM   OBSERVED TIME   RECORD YEAR NORMAL DEPARTURE LAST
                VALUE   (LST)  VALUE       VALUE  FROM      YEAR
                                                  NORMAL
..................................................................
TEMPERATURE (F)
 TODAY
  MAXIMUM         90    248 PM 101    1940  89      1       92
  MINIMUM         69    258 AM  52    1962  69      0       72
  AVERAGE         80

PRECIPITATION (IN)
  TODAY            0.00          1.62 1945   0.15  -0.15      T
  MONTH TO DATE    1.51                      3.89  -2.38     3.76
  SINCE JUN 1      3.84                      7.82  -3.98    11.57
  SINCE JAN 1     22.37                     24.71  -2.34    32.20

SNOWFALL (IN)
  TODAY            0.0
  MONTH TO DATE    0.0
  SINCE NOV 1      7.1
  SINCE JUL 1      0.0
  SNOW DEPTH       0

DEGREE DAYS
 HEATING
  TODAY            0                         0      0        0
  MONTH TO DATE    0                         0      0        0
  SINCE JUN 1      2                         7     -5        0
  SINCE JUL 1      0                         0      0        0

 COOLING
  TODAY           15                        14      1       17
  MONTH TO DATE  478                       387     91      404
  SINCE JUN 1    793                       702     91      699
  SINCE JAN 1   1016                       863    153      808
..................................................................


WIND (MPH)
  RESULTANT WIND SPEED   9   RESULTANT WIND DIRECTION   S (200)
  HIGHEST WIND SPEED    17   HIGHEST WIND DIRECTION     W (250)
  HIGHEST GUST SPEED    21   HIGHEST GUST DIRECTION    SW (220)


SKY COVER
  POSSIBLE SUNSHINE  MM
  AVERAGE SKY COVER 0.8


WEATHER CONDITIONS
 THE FOLLOWING WEATHER WAS RECORDED TODAY.
  NO SIGNIFICANT WEATHER WAS OBSERVED.


RELATIVE HUMIDITY (PERCENT)
 HIGHEST    90
 LOWEST     55
 AVERAGE    73

..........................................................


THE RICHMOND VA CLIMATE NORMALS FOR TOMORROW
                         NORMAL    RECORD    YEAR
 MAXIMUM TEMPERATURE (F)   89       102      1952
 MINIMUM TEMPERATURE (F)   69        52      1962


SUNRISE AND SUNSET
JULY 27 2017..........SUNRISE   610 AM EDT   SUNSET   822 PM EDT
JULY 28 2017..........SUNRISE   610 AM EDT   SUNSET   821 PM EDT


-  INDICATES NEGATIVE NUMBERS.
R  INDICATES RECORD WAS SET OR TIED.
MM INDICATES DATA IS MISSING.
T  INDICATES TRACE AMOUNT.




$$
