000
CDUS41 KAKQ 220827
CLIRIC


CLIMATE REPORT
NATIONAL WEATHER SERVICE WAKEFIELD, VA
426 AM EDT WED OCT 22 2014


...................................

...THE RICHMOND VA CLIMATE SUMMARY FOR OCTOBER 21 2014...

CLIMATE NORMAL PERIOD 1981 TO 2010
CLIMATE RECORD PERIOD 1871 TO 2014


WEATHER ITEM   OBSERVED TIME   RECORD YEAR NORMAL DEPARTURE LAST
                VALUE   (LST)  VALUE       VALUE  FROM      YEAR
                                                  NORMAL
..................................................................
TEMPERATURE (F)
 YESTERDAY
  MAXIMUM         75   1248 PM  86    1993  70      5       69
  MINIMUM         52    701 AM  25    1930  46      6       40
  AVERAGE         64                        58      6       55

PRECIPITATION (IN)
  YESTERDAY        0.04          2.65 1958   0.09  -0.05     0.00
  MONTH TO DATE    2.41                      2.00   0.41     4.23
  SINCE SEP 1      3.76                      6.13  -2.37     5.62
  SINCE JAN 1     29.43                     36.12  -6.69    44.49

SNOWFALL (IN)
  YESTERDAY        0.0           0.0  2002   0.0    0.0
                                      2001
  MONTH TO DATE    0.0                       0.0    0.0
  SINCE NOV 1     14.5                      10.3    4.2
  SINCE JUL 1      0.0                       0.0    0.0
  SNOW DEPTH       0

DEGREE DAYS
 HEATING
  YESTERDAY        1                         8     -7       10
  MONTH TO DATE   60                       113    -53       48
  SINCE SEP 1     67                       141    -74       61
  SINCE JUL 1     67                       142    -75       61

 COOLING
  YESTERDAY        0                         1     -1        0
  MONTH TO DATE   48                        34     14       71
  SINCE SEP 1    292                       231     61      265
  SINCE JAN 1   1672                      1538    134     1670
..................................................................


WIND (MPH)
  HIGHEST WIND SPEED    22   HIGHEST WIND DIRECTION    NW (330)
  HIGHEST GUST SPEED    43   HIGHEST GUST DIRECTION    NW (320)
  AVERAGE WIND SPEED     5.5


SKY COVER
  POSSIBLE SUNSHINE  MM
  AVERAGE SKY COVER 0.6


WEATHER CONDITIONS
 THE FOLLOWING WEATHER WAS RECORDED YESTERDAY.
  RAIN
  LIGHT RAIN


RELATIVE HUMIDITY (PERCENT)
 HIGHEST    86          1100 PM
 LOWEST     38           100 PM
 AVERAGE    62

..........................................................


THE RICHMOND VA CLIMATE NORMALS FOR TODAY
                         NORMAL    RECORD    YEAR
 MAXIMUM TEMPERATURE (F)   69        86      1920
 MINIMUM TEMPERATURE (F)   46        23      1930


SUNRISE AND SUNSET
OCTOBER 22 2014.......SUNRISE   724 AM EDT   SUNSET   623 PM EDT
OCTOBER 23 2014.......SUNRISE   725 AM EDT   SUNSET   622 PM EDT


-  INDICATES NEGATIVE NUMBERS.
R  INDICATES RECORD WAS SET OR TIED.
MM INDICATES DATA IS MISSING.
T  INDICATES TRACE AMOUNT.




$$
