000
CDUS41 KAKQ 040715
CLIRIC


CLIMATE REPORT
NATIONAL WEATHER SERVICE WAKEFIELD, VA
215 AM EST WED MAR 4 2015


...................................

...THE RICHMOND VA CLIMATE SUMMARY FOR MARCH 3 2015...

CLIMATE NORMAL PERIOD 1981 TO 2010
CLIMATE RECORD PERIOD 1871 TO 2015


WEATHER ITEM   OBSERVED TIME   RECORD YEAR NORMAL DEPARTURE LAST
                VALUE   (LST)  VALUE       VALUE  FROM      YEAR
                                                  NORMAL
..................................................................
TEMPERATURE (F)
 YESTERDAY
  MAXIMUM         40   1159 PM  79    1974  56    -16       41
                                      1923
  MINIMUM         28    527 AM  11    2009  34     -6       15
  AVERAGE         34                        45    -11       28

PRECIPITATION (IN)
  YESTERDAY        T             1.90 1909   0.12  -0.12     0.50
  MONTH TO DATE    0.16                      0.34  -0.18     0.55
  SINCE MAR 1      0.16                      0.34  -0.18     0.55
  SINCE JAN 1      7.42                      6.14   1.28     6.86

SNOWFALL (IN)
  YESTERDAY       MM             5.5  1960   0.0   MM
  MONTH TO DATE    0.0                       0.1   -0.1
  SINCE NOV 1     12.5                       9.7    2.8
  SINCE JUL 1     12.5                       9.7    2.8
  SNOW DEPTH       0

DEGREE DAYS
 HEATING
  YESTERDAY       31                        21     10       37
  MONTH TO DATE   91                        63     28       76
  SINCE MAR 1     91                        63     28       76
  SINCE JUL 1   3193                      2999    194     3029

 COOLING
  YESTERDAY        0                         0      0        0
  MONTH TO DATE    0                         0      0        0
  SINCE MAR 1      0                         0      0        0
  SINCE JAN 1      0                         0      0        0
..................................................................


WIND (MPH)
  HIGHEST WIND SPEED    16   HIGHEST WIND DIRECTION    SW (210)
  HIGHEST GUST SPEED    21   HIGHEST GUST DIRECTION    SW (210)
  AVERAGE WIND SPEED     6.3


SKY COVER
  POSSIBLE SUNSHINE  MM
  AVERAGE SKY COVER 1.0


WEATHER CONDITIONS
 THE FOLLOWING WEATHER WAS RECORDED YESTERDAY.
  LIGHT RAIN
  FOG


RELATIVE HUMIDITY (PERCENT)
 HIGHEST    92           900 PM
 LOWEST     47          1200 PM
 AVERAGE    70

..........................................................


THE RICHMOND VA CLIMATE NORMALS FOR TODAY
                         NORMAL    RECORD    YEAR
 MAXIMUM TEMPERATURE (F)   56        82      2004
 MINIMUM TEMPERATURE (F)   34        10      2009


SUNRISE AND SUNSET
MARCH  4 2015.........SUNRISE   637 AM EST   SUNSET   606 PM EST
MARCH  5 2015.........SUNRISE   635 AM EST   SUNSET   607 PM EST


-  INDICATES NEGATIVE NUMBERS.
R  INDICATES RECORD WAS SET OR TIED.
MM INDICATES DATA IS MISSING.
T  INDICATES TRACE AMOUNT.




$$
