000
CDUS45 KGJT 160733
CLIRIL


CLIMATE REPORT
NATIONAL WEATHER SERVICE GRAND JUNCTION CO
131 AM MDT TUE SEP 16 2014


...................................

...THE RIFLE CO CLIMATE SUMMARY FOR SEPTEMBER 15 2014...

CLIMATE NORMAL PERIOD 1981 TO 2010
CLIMATE RECORD PERIOD 9999 TO 9999


WEATHER ITEM   OBSERVED TIME   RECORD YEAR NORMAL DEPARTURE LAST
                VALUE   (LST)  VALUE       VALUE  FROM      YEAR
                                                  NORMAL
..................................................................
TEMPERATURE (F)
 YESTERDAY
  MAXIMUM         85    157 PM  MM      MM  78      7       71
  MINIMUM         46    609 AM  MM      MM  45      1       56
  AVERAGE         66                        62      4       64

PRECIPITATION (IN)
  YESTERDAY        0.00         MM      MM   0.06  -0.06     0.06
  MONTH TO DATE    1.11                      0.75   0.36     1.02
  SINCE SEP 1      1.11                      0.75   0.36     1.02
  SINCE JAN 1      9.24                      9.72  -0.48     6.11

SNOWFALL (IN)
  YESTERDAY       MM            MM      MM  MM     MM       MM
  MONTH TO DATE   MM                        MM     MM       MM
  SINCE SEP 1     MM                        MM     MM       MM
  SINCE JUL 1     MM                        MM     MM       MM
  SNOW DEPTH      MM

DEGREE DAYS
 HEATING
  YESTERDAY        0                         4     -4        1
  MONTH TO DATE   36                        36      0        4
  SINCE SEP 1     36                        36      0        4
  SINCE JUL 1     53                        43     10        4

 COOLING
  YESTERDAY        1                         1      0        0
  MONTH TO DATE    7                        21    -14       91
  SINCE SEP 1      7                        21    -14       91
  SINCE JAN 1    536                       537     -1      797
..................................................................


WIND (MPH)
  HIGHEST WIND SPEED    14   HIGHEST WIND DIRECTION    SE (140)
  HIGHEST GUST SPEED    18   HIGHEST GUST DIRECTION    NW (330)
  AVERAGE WIND SPEED     3.5


SKY COVER
  POSSIBLE SUNSHINE  MM
  AVERAGE SKY COVER 0.0


WEATHER CONDITIONS
 THE FOLLOWING WEATHER WAS RECORDED YESTERDAY.
  NO SIGNIFICANT WEATHER WAS OBSERVED.


RELATIVE HUMIDITY (PERCENT)
 HIGHEST    76           500 AM
 LOWEST     17           200 PM
 AVERAGE    47

..........................................................


THE RIFLE CO CLIMATE NORMALS FOR TODAY
                         NORMAL    RECORD    YEAR
 MAXIMUM TEMPERATURE (F)   78        MM        MM
 MINIMUM TEMPERATURE (F)   44        MM        MM


SUNRISE AND SUNSET
SEPTEMBER 16 2014.....SUNRISE   653 AM MDT   SUNSET   718 PM MDT
SEPTEMBER 17 2014.....SUNRISE   654 AM MDT   SUNSET   716 PM MDT


-  INDICATES NEGATIVE NUMBERS.
R  INDICATES RECORD WAS SET OR TIED.
MM INDICATES DATA IS MISSING.
T  INDICATES TRACE AMOUNT.




$$
