000
CDUS45 KRIW 280738
CLIRIW


CLIMATE REPORT
NATIONAL WEATHER SERVICE RIVERTON WY
129 AM MDT WED SEP 28 2016


...................................

...THE RIVERTON WY CLIMATE SUMMARY FOR SEPTEMBER 27 2016...

CLIMATE NORMAL PERIOD 1981 TO 2010
CLIMATE RECORD PERIOD 1995 TO 2016


WEATHER ITEM   OBSERVED TIME   RECORD YEAR NORMAL DEPARTURE LAST
                VALUE   (LST)  VALUE       VALUE  FROM      YEAR
                                                  NORMAL
..................................................................
TEMPERATURE (F)
 YESTERDAY
  MAXIMUM         73    443 PM  86    2001  67      6       84
  MINIMUM         43    630 AM  21    1996  40      3       54
  AVERAGE         58                        53      5       69

PRECIPITATION (IN)
  YESTERDAY        0.00          0.44 2004   0.04  -0.04     0.00
  MONTH TO DATE    1.98                      0.77   1.21     0.01
  SINCE SEP 1      1.98                      0.77   1.21     0.01
  SINCE JAN 1     11.70                      7.59   4.11     8.81

SNOWFALL (IN)
  YESTERDAY        0.0                                       0.0
  MONTH TO DATE    0.0                                       0.0
  SINCE SEP 1      0.0                                       0.0
  SINCE JUL 1      0.0                                       0.0
  SNOW DEPTH       0

DEGREE DAYS
 HEATING
  YESTERDAY        7                        12     -5        0
  MONTH TO DATE  196                       188      8       52
  SINCE SEP 1    196                       188      8       52
  SINCE JUL 1    247                       226     21       87

 COOLING
  YESTERDAY        0                         0      0        4
  MONTH TO DATE   35                        24     11       67
  SINCE SEP 1     35                        24     11       67
  SINCE JAN 1    605                       492    113      543
..................................................................


WIND (MPH)
  HIGHEST WIND SPEED    12   HIGHEST WIND DIRECTION    NW (310)
  HIGHEST GUST SPEED    12   HIGHEST GUST DIRECTION    NW (310)
  AVERAGE WIND SPEED     5.4


SKY COVER
  POSSIBLE SUNSHINE  MM
  AVERAGE SKY COVER 0.0


WEATHER CONDITIONS
 THE FOLLOWING WEATHER WAS RECORDED YESTERDAY.
  NO SIGNIFICANT WEATHER WAS OBSERVED.


RELATIVE HUMIDITY (PERCENT)
 HIGHEST    93           200 AM
 LOWEST     34           500 PM
 AVERAGE    64

..........................................................


THE RIVERTON WY CLIMATE NORMALS FOR TODAY
                         NORMAL    RECORD    YEAR
 MAXIMUM TEMPERATURE (F)   66        86      2001
 MINIMUM TEMPERATURE (F)   39        26      1999


SUNRISE AND SUNSET
SEPTEMBER 28 2016.....SUNRISE   708 AM MDT   SUNSET   659 PM MDT
SEPTEMBER 29 2016.....SUNRISE   709 AM MDT   SUNSET   658 PM MDT


-  INDICATES NEGATIVE NUMBERS.
R  INDICATES RECORD WAS SET OR TIED.
MM INDICATES DATA IS MISSING.
T  INDICATES TRACE AMOUNT.




$$
