000
CDUS45 KRIW 220735
CLIRIW


CLIMATE REPORT
NATIONAL WEATHER SERVICE RIVERTON WY
1233 AM MST WED FEB 22 2017


...................................

...THE RIVERTON WY CLIMATE SUMMARY FOR FEBRUARY 21 2017...

CLIMATE NORMAL PERIOD 1981 TO 2010
CLIMATE RECORD PERIOD 1995 TO 2017


WEATHER ITEM   OBSERVED TIME   RECORD YEAR NORMAL DEPARTURE LAST
                VALUE   (LST)  VALUE       VALUE  FROM      YEAR
                                                  NORMAL
..................................................................
TEMPERATURE (F)
 YESTERDAY
  MAXIMUM         53    220 PM  56    2000  38     15       39
  MINIMUM         32   1014 PM  -6    2011  15     17       22
  AVERAGE         43                        26     17       31

PRECIPITATION (IN)
  YESTERDAY        0.07          0.10 2015   0.01   0.06     0.00
  MONTH TO DATE    0.17                      0.19  -0.02     0.28
  SINCE DEC 1      1.95                      0.75   1.20     0.76
  SINCE JAN 1      1.18                      0.43   0.75     0.68

SNOWFALL (IN)
  YESTERDAY        0.0                                       0.0
  MONTH TO DATE    1.4                                       2.6
  SINCE DEC 1     30.4                                      10.1
  SINCE JUL 1     34.8                                      28.2
  SNOW DEPTH       0

DEGREE DAYS
 HEATING
  YESTERDAY       22                        39    -17       34
  MONTH TO DATE  803                       881    -78      716
  SINCE DEC 1   3956                      3680    276     3558
  SINCE JUL 1   5552                      5596    -44     5097

 COOLING
  YESTERDAY        0                         0      0        0
  MONTH TO DATE    0                         0      0        0
  SINCE DEC 1      0                         0      0        0
  SINCE JAN 1      0                         0      0        0
..................................................................


WIND (MPH)
  HIGHEST WIND SPEED    33   HIGHEST WIND DIRECTION    SW (240)
  HIGHEST GUST SPEED    42   HIGHEST GUST DIRECTION    NW (310)
  AVERAGE WIND SPEED    15.0


SKY COVER
  POSSIBLE SUNSHINE  MM
  AVERAGE SKY COVER 0.4


WEATHER CONDITIONS
 THE FOLLOWING WEATHER WAS RECORDED YESTERDAY.
  RAIN
  LIGHT RAIN


RELATIVE HUMIDITY (PERCENT)
 HIGHEST   100          1000 PM
 LOWEST     44           200 PM
 AVERAGE    72

..........................................................


THE RIVERTON WY CLIMATE NORMALS FOR TODAY
                         NORMAL    RECORD    YEAR
 MAXIMUM TEMPERATURE (F)   38        60      2002
 MINIMUM TEMPERATURE (F)   15        -6      2010


SUNRISE AND SUNSET
FEBRUARY 22 2017......SUNRISE   700 AM MST   SUNSET   555 PM MST
FEBRUARY 23 2017......SUNRISE   659 AM MST   SUNSET   556 PM MST


-  INDICATES NEGATIVE NUMBERS.
R  INDICATES RECORD WAS SET OR TIED.
MM INDICATES DATA IS MISSING.
T  INDICATES TRACE AMOUNT.




$$
