346
CDUS45 KRIW 270733
CLIRIW


CLIMATE REPORT
NATIONAL WEATHER SERVICE RIVERTON WY
133 AM MDT SAT AUG 27 2016


...................................

...THE RIVERTON WY CLIMATE SUMMARY FOR AUGUST 26 2016...

CLIMATE NORMAL PERIOD 1981 TO 2010
CLIMATE RECORD PERIOD 1995 TO 2016


WEATHER ITEM   OBSERVED TIME   RECORD YEAR NORMAL DEPARTURE LAST
                VALUE   (LST)  VALUE       VALUE  FROM      YEAR
                                                  NORMAL
..................................................................
TEMPERATURE (F)
 YESTERDAY
  MAXIMUM         72    245 PM  93    2010  82    -10       85
  MINIMUM         44R   556 AM  44    2004  52     -8       61
  AVERAGE         58                        67     -9       73

PRECIPITATION (IN)
  YESTERDAY        0.00          0.12 2006   0.01  -0.01      T
  MONTH TO DATE    0.44                      0.47  -0.03     0.03
  SINCE JUN 1      0.83                      2.64  -1.81     1.92
  SINCE JAN 1      9.72                      6.72   3.00     8.77

SNOWFALL (IN)
  YESTERDAY        0.0                                       0.0
  MONTH TO DATE    0.0                                       0.0
  SINCE JUN 1      0.0                                        T
  SINCE JUL 1      0.0                                       0.0
  SNOW DEPTH       0

DEGREE DAYS
 HEATING
  YESTERDAY        7                         1      6        0
  MONTH TO DATE   45                        16     29       25
  SINCE JUN 1     65                       147    -82       58
  SINCE JUL 1     49                        28     21       35

 COOLING
  YESTERDAY        0                         3     -3        8
  MONTH TO DATE  134                       159    -25      163
  SINCE JUN 1    551                       445    106      448
  SINCE JAN 1    551                       454     97      448
..................................................................


WIND (MPH)
  HIGHEST WIND SPEED    20   HIGHEST WIND DIRECTION     N (10)
  HIGHEST GUST SPEED    22   HIGHEST GUST DIRECTION     N (10)
  AVERAGE WIND SPEED     6.9


SKY COVER
  POSSIBLE SUNSHINE  MM
  AVERAGE SKY COVER 0.0


WEATHER CONDITIONS
 THE FOLLOWING WEATHER WAS RECORDED YESTERDAY.
  NO SIGNIFICANT WEATHER WAS OBSERVED.


RELATIVE HUMIDITY (PERCENT)
 HIGHEST   100          1200 AM
 LOWEST     37           100 PM
 AVERAGE    69

..........................................................


THE RIVERTON WY CLIMATE NORMALS FOR TODAY
                         NORMAL    RECORD    YEAR
 MAXIMUM TEMPERATURE (F)   82        95      2011
 MINIMUM TEMPERATURE (F)   52        46      2008


SUNRISE AND SUNSET
AUGUST 27 2016........SUNRISE   633 AM MDT   SUNSET   756 PM MDT
AUGUST 28 2016........SUNRISE   634 AM MDT   SUNSET   754 PM MDT


-  INDICATES NEGATIVE NUMBERS.
R  INDICATES RECORD WAS SET OR TIED.
MM INDICATES DATA IS MISSING.
T  INDICATES TRACE AMOUNT.




$$
