000
CDUS45 KRIW 310033
CLIRIW


CLIMATE REPORT
NATIONAL WEATHER SERVICE RIVERTON WY
633 PM MDT SAT JUL 30 2016


...................................

...THE RIVERTON WY CLIMATE SUMMARY FOR JULY 30 2016...
VALID TODAY AS OF 0500 PM LOCAL TIME.

CLIMATE NORMAL PERIOD 1981 TO 2010
CLIMATE RECORD PERIOD 1995 TO 2016


WEATHER ITEM   OBSERVED TIME   RECORD YEAR NORMAL DEPARTURE LAST
                VALUE   (LST)  VALUE       VALUE  FROM      YEAR
                                                  NORMAL
..................................................................
TEMPERATURE (F)
 TODAY
  MAXIMUM         92        MM  96    2001  89      3       88
  MINIMUM         55        MM  48    2009  57     -2       49
  AVERAGE         74                        73      1       69

PRECIPITATION (IN)
  TODAY            T             0.35 1998   0.02  -0.02     0.00
  MONTH TO DATE    T                         0.87  -0.87     1.10
  SINCE JUN 1      0.39                      2.15  -1.76     1.89
  SINCE JAN 1      9.28                      6.23   3.05     8.74

SNOWFALL (IN)
  TODAY            0.0                                       0.0
  MONTH TO DATE    0.0                                       0.0
  SINCE JUN 1      0.0                                        T
  SINCE JUL 1      0.0                                       0.0
  SNOW DEPTH       0

DEGREE DAYS
 HEATING
  TODAY            0                         0      0        0
  MONTH TO DATE    4                         8     -4       10
  SINCE JUN 1     20                       127   -107       33
  SINCE JUL 1      4                         8     -4       10

 COOLING
  TODAY            9                         8      1        4
  MONTH TO DATE  242                       210     32      146
  SINCE JUN 1    404                       276    128      277
  SINCE JAN 1    404                       285    119      277
..................................................................


WIND (MPH)
  HIGHEST WIND SPEED    14   HIGHEST WIND DIRECTION    SW (220)
  HIGHEST GUST SPEED    58   HIGHEST GUST DIRECTION     W (250)
  AVERAGE WIND SPEED     6.9


SKY COVER
  POSSIBLE SUNSHINE  MM
  AVERAGE SKY COVER 0.0


WEATHER CONDITIONS
 THE FOLLOWING WEATHER WAS RECORDED TODAY.
  NO SIGNIFICANT WEATHER WAS OBSERVED.


RELATIVE HUMIDITY (PERCENT)
 HIGHEST    83           500 AM
 LOWEST     12           400 PM
 AVERAGE    48

..........................................................


THE RIVERTON WY CLIMATE NORMALS FOR TOMORROW
                         NORMAL    RECORD    YEAR
 MAXIMUM TEMPERATURE (F)   89        98      2003
 MINIMUM TEMPERATURE (F)   57        49      2009


SUNRISE AND SUNSET
JULY 30 2016..........SUNRISE   603 AM MDT   SUNSET   837 PM MDT
JULY 31 2016..........SUNRISE   604 AM MDT   SUNSET   836 PM MDT


-  INDICATES NEGATIVE NUMBERS.
R  INDICATES RECORD WAS SET OR TIED.
MM INDICATES DATA IS MISSING.
T  INDICATES TRACE AMOUNT.




$$
