000
CDUS45 KRIW 200733
CLIRKS


CLIMATE REPORT
NATIONAL WEATHER SERVICE RIVERTON WY
129 AM MDT SAT SEP 20 2014


...................................

...THE ROCK SPRINGS WY CLIMATE SUMMARY FOR SEPTEMBER 19 2014...

CLIMATE NORMAL PERIOD 1981 TO 2010
CLIMATE RECORD PERIOD 1948 TO 2014


WEATHER ITEM   OBSERVED TIME   RECORD YEAR NORMAL DEPARTURE LAST
                VALUE   (LST)  VALUE       VALUE  FROM      YEAR
                                                  NORMAL
..................................................................
TEMPERATURE (F)
 YESTERDAY
  MAXIMUM         77    215 PM  86    2010  69      8       61
  MINIMUM         53   1142 PM  21    1965  41     12       35
  AVERAGE         65                        55     10       48

PRECIPITATION (IN)
  YESTERDAY        T             0.87 1950   0.03  -0.03     0.00
  MONTH TO DATE    0.02                      0.56  -0.54     0.63
  SINCE SEP 1      0.02                      0.56  -0.54     0.63
  SINCE JAN 1      2.50                      6.34  -3.84     2.83

DEGREE DAYS
 HEATING
  YESTERDAY        0                        10    -10       17
  MONTH TO DATE  102                       126    -24       77
  SINCE SEP 1    102                       126    -24       77
  SINCE JUL 1    193                       190      3       78

 COOLING
  YESTERDAY        0                         0      0        0
  MONTH TO DATE    6                         7     -1       44
  SINCE SEP 1      6                         7     -1       44
  SINCE JAN 1    305                       284     21      517
..................................................................


WIND (MPH)
  HIGHEST WIND SPEED    28   HIGHEST WIND DIRECTION     N (340)
  HIGHEST GUST SPEED    35   HIGHEST GUST DIRECTION     N (340)
  AVERAGE WIND SPEED    11.6


SKY COVER
  POSSIBLE SUNSHINE  MM
  AVERAGE SKY COVER 0.3


WEATHER CONDITIONS
 THE FOLLOWING WEATHER WAS RECORDED YESTERDAY.
  THUNDERSTORM
  LIGHT RAIN


RELATIVE HUMIDITY (PERCENT)
 HIGHEST    89           500 AM
 LOWEST     22           500 PM
 AVERAGE    56

..........................................................


THE ROCK SPRINGS WY CLIMATE NORMALS FOR TODAY
                         NORMAL    RECORD    YEAR
 MAXIMUM TEMPERATURE (F)   68        81      1966
 MINIMUM TEMPERATURE (F)   41        19      1965


SUNRISE AND SUNSET
SEPTEMBER 20 2014.....SUNRISE   702 AM MDT   SUNSET   717 PM MDT
SEPTEMBER 21 2014.....SUNRISE   703 AM MDT   SUNSET   715 PM MDT


-  INDICATES NEGATIVE NUMBERS.
R  INDICATES RECORD WAS SET OR TIED.
MM INDICATES DATA IS MISSING.
T  INDICATES TRACE AMOUNT.




$$
