000
CDUS45 KRIW 020046
CLIRKS


CLIMATE REPORT
NATIONAL WEATHER SERVICE RIVERTON WY
644 PM MDT WED OCT 1 2014


...................................

...THE ROCK SPRINGS WY CLIMATE SUMMARY FOR OCTOBER 1 2014...
VALID TODAY AS OF 0500 PM LOCAL TIME.

CLIMATE NORMAL PERIOD 1981 TO 2010
CLIMATE RECORD PERIOD 1948 TO 2014


WEATHER ITEM   OBSERVED TIME   RECORD YEAR NORMAL DEPARTURE LAST
                VALUE   (LST)  VALUE       VALUE  FROM      YEAR
                                                  NORMAL
..................................................................
TEMPERATURE (F)
 TODAY
  MAXIMUM         50        MM  79    1957  63    -13       70
  MINIMUM         34        MM  23    1985  37     -3       41
  AVERAGE         42                        50     -8       56

PRECIPITATION (IN)
  TODAY            T                         0.03  -0.03     0.00
  MONTH TO DATE    T                         0.03  -0.03     0.00
  SINCE SEP 1      1.20                      0.95   0.25     1.37
  SINCE JAN 1      3.68                      6.73  -3.05     3.57

DEGREE DAYS
 HEATING
  TODAY           23                        15      8        9
  MONTH TO DATE   23                        15      8        9
  SINCE SEP 1    208                       279    -71      238
  SINCE JUL 1    299                       343    -44      239

 COOLING
  TODAY            0                         0      0        0
  MONTH TO DATE    0                         0      0        0
  SINCE SEP 1      8                         9     -1       44
  SINCE JAN 1    307                       286     21      517
..................................................................


WIND (MPH)
  HIGHEST WIND SPEED    22   HIGHEST WIND DIRECTION     W (250)
  HIGHEST GUST SPEED    36   HIGHEST GUST DIRECTION     W (280)
  AVERAGE WIND SPEED    12.2


SKY COVER
  POSSIBLE SUNSHINE  MM
  AVERAGE SKY COVER 0.4


WEATHER CONDITIONS
 THE FOLLOWING WEATHER WAS RECORDED TODAY.
  NO SIGNIFICANT WEATHER WAS OBSERVED.


RELATIVE HUMIDITY (PERCENT)
 HIGHEST    92           100 AM
 LOWEST     45          1200 PM
 AVERAGE    69

..........................................................


THE ROCK SPRINGS WY CLIMATE NORMALS FOR TOMORROW
                         NORMAL    RECORD    YEAR
 MAXIMUM TEMPERATURE (F)   63        78      2010
 MINIMUM TEMPERATURE (F)   37        21      1958


SUNRISE AND SUNSET
OCTOBER  1 2014.......SUNRISE   713 AM MDT   SUNSET   658 PM MDT
OCTOBER  2 2014.......SUNRISE   714 AM MDT   SUNSET   656 PM MDT


-  INDICATES NEGATIVE NUMBERS.
R  INDICATES RECORD WAS SET OR TIED.
MM INDICATES DATA IS MISSING.
T  INDICATES TRACE AMOUNT.




$$
