000
CDUS45 KRIW 250730
CLIRKS


CLIMATE REPORT
NATIONAL WEATHER SERVICE RIVERTON WY
128 AM MDT SUN JUN 25 2017


...................................

...THE ROCK SPRINGS WY CLIMATE SUMMARY FOR JUNE 24 2017...

CLIMATE NORMAL PERIOD 1981 TO 2010
CLIMATE RECORD PERIOD 1948 TO 2017


WEATHER ITEM   OBSERVED TIME   RECORD YEAR NORMAL DEPARTURE LAST
                VALUE   (LST)  VALUE       VALUE  FROM      YEAR
                                                  NORMAL
..................................................................
TEMPERATURE (F)
 YESTERDAY
  MAXIMUM         77    442 PM  95    1988  78     -1       88
  MINIMUM         43    443 AM  35    1976  49     -6       53
  AVERAGE         60                        64     -4       71

PRECIPITATION (IN)
  YESTERDAY        0.00          0.56 2003   0.02  -0.02     0.00
  MONTH TO DATE    0.02                      0.67  -0.65     0.18
  SINCE JUN 1      0.02                      0.67  -0.65     0.18
  SINCE JAN 1      3.54                      4.40  -0.86     4.64

DEGREE DAYS
 HEATING
  YESTERDAY        5                         3      2        0
  MONTH TO DATE   76                       150    -74       35
  SINCE JUN 1     76                       150    -74       35
  SINCE JUL 1   7691                      8125   -434     7620

 COOLING
  YESTERDAY        0                         2     -2        6
  MONTH TO DATE   34                        19     15       59
  SINCE JUN 1     34                        19     15       59
  SINCE JAN 1     34                        20     14       59
..................................................................


WIND (MPH)
  HIGHEST WIND SPEED    20   HIGHEST WIND DIRECTION    NE (60)
  HIGHEST GUST SPEED    25   HIGHEST GUST DIRECTION    NE (60)
  AVERAGE WIND SPEED     6.8


SKY COVER
  POSSIBLE SUNSHINE  MM
  AVERAGE SKY COVER 0.0


WEATHER CONDITIONS
 THE FOLLOWING WEATHER WAS RECORDED YESTERDAY.
  NO SIGNIFICANT WEATHER WAS OBSERVED.


RELATIVE HUMIDITY (PERCENT)
 HIGHEST    58           400 AM
 LOWEST     14           500 PM
 AVERAGE    36

..........................................................


THE ROCK SPRINGS WY CLIMATE NORMALS FOR TODAY
                         NORMAL    RECORD    YEAR
 MAXIMUM TEMPERATURE (F)   79        93      2012
 MINIMUM TEMPERATURE (F)   50        35      1969


SUNRISE AND SUNSET
JUNE 25 2017..........SUNRISE   543 AM MDT   SUNSET   854 PM MDT
JUNE 26 2017..........SUNRISE   544 AM MDT   SUNSET   855 PM MDT


-  INDICATES NEGATIVE NUMBERS.
R  INDICATES RECORD WAS SET OR TIED.
MM INDICATES DATA IS MISSING.
T  INDICATES TRACE AMOUNT.




$$
