000
CDUS45 KRIW 230736
CLIRKS


CLIMATE REPORT
NATIONAL WEATHER SERVICE RIVERTON WY
134 AM MDT THU MAR 23 2017


...................................

...THE ROCK SPRINGS WY CLIMATE SUMMARY FOR MARCH 22 2017...

CLIMATE NORMAL PERIOD 1981 TO 2010
CLIMATE RECORD PERIOD 1948 TO 2017


WEATHER ITEM   OBSERVED TIME   RECORD YEAR NORMAL DEPARTURE LAST
                VALUE   (LST)  VALUE       VALUE  FROM      YEAR
                                                  NORMAL
..................................................................
TEMPERATURE (F)
 YESTERDAY
  MAXIMUM         61    234 PM  71    2004  46     15       48
  MINIMUM         38   1159 PM   2    1952  25     13       27
  AVERAGE         50                        36     14       38

PRECIPITATION (IN)
  YESTERDAY        0.18          0.25 1996   0.03   0.15     0.20
  MONTH TO DATE    0.21                      0.45  -0.24     0.24
  SINCE MAR 1      0.21                      0.45  -0.24     0.24
  SINCE JAN 1      1.11                      1.38  -0.27     0.46

DEGREE DAYS
 HEATING
  YESTERDAY       15                        29    -14       27
  MONTH TO DATE  564                       723   -159      613
  SINCE MAR 1    564                       723   -159      613
  SINCE JUL 1   6302                      6575   -273     6130

 COOLING
  YESTERDAY        0                         0      0        0
  MONTH TO DATE    0                         0      0        0
  SINCE MAR 1      0                         0      0        0
  SINCE JAN 1      0                         0      0        0
..................................................................


WIND (MPH)
  HIGHEST WIND SPEED    33   HIGHEST WIND DIRECTION    SW (240)
  HIGHEST GUST SPEED    41   HIGHEST GUST DIRECTION    SW (240)
  AVERAGE WIND SPEED     7.8


SKY COVER
  POSSIBLE SUNSHINE  MM
  AVERAGE SKY COVER 0.6


WEATHER CONDITIONS
 THE FOLLOWING WEATHER WAS RECORDED YESTERDAY.
  THUNDERSTORM
  RAIN
  LIGHT RAIN
  FOG


RELATIVE HUMIDITY (PERCENT)
 HIGHEST    86          1000 PM
 LOWEST     36           200 PM
 AVERAGE    61

..........................................................


THE ROCK SPRINGS WY CLIMATE NORMALS FOR TODAY
                         NORMAL    RECORD    YEAR
 MAXIMUM TEMPERATURE (F)   47        68      2004
 MINIMUM TEMPERATURE (F)   25         1      1964


SUNRISE AND SUNSET
MARCH 23 2017.........SUNRISE   714 AM MDT   SUNSET   732 PM MDT
MARCH 24 2017.........SUNRISE   712 AM MDT   SUNSET   733 PM MDT


-  INDICATES NEGATIVE NUMBERS.
R  INDICATES RECORD WAS SET OR TIED.
MM INDICATES DATA IS MISSING.
T  INDICATES TRACE AMOUNT.




$$
