000
CDUS42 KFFC 230817
CLIRMG


CLIMATE REPORT
NATIONAL WEATHER SERVICE PEACHTREE CITY GA
417 AM EDT FRI JUN 23 2017


...................................

...THE ROME  CLIMATE SUMMARY FOR JUNE 22 2017...

CLIMATE NORMAL PERIOD 1981 TO 2010
CLIMATE RECORD PERIOD 9999 TO 9999


WEATHER ITEM   OBSERVED TIME   RECORD YEAR NORMAL DEPARTURE LAST
                VALUE   (LST)  VALUE       VALUE  FROM      YEAR
                                                  NORMAL
..................................................................
TEMPERATURE (F)
 YESTERDAY
  MAXIMUM         80    500 PM  MM      MM  89     -9       95
  MINIMUM         71    609 AM  MM      MM  66      5       70
  AVERAGE         76                        77     -1       83

PRECIPITATION (IN)
  YESTERDAY        0.49         MM      MM   0.14   0.35     0.00
  MONTH TO DATE    2.88                      2.91  -0.03     1.23
  SINCE JUN 1      2.88                      2.91  -0.03     1.23
  SINCE JAN 1     30.83                     25.78   5.05    18.35

DEGREE DAYS
 COOLING
  YESTERDAY       11                        12     -1       18
  MONTH TO DATE  270                       225     45      296
  SINCE JUN 1    270                       225     45      296
  SINCE JAN 1    596                       393    203      521
..................................................................


WIND (MPH)
  RESULTANT WIND SPEED   3   RESULTANT WIND DIRECTION  SE (120)
  HIGHEST WIND SPEED    13   HIGHEST WIND DIRECTION    SE (120)
  HIGHEST GUST SPEED    17   HIGHEST GUST DIRECTION    SE (120)
  AVERAGE WIND SPEED     3.4


SKY COVER
  AVERAGE SKY COVER 0.8


WEATHER CONDITIONS
 THE FOLLOWING WEATHER WAS RECORDED YESTERDAY.
  RAIN
  LIGHT RAIN
  FOG


RELATIVE HUMIDITY (PERCENT)
 HIGHEST   100          1200 AM
 LOWEST     91           100 PM
 AVERAGE    96

..........................................................


THE ROME  CLIMATE NORMALS FOR TODAY
                         NORMAL    RECORD    YEAR
 MAXIMUM TEMPERATURE (F)   89        MM        MM
 MINIMUM TEMPERATURE (F)   66        MM        MM


SUNRISE AND SUNSET
JUNE 23 2017..........SUNRISE   629 AM EDT   SUNSET   856 PM EDT
JUNE 24 2017..........SUNRISE   630 AM EDT   SUNSET   857 PM EDT


-  INDICATES NEGATIVE NUMBERS.
R  INDICATES RECORD WAS SET OR TIED.
MM INDICATES DATA IS MISSING.
T  INDICATES TRACE AMOUNT.




$$
