000
CDUS41 KRNK 212215
CLIRNK


CLIMATE REPORT
NATIONAL WEATHER SERVICE BLACKSBURG VA
513 PM EST TUE NOV 21 2017


...................................

...THE BLACKSBURG VA CLIMATE SUMMARY FOR NOVEMBER 21 2017...
VALID TODAY AS OF 0500 PM LOCAL TIME.

CLIMATE NORMAL PERIOD 1981 TO 2010
CLIMATE RECORD PERIOD 1952 TO 2017


WEATHER ITEM   OBSERVED RECORD YEAR NORMAL DEPARTURE LAST
                VALUE   VALUE       VALUE  FROM      YEAR
                                           NORMAL
...........................................................
TEMPERATURE (F)
 TODAY
  MAXIMUM         59     75    1985  53      6       42
  MINIMUM         25     13    1984  30     -5       26
  AVERAGE         42                 41      1       34

PRECIPITATION (IN)
  TODAY            0.00   0.91 2005   0.10  -0.10     0.00
  MONTH TO DATE    1.19               1.97  -0.78     0.07
  SINCE SEP 1     10.36               7.85   2.51     8.93
  SINCE JAN 1     40.32              37.04   3.28    37.60

SNOWFALL (IN)
  TODAY            0.0                                0.0
  MONTH TO DATE    T                                   T
  SINCE SEP 1      T                                   T
  SINCE JUL 1      T                                   T
  SNOW DEPTH       0

DEGREE DAYS
 HEATING
  TODAY           23                 24     -1       31
  MONTH TO DATE  425                423      2      363
  SINCE SEP 1    767                932   -165      592
  SINCE JUL 1    776                950   -174      592

 COOLING
  TODAY            0                  0      0        0
  MONTH TO DATE    0                  0      0        0
  SINCE SEP 1     96                 61     35      137
  SINCE JAN 1    632                573     59      914
...........................................................


WIND (MPH)
  HIGHEST WIND SPEED    10   HIGHEST WIND DIRECTION     S (180)
  HIGHEST GUST SPEED    21   HIGHEST GUST DIRECTION     S (200)
  AVERAGE WIND SPEED     2.2


SKY COVER
  AVERAGE SKY COVER 0.1


WEATHER CONDITIONS
 THE FOLLOWING WEATHER WAS RECORDED TODAY.
  NO SIGNIFICANT WEATHER WAS OBSERVED.


RELATIVE HUMIDITY (PERCENT)
 HIGHEST    85           300 AM
 LOWEST     59           200 PM
 AVERAGE    72

..........................................................


THE BLACKSBURG VA CLIMATE NORMALS FOR TOMORROW
                         NORMAL    RECORD    YEAR
 MAXIMUM TEMPERATURE (F)   53        70      2003
                                             1979
 MINIMUM TEMPERATURE (F)   29        13      1964


SUNRISE AND SUNSET
NOVEMBER 21 2017......SUNRISE   707 AM EST   SUNSET   508 PM EST
NOVEMBER 22 2017......SUNRISE   708 AM EST   SUNSET   507 PM EST


-  INDICATES NEGATIVE NUMBERS.
R  INDICATES RECORD WAS SET OR TIED.
MM INDICATES DATA IS MISSING.
T  INDICATES TRACE AMOUNT.

REMARKS:
DUE TO MISSING TEMPERATURES ON SEPTEMBER 8-10...ALL TEMPERATURE AND
DEGREE DAY INFORMATION WILL BE CALCULATED WITHOUT DATA FROM THESE
DATES.

$$
