000
CDUS41 KRNK 290522
CLIRNK


CLIMATE REPORT
NATIONAL WEATHER SERVICE BLACKSBURG VA
121 AM EDT FRI APR 29 2016


...................................

...THE BLACKSBURG VA CLIMATE SUMMARY FOR APRIL 28 2016...

CLIMATE NORMAL PERIOD 1981 TO 2010
CLIMATE RECORD PERIOD 1952 TO 2016


WEATHER ITEM   OBSERVED RECORD YEAR NORMAL DEPARTURE LAST
                VALUE   VALUE       VALUE  FROM      YEAR
                                           NORMAL
...........................................................
TEMPERATURE (F)
 YESTERDAY
  MAXIMUM         81     84    1990  67     14       65
  MINIMUM         59     25    1976  42     17       36
  AVERAGE         70                 54     16       51

PRECIPITATION (IN)
  YESTERDAY        0.27   0.96 2008   0.11   0.16     0.00
  MONTH TO DATE    1.55               3.25  -1.70     5.15
  SINCE MAR 1      4.12               6.89  -2.77     9.71
  SINCE JAN 1     11.26              12.78  -1.52    13.13

SNOWFALL (IN)
  YESTERDAY        0.0                                0.0
  MONTH TO DATE    0.6                                 T
  SINCE MAR 1      1.6                                4.4
  SINCE JUL 1     25.6                               27.8
  SNOW DEPTH       0

DEGREE DAYS
 HEATING
  YESTERDAY        0                 11    -11       14
  MONTH TO DATE  352                410    -58      320
  SINCE MAR 1    837               1137   -300      983
  SINCE JUL 1   4272               5185   -913     5109

 COOLING
  YESTERDAY        5                  0      5        0
  MONTH TO DATE    9                  0      9        0
  SINCE MAR 1      9                  0      9        0
  SINCE JAN 1      9                  0      9        0
...........................................................


WIND (MPH)
  HIGHEST WIND SPEED    15   HIGHEST WIND DIRECTION     W (260)
  HIGHEST GUST SPEED    26   HIGHEST GUST DIRECTION    SW (240)
  AVERAGE WIND SPEED     4.8


SKY COVER
  AVERAGE SKY COVER 0.6


WEATHER CONDITIONS
 THE FOLLOWING WEATHER WAS RECORDED YESTERDAY.
  THUNDERSTORM
  RAIN
  LIGHT RAIN
  FOG


RELATIVE HUMIDITY (PERCENT)
 HIGHEST   100           200 AM
 LOWEST     35           500 PM
 AVERAGE    68

..........................................................


THE BLACKSBURG VA CLIMATE NORMALS FOR TODAY
                         NORMAL    RECORD    YEAR
 MAXIMUM TEMPERATURE (F)   67        83      1974
 MINIMUM TEMPERATURE (F)   42        25      1967


SUNRISE AND SUNSET
APRIL 29 2016.........SUNRISE   629 AM EDT   SUNSET   810 PM EDT
APRIL 30 2016.........SUNRISE   628 AM EDT   SUNSET   811 PM EDT


-  INDICATES NEGATIVE NUMBERS.
R  INDICATES RECORD WAS SET OR TIED.
MM INDICATES DATA IS MISSING.
T  INDICATES TRACE AMOUNT.




$$
