000
CDUS41 KRNK 132114
CLIRNK


CLIMATE REPORT
NATIONAL WEATHER SERVICE BLACKSBURG VA
512 PM EDT SUN JUL 13 2014


...................................

...THE BLACKSBURG VA CLIMATE SUMMARY FOR JULY 13 2014...
VALID TODAY AS OF 0500 PM LOCAL TIME.

CLIMATE NORMAL PERIOD 1981 TO 2010
CLIMATE RECORD PERIOD 1952 TO 2014


WEATHER ITEM   OBSERVED TIME   RECORD YEAR NORMAL DEPARTURE LAST
                VALUE   (LST)  VALUE       VALUE  FROM      YEAR
                                                  NORMAL
..................................................................
TEMPERATURE (F)
 TODAY
  MAXIMUM         87    300 PM  90    1983  82      5       75
  MINIMUM         64    100 AM  48    1963  60      4       63
  AVERAGE         76                        71      5       69

PRECIPITATION (IN)
  TODAY            0.00          1.81 1999   0.15  -0.15     0.04
  MONTH TO DATE    0.75                      1.74  -0.99     5.36
  SINCE JUN 1      3.82                      5.74  -1.92    13.30
  SINCE JAN 1     18.65                     23.08  -4.43    35.17

SNOWFALL (IN)
  TODAY            0.0
  MONTH TO DATE    0.0
  SINCE JUN 1      T
  SINCE JUL 1      0.0
  SNOW DEPTH       0

DEGREE DAYS
 HEATING
  TODAY            0                         0      0        0
  MONTH TO DATE    2                         0      2        0
  SINCE JUN 1      5                        38    -33        7
  SINCE JUL 1      2                         0      2        0

 COOLING
  TODAY           11                         7      4        4
  MONTH TO DATE   95                        81     14       90
  SINCE JUN 1    261                       200     61      206
  SINCE JAN 1    319                       229     90      237
..................................................................


WIND (MPH)
  HIGHEST WIND SPEED     9   HIGHEST WIND DIRECTION    SW (240)
  HIGHEST GUST SPEED    MM   HIGHEST GUST DIRECTION    MM
  AVERAGE WIND SPEED     2.2


SKY COVER
  POSSIBLE SUNSHINE  MM
  AVERAGE SKY COVER 0.5


WEATHER CONDITIONS
 THE FOLLOWING WEATHER WAS RECORDED TODAY.
  FOG


RELATIVE HUMIDITY (PERCENT)
 HIGHEST   100          1200 AM
 LOWEST     50           300 PM
 AVERAGE    75

..........................................................


THE BLACKSBURG VA CLIMATE NORMALS FOR TOMORROW
                         NORMAL    RECORD    YEAR
 MAXIMUM TEMPERATURE (F)   82        94      1983
 MINIMUM TEMPERATURE (F)   60        49      2001


SUNRISE AND SUNSET
JULY 13 2014..........SUNRISE   612 AM EDT   SUNSET   843 PM EDT
JULY 14 2014..........SUNRISE   613 AM EDT   SUNSET   842 PM EDT


-  INDICATES NEGATIVE NUMBERS.
R  INDICATES RECORD WAS SET OR TIED.
MM INDICATES DATA IS MISSING.
T  INDICATES TRACE AMOUNT.


REMARKS:
TRACE OF SNOW IS FROM HAIL ON JUNE 17.


$$
