000
CDUS41 KRNK 080809
CLIRNK


CLIMATE REPORT
NATIONAL WEATHER SERVICE BLACKSBURG VA
308 AM EST THU DEC 8 2016


...................................

...THE BLACKSBURG VA CLIMATE SUMMARY FOR DECEMBER 7 2016...

CLIMATE NORMAL PERIOD 1981 TO 2010
CLIMATE RECORD PERIOD 1952 TO 2016


WEATHER ITEM   OBSERVED RECORD YEAR NORMAL DEPARTURE LAST
                VALUE   VALUE       VALUE  FROM      YEAR
                                           NORMAL
...........................................................
TEMPERATURE (F)
 YESTERDAY
  MAXIMUM         49     71    1998  46      3       50
  MINIMUM         31      2    1977  25      6       27
  AVERAGE         40                 36      4       39

PRECIPITATION (IN)
  YESTERDAY        0.00   1.45 2011   0.10  -0.10     0.06
  MONTH TO DATE    1.67               0.72   0.95     1.74
  SINCE DEC 1      1.67               0.72   0.95     1.74
  SINCE JAN 1     40.62              38.66   1.96    45.72

SNOWFALL (IN)
  YESTERDAY        0.0                                0.0
  MONTH TO DATE    T                                  0.0
  SINCE DEC 1      T                                  0.0
  SINCE JUL 1      T                                   T
  SNOW DEPTH       0

DEGREE DAYS
 HEATING
  YESTERDAY       25                 29     -4       26
  MONTH TO DATE  179                198    -19      175
  SINCE DEC 1    179                198    -19      175
  SINCE JUL 1    952               1378   -426     1063

 COOLING
  YESTERDAY        0                  0      0        0
  MONTH TO DATE    0                  0      0        0
  SINCE DEC 1      0                  0      0        0
  SINCE JAN 1    914                573    341      820
...........................................................


WIND (MPH)
  HIGHEST WIND SPEED    14   HIGHEST WIND DIRECTION    NW (300)
  HIGHEST GUST SPEED    25   HIGHEST GUST DIRECTION    NW (300)
  AVERAGE WIND SPEED     4.1


SKY COVER
  AVERAGE SKY COVER 0.3


WEATHER CONDITIONS
 THE FOLLOWING WEATHER WAS RECORDED YESTERDAY.
  NO SIGNIFICANT WEATHER WAS OBSERVED.


RELATIVE HUMIDITY (PERCENT)
 HIGHEST   100          1200 AM
 LOWEST     52           200 PM
 AVERAGE    76

..........................................................


THE BLACKSBURG VA CLIMATE NORMALS FOR TODAY
                         NORMAL    RECORD    YEAR
 MAXIMUM TEMPERATURE (F)   46        72      1998
 MINIMUM TEMPERATURE (F)   25         2      1995


SUNRISE AND SUNSET
DECEMBER  8 2016......SUNRISE   723 AM EST   SUNSET   504 PM EST
DECEMBER  9 2016......SUNRISE   724 AM EST   SUNSET   504 PM EST


-  INDICATES NEGATIVE NUMBERS.
R  INDICATES RECORD WAS SET OR TIED.
MM INDICATES DATA IS MISSING.
T  INDICATES TRACE AMOUNT.




$$
