000
CDUS41 KRNK 300840
CLIRNK


CLIMATE REPORT
NATIONAL WEATHER SERVICE BLACKSBURG VA
437 AM EDT MON MAR 30 2015


...................................

...THE BLACKSBURG VA CLIMATE SUMMARY FOR MARCH 29 2015...

CLIMATE NORMAL PERIOD 1981 TO 2010
CLIMATE RECORD PERIOD 1952 TO 2015


WEATHER ITEM   OBSERVED TIME   RECORD YEAR NORMAL DEPARTURE LAST
                VALUE   (LST)  VALUE       VALUE  FROM      YEAR
                                                  NORMAL
..................................................................
TEMPERATURE (F)
 YESTERDAY
  MAXIMUM         51    555 PM  79    1989  58     -7       56
  MINIMUM         18    655 AM  17    2001  33    -15       35
  AVERAGE         35                        45    -10       46

PRECIPITATION (IN)
  YESTERDAY        0.00          0.85 1984   0.13  -0.13     0.39
  MONTH TO DATE    4.54                      3.38   1.16     2.39
  SINCE MAR 1      4.54                      3.38   1.16     2.39
  SINCE JAN 1      7.96                      9.27  -1.31     8.02

SNOWFALL (IN)
  YESTERDAY        0.0
  MONTH TO DATE    4.4
  SINCE MAR 1      4.4
  SINCE JUL 1     27.8
  SNOW DEPTH       0

DEGREE DAYS
 HEATING
  YESTERDAY       30                        20     10       19
  MONTH TO DATE  627                       689    -62      744
  SINCE MAR 1    627                       689    -62      744
  SINCE JUL 1   4753                      4737     16     4925

 COOLING
  YESTERDAY        0                         0      0        0
  MONTH TO DATE    0                         0      0        0
  SINCE MAR 1      0                         0      0        0
  SINCE JAN 1      0                         0      0        0
..................................................................


WIND (MPH)
  HIGHEST WIND SPEED     9   HIGHEST WIND DIRECTION     S (180)
  HIGHEST GUST SPEED    16   HIGHEST GUST DIRECTION     S (180)
  AVERAGE WIND SPEED     5.3


SKY COVER
  POSSIBLE SUNSHINE  MM
  AVERAGE SKY COVER 0.0


WEATHER CONDITIONS
 THE FOLLOWING WEATHER WAS RECORDED YESTERDAY.
  NO SIGNIFICANT WEATHER WAS OBSERVED.


RELATIVE HUMIDITY (PERCENT)
 HIGHEST    64           600 AM
 LOWEST     14           500 PM
 AVERAGE    39

..........................................................


THE BLACKSBURG VA CLIMATE NORMALS FOR TODAY
                         NORMAL    RECORD    YEAR
 MAXIMUM TEMPERATURE (F)   58        80      1998
 MINIMUM TEMPERATURE (F)   34        14      1964


SUNRISE AND SUNSET
MARCH 30 2015.........SUNRISE   711 AM EDT   SUNSET   742 PM EDT
MARCH 31 2015.........SUNRISE   709 AM EDT   SUNSET   743 PM EDT


-  INDICATES NEGATIVE NUMBERS.
R  INDICATES RECORD WAS SET OR TIED.
MM INDICATES DATA IS MISSING.
T  INDICATES TRACE AMOUNT.

$$
