000
CDUS41 KRNK 300759
CLIRNK


CLIMATE REPORT
NATIONAL WEATHER SERVICE BLACKSBURG VA
355 AM EDT TUE JUN 30 2015


...................................

...THE BLACKSBURG VA CLIMATE SUMMARY FOR JUNE 29 2015...

CLIMATE NORMAL PERIOD 1981 TO 2010
CLIMATE RECORD PERIOD 1952 TO 2015


WEATHER ITEM   OBSERVED RECORD YEAR NORMAL DEPARTURE LAST
                VALUE   VALUE       VALUE  FROM      YEAR
                                           NORMAL
...........................................................
TEMPERATURE (F)
 YESTERDAY
  MAXIMUM         77     97    2012  82     -5       76
  MINIMUM         49     42    1974  59    -10       62
  AVERAGE         63                 71     -8       69

PRECIPITATION (IN)
  YESTERDAY        0.00   1.77 2000   0.12  -0.12     0.15
  MONTH TO DATE    3.42               3.87  -0.45     2.84
  SINCE JUN 1      3.42               3.87  -0.45     2.84
  SINCE JAN 1     18.95              21.21  -2.26    17.67

SNOWFALL (IN)
  YESTERDAY        0.0                                0.0
  MONTH TO DATE    0.0                                 T
  SINCE JUN 1      0.0                                 T
  SINCE JUL 1     27.8                               34.4
  SNOW DEPTH       0

DEGREE DAYS
 HEATING
  YESTERDAY        2                  0      2        0
  MONTH TO DATE   11                 37    -26        3
  SINCE JUN 1     11                 37    -26        3
  SINCE JUL 1   5220               5445   -225     5447

 COOLING
  YESTERDAY        0                  6     -6        4
  MONTH TO DATE  206                112     94      160
  SINCE JUN 1    206                112     94      160
  SINCE JAN 1    282                141    141      218
...........................................................


WIND (MPH)
  HIGHEST WIND SPEED     8   HIGHEST WIND DIRECTION     S (200)
  HIGHEST GUST SPEED    MM   HIGHEST GUST DIRECTION    MM
  AVERAGE WIND SPEED     2.1


SKY COVER
  AVERAGE SKY COVER 0.5


WEATHER CONDITIONS
 THE FOLLOWING WEATHER WAS RECORDED YESTERDAY.
  NO SIGNIFICANT WEATHER WAS OBSERVED.


RELATIVE HUMIDITY (PERCENT)
 HIGHEST    96           500 AM
 LOWEST     52           100 PM
 AVERAGE    74

..........................................................


THE BLACKSBURG VA CLIMATE NORMALS FOR TODAY
                         NORMAL    RECORD    YEAR
 MAXIMUM TEMPERATURE (F)   82        95      2012
 MINIMUM TEMPERATURE (F)   60        47      1974


SUNRISE AND SUNSET
JUNE 30 2015..........SUNRISE   605 AM EDT   SUNSET   846 PM EDT
JULY  1 2015..........SUNRISE   605 AM EDT   SUNSET   846 PM EDT


-  INDICATES NEGATIVE NUMBERS.
R  INDICATES RECORD WAS SET OR TIED.
MM INDICATES DATA IS MISSING.
T  INDICATES TRACE AMOUNT.




$$
