000
CDUS46 KSGX 051531
CLIRNM


CLIMATE REPORT
NATIONAL WEATHER SERVICE SAN DIEGO, CA
731 AM PST FRI FEB 5 2016


...................................

...THE RAMONA AIRPORT CA CLIMATE SUMMARY FOR FEBRUARY 4 2016...

CLIMATE NORMAL PERIOD 1981 TO 2010
CLIMATE RECORD PERIOD 1974 TO 2016


WEATHER ITEM   OBSERVED TIME   RECORD YEAR NORMAL DEPARTURE LAST
                VALUE   (LST)  VALUE       VALUE  FROM      YEAR
                                                  NORMAL
..................................................................
TEMPERATURE (F)
 YESTERDAY
  MAXIMUM         68    248 PM  86    2001  65      3       78
  MINIMUM         34    650 AM  23    2011  36     -2       35
  AVERAGE         51                        50      1       57

PRECIPITATION (IN)
  YESTERDAY        0.00          1.03 1998   0.07  -0.07     0.00
  MONTH TO DATE    0.01                      0.27  -0.26     0.00
  SINCE OCT 1     10.08                      7.73   2.35     5.39
  SINCE JAN 1      6.55                      3.59   2.96     0.79

DEGREE DAYS
 HEATING
  YESTERDAY       14                        15     -1        8
  MONTH TO DATE   78                        60     18       36
  SINCE DEC 1   1020                       996     24      784
  SINCE JUL 1   1359                      1407    -48      984

 COOLING
  YESTERDAY        0                         0      0        0
  MONTH TO DATE    0                         0      0        0
  SINCE DEC 1      0                         1     -1        0
  SINCE JAN 1      0                         1     -1        0
..................................................................


WIND (MPH)
  RESULTANT WIND SPEED   8   RESULTANT WIND DIRECTION   E (70)
  HIGHEST WIND SPEED    16   HIGHEST WIND DIRECTION     E (80)
  HIGHEST GUST SPEED    20   HIGHEST GUST DIRECTION     E (70)
  AVERAGE WIND SPEED     8.9


SKY COVER
  POSSIBLE SUNSHINE  MM
  AVERAGE SKY COVER 0.0


WEATHER CONDITIONS
 THE FOLLOWING WEATHER WAS RECORDED YESTERDAY.
  NO SIGNIFICANT WEATHER WAS OBSERVED.


RELATIVE HUMIDITY (PERCENT)
 HIGHEST    52           700 AM
 LOWEST     16           300 PM
 AVERAGE    34

..........................................................


THE RAMONA AIRPORT CA CLIMATE NORMALS FOR TODAY
                         NORMAL    RECORD    YEAR
 MAXIMUM TEMPERATURE (F)   65        86      2007
 MINIMUM TEMPERATURE (F)   36        27      2003


SUNRISE AND SUNSET
FEBRUARY  5 2016......SUNRISE   640 AM PST   SUNSET   523 PM PST
FEBRUARY  6 2016......SUNRISE   640 AM PST   SUNSET   524 PM PST


-  INDICATES NEGATIVE NUMBERS.
R  INDICATES RECORD WAS SET OR TIED.
MM INDICATES DATA IS MISSING.
T  INDICATES TRACE AMOUNT.




$$
