000
CDUS46 KSGX 251137
CLIRNM


CLIMATE REPORT
NATIONAL WEATHER SERVICE SAN DIEGO, CA
437 AM PDT MON SEP 25 2017


...................................

...THE RAMONA AIRPORT CA CLIMATE SUMMARY FOR SEPTEMBER 24 2017...

CLIMATE NORMAL PERIOD 1981 TO 2010
CLIMATE RECORD PERIOD 1974 TO 2017


WEATHER ITEM   OBSERVED TIME   RECORD YEAR NORMAL DEPARTURE LAST
                VALUE   (LST)  VALUE       VALUE  FROM      YEAR
                                                  NORMAL
..................................................................
TEMPERATURE (F)
 YESTERDAY
  MAXIMUM         85   1253 PM 103    1982  85      0       90
  MINIMUM         43    445 AM  41    2007  52     -9       46
  AVERAGE         64                        68     -4       68

PRECIPITATION (IN)
  YESTERDAY        0.00          0.29 1986   0.00   0.00     0.00
  MONTH TO DATE    0.05                      0.24  -0.19     0.50
  SINCE OCT 1     22.96                     15.99   6.97    13.69
  SINCE JAN 1     15.94                     11.85   4.09    10.16

DEGREE DAYS
 HEATING
  YESTERDAY        1                         1      0        0
  MONTH TO DATE   14                         5      9        8
  SINCE SEP 1     14                         5      9        8
  SINCE JUL 1     14                         8      6        8

 COOLING
  YESTERDAY        0                         4     -4        3
  MONTH TO DATE  186                       157     29       96
  SINCE SEP 1    186                       157     29       96
  SINCE JAN 1   1121                       770    351      892
..................................................................


WIND (MPH)
  RESULTANT WIND SPEED   3   RESULTANT WIND DIRECTION   W (280)
  HIGHEST WIND SPEED    21   HIGHEST WIND DIRECTION     W (260)
  HIGHEST GUST SPEED    29   HIGHEST GUST DIRECTION    NE (60)
  AVERAGE WIND SPEED     4.1


SKY COVER
  POSSIBLE SUNSHINE  MM
  AVERAGE SKY COVER 0.0


WEATHER CONDITIONS
 THE FOLLOWING WEATHER WAS RECORDED YESTERDAY.
  NO SIGNIFICANT WEATHER WAS OBSERVED.


RELATIVE HUMIDITY (PERCENT)
 HIGHEST   100           300 AM
 LOWEST     13          1000 AM
 AVERAGE    57

..........................................................


THE RAMONA AIRPORT CA CLIMATE NORMALS FOR TODAY
                         NORMAL    RECORD    YEAR
 MAXIMUM TEMPERATURE (F)   84       104      1978
 MINIMUM TEMPERATURE (F)   52        39      2005


SUNRISE AND SUNSET
SEPTEMBER 25 2017.....SUNRISE   638 AM PDT   SUNSET   640 PM PDT
SEPTEMBER 26 2017.....SUNRISE   639 AM PDT   SUNSET   638 PM PDT


-  INDICATES NEGATIVE NUMBERS.
R  INDICATES RECORD WAS SET OR TIED.
MM INDICATES DATA IS MISSING.
T  INDICATES TRACE AMOUNT.




$$
