000
CDUS46 KSGX 221524
CLIRNM


CLIMATE REPORT
NATIONAL WEATHER SERVICE SAN DIEGO, CA
724 AM PST SUN JAN 22 2017


...................................

...THE RAMONA AIRPORT CA CLIMATE SUMMARY FOR JANUARY 21 2017...

CLIMATE NORMAL PERIOD 1981 TO 2010
CLIMATE RECORD PERIOD 1974 TO 2017


WEATHER ITEM   OBSERVED TIME   RECORD YEAR NORMAL DEPARTURE LAST
                VALUE   (LST)  VALUE       VALUE  FROM      YEAR
                                                  NORMAL
..................................................................
TEMPERATURE (F)
 YESTERDAY
  MAXIMUM         56    149 PM  80    2014  65     -9       77
                                      1994
  MINIMUM         38   1157 PM  22    2006  35      3       42
  AVERAGE         47                        50     -3       60

PRECIPITATION (IN)
  YESTERDAY        0.02          2.32 2010   0.11  -0.09     0.00
  MONTH TO DATE    4.93                      2.53   2.40     5.53
  SINCE OCT 1     11.95                      6.67   5.28     9.06
  SINCE JAN 1      4.93                      2.53   2.40     5.53

DEGREE DAYS
 HEATING
  YESTERDAY       18                        15      3        5
  MONTH TO DATE  305                       315    -10      315
  SINCE DEC 1    697                       792    -95      815
  SINCE JUL 1    948                      1203   -255     1154

 COOLING
  YESTERDAY        0                         0      0        0
  MONTH TO DATE    0                         0      0        0
  SINCE DEC 1      1                         0      1        0
  SINCE JAN 1      0                         0      0        0
..................................................................


WIND (MPH)
  RESULTANT WIND SPEED   9   RESULTANT WIND DIRECTION   W (270)
  HIGHEST WIND SPEED    24   HIGHEST WIND DIRECTION     W (270)
  HIGHEST GUST SPEED    28   HIGHEST GUST DIRECTION     W (270)
  AVERAGE WIND SPEED     9.4


SKY COVER
  POSSIBLE SUNSHINE  MM
  AVERAGE SKY COVER 0.7


WEATHER CONDITIONS
 THE FOLLOWING WEATHER WAS RECORDED YESTERDAY.
  LIGHT RAIN
  FOG


RELATIVE HUMIDITY (PERCENT)
 HIGHEST   100           100 AM
 LOWEST     71          1100 AM
 AVERAGE    86

..........................................................


THE RAMONA AIRPORT CA CLIMATE NORMALS FOR TODAY
                         NORMAL    RECORD    YEAR
 MAXIMUM TEMPERATURE (F)   65        82      2013
                                             1994
 MINIMUM TEMPERATURE (F)   35        23      2007


SUNRISE AND SUNSET
JANUARY 22 2017.......SUNRISE   648 AM PST   SUNSET   511 PM PST
JANUARY 23 2017.......SUNRISE   648 AM PST   SUNSET   512 PM PST


-  INDICATES NEGATIVE NUMBERS.
R  INDICATES RECORD WAS SET OR TIED.
MM INDICATES DATA IS MISSING.
T  INDICATES TRACE AMOUNT.




$$
