000
CDUS46 KSGX 070124
CLIRNM


CLIMATE REPORT
NATIONAL WEATHER SERVICE SAN DIEGO, CA
524 PM PST TUE DEC 6 2016


...................................

...THE RAMONA AIRPORT CA CLIMATE SUMMARY FOR DECEMBER 6 2016...
VALID TODAY AS OF 0500 PM LOCAL TIME.

CLIMATE NORMAL PERIOD 1981 TO 2010
CLIMATE RECORD PERIOD 1974 TO 2016


WEATHER ITEM   OBSERVED TIME   RECORD YEAR NORMAL DEPARTURE LAST
                VALUE   (LST)  VALUE       VALUE  FROM      YEAR
                                                  NORMAL
..................................................................
TEMPERATURE (F)
 TODAY
  MAXIMUM         61    112 PM  87    1979  65     -4       81
  MINIMUM         42    710 AM  24    2006  35      7       37
                                      1978
  AVERAGE         52                        50      2       59

PRECIPITATION (IN)
  TODAY            0.00          0.59 1997   0.06  -0.06     0.00
  MONTH TO DATE    0.00                      0.32  -0.32     0.00
  SINCE OCT 1      1.63                      2.23  -0.60     1.76
  SINCE JAN 1     11.79                     14.13  -2.34    10.48

DEGREE DAYS
 HEATING
  TODAY           13                        15     -2        6
  MONTH TO DATE   91                        87      4       66
  SINCE DEC 1     91                        87      4       66
  SINCE JUL 1    342                       498   -156      405

 COOLING
  TODAY            0                         0      0        0
  MONTH TO DATE    0                         0      0        0
  SINCE DEC 1      0                         0      0        0
  SINCE JAN 1   1019                       850    169     1207
..................................................................


WIND (MPH)
  RESULTANT WIND SPEED   2   RESULTANT WIND DIRECTION  SW (210)
  HIGHEST WIND SPEED    13   HIGHEST WIND DIRECTION     W (250)
  HIGHEST GUST SPEED    15   HIGHEST GUST DIRECTION    SW (210)
  AVERAGE WIND SPEED     3.5


SKY COVER
  POSSIBLE SUNSHINE  MM
  AVERAGE SKY COVER 0.8


WEATHER CONDITIONS
 THE FOLLOWING WEATHER WAS RECORDED TODAY.
  NO SIGNIFICANT WEATHER WAS OBSERVED.


RELATIVE HUMIDITY (PERCENT)
 HIGHEST    93           400 AM
 LOWEST     62          1200 PM
 AVERAGE    78

..........................................................


THE RAMONA AIRPORT CA CLIMATE NORMALS FOR TOMORROW
                         NORMAL    RECORD    YEAR
 MAXIMUM TEMPERATURE (F)   65        85      1981
 MINIMUM TEMPERATURE (F)   35        22      1978


SUNRISE AND SUNSET
DECEMBER  6 2016......SUNRISE   637 AM PST   SUNSET   441 PM PST
DECEMBER  7 2016......SUNRISE   638 AM PST   SUNSET   441 PM PST


-  INDICATES NEGATIVE NUMBERS.
R  INDICATES RECORD WAS SET OR TIED.
MM INDICATES DATA IS MISSING.
T  INDICATES TRACE AMOUNT.




$$
