000
CDUS46 KSGX 211150
CLIRNM


CLIMATE REPORT
NATIONAL WEATHER SERVICE SAN DIEGO, CA
450 AM PDT FRI JUL 21 2017


...................................

...THE RAMONA AIRPORT CA CLIMATE SUMMARY FOR JULY 20 2017...

CLIMATE NORMAL PERIOD 1981 TO 2010
CLIMATE RECORD PERIOD 1974 TO 2017


WEATHER ITEM   OBSERVED TIME   RECORD YEAR NORMAL DEPARTURE LAST
                VALUE   (LST)  VALUE       VALUE  FROM      YEAR
                                                  NORMAL
..................................................................
TEMPERATURE (F)
 YESTERDAY
  MAXIMUM         91   1155 AM 102    1982  89      2      100
  MINIMUM         62   1159 PM  46    1980  57      5       58
  AVERAGE         77                        73      4       79

PRECIPITATION (IN)
  YESTERDAY        0.00          1.41 1979   0.01  -0.01     0.00
  MONTH TO DATE    T                         0.07  -0.07     0.00
  SINCE OCT 1     22.73                     15.54   7.19    13.19
  SINCE JAN 1     15.71                     11.40   4.31     9.66

DEGREE DAYS
 HEATING
  YESTERDAY        0                         0      0        0
  MONTH TO DATE    0                         0      0        0
  SINCE JUN 1     13                        27    -14        4
  SINCE JUL 1      0                         0      0        0

 COOLING
  YESTERDAY       12                         8      4       14
  MONTH TO DATE  247                       133    114      134
  SINCE JUN 1    421                       219    202      328
  SINCE JAN 1    471                       246    225      340
..................................................................


WIND (MPH)
  RESULTANT WIND SPEED   4   RESULTANT WIND DIRECTION   W (270)
  HIGHEST WIND SPEED    15   HIGHEST WIND DIRECTION     W (270)
  HIGHEST GUST SPEED    19   HIGHEST GUST DIRECTION     W (270)
  AVERAGE WIND SPEED     5.4


SKY COVER
  POSSIBLE SUNSHINE  MM
  AVERAGE SKY COVER 0.0


WEATHER CONDITIONS
 THE FOLLOWING WEATHER WAS RECORDED YESTERDAY.
  FOG


RELATIVE HUMIDITY (PERCENT)
 HIGHEST    93          1000 PM
 LOWEST     37           500 PM
 AVERAGE    65

..........................................................


THE RAMONA AIRPORT CA CLIMATE NORMALS FOR TODAY
                         NORMAL    RECORD    YEAR
 MAXIMUM TEMPERATURE (F)   89       101      2016
                                             1982
 MINIMUM TEMPERATURE (F)   57        47      2011


SUNRISE AND SUNSET
JULY 21 2017..........SUNRISE   554 AM PDT   SUNSET   754 PM PDT
JULY 22 2017..........SUNRISE   554 AM PDT   SUNSET   753 PM PDT


-  INDICATES NEGATIVE NUMBERS.
R  INDICATES RECORD WAS SET OR TIED.
MM INDICATES DATA IS MISSING.
T  INDICATES TRACE AMOUNT.




$$
