000
CDUS46 KSGX 291416
CLIRNM


CLIMATE REPORT
NATIONAL WEATHER SERVICE SAN DIEGO, CA
716 AM PDT SUN MAY 29 2016


...................................

...THE RAMONA AIRPORT CA CLIMATE SUMMARY FOR MAY 28 2016...

CLIMATE NORMAL PERIOD 1981 TO 2010
CLIMATE RECORD PERIOD 1974 TO 2016


WEATHER ITEM   OBSERVED TIME   RECORD YEAR NORMAL DEPARTURE LAST
                VALUE   (LST)  VALUE       VALUE  FROM      YEAR
                                                  NORMAL
..................................................................
TEMPERATURE (F)
 YESTERDAY
  MAXIMUM         75    218 PM  99    1978  78     -3       82
  MINIMUM         53   1208 AM  41    2012  49      4       51
  AVERAGE         64                        63      1       67

PRECIPITATION (IN)
  YESTERDAY        0.00          0.47 1990   0.00   0.00      T
  MONTH TO DATE    0.25                      0.30  -0.05     1.48
  SINCE OCT 1     13.19                     15.35  -2.16     9.41
  SINCE JAN 1      9.66                     11.21  -1.55     4.81

DEGREE DAYS
 HEATING
  YESTERDAY        1                         3     -2        0
  MONTH TO DATE  135                       125     10      149
  SINCE MAR 1    645                       776   -131      537
  SINCE JUL 1   2148                      2517   -369     1721

 COOLING
  YESTERDAY        0                         1     -1        2
  MONTH TO DATE    6                        16    -10        8
  SINCE MAR 1      7                        20    -13       27
  SINCE JAN 1     12                        21     -9       29
..................................................................


WIND (MPH)
  RESULTANT WIND SPEED   5   RESULTANT WIND DIRECTION   W (270)
  HIGHEST WIND SPEED    18   HIGHEST WIND DIRECTION     W (270)
  HIGHEST GUST SPEED    22   HIGHEST GUST DIRECTION     W (280)
  AVERAGE WIND SPEED     5.8


SKY COVER
  POSSIBLE SUNSHINE  MM
  AVERAGE SKY COVER 0.8


WEATHER CONDITIONS
 THE FOLLOWING WEATHER WAS RECORDED YESTERDAY.
  FOG
  FOG W/VISIBILITY <= 1/4 MILE
  HAZE


RELATIVE HUMIDITY (PERCENT)
 HIGHEST   100           200 AM
 LOWEST     49           100 PM
 AVERAGE    75

..........................................................


THE RAMONA AIRPORT CA CLIMATE NORMALS FOR TODAY
                         NORMAL    RECORD    YEAR
 MAXIMUM TEMPERATURE (F)   78       102      1984
 MINIMUM TEMPERATURE (F)   49        41      2010
                                             2006


SUNRISE AND SUNSET
MAY 29 2016...........SUNRISE   541 AM PDT   SUNSET   750 PM PDT
MAY 30 2016...........SUNRISE   540 AM PDT   SUNSET   751 PM PDT


-  INDICATES NEGATIVE NUMBERS.
R  INDICATES RECORD WAS SET OR TIED.
MM INDICATES DATA IS MISSING.
T  INDICATES TRACE AMOUNT.




$$
