000
CDUS46 KSGX 171250
CLIRNM


CLIMATE REPORT
NATIONAL WEATHER SERVICE SAN DIEGO, CA
450 AM PST FRI NOV 17 2017


...................................

...THE RAMONA AIRPORT CA CLIMATE SUMMARY FOR NOVEMBER 16 2017...

CLIMATE NORMAL PERIOD 1981 TO 2010
CLIMATE RECORD PERIOD 1974 TO 2017


WEATHER ITEM   OBSERVED TIME   RECORD YEAR NORMAL DEPARTURE LAST
                VALUE   (LST)  VALUE       VALUE  FROM      YEAR
                                                  NORMAL
..................................................................
TEMPERATURE (F)
 YESTERDAY
  MAXIMUM         81   1200 PM  87    2008  71     10       74
  MINIMUM         79    300 PM  26    2000  40     39       44
  AVERAGE         80                        55     25       59

PRECIPITATION (IN)
  YESTERDAY        0.00          0.10 1994   0.04  -0.04     0.00
  MONTH TO DATE    T                         0.66  -0.66     0.00
  SINCE OCT 1      T                         1.38  -1.38     0.18
  SINCE JAN 1     15.94                     13.28   2.66    10.34

DEGREE DAYS
 HEATING
  YESTERDAY        0                        10    -10        6
  MONTH TO DATE   93                       123    -30       35
  SINCE SEP 1    136                       239   -103       85
  SINCE JUL 1    136                       242   -106       85

 COOLING
  YESTERDAY       15                         0     15        0
  MONTH TO DATE   15                         4     11       17
  SINCE SEP 1    334                       235     99      223
  SINCE JAN 1   1269                       848    421     1019
..................................................................


WIND (MPH)
  RESULTANT WIND SPEED   6   RESULTANT WIND DIRECTION   W (270)
  HIGHEST WIND SPEED     9   HIGHEST WIND DIRECTION     W (290)
  HIGHEST GUST SPEED    MM   HIGHEST GUST DIRECTION    MM
  AVERAGE WIND SPEED     5.9


SKY COVER
  POSSIBLE SUNSHINE  MM
  AVERAGE SKY COVER 0.0


WEATHER CONDITIONS
 THE FOLLOWING WEATHER WAS RECORDED YESTERDAY.
  NO SIGNIFICANT WEATHER WAS OBSERVED.


RELATIVE HUMIDITY (PERCENT)
 HIGHEST    79          1000 AM
 LOWEST     79          1000 AM
 AVERAGE    79

..........................................................


THE RAMONA AIRPORT CA CLIMATE NORMALS FOR TODAY
                         NORMAL    RECORD    YEAR
 MAXIMUM TEMPERATURE (F)   71        90      2008
 MINIMUM TEMPERATURE (F)   39        28      2015
                                             1994


SUNRISE AND SUNSET
NOVEMBER 17 2017......SUNRISE   620 AM PST   SUNSET   445 PM PST
NOVEMBER 18 2017......SUNRISE   621 AM PST   SUNSET   444 PM PST


-  INDICATES NEGATIVE NUMBERS.
R  INDICATES RECORD WAS SET OR TIED.
MM INDICATES DATA IS MISSING.
T  INDICATES TRACE AMOUNT.




$$
