000
CDUS46 KSGX 300016
CLIRNM


CLIMATE REPORT
NATIONAL WEATHER SERVICE SAN DIEGO, CA
516 PM PDT WED MAR 29 2017


...................................

...THE RAMONA AIRPORT CA CLIMATE SUMMARY FOR MARCH 29 2017...
VALID TODAY AS OF 0500 PM LOCAL TIME.

CLIMATE NORMAL PERIOD 1981 TO 2010
CLIMATE RECORD PERIOD 1974 TO 2017


WEATHER ITEM   OBSERVED TIME   RECORD YEAR NORMAL DEPARTURE LAST
                VALUE   (LST)  VALUE       VALUE  FROM      YEAR
                                                  NORMAL
..................................................................
TEMPERATURE (F)
 TODAY
  MAXIMUM         79    151 PM  91    2004  67     12       60
  MINIMUM         36    556 AM  28    1975  40     -4       39
  AVERAGE         58                        54      4       50

PRECIPITATION (IN)
  TODAY            0.00          0.82 1998   0.06  -0.06     0.08
  MONTH TO DATE    0.09                      2.97  -2.88     1.28
  SINCE OCT 1     21.58                     13.54   8.04    11.46
  SINCE JAN 1     14.56                      9.40   5.16     7.93

DEGREE DAYS
 HEATING
  TODAY            7                        11     -4       15
  MONTH TO DATE  193                       354   -161      281
  SINCE MAR 1    193                       354   -161      281
  SINCE JUL 1   1628                      2095   -467     1784

 COOLING
  TODAY            0                         0      0        0
  MONTH TO DATE    3                         0      3        0
  SINCE MAR 1      3                         0      3        0
  SINCE JAN 1      3                         1      2        5
..................................................................


WIND (MPH)
  RESULTANT WIND SPEED   2   RESULTANT WIND DIRECTION   W (290)
  HIGHEST WIND SPEED    14   HIGHEST WIND DIRECTION     W (270)
  HIGHEST GUST SPEED    16   HIGHEST GUST DIRECTION     W (270)
  AVERAGE WIND SPEED     5.1


SKY COVER
  POSSIBLE SUNSHINE  MM
  AVERAGE SKY COVER 0.0


WEATHER CONDITIONS
 THE FOLLOWING WEATHER WAS RECORDED TODAY.
  NO SIGNIFICANT WEATHER WAS OBSERVED.


RELATIVE HUMIDITY (PERCENT)
 HIGHEST   100           100 AM
 LOWEST     22          1100 AM
 AVERAGE    61

..........................................................


THE RAMONA AIRPORT CA CLIMATE NORMALS FOR TOMORROW
                         NORMAL    RECORD    YEAR
 MAXIMUM TEMPERATURE (F)   68        85      2004
 MINIMUM TEMPERATURE (F)   40        29      1977


SUNRISE AND SUNSET
MARCH 29 2017.........SUNRISE   639 AM PDT   SUNSET   706 PM PDT
MARCH 30 2017.........SUNRISE   638 AM PDT   SUNSET   707 PM PDT


-  INDICATES NEGATIVE NUMBERS.
R  INDICATES RECORD WAS SET OR TIED.
MM INDICATES DATA IS MISSING.
T  INDICATES TRACE AMOUNT.




$$
