000
CDUS46 KSGX 031422
CLIRNM


CLIMATE REPORT
NATIONAL WEATHER SERVICE SAN DIEGO, CA
621 AM PST TUE MAR 3 2015


...................................

...THE RAMONA AIRPORT CA CLIMATE SUMMARY FOR MARCH 2 2015...

CLIMATE NORMAL PERIOD 1981 TO 2010
CLIMATE RECORD PERIOD 1974 TO 2015


WEATHER ITEM   OBSERVED TIME   RECORD YEAR NORMAL DEPARTURE LAST
                VALUE   (LST)  VALUE       VALUE  FROM      YEAR
                                                  NORMAL
..................................................................
TEMPERATURE (F)
 YESTERDAY
  MAXIMUM         52    435 PM  84    1975  65    -13       56
  MINIMUM         37   1153 PM  24    1977  39     -2       43
  AVERAGE         45                        52     -7       50

PRECIPITATION (IN)
  YESTERDAY        0.36          1.70 1983   0.18   0.18     0.12
  MONTH TO DATE    1.23                      0.35   0.88     0.89
  SINCE OCT 1      7.44                     10.92  -3.48     6.68
  SINCE JAN 1      2.84                      6.78  -3.94     4.01

SNOWFALL (IN)
  YESTERDAY       MM
  MONTH TO DATE   MM
  SINCE JAN 1      0.0
  SINCE JUL 1      0.0
  SNOW DEPTH       0

DEGREE DAYS
 HEATING
  YESTERDAY       20                        13      7       15
  MONTH TO DATE   36                        26     10       26
  SINCE MAR 1     36                        26     10       26
  SINCE JUL 1   1220                      1767   -547     1447

 COOLING
  YESTERDAY        0                         0      0        0
  MONTH TO DATE    0                         0      0        0
  SINCE MAR 1      0                         0      0        0
  SINCE JAN 1      2                         1      1        0
..................................................................


WIND (MPH)
  RESULTANT WIND SPEED   3   RESULTANT WIND DIRECTION   E (90)
  HIGHEST WIND SPEED    25   HIGHEST WIND DIRECTION     W (270)
  HIGHEST GUST SPEED    28   HIGHEST GUST DIRECTION     W (270)
  AVERAGE WIND SPEED     4.4


SKY COVER
  POSSIBLE SUNSHINE  MM
  AVERAGE SKY COVER 0.7


WEATHER CONDITIONS
 THE FOLLOWING WEATHER WAS RECORDED YESTERDAY.
  THUNDERSTORM
  RAIN
  LIGHT RAIN
  FOG


RELATIVE HUMIDITY (PERCENT)
 HIGHEST    93           200 AM
 LOWEST     80           900 AM
 AVERAGE    87

..........................................................


THE RAMONA AIRPORT CA CLIMATE NORMALS FOR TODAY
                         NORMAL    RECORD    YEAR
 MAXIMUM TEMPERATURE (F)   66        84      1975
 MINIMUM TEMPERATURE (F)   39        25      1977


SUNRISE AND SUNSET
MARCH  3 2015.........SUNRISE   613 AM PST   SUNSET   546 PM PST
MARCH  4 2015.........SUNRISE   612 AM PST   SUNSET   547 PM PST


-  INDICATES NEGATIVE NUMBERS.
R  INDICATES RECORD WAS SET OR TIED.
MM INDICATES DATA IS MISSING.
T  INDICATES TRACE AMOUNT.




$$
