000
CDUS46 KSGX 241416
CLIRNM


CLIMATE REPORT
NATIONAL WEATHER SERVICE SAN DIEGO, CA
716 AM PDT SUN JUL 24 2016


...................................

...THE RAMONA AIRPORT CA CLIMATE SUMMARY FOR JULY 23 2016...

CLIMATE NORMAL PERIOD 1981 TO 2010
CLIMATE RECORD PERIOD 1974 TO 2016


WEATHER ITEM   OBSERVED TIME   RECORD YEAR NORMAL DEPARTURE LAST
                VALUE   (LST)  VALUE       VALUE  FROM      YEAR
                                                  NORMAL
..................................................................
TEMPERATURE (F)
 YESTERDAY
  MAXIMUM        101   1129 AM 102    2006  89     12       86
  MINIMUM         60    318 AM  48    1995  57      3       63
  AVERAGE         81                        73      8       75

PRECIPITATION (IN)
  YESTERDAY        0.00          0.41 2005   0.00   0.00     0.00
  MONTH TO DATE    0.00                      0.08  -0.08     2.38
  SINCE OCT 1     13.19                     15.55  -2.36    12.02
  SINCE JAN 1      9.66                     11.41  -1.75     7.42

DEGREE DAYS
 HEATING
  YESTERDAY        0                         0      0        0
  MONTH TO DATE    0                         0      0        0
  SINCE JUN 1      4                        27    -23        8
  SINCE JUL 1      0                         0      0        0

 COOLING
  YESTERDAY       16                         8      8       10
  MONTH TO DATE  184                       157     27      148
  SINCE JUN 1    378                       243    135      340
  SINCE JAN 1    390                       270    120      375
..................................................................


WIND (MPH)
  RESULTANT WIND SPEED   5   RESULTANT WIND DIRECTION  NW (300)
  HIGHEST WIND SPEED    16   HIGHEST WIND DIRECTION     W (270)
  HIGHEST GUST SPEED    21   HIGHEST GUST DIRECTION     W (280)
  AVERAGE WIND SPEED     5.4


SKY COVER
  POSSIBLE SUNSHINE  MM
  AVERAGE SKY COVER 0.0


WEATHER CONDITIONS
 THE FOLLOWING WEATHER WAS RECORDED YESTERDAY.
  NO SIGNIFICANT WEATHER WAS OBSERVED.


RELATIVE HUMIDITY (PERCENT)
 HIGHEST    63          1100 PM
 LOWEST     13           900 AM
 AVERAGE    38

..........................................................


THE RAMONA AIRPORT CA CLIMATE NORMALS FOR TODAY
                         NORMAL    RECORD    YEAR
 MAXIMUM TEMPERATURE (F)   89       103      2006
 MINIMUM TEMPERATURE (F)   57        46      2008


SUNRISE AND SUNSET
JULY 24 2016..........SUNRISE   556 AM PDT   SUNSET   752 PM PDT
JULY 25 2016..........SUNRISE   557 AM PDT   SUNSET   751 PM PDT


-  INDICATES NEGATIVE NUMBERS.
R  INDICATES RECORD WAS SET OR TIED.
MM INDICATES DATA IS MISSING.
T  INDICATES TRACE AMOUNT.




$$
