000
CDUS46 KSGX 011214
CLIRNM


CLIMATE REPORT
NATIONAL WEATHER SERVICE SAN DIEGO, CA
513 AM PDT TUE SEP 1 2015


...................................

...THE RAMONA AIRPORT CA CLIMATE SUMMARY FOR AUGUST 31 2015...

CLIMATE NORMAL PERIOD 1981 TO 2010
CLIMATE RECORD PERIOD 1974 TO 2015


WEATHER ITEM   OBSERVED TIME   RECORD YEAR NORMAL DEPARTURE LAST
                VALUE   (LST)  VALUE       VALUE  FROM      YEAR
                                                  NORMAL
..................................................................
TEMPERATURE (F)
 YESTERDAY
  MAXIMUM         88   1227 PM 104    2007  90     -2       95
  MINIMUM         57    406 AM  44    2005  57      0       56
  AVERAGE         73                        74     -1       76

PRECIPITATION (IN)
  YESTERDAY        0.00          0.01 2005   0.01  -0.01     0.00
                                      2005
                                      2006
  MONTH TO DATE    T                         0.15  -0.15     0.25
  SINCE OCT 1     12.02                     15.75  -3.73     8.17
  SINCE JAN 1      7.42                     11.61  -4.19     5.50

DEGREE DAYS
 HEATING
  YESTERDAY        0                         0      0        0
  MONTH TO DATE    0                         0      0        0
  SINCE JUN 1      8                        30    -22        7
  SINCE JUL 1      0                         3     -3        0

 COOLING
  YESTERDAY        8                         9     -1       11
  MONTH TO DATE  332                       278     54      277
  SINCE JUN 1    745                       586    159      656
  SINCE JAN 1    780                       613    167      739
..................................................................


WIND (MPH)
  RESULTANT WIND SPEED   4   RESULTANT WIND DIRECTION   W (270)
  HIGHEST WIND SPEED    17   HIGHEST WIND DIRECTION     W (280)
  HIGHEST GUST SPEED    28   HIGHEST GUST DIRECTION    NW (300)
  AVERAGE WIND SPEED     5.3


SKY COVER
  POSSIBLE SUNSHINE  MM
  AVERAGE SKY COVER 0.2


WEATHER CONDITIONS
 THE FOLLOWING WEATHER WAS RECORDED YESTERDAY.
  FOG
  FOG W/VISIBILITY <= 1/4 MILE


RELATIVE HUMIDITY (PERCENT)
 HIGHEST   100           500 AM
 LOWEST     35          1200 PM
 AVERAGE    68

..........................................................


THE RAMONA AIRPORT CA CLIMATE NORMALS FOR TODAY
                         NORMAL    RECORD    YEAR
 MAXIMUM TEMPERATURE (F)   90       106      2007
 MINIMUM TEMPERATURE (F)   57        45      2005


SUNRISE AND SUNSET
SEPTEMBER  1 2015.....SUNRISE   622 AM PDT   SUNSET   713 PM PDT
SEPTEMBER  2 2015.....SUNRISE   623 AM PDT   SUNSET   711 PM PDT


-  INDICATES NEGATIVE NUMBERS.
R  INDICATES RECORD WAS SET OR TIED.
MM INDICATES DATA IS MISSING.
T  INDICATES TRACE AMOUNT.




$$
