000
CDUS46 KSGX 170117
CLIRNM


CLIMATE REPORT
NATIONAL WEATHER SERVICE SAN DIEGO, CA
517 PM PST TUE JAN 16 2018


...................................

...THE RAMONA AIRPORT CA CLIMATE SUMMARY FOR JANUARY 16 2018...
VALID TODAY AS OF 0500 PM LOCAL TIME.

CLIMATE NORMAL PERIOD 1981 TO 2010
CLIMATE RECORD PERIOD 1974 TO 2018


WEATHER ITEM   OBSERVED TIME   RECORD YEAR NORMAL DEPARTURE LAST
                VALUE   (LST)  VALUE       VALUE  FROM      YEAR
                                                  NORMAL
..................................................................
TEMPERATURE (F)
 TODAY
  MAXIMUM         73   1259 PM  84    1976  66      7       62
                                      1975
  MINIMUM         40    715 AM  22    2007  35      5       39
  AVERAGE         57                        50      7       51

PRECIPITATION (IN)
  TODAY            0.00          1.74 1993   0.12  -0.12     0.00
  MONTH TO DATE    3.27                      1.98   1.29     1.57
  SINCE OCT 1      3.31                      6.12  -2.81     8.59
  SINCE JAN 1      3.27                      1.98   1.29     1.57

DEGREE DAYS
 HEATING
  TODAY            8                        15     -7       14
  MONTH TO DATE   95                       240   -145      224
  SINCE DEC 1    404                       717   -313      616
  SINCE JUL 1    585                      1128   -543      867

 COOLING
  TODAY            0                         0      0        0
  MONTH TO DATE    3                         0      3        0
  SINCE DEC 1      4                         0      4        1
  SINCE JAN 1      3                         0      3        0
..................................................................


WIND (MPH)
  RESULTANT WIND SPEED   1   RESULTANT WIND DIRECTION  NW (320)
  HIGHEST WIND SPEED    13   HIGHEST WIND DIRECTION    NW (310)
  HIGHEST GUST SPEED    16   HIGHEST GUST DIRECTION     W (270)
  AVERAGE WIND SPEED     3.6


SKY COVER
  POSSIBLE SUNSHINE  MM
  AVERAGE SKY COVER 0.0


WEATHER CONDITIONS
 THE FOLLOWING WEATHER WAS RECORDED TODAY.
  NO SIGNIFICANT WEATHER WAS OBSERVED.


RELATIVE HUMIDITY (PERCENT)
 HIGHEST   100           300 AM
 LOWEST     27          1100 AM
 AVERAGE    64

..........................................................


THE RAMONA AIRPORT CA CLIMATE NORMALS FOR TOMORROW
                         NORMAL    RECORD    YEAR
 MAXIMUM TEMPERATURE (F)   66        89      1976
 MINIMUM TEMPERATURE (F)   35        16      2007


SUNRISE AND SUNSET
JANUARY 16 2018.......SUNRISE   650 AM PST   SUNSET   505 PM PST
JANUARY 17 2018.......SUNRISE   650 AM PST   SUNSET   506 PM PST


-  INDICATES NEGATIVE NUMBERS.
R  INDICATES RECORD WAS SET OR TIED.
MM INDICATES DATA IS MISSING.
T  INDICATES TRACE AMOUNT.




$$
