000
CDUS46 KSGX 281419
CLIRNM


CLIMATE REPORT
NATIONAL WEATHER SERVICE SAN DIEGO, CA
718 AM PDT THU MAY 28 2015


...................................

...THE RAMONA AIRPORT CA CLIMATE SUMMARY FOR MAY 27 2015...

CLIMATE NORMAL PERIOD 1981 TO 2010
CLIMATE RECORD PERIOD 1974 TO 2015


WEATHER ITEM   OBSERVED TIME   RECORD YEAR NORMAL DEPARTURE LAST
                VALUE   (LST)  VALUE       VALUE  FROM      YEAR
                                                  NORMAL
..................................................................
TEMPERATURE (F)
 YESTERDAY
  MAXIMUM         72    326 PM  93    2000  77     -5       86
  MINIMUM         52   1033 PM  40    2012  49      3       56
  AVERAGE         62                        63     -1       71

PRECIPITATION (IN)
  YESTERDAY        0.00          0.39 1981   0.01  -0.01     0.00
  MONTH TO DATE    1.48                      0.30   1.18      T
  SINCE OCT 1      9.41                     15.35  -5.94     7.76
  SINCE JAN 1      4.81                     11.21  -6.40     5.09

SNOWFALL (IN)
  YESTERDAY        0.0
  MONTH TO DATE    0.0
  SINCE MAR 1      0.0
  SINCE JUL 1      0.0
  SNOW DEPTH       0

DEGREE DAYS
 HEATING
  YESTERDAY        3                         3      0        0
  MONTH TO DATE  149                       122     27       68
  SINCE MAR 1    537                       773   -236      509
  SINCE JUL 1   1721                      2514   -793     1930

 COOLING
  YESTERDAY        0                         1     -1        6
  MONTH TO DATE    6                        15     -9       62
  SINCE MAR 1     25                        19      6       71
  SINCE JAN 1     27                        20      7       71
..................................................................


WIND (MPH)
  RESULTANT WIND SPEED   6   RESULTANT WIND DIRECTION   W (290)
  HIGHEST WIND SPEED    14   HIGHEST WIND DIRECTION     W (270)
  HIGHEST GUST SPEED    19   HIGHEST GUST DIRECTION     W (290)
  AVERAGE WIND SPEED     5.8


SKY COVER
  POSSIBLE SUNSHINE  MM
  AVERAGE SKY COVER 0.6


WEATHER CONDITIONS
 THE FOLLOWING WEATHER WAS RECORDED YESTERDAY.
  FOG


RELATIVE HUMIDITY (PERCENT)
 HIGHEST   100           100 AM
 LOWEST     53           200 PM
 AVERAGE    77

..........................................................


THE RAMONA AIRPORT CA CLIMATE NORMALS FOR TODAY
                         NORMAL    RECORD    YEAR
 MAXIMUM TEMPERATURE (F)   78        99      1978
 MINIMUM TEMPERATURE (F)   49        41      2012


SUNRISE AND SUNSET
MAY 28 2015...........SUNRISE   541 AM PDT   SUNSET   749 PM PDT
MAY 29 2015...........SUNRISE   541 AM PDT   SUNSET   750 PM PDT


-  INDICATES NEGATIVE NUMBERS.
R  INDICATES RECORD WAS SET OR TIED.
MM INDICATES DATA IS MISSING.
T  INDICATES TRACE AMOUNT.




$$
