000
CDUS45 KREV 160836
CLIRNO


CLIMATE REPORT
NATIONAL WEATHER SERVICE RENO NV
1235 AM PST TUE JAN 16 2018


...................................

...THE RENO-TAHOE INTL AIRPORT NV CLIMATE SUMMARY FOR JANUARY 15 2018...

CLIMATE NORMAL PERIOD 1981 TO 2010
CLIMATE RECORD PERIOD 1888 TO 2018


WEATHER ITEM   OBSERVED TIME   RECORD YEAR NORMAL DEPARTURE LAST
                VALUE   (LST)  VALUE       VALUE  FROM      YEAR
                                                  NORMAL
..................................................................
TEMPERATURE (F)
 YESTERDAY
  MAXIMUM         51    450 PM  70    1967  45      6       31
  MINIMUM         31    754 AM -12    1949  25      6       28
  AVERAGE         41                        35      6       30

PRECIPITATION (IN)
  YESTERDAY        0.00          0.85 1913   0.04  -0.04     0.00
  MONTH TO DATE    0.53                      0.56  -0.03     4.56
  SINCE OCT 1      2.10                      2.92  -0.82     8.35
  SINCE JAN 1      0.53                      0.56  -0.03     4.56

SNOWFALL (IN)
  YESTERDAY        0.0           9.0  1913   0.1   -0.1      0.0
  MONTH TO DATE    0.0                       3.4   -3.4      9.4
  SINCE DEC 1      1.0                       8.3   -7.3     10.2
  SINCE JUL 1      1.0                      11.8  -10.8     10.8
  SNOW DEPTH       0

DEGREE DAYS
 HEATING
  YESTERDAY       24                        30     -6       35
  MONTH TO DATE  325                       452   -127      470
  SINCE DEC 1   1203                      1373   -170     1333
  SINCE JUL 1   2143                      2476   -333     2211

 COOLING
  YESTERDAY        0                         0      0        0
  MONTH TO DATE    0                         0      0        0
  SINCE DEC 1      0                         0      0        0
  SINCE JAN 1      0                         0      0        0
..................................................................


WIND (MPH)
  RESULTANT WIND SPEED   0   RESULTANT WIND DIRECTION   W (260)
  HIGHEST WIND SPEED     8   HIGHEST WIND DIRECTION     E (110)
  HIGHEST GUST SPEED    12   HIGHEST GUST DIRECTION    NW (300)
  AVERAGE WIND SPEED     0.9



WEATHER CONDITIONS
 THE FOLLOWING WEATHER WAS RECORDED YESTERDAY.
  NO SIGNIFICANT WEATHER WAS OBSERVED.


RELATIVE HUMIDITY (PERCENT)
 HIGHEST    85           700 AM
 LOWEST     46           200 PM
 AVERAGE    66

..........................................................


THE RENO-TAHOE INTL AIRPORT NV CLIMATE NORMALS FOR TODAY
                         NORMAL    RECORD    YEAR
 MAXIMUM TEMPERATURE (F)   46        67      2011
 MINIMUM TEMPERATURE (F)   25        -9      1960


SUNRISE AND SUNSET
JANUARY 16 2018.......SUNRISE   717 AM PST   SUNSET   501 PM PST
JANUARY 17 2018.......SUNRISE   717 AM PST   SUNSET   502 PM PST


-  INDICATES NEGATIVE NUMBERS.
R  INDICATES RECORD WAS SET OR TIED.
MM INDICATES DATA IS MISSING.
T  INDICATES TRACE AMOUNT.




$$
