556
CDUS45 KREV 180842
CLIRNO


CLIMATE REPORT
NATIONAL WEATHER SERVICE RENO NV
1241 AM PST WED JAN 18 2017


...................................

...THE RENO TAHOE AIRPORT NV CLIMATE SUMMARY FOR JANUARY 17 2017...

CLIMATE NORMAL PERIOD 1981 TO 2010
CLIMATE RECORD PERIOD 1888 TO 2017


WEATHER ITEM   OBSERVED TIME   RECORD YEAR NORMAL DEPARTURE LAST
                VALUE   (LST)  VALUE       VALUE  FROM      YEAR
                                                  NORMAL
..................................................................
TEMPERATURE (F)
 YESTERDAY
  MAXIMUM         36    417 PM  66    2011  46    -10       56
  MINIMUM         24   1255 AM  -7    1949  25     -1       29
  AVERAGE         30                        36     -6       43

PRECIPITATION (IN)
  YESTERDAY        T             1.39 1916   0.04  -0.04     0.00
  MONTH TO DATE    4.56                      0.63   3.93     0.38
  SINCE OCT 1      8.35                      2.99   5.36     4.33
  SINCE JAN 1      4.56                      0.63   3.93     0.38

SNOWFALL (IN)
  YESTERDAY       MM            22.5  1916   0.2   MM        0.0
  MONTH TO DATE    9.4                       3.8    5.6      3.1
  SINCE DEC 1     10.2                       8.7    1.5      9.4
  SINCE JUL 1     10.8                      12.2   -1.4     14.5
  SNOW DEPTH       2

DEGREE DAYS
 HEATING
  YESTERDAY       35                        29      6       22
  MONTH TO DATE  540                       511     29      529
  SINCE DEC 1   1403                      1432    -29     1424
  SINCE JUL 1   2281                      2535   -254     2417

 COOLING
  YESTERDAY        0                         0      0        0
  MONTH TO DATE    0                         0      0        0
  SINCE DEC 1      0                         0      0        0
  SINCE JAN 1      0                         0      0        0
..................................................................


WIND (MPH)
  RESULTANT WIND SPEED   0   RESULTANT WIND DIRECTION  SE (150)
  HIGHEST WIND SPEED     8   HIGHEST WIND DIRECTION     S (200)
  HIGHEST GUST SPEED    MM   HIGHEST GUST DIRECTION    MM
  AVERAGE WIND SPEED     1.8



WEATHER CONDITIONS
 THE FOLLOWING WEATHER WAS RECORDED YESTERDAY.
  LIGHT SNOW
  FOG


RELATIVE HUMIDITY (PERCENT)
 HIGHEST    85          1100 PM
 LOWEST     59           300 PM
 AVERAGE    72

..........................................................


THE RENO TAHOE AIRPORT NV CLIMATE NORMALS FOR TODAY
                         NORMAL    RECORD    YEAR
 MAXIMUM TEMPERATURE (F)   46        66      2015
                                             1971
 MINIMUM TEMPERATURE (F)   26        -4      1949
                                             1910


SUNRISE AND SUNSET
JANUARY 18 2017.......SUNRISE   716 AM PST   SUNSET   503 PM PST
JANUARY 19 2017.......SUNRISE   716 AM PST   SUNSET   505 PM PST


-  INDICATES NEGATIVE NUMBERS.
R  INDICATES RECORD WAS SET OR TIED.
MM INDICATES DATA IS MISSING.
T  INDICATES TRACE AMOUNT.




$$
