000
CDUS45 KREV 280044
CLIRNO


CLIMATE REPORT
NATIONAL WEATHER SERVICE RENO NV
543 PM PDT MON MAR 27 2017


...................................

...THE RENO-TAHOE INTL AIRPORT NV     CLIMATE SUMMARY FOR MARCH 27 2017...
VALID TODAY AS OF 0500 PM LOCAL TIME.

CLIMATE NORMAL PERIOD 1981 TO 2010
CLIMATE RECORD PERIOD 1888 TO 2017


WEATHER ITEM   OBSERVED TIME   RECORD YEAR NORMAL DEPARTURE LAST
                VALUE   (LST)  VALUE       VALUE  FROM      YEAR
                                                  NORMAL
..................................................................
TEMPERATURE (F)
 TODAY
  MAXIMUM         52    351 PM  80    2015  60     -8       67
  MINIMUM         38    608 AM  13    1902  35      3       38
  AVERAGE         45                        47     -2       53

PRECIPITATION (IN)
  TODAY            0.02          0.20 1928   0.01   0.01     0.00
  MONTH TO DATE    0.74                      0.69   0.05     0.29
  SINCE OCT 1     13.52                      5.10   8.42     6.36
  SINCE JAN 1      9.73                      2.74   6.99     2.41

SNOWFALL (IN)
  TODAY            0.0           2.1  1985   0.0    0.0      0.0
  MONTH TO DATE    2.9                       1.8    1.1       T
  SINCE MAR 1      2.9                       1.8    1.1       T
  SINCE JUL 1     27.0                      20.8    6.2     24.1
  SNOW DEPTH       0

DEGREE DAYS
 HEATING
  TODAY           20                        18      2       12
  MONTH TO DATE  430                       528    -98      424
  SINCE MAR 1    430                       528    -98      424
  SINCE JUL 1   3803                      4166   -363     3761

 COOLING
  TODAY            0                         0      0        0
  MONTH TO DATE    0                         0      0        0
  SINCE MAR 1      0                         0      0        0
  SINCE JAN 1      0                         0      0        0
..................................................................


WIND (MPH)
  RESULTANT WIND SPEED  11   RESULTANT WIND DIRECTION   N (350)
  HIGHEST WIND SPEED    22   HIGHEST WIND DIRECTION     N (340)
  HIGHEST GUST SPEED    29   HIGHEST GUST DIRECTION     N (360)
  AVERAGE WIND SPEED    12.3



WEATHER CONDITIONS
 THE FOLLOWING WEATHER WAS RECORDED TODAY.
  LIGHT RAIN


RELATIVE HUMIDITY (PERCENT)
 HIGHEST    82           600 AM
 LOWEST     28           400 PM
 AVERAGE    55

..........................................................


THE RENO-TAHOE INTL AIRPORT NV     CLIMATE NORMALS FOR TOMORROW
                         NORMAL    RECORD    YEAR
 MAXIMUM TEMPERATURE (F)   60        76      1966
 MINIMUM TEMPERATURE (F)   35        11      1977


SUNRISE AND SUNSET
MARCH 27 2017.........SUNRISE   651 AM PDT   SUNSET   719 PM PDT
MARCH 28 2017.........SUNRISE   649 AM PDT   SUNSET   719 PM PDT


-  INDICATES NEGATIVE NUMBERS.
R  INDICATES RECORD WAS SET OR TIED.
MM INDICATES DATA IS MISSING.
T  INDICATES TRACE AMOUNT.




$$
