000
CDUS45 KREV 050050
CLIRNO


CLIMATE REPORT
NATIONAL WEATHER SERVICE RENO NV
550 PM PDT TUE AUG 4 2015


...................................

...THE RENO TAHOE AIRPORT NV CLIMATE SUMMARY FOR AUGUST 4 2015...
VALID TODAY AS OF 0500 PM LOCAL TIME.

CLIMATE NORMAL PERIOD 1981 TO 2010
CLIMATE RECORD PERIOD 1888 TO 2015


WEATHER ITEM   OBSERVED TIME   RECORD YEAR NORMAL DEPARTURE LAST
                VALUE   (LST)  VALUE       VALUE  FROM      YEAR
                                                  NORMAL
..................................................................
TEMPERATURE (F)
 TODAY
  MAXIMUM         92   1249 PM 102    1978  93     -1       76
  MINIMUM         60    558 AM  36    1963  58      2       57
  AVERAGE         76                        75      1       67

PRECIPITATION (IN)
  TODAY            0.00          1.32 1899   0.01  -0.01     0.55
  MONTH TO DATE    0.00                      0.04  -0.04     0.55
  SINCE OCT 1      5.72                      6.86  -1.14     3.71
  SINCE JAN 1      4.30                      4.50  -0.20     2.75

SNOWFALL (IN)
  TODAY            0.0           0.0    MM   0.0    0.0      0.0
  MONTH TO DATE    0.0                       0.0    0.0      0.0
  SINCE JUN 1      0.0                       T      0.0      0.0
  SINCE JUL 1      0.0                       0.0    0.0      0.0
  SNOW DEPTH       0

DEGREE DAYS
 HEATING
  TODAY            0                         0      0        0
  MONTH TO DATE    0                         0      0        0
  SINCE JUN 1      8                        61    -53       10
  SINCE JUL 1      1                         5     -4        0

 COOLING
  TODAY           11                        10      1        2
  MONTH TO DATE   54                        43     11       49
  SINCE JUN 1    663                       493    170      751
  SINCE JAN 1    697                       530    167      798
..................................................................


WIND (MPH)
  RESULTANT WIND SPEED   3   RESULTANT WIND DIRECTION  NW (320)
  HIGHEST WIND SPEED    25   HIGHEST WIND DIRECTION    NW (310)
  HIGHEST GUST SPEED    32   HIGHEST GUST DIRECTION    NW (300)
  AVERAGE WIND SPEED     5.8



WEATHER CONDITIONS
 THE FOLLOWING WEATHER WAS RECORDED TODAY.
  NO SIGNIFICANT WEATHER WAS OBSERVED.


RELATIVE HUMIDITY (PERCENT)
 HIGHEST    46           600 AM
 LOWEST     13          1100 AM
 AVERAGE    30

..........................................................


THE RENO TAHOE AIRPORT NV CLIMATE NORMALS FOR TOMORROW
                         NORMAL    RECORD    YEAR
 MAXIMUM TEMPERATURE (F)   93       102      1990
 MINIMUM TEMPERATURE (F)   58        38      1950


SUNRISE AND SUNSET
AUGUST  4 2015........SUNRISE   601 AM PDT   SUNSET   809 PM PDT
AUGUST  5 2015........SUNRISE   602 AM PDT   SUNSET   807 PM PDT


-  INDICATES NEGATIVE NUMBERS.
R  INDICATES RECORD WAS SET OR TIED.
MM INDICATES DATA IS MISSING.
T  INDICATES TRACE AMOUNT.




$$
