000
CDUS45 KREV 010043
CLIRNO


CLIMATE REPORT
NATIONAL WEATHER SERVICE RENO NV
543 PM PDT TUE JUN 30 2015


...................................

...THE RENO TAHOE AIRPORT NV CLIMATE SUMMARY FOR JUNE 30 2015...
VALID TODAY AS OF 0500 PM LOCAL TIME.

CLIMATE NORMAL PERIOD 1981 TO 2010
CLIMATE RECORD PERIOD 1888 TO 2015


WEATHER ITEM   OBSERVED TIME   RECORD YEAR NORMAL DEPARTURE LAST
                VALUE   (LST)  VALUE       VALUE  FROM      YEAR
                                                  NORMAL
..................................................................
TEMPERATURE (F)
 TODAY
  MAXIMUM        101    259 PM 103    2013  89     12       98
  MINIMUM         71    526 AM  34    1963  55     16       60
                                      1952
  AVERAGE         86                        72     14       79

PRECIPITATION (IN)
  TODAY            0.00          0.23 1987   0.01  -0.01     0.00
  MONTH TO DATE    0.41                      0.51  -0.10      T
  SINCE OCT 1      4.69                      6.64  -1.95     2.96
  SINCE JAN 1      3.27                      4.28  -1.01     2.00

SNOWFALL (IN)
  TODAY            0.0           0.0    MM   0.0    0.0      0.0
  MONTH TO DATE    0.0                       T      0.0      0.0
  SINCE JUN 1      0.0                       T      0.0      0.0
  SINCE JUL 1      2.7                      21.8  -19.1      6.2
  SNOW DEPTH       0

DEGREE DAYS
 HEATING
  TODAY            0                         1     -1        0
  MONTH TO DATE    7                        58    -51       10
  SINCE JUN 1      7                        56    -49       10
  SINCE JUL 1   3825                      4924  -1099     4553

 COOLING
  TODAY           21                         7     14       14
  MONTH TO DATE  285                       136    149      212
  SINCE JUN 1    285                       136    149      212
  SINCE JAN 1    319                       173    146      259
..................................................................


WIND (MPH)
  RESULTANT WIND SPEED   1   RESULTANT WIND DIRECTION   S (180)
  HIGHEST WIND SPEED    18   HIGHEST WIND DIRECTION     S (170)
  HIGHEST GUST SPEED    26   HIGHEST GUST DIRECTION     W (290)
  AVERAGE WIND SPEED     4.1



WEATHER CONDITIONS
 THE FOLLOWING WEATHER WAS RECORDED TODAY.
  NO SIGNIFICANT WEATHER WAS OBSERVED.


RELATIVE HUMIDITY (PERCENT)
 HIGHEST    49           500 AM
 LOWEST     15          1200 PM
 AVERAGE    32

..........................................................


THE RENO TAHOE AIRPORT NV CLIMATE NORMALS FOR TOMORROW
                         NORMAL    RECORD    YEAR
 MAXIMUM TEMPERATURE (F)   89       105      2013
 MINIMUM TEMPERATURE (F)   56        33      1976


SUNRISE AND SUNSET
JUNE 30 2015..........SUNRISE   535 AM PDT   SUNSET   830 PM PDT
JULY  1 2015..........SUNRISE   536 AM PDT   SUNSET   830 PM PDT


-  INDICATES NEGATIVE NUMBERS.
R  INDICATES RECORD WAS SET OR TIED.
MM INDICATES DATA IS MISSING.
T  INDICATES TRACE AMOUNT.




$$
