000
CDUS45 KREV 300039
CLIRNO


CLIMATE REPORT
NATIONAL WEATHER SERVICE RENO NV
539 PM PDT MON MAY 29 2017


...................................

...THE RENO-TAHOE INTL AIRPORT NV CLIMATE SUMMARY FOR MAY 29 2017...
VALID TODAY AS OF 0500 PM LOCAL TIME.

CLIMATE NORMAL PERIOD 1981 TO 2010
CLIMATE RECORD PERIOD 1888 TO 2017


WEATHER ITEM   OBSERVED TIME   RECORD YEAR NORMAL DEPARTURE LAST
                VALUE   (LST)  VALUE       VALUE  FROM      YEAR
                                                  NORMAL
..................................................................
TEMPERATURE (F)
 TODAY
  MAXIMUM         88    356 PM  96    1986  78     10       86
  MINIMUM         55    439 AM  28    1895  49      6       50
  AVERAGE         72                        63      9       68

PRECIPITATION (IN)
  TODAY            0.00          1.02 1896   0.02  -0.02     0.00
  MONTH TO DATE    0.61                      0.46   0.15     1.16
  SINCE OCT 1     14.94                      6.10   8.84     9.16
  SINCE JAN 1     11.15                      3.74   7.41     5.21

SNOWFALL (IN)
  TODAY            0.0           0.0    MM   0.0    0.0      0.0
  MONTH TO DATE    0.0                       0.3   -0.3      0.2
  SINCE MAR 1      2.9                       2.8    0.1      7.0
  SINCE JUL 1     27.0                      21.8    5.2     31.1
  SNOW DEPTH       0

DEGREE DAYS
 HEATING
  TODAY            0                         4     -4        0
  MONTH TO DATE  134                       198    -64      172
  SINCE MAR 1   1028                      1222   -194      980
  SINCE JUL 1   4401                      4860   -459     4317

 COOLING
  TODAY            7                         2      5        3
  MONTH TO DATE   46                        30     16       15
  SINCE MAR 1     46                        31     15       15
  SINCE JAN 1     46                        31     15       15
..................................................................


WIND (MPH)
  RESULTANT WIND SPEED   1   RESULTANT WIND DIRECTION  SW (210)
  HIGHEST WIND SPEED    13   HIGHEST WIND DIRECTION     S (160)
  HIGHEST GUST SPEED    17   HIGHEST GUST DIRECTION     S (190)
  AVERAGE WIND SPEED     3.6



WEATHER CONDITIONS
 THE FOLLOWING WEATHER WAS RECORDED TODAY.
  NO SIGNIFICANT WEATHER WAS OBSERVED.


RELATIVE HUMIDITY (PERCENT)
 HIGHEST    51           500 AM
 LOWEST      9           200 PM
 AVERAGE    30

..........................................................


THE RENO-TAHOE INTL AIRPORT NV CLIMATE NORMALS FOR TOMORROW
                         NORMAL    RECORD    YEAR
 MAXIMUM TEMPERATURE (F)   78        96      1986
 MINIMUM TEMPERATURE (F)   49        29      1979


SUNRISE AND SUNSET
MAY 29 2017...........SUNRISE   535 AM PDT   SUNSET   818 PM PDT
MAY 30 2017...........SUNRISE   535 AM PDT   SUNSET   819 PM PDT


-  INDICATES NEGATIVE NUMBERS.
R  INDICATES RECORD WAS SET OR TIED.
MM INDICATES DATA IS MISSING.
T  INDICATES TRACE AMOUNT.




$$
