000
CDUS45 KREV 020846
CLIRNO


CLIMATE REPORT
NATIONAL WEATHER SERVICE RENO NV
1245 AM PST MON MAR 2 2015


...................................

...THE RENO TAHOE AIRPORT NV CLIMATE SUMMARY FOR MARCH 1 2015...

CLIMATE NORMAL PERIOD 1981 TO 2010
CLIMATE RECORD PERIOD 1888 TO 2015


WEATHER ITEM   OBSERVED TIME   RECORD YEAR NORMAL DEPARTURE LAST
                VALUE   (LST)  VALUE       VALUE  FROM      YEAR
                                                  NORMAL
..................................................................
TEMPERATURE (F)
 YESTERDAY
  MAXIMUM         45    305 PM  72    1934  55    -10       54
  MINIMUM         32   1159 PM   3    1971  31      1       35
  AVERAGE         39                        43     -4       45

PRECIPITATION (IN)
  YESTERDAY        T             1.50 1902   0.04  -0.04      T
  MONTH TO DATE    T                         0.04  -0.04      T
  SINCE OCT 1      2.91                      4.45  -1.54     2.03
  SINCE JAN 1      1.49                      2.09  -0.60     1.07

SNOWFALL (IN)
  YESTERDAY        0.0          14.4  1902   0.1   -0.1      0.0
  MONTH TO DATE    0.0                       0.1   -0.1      0.0
  SINCE MAR 1      0.0                       0.1   -0.1      0.0
  SINCE JUL 1      2.7                      19.1  -16.4      6.2
  SNOW DEPTH       0

DEGREE DAYS
 HEATING
  YESTERDAY       26                        22      4       20
  MONTH TO DATE   26                        22      4       20
  SINCE MAR 1     26                        22      4       20
  SINCE JUL 1   2891                      3660   -769     3604

 COOLING
  YESTERDAY        0                         0      0        0
  MONTH TO DATE    0                         0      0        0
  SINCE MAR 1      0                         0      0        0
  SINCE JAN 1      0                         0      0        0
..................................................................


WIND (MPH)
  RESULTANT WIND SPEED   4   RESULTANT WIND DIRECTION   N (20)
  HIGHEST WIND SPEED    13   HIGHEST WIND DIRECTION     N (10)
  HIGHEST GUST SPEED    17   HIGHEST GUST DIRECTION    NE (60)
  AVERAGE WIND SPEED     5.1



WEATHER CONDITIONS
 THE FOLLOWING WEATHER WAS RECORDED YESTERDAY.
  NO SIGNIFICANT WEATHER WAS OBSERVED.


RELATIVE HUMIDITY (PERCENT)
 HIGHEST    82          1200 AM
 LOWEST     49           500 PM
 AVERAGE    66

..........................................................


THE RENO TAHOE AIRPORT NV CLIMATE NORMALS FOR TODAY
                         NORMAL    RECORD    YEAR
 MAXIMUM TEMPERATURE (F)   55        76      1921
 MINIMUM TEMPERATURE (F)   32        11      1971


SUNRISE AND SUNSET
MARCH  2 2015.........SUNRISE   631 AM PST   SUNSET   552 PM PST
MARCH  3 2015.........SUNRISE   629 AM PST   SUNSET   553 PM PST


-  INDICATES NEGATIVE NUMBERS.
R  INDICATES RECORD WAS SET OR TIED.
MM INDICATES DATA IS MISSING.
T  INDICATES TRACE AMOUNT.




$$
