000
CDUS45 KREV 200838
CLIRNO


CLIMATE REPORT
NATIONAL WEATHER SERVICE RENO NV
136 AM PDT WED SEP 20 2017


...................................

...THE RENO-TAHOE INTL AIRPORT NV CLIMATE SUMMARY FOR SEPTEMBER 19 2017...

CLIMATE NORMAL PERIOD 1981 TO 2010
CLIMATE RECORD PERIOD 1888 TO 2017


WEATHER ITEM   OBSERVED TIME   RECORD YEAR NORMAL DEPARTURE LAST
                VALUE   (LST)  VALUE       VALUE  FROM      YEAR
                                                  NORMAL
..................................................................
TEMPERATURE (F)
 YESTERDAY
  MAXIMUM         73    203 PM  94    1991  81     -8       91
  MINIMUM         52    616 AM  20    1965  48      4       53
  AVERAGE         63                        64     -1       72

PRECIPITATION (IN)
  YESTERDAY        0.00          0.81 1896   0.02  -0.02     0.00
  MONTH TO DATE    0.60                      0.18   0.42      T
  SINCE OCT 1     15.86                      7.23   8.63     9.20
  SINCE JAN 1     12.07                      4.87   7.20     5.25

SNOWFALL (IN)
  YESTERDAY        0.0           0.0    MM   0.0    0.0      0.0
  MONTH TO DATE    0.0                       0.0    0.0      0.0
  SINCE SEP 1      0.0                       0.0    0.0      0.0
  SINCE JUL 1      0.0                       0.0    0.0      0.0
  SNOW DEPTH       0

DEGREE DAYS
 HEATING
  YESTERDAY        2                         3     -1        0
  MONTH TO DATE   11                        33    -22       18
  SINCE SEP 1     11                        33    -22       18
  SINCE JUL 1     11                        43    -32       18

 COOLING
  YESTERDAY        0                         2     -2        7
  MONTH TO DATE  151                        71     80       67
  SINCE SEP 1    151                        71     80       67
  SINCE JAN 1   1401                       817    584     1060
..................................................................


WIND (MPH)
  RESULTANT WIND SPEED  10   RESULTANT WIND DIRECTION  NW (310)
  HIGHEST WIND SPEED    25   HIGHEST WIND DIRECTION    NW (310)
  HIGHEST GUST SPEED    31   HIGHEST GUST DIRECTION    NW (310)
  AVERAGE WIND SPEED    11.9



WEATHER CONDITIONS
 THE FOLLOWING WEATHER WAS RECORDED YESTERDAY.
  NO SIGNIFICANT WEATHER WAS OBSERVED.


RELATIVE HUMIDITY (PERCENT)
 HIGHEST    50           600 AM
 LOWEST     15          1200 PM
 AVERAGE    33

..........................................................


THE RENO-TAHOE INTL AIRPORT NV CLIMATE NORMALS FOR TODAY
                         NORMAL    RECORD    YEAR
 MAXIMUM TEMPERATURE (F)   81        94      2015
 MINIMUM TEMPERATURE (F)   47        24      1965


SUNRISE AND SUNSET
SEPTEMBER 20 2017.....SUNRISE   645 AM PDT   SUNSET   659 PM PDT
SEPTEMBER 21 2017.....SUNRISE   646 AM PDT   SUNSET   657 PM PDT


-  INDICATES NEGATIVE NUMBERS.
R  INDICATES RECORD WAS SET OR TIED.
MM INDICATES DATA IS MISSING.
T  INDICATES TRACE AMOUNT.




$$
