000
CDUS41 KRNK 092205
CLIROA


CLIMATE REPORT
NATIONAL WEATHER SERVICE BLACKSBURG VA
504 PM EST FRI DEC 9 2016


...................................

...THE ROANOKE VA CLIMATE SUMMARY FOR DECEMBER 9 2016...
VALID TODAY AS OF 0500 PM LOCAL TIME.

CLIMATE NORMAL PERIOD 1981 TO 2010
CLIMATE RECORD PERIOD 1912 TO 2016


WEATHER ITEM   OBSERVED TIME   RECORD YEAR NORMAL DEPARTURE LAST
                VALUE   (LST)  VALUE       VALUE  FROM      YEAR
                                                  NORMAL
..................................................................
TEMPERATURE (F)
 TODAY
  MAXIMUM         34    259 PM  73    1978  49    -15       58
  MINIMUM         24    738 AM   8    1917  31     -7       31
  AVERAGE         29                        40    -11       45

PRECIPITATION (IN)
  TODAY            0.00          0.98 2009   0.10  -0.10      T
  MONTH TO DATE    1.87                      0.94   0.93     1.57
  SINCE DEC 1      1.87                      0.94   0.93     1.57
  SINCE JAN 1     45.89                     39.25   6.64    51.58

SNOWFALL (IN)
  TODAY            0.0                                       0.0
  MONTH TO DATE    0.0                                       0.0
  SINCE DEC 1      0.0                                       0.0
  SINCE JUL 1      0.0                                       0.0
  SNOW DEPTH       0

DEGREE DAYS
 HEATING
  TODAY           36                        25     11       20
  MONTH TO DATE  207                       212     -5      193
  SINCE DEC 1    207                       212     -5      193
  SINCE JUL 1    735                      1016   -281      835

 COOLING
  TODAY            0                         0      0        0
  MONTH TO DATE    0                         0      0        0
  SINCE DEC 1      0                         0      0        0
  SINCE JAN 1   1563                      1208    355     1413
..................................................................


WIND (MPH)
  HIGHEST WIND SPEED    24   HIGHEST WIND DIRECTION    NW (310)
  HIGHEST GUST SPEED    30   HIGHEST GUST DIRECTION    NW (300)
  AVERAGE WIND SPEED    13.6


SKY COVER
  AVERAGE SKY COVER 0.5


WEATHER CONDITIONS
 THE FOLLOWING WEATHER WAS RECORDED TODAY.
  NO SIGNIFICANT WEATHER WAS OBSERVED.


RELATIVE HUMIDITY (PERCENT)
 HIGHEST    55           500 AM
 LOWEST     38           200 PM
 AVERAGE    47

..........................................................


THE ROANOKE VA CLIMATE NORMALS FOR TOMORROW
                         NORMAL    RECORD    YEAR
 MAXIMUM TEMPERATURE (F)   49        73      2007
                                             1946
 MINIMUM TEMPERATURE (F)   31         4      1917


SUNRISE AND SUNSET
DECEMBER  9 2016......SUNRISE   723 AM EST   SUNSET   502 PM EST
DECEMBER 10 2016......SUNRISE   723 AM EST   SUNSET   502 PM EST


-  INDICATES NEGATIVE NUMBERS.
R  INDICATES RECORD WAS SET OR TIED.
MM INDICATES DATA IS MISSING.
T  INDICATES TRACE AMOUNT.




$$
