260
CDUS41 KRNK 250548
CLIROA


CLIMATE REPORT
NATIONAL WEATHER SERVICE BLACKSBURG VA
147 AM EDT THU MAY 25 2017


...................................

...THE ROANOKE VA CLIMATE SUMMARY FOR MAY 24 2017...

CLIMATE NORMAL PERIOD 1981 TO 2010
CLIMATE RECORD PERIOD 1912 TO 2017


WEATHER ITEM   OBSERVED TIME   RECORD YEAR NORMAL DEPARTURE LAST
                VALUE   (LST)  VALUE       VALUE  FROM      YEAR
                                                  NORMAL
..................................................................
TEMPERATURE (F)
 YESTERDAY
  MAXIMUM         63   1054 PM  92    1933  78    -15       81
  MINIMUM         57    929 AM  41    1967  56      1       51
  AVERAGE         60                        67     -7       66

PRECIPITATION (IN)
  YESTERDAY        1.51          4.44 1940   0.14   1.37     0.00
  MONTH TO DATE    8.00                      3.03   4.97     5.66
  SINCE MAR 1     16.24                      9.86   6.38     9.04
  SINCE JAN 1     20.88                     15.67   5.21    17.27

SNOWFALL (IN)
  YESTERDAY        0.0                                       0.0
  MONTH TO DATE    T                                         0.0
  SINCE MAR 1      0.1                                       1.0
  SINCE JUL 1      4.6                                      23.0
  SNOW DEPTH       0

DEGREE DAYS
 HEATING
  YESTERDAY        5                         2      3        0
  MONTH TO DATE   87                        89     -2       92
  SINCE MAR 1    744                       916   -172      671
  SINCE JUL 1   3208                      4121   -913     3505

 COOLING
  YESTERDAY        0                         4     -4        1
  MONTH TO DATE   70                        57     13       22
  SINCE MAR 1    140                        86     54       71
  SINCE JAN 1    140                        86     54       71
..................................................................


WIND (MPH)
  HIGHEST WIND SPEED    14   HIGHEST WIND DIRECTION    SW (240)
  HIGHEST GUST SPEED    19   HIGHEST GUST DIRECTION     W (250)
  AVERAGE WIND SPEED     5.4


SKY COVER
  AVERAGE SKY COVER 1.0


WEATHER CONDITIONS
 THE FOLLOWING WEATHER WAS RECORDED YESTERDAY.
  HEAVY RAIN
  RAIN
  LIGHT RAIN
  FOG


RELATIVE HUMIDITY (PERCENT)
 HIGHEST   100          1200 AM
 LOWEST     97           300 PM
 AVERAGE    99

..........................................................


THE ROANOKE VA CLIMATE NORMALS FOR TODAY
                         NORMAL    RECORD    YEAR
 MAXIMUM TEMPERATURE (F)   78        94      1953
 MINIMUM TEMPERATURE (F)   56        38      1967


SUNRISE AND SUNSET
MAY 25 2017...........SUNRISE   604 AM EDT   SUNSET   830 PM EDT
MAY 26 2017...........SUNRISE   603 AM EDT   SUNSET   831 PM EDT


-  INDICATES NEGATIVE NUMBERS.
R  INDICATES RECORD WAS SET OR TIED.
MM INDICATES DATA IS MISSING.
T  INDICATES TRACE AMOUNT.




$$
