000
CDUS41 KRNK 032120
CLIROA


CLIMATE REPORT
NATIONAL WEATHER SERVICE BLACKSBURG VA
518 PM EDT THU SEP 3 2015


...................................

...THE ROANOKE VA CLIMATE SUMMARY FOR SEPTEMBER 3 2015...
VALID TODAY AS OF 0500 PM LOCAL TIME.

CLIMATE NORMAL PERIOD 1981 TO 2010
CLIMATE RECORD PERIOD 1912 TO 2015


WEATHER ITEM   OBSERVED TIME   RECORD YEAR NORMAL DEPARTURE LAST
                VALUE   (LST)  VALUE       VALUE  FROM      YEAR
                                                  NORMAL
..................................................................
TEMPERATURE (F)
 TODAY
  MAXIMUM         92    209 PM 101    1930  83      9       84
  MINIMUM         65    626 AM  46    1919  62      3       69
  AVERAGE         79                        72      7       77

PRECIPITATION (IN)
  TODAY            0.00          2.23 1981   0.14  -0.14      T
  MONTH TO DATE    0.00                      0.42  -0.42     0.50
  SINCE SEP 1      0.00                      0.42  -0.42     0.50
  SINCE JAN 1     31.43                     28.55   2.88    29.08

SNOWFALL (IN)
  TODAY            0.0                                       0.0
  MONTH TO DATE    0.0                                       0.0
  SINCE SEP 1      0.0                                       0.0
  SINCE JUL 1      0.0                                       0.0
  SNOW DEPTH       0

DEGREE DAYS
 HEATING
  TODAY            0                         0      0        0
  MONTH TO DATE    0                         0      0        0
  SINCE SEP 1      0                         0      0        0
  SINCE JUL 1      0                         1     -1        0

 COOLING
  TODAY           14                         8      6       12
  MONTH TO DATE   43                        24     19       44
  SINCE SEP 1     43                        24     19       44
  SINCE JAN 1   1259                      1071    188     1014
..................................................................


WIND (MPH)
  HIGHEST WIND SPEED    18   HIGHEST WIND DIRECTION     N (350)
  HIGHEST GUST SPEED    21   HIGHEST GUST DIRECTION     N (350)
  AVERAGE WIND SPEED     4.2


SKY COVER
  AVERAGE SKY COVER 0.1


WEATHER CONDITIONS
 THE FOLLOWING WEATHER WAS RECORDED TODAY.
  NO SIGNIFICANT WEATHER WAS OBSERVED.


RELATIVE HUMIDITY (PERCENT)
 HIGHEST    93           300 AM
 LOWEST     36           200 PM
 AVERAGE    65

..........................................................


THE ROANOKE VA CLIMATE NORMALS FOR TOMORROW
                         NORMAL    RECORD    YEAR
 MAXIMUM TEMPERATURE (F)   83        99      1925
 MINIMUM TEMPERATURE (F)   62        48      1946
                                             1924


SUNRISE AND SUNSET
SEPTEMBER  3 2015.....SUNRISE   652 AM EDT   SUNSET   746 PM EDT
SEPTEMBER  4 2015.....SUNRISE   653 AM EDT   SUNSET   745 PM EDT


-  INDICATES NEGATIVE NUMBERS.
R  INDICATES RECORD WAS SET OR TIED.
MM INDICATES DATA IS MISSING.
T  INDICATES TRACE AMOUNT.




$$
