000
CDUS41 KRNK 310703
CLIROA


CLIMATE REPORT
NATIONAL WEATHER SERVICE BLACKSBURG VA
301 AM EDT TUE MAY 31 2016


...................................

...THE ROANOKE VA CLIMATE SUMMARY FOR MAY 30 2016...

CLIMATE NORMAL PERIOD 1981 TO 2010
CLIMATE RECORD PERIOD 1912 TO 2016


WEATHER ITEM   OBSERVED TIME   RECORD YEAR NORMAL DEPARTURE LAST
                VALUE   (LST)  VALUE       VALUE  FROM      YEAR
                                                  NORMAL
..................................................................
TEMPERATURE (F)
 YESTERDAY
  MAXIMUM         84    415 PM  94    2011  79      5       87
                                      1931
  MINIMUM         60    330 AM  41    1932  58      2       63
  AVERAGE         72                        68      4       75

PRECIPITATION (IN)
  YESTERDAY        T             3.60 1940   0.15  -0.15     0.00
  MONTH TO DATE    6.12                      3.92   2.20     1.13
  SINCE MAR 1      9.50                     10.75  -1.25    10.44
  SINCE JAN 1     17.73                     16.56   1.17    14.36

SNOWFALL (IN)
  YESTERDAY        0.0                                       0.0
  MONTH TO DATE    0.0                                       0.0
  SINCE MAR 1      1.0                                       1.9
  SINCE JUL 1     23.0                                      21.7
  SNOW DEPTH       0

DEGREE DAYS
 HEATING
  YESTERDAY        0                         1     -1        0
  MONTH TO DATE   92                        99     -7       35
  SINCE MAR 1    671                       926   -255      815
  SINCE JUL 1   3505                      4131   -626     4244

 COOLING
  YESTERDAY        7                         5      2       10
  MONTH TO DATE   67                        82    -15      154
  SINCE MAR 1    116                       111      5      160
  SINCE JAN 1    116                       111      5      160
..................................................................


WIND (MPH)
  HIGHEST WIND SPEED    10   HIGHEST WIND DIRECTION     N (360)
  HIGHEST GUST SPEED    14   HIGHEST GUST DIRECTION     N (350)
  AVERAGE WIND SPEED     4.4


SKY COVER
  AVERAGE SKY COVER 0.6


WEATHER CONDITIONS
 THE FOLLOWING WEATHER WAS RECORDED YESTERDAY.
  THUNDERSTORM
  LIGHT RAIN


RELATIVE HUMIDITY (PERCENT)
 HIGHEST    97          1200 AM
 LOWEST     43           400 PM
 AVERAGE    70

..........................................................


THE ROANOKE VA CLIMATE NORMALS FOR TODAY
                         NORMAL    RECORD    YEAR
 MAXIMUM TEMPERATURE (F)   79        96      2011
 MINIMUM TEMPERATURE (F)   58        39      1984


SUNRISE AND SUNSET
MAY 31 2016...........SUNRISE   601 AM EDT   SUNSET   835 PM EDT
JUNE  1 2016..........SUNRISE   601 AM EDT   SUNSET   835 PM EDT


-  INDICATES NEGATIVE NUMBERS.
R  INDICATES RECORD WAS SET OR TIED.
MM INDICATES DATA IS MISSING.
T  INDICATES TRACE AMOUNT.

$$
RCS
