000
CDUS41 KRNK 250540
CLIROA


CLIMATE REPORT
NATIONAL WEATHER SERVICE BLACKSBURG VA
1237 AM EST SAT FEB 25 2017


...................................

...THE ROANOKE VA CLIMATE SUMMARY FOR FEBRUARY 24 2017...

CLIMATE NORMAL PERIOD 1981 TO 2010
CLIMATE RECORD PERIOD 1912 TO 2017


WEATHER ITEM   OBSERVED TIME   RECORD YEAR NORMAL DEPARTURE LAST
                VALUE   (LST)  VALUE       VALUE  FROM      YEAR
                                                  NORMAL
..................................................................
TEMPERATURE (F)
 YESTERDAY
  MAXIMUM         76    202 PM  80    1985  52     24       65
  MINIMUM         46    635 AM   7    1967  31     15       40
  AVERAGE         61                        42     19       53

PRECIPITATION (IN)
  YESTERDAY        0.00          1.71 1979   0.11  -0.11     0.78
  MONTH TO DATE    0.40                      2.50  -2.10     5.24
  SINCE DEC 1      7.29                      8.36  -1.07    12.78
  SINCE JAN 1      4.50                      5.42  -0.92     8.23

SNOWFALL (IN)
  YESTERDAY        0.0                                       0.0
  MONTH TO DATE    T                                         8.5
  SINCE DEC 1      4.5                                      22.0
  SINCE JUL 1      4.5                                      22.0
  SNOW DEPTH       0

DEGREE DAYS
 HEATING
  YESTERDAY        4                        24    -20       12
  MONTH TO DATE  388                       621   -233      662
  SINCE DEC 1   1864                      2309   -445     2093
  SINCE JUL 1   2392                      3113   -721     2735

 COOLING
  YESTERDAY        0                         0      0        0
  MONTH TO DATE    0                         0      0        0
  SINCE DEC 1      0                         0      0        0
  SINCE JAN 1      0                         0      0        0
..................................................................


WIND (MPH)
  HIGHEST WIND SPEED    20   HIGHEST WIND DIRECTION     S (160)
  HIGHEST GUST SPEED    25   HIGHEST GUST DIRECTION    SE (150)
  AVERAGE WIND SPEED     4.6


SKY COVER
  AVERAGE SKY COVER 0.2


WEATHER CONDITIONS
 THE FOLLOWING WEATHER WAS RECORDED YESTERDAY.
  NO SIGNIFICANT WEATHER WAS OBSERVED.


RELATIVE HUMIDITY (PERCENT)
 HIGHEST   100           600 AM
 LOWEST     43           300 PM
 AVERAGE    72

..........................................................


THE ROANOKE VA CLIMATE NORMALS FOR TODAY
                         NORMAL    RECORD    YEAR
 MAXIMUM TEMPERATURE (F)   52        82      1930
 MINIMUM TEMPERATURE (F)   32         4      1967


SUNRISE AND SUNSET
FEBRUARY 25 2017......SUNRISE   656 AM EST   SUNSET   610 PM EST
FEBRUARY 26 2017......SUNRISE   655 AM EST   SUNSET   611 PM EST


-  INDICATES NEGATIVE NUMBERS.
R  INDICATES RECORD WAS SET OR TIED.
MM INDICATES DATA IS MISSING.
T  INDICATES TRACE AMOUNT.




$$
