000
CDUS41 KRNK 210923
CLIROA


CLIMATE REPORT
NATIONAL WEATHER SERVICE BLACKSBURG VA
522 AM EDT THU AUG 21 2014


...................................

...THE ROANOKE VA CLIMATE SUMMARY FOR AUGUST 20 2014...

CLIMATE NORMAL PERIOD 1981 TO 2010
CLIMATE RECORD PERIOD 1912 TO 2014


WEATHER ITEM   OBSERVED TIME   RECORD YEAR NORMAL DEPARTURE LAST
                VALUE   (LST)  VALUE       VALUE  FROM      YEAR
                                                  NORMAL
..................................................................
TEMPERATURE (F)
 YESTERDAY
  MAXIMUM         87    602 PM 104    1983  86      1       83
  MINIMUM         63    547 AM  49    1943  65     -2       66
  AVERAGE         75                        75      0       75

PRECIPITATION (IN)
  YESTERDAY        T             1.90 1931   0.12  -0.12     0.00
  MONTH TO DATE    4.65                      2.25   2.40     1.76
  SINCE JUN 1     11.10                     10.12   0.98    20.98
  SINCE JAN 1     26.70                     26.82  -0.12    41.52

SNOWFALL (IN)
  YESTERDAY        0.0
  MONTH TO DATE    0.0
  SINCE JUN 1      0.0
  SINCE JUL 1      0.0
  SNOW DEPTH       0

DEGREE DAYS
 HEATING
  YESTERDAY        0                         0      0        0
  MONTH TO DATE    0                         0      0        1
  SINCE JUN 1      0                        11    -11        2
  SINCE JUL 1      0                         0      0        1

 COOLING
  YESTERDAY       10                        10      0       10
  MONTH TO DATE  120                       219    -99      179
  SINCE JUN 1    721                       826   -105      827
  SINCE JAN 1    870                       942    -72      977
..................................................................


WIND (MPH)
  HIGHEST WIND SPEED    10   HIGHEST WIND DIRECTION    SW (230)
  HIGHEST GUST SPEED    14   HIGHEST GUST DIRECTION    SW (230)
  AVERAGE WIND SPEED     2.5


SKY COVER
  POSSIBLE SUNSHINE  MM
  AVERAGE SKY COVER 0.5


WEATHER CONDITIONS
 THE FOLLOWING WEATHER WAS RECORDED YESTERDAY.
  THUNDERSTORM
  LIGHT RAIN
  FOG


RELATIVE HUMIDITY (PERCENT)
 HIGHEST   100           100 AM
 LOWEST     48           600 PM
 AVERAGE    74

..........................................................


THE ROANOKE VA CLIMATE NORMALS FOR TODAY
                         NORMAL    RECORD    YEAR
 MAXIMUM TEMPERATURE (F)   86       105      1983
 MINIMUM TEMPERATURE (F)   65        49      1918


SUNRISE AND SUNSET
AUGUST 21 2014........SUNRISE   641 AM EDT   SUNSET   804 PM EDT
AUGUST 22 2014........SUNRISE   642 AM EDT   SUNSET   803 PM EDT


-  INDICATES NEGATIVE NUMBERS.
R  INDICATES RECORD WAS SET OR TIED.
MM INDICATES DATA IS MISSING.
T  INDICATES TRACE AMOUNT.




$$
