000
CDUS41 KBUF 282040
CLIROC


CLIMATE REPORT
NATIONAL WEATHER SERVICE BUFFALO NY
440 PM EDT TUE MAR 28 2017


...................................

...THE ROCHESTER NY CLIMATE SUMMARY FOR MARCH 27 2017...

CLIMATE NORMAL PERIOD 1981 TO 2010
CLIMATE RECORD PERIOD 1871 TO 2017


WEATHER ITEM   OBSERVED TIME   RECORD YEAR NORMAL DEPARTURE LAST
                VALUE   (LST)  VALUE       VALUE  FROM      YEAR
                                                  NORMAL
..................................................................
TEMPERATURE (F)
 YESTERDAY
  MAXIMUM         59    248 PM  80    1921  47     12       70
  MINIMUM         47    543 AM   4    1966  30     17       28
  AVERAGE         53                        38     15       49

PRECIPITATION (IN)
  YESTERDAY        0.02          1.28 1992   0.08  -0.06     0.00
  MONTH TO DATE    3.12                      2.16   0.96     1.51
  SINCE MAR 1      3.12                      2.16   0.96     1.51
  SINCE JAN 1      8.20                      6.52   1.68     6.81

SNOWFALL (IN)
  YESTERDAY        0.0           8.8  1959   0.3   -0.3      0.0
  MONTH TO DATE   32.9                      15.1   17.8      3.2
  SINCE MAR 1     32.9                      15.1   17.8      3.2
  SINCE JUL 1    104.5                      94.0   10.5     54.9
  SNOW DEPTH       0

DEGREE DAYS
 HEATING
  YESTERDAY       12                        27    -15       16
  MONTH TO DATE  895                       850     45      695
  SINCE MAR 1    895                       850     45      695
  SINCE JUL 1   4763                      5636   -873     4612

 COOLING
  YESTERDAY        0                         0      0        0
  MONTH TO DATE    0                         0      0        0
  SINCE MAR 1      0                         0      0        0
  SINCE JAN 1      0                         0      0        0
..................................................................


WIND (MPH)
  HIGHEST WIND SPEED    22   HIGHEST WIND DIRECTION     W (270)
  HIGHEST GUST SPEED    27   HIGHEST GUST DIRECTION     W (270)
  AVERAGE WIND SPEED    11.4


SKY COVER
  AVERAGE SKY COVER 0.9


WEATHER CONDITIONS
 THE FOLLOWING WEATHER WAS RECORDED YESTERDAY.
  LIGHT RAIN


RELATIVE HUMIDITY (PERCENT)
 HIGHEST    86           100 AM
 LOWEST     74           800 AM
 AVERAGE    80

..........................................................


THE ROCHESTER NY CLIMATE NORMALS FOR TODAY
                         NORMAL    RECORD    YEAR
 MAXIMUM TEMPERATURE (F)   48        84      1945
 MINIMUM TEMPERATURE (F)   30         5      1923


SUNRISE AND SUNSET
MARCH 28 2017.........SUNRISE   659 AM EDT   SUNSET   733 PM EDT
MARCH 29 2017.........SUNRISE   657 AM EDT   SUNSET   734 PM EDT


-  INDICATES NEGATIVE NUMBERS.
R  INDICATES RECORD WAS SET OR TIED.
MM INDICATES DATA IS MISSING.
T  INDICATES TRACE AMOUNT.




$$
