000
CDUS41 KBUF 300705
CLIROC


CLIMATE REPORT
NATIONAL WEATHER SERVICE BUFFALO NY
305 AM EDT TUE MAY 30 2017


...................................

...THE ROCHESTER NY CLIMATE SUMMARY FOR MAY 29 2017...

CLIMATE NORMAL PERIOD 1981 TO 2010
CLIMATE RECORD PERIOD 1871 TO 2017


WEATHER ITEM   OBSERVED TIME   RECORD YEAR NORMAL DEPARTURE LAST
                VALUE   (LST)  VALUE       VALUE  FROM      YEAR
                                                  NORMAL
..................................................................
TEMPERATURE (F)
 YESTERDAY
  MAXIMUM         77    413 PM  92    2006  72      5       88
  MINIMUM         61    942 PM  31    1889  51     10       66
  AVERAGE         69                        61      8       77

PRECIPITATION (IN)
  YESTERDAY        0.11          2.12 2002   0.09   0.02     1.48
  MONTH TO DATE    5.26                      2.68   2.58     2.93
  SINCE MAR 1     14.87                      7.91   6.96     6.31
  SINCE JAN 1     19.95                     12.27   7.68    11.61

SNOWFALL (IN)
  YESTERDAY        0.0           T    1907   0.0    0.0      0.0
  MONTH TO DATE    0.0                       0.4   -0.4       T
  SINCE MAR 1     35.5                      20.6   14.9     12.0
  SINCE JUL 1    107.1                      99.5    7.6     63.7
  SNOW DEPTH       0

DEGREE DAYS
 HEATING
  YESTERDAY        0                         5     -5        0
  MONTH TO DATE  265                       265      0      255
  SINCE MAR 1   1664                      1782   -118     1691
  SINCE JUL 1   5532                      6568  -1036     5608

 COOLING
  YESTERDAY        4                         1      3       12
  MONTH TO DATE   22                        20      2       51
  SINCE MAR 1     36                        24     12       51
  SINCE JAN 1     36                        24     12       51
..................................................................


WIND (MPH)
  HIGHEST WIND SPEED    25   HIGHEST WIND DIRECTION     W (250)
  HIGHEST GUST SPEED    33   HIGHEST GUST DIRECTION     W (260)
  AVERAGE WIND SPEED     9.1


SKY COVER
  AVERAGE SKY COVER 0.7


WEATHER CONDITIONS
 THE FOLLOWING WEATHER WAS RECORDED YESTERDAY.
  RAIN
  LIGHT RAIN
  FOG


RELATIVE HUMIDITY (PERCENT)
 HIGHEST    93           800 AM
 LOWEST     36           600 PM
 AVERAGE    65

..........................................................


THE ROCHESTER NY CLIMATE NORMALS FOR TODAY
                         NORMAL    RECORD    YEAR
 MAXIMUM TEMPERATURE (F)   72        94      1987
 MINIMUM TEMPERATURE (F)   51        33      1884


SUNRISE AND SUNSET
MAY 30 2017...........SUNRISE   535 AM EDT   SUNSET   842 PM EDT
MAY 31 2017...........SUNRISE   534 AM EDT   SUNSET   843 PM EDT


-  INDICATES NEGATIVE NUMBERS.
R  INDICATES RECORD WAS SET OR TIED.
MM INDICATES DATA IS MISSING.
T  INDICATES TRACE AMOUNT.




$$
