628
CDUS41 KBUF 272044
CLIROC


CLIMATE REPORT
NATIONAL WEATHER SERVICE BUFFALO NY
444 PM EDT THU JUL 27 2017


...................................

...THE ROCHESTER NY CLIMATE SUMMARY FOR JULY 27 2017...
VALID TODAY AS OF 0400 PM LOCAL TIME.

CLIMATE NORMAL PERIOD 1981 TO 2010
CLIMATE RECORD PERIOD 1871 TO 2017


WEATHER ITEM   OBSERVED TIME   RECORD YEAR NORMAL DEPARTURE LAST
                VALUE   (LST)  VALUE       VALUE  FROM      YEAR
                                                  NORMAL
..................................................................
TEMPERATURE (F)
 TODAY
  MAXIMUM         79    339 PM  98    1941  81     -2       91
                                      1894
  MINIMUM         67    816 AM  45    1977  61      6       63
  AVERAGE         73                        71      2       77

PRECIPITATION (IN)
  TODAY            0.44          2.18 2004   0.11   0.33     0.00
  MONTH TO DATE    4.29                      2.88   1.41     1.21
  SINCE JUN 1      7.83                      6.22   1.61     2.12
  SINCE JAN 1     27.81                     18.68   9.13    13.73

SNOWFALL (IN)
  TODAY            0.0           0.0    MM   0.0    0.0      0.0
  MONTH TO DATE    0.0                       0.0    0.0      0.0
  SINCE JUN 1      0.0                       0.0    0.0      0.0
  SINCE JUL 1      0.0                       0.0    0.0      0.0
  SNOW DEPTH       0

DEGREE DAYS
 HEATING
  TODAY            0                         0      0        0
  MONTH TO DATE    1                         6     -5        0
  SINCE JUN 1     46                        74    -28       47
  SINCE JUL 1      1                         6     -5        0

 COOLING
  TODAY            8                         6      2       12
  MONTH TO DATE  181                       162     19      269
  SINCE JUN 1    314                       268     46      398
  SINCE JAN 1    356                       298     58      460
..................................................................


WIND (MPH)
  HIGHEST WIND SPEED    10   HIGHEST WIND DIRECTION     W (250)
  HIGHEST GUST SPEED    15   HIGHEST GUST DIRECTION     W (280)
  AVERAGE WIND SPEED     5.6


SKY COVER
  AVERAGE SKY COVER 1.0


WEATHER CONDITIONS
 THE FOLLOWING WEATHER WAS RECORDED TODAY.
  HEAVY RAIN
  RAIN
  LIGHT RAIN
  FOG


RELATIVE HUMIDITY (PERCENT)
 HIGHEST    93          1200 AM
 LOWEST     69           300 PM
 AVERAGE    81

..........................................................


THE ROCHESTER NY CLIMATE NORMALS FOR TOMORROW
                         NORMAL    RECORD    YEAR
 MAXIMUM TEMPERATURE (F)   81        98      1964
 MINIMUM TEMPERATURE (F)   61        48      1996
                                             1977


SUNRISE AND SUNSET
JULY 27 2017..........SUNRISE   556 AM EDT   SUNSET   837 PM EDT
JULY 28 2017..........SUNRISE   557 AM EDT   SUNSET   836 PM EDT


-  INDICATES NEGATIVE NUMBERS.
R  INDICATES RECORD WAS SET OR TIED.
MM INDICATES DATA IS MISSING.
T  INDICATES TRACE AMOUNT.




$$
