642
CDUS41 KBUF 021032
CLIROC


CLIMATE REPORT
NATIONAL WEATHER SERVICE BUFFALO NY
528 AM EST FRI DEC 2 2016


...................................

...THE ROCHESTER NY CLIMATE SUMMARY FOR DECEMBER 1 2016...

CLIMATE NORMAL PERIOD 1981 TO 2010
CLIMATE RECORD PERIOD 1871 TO 2016


WEATHER ITEM   OBSERVED TIME   RECORD YEAR NORMAL DEPARTURE LAST
                VALUE   (LST)  VALUE       VALUE  FROM      YEAR
                                                  NORMAL
..................................................................
TEMPERATURE (F)
 YESTERDAY
  MAXIMUM         50   1241 AM  64    1934  42      8       54
  MINIMUM         38    725 PM   3    1887  28     10       40
                                      1875
  AVERAGE         44                        35      9       47

PRECIPITATION (IN)
  YESTERDAY        0.07          1.43 2010   0.09  -0.02     0.13
  MONTH TO DATE    0.07                      0.09  -0.02     0.13
  SINCE DEC 1      0.07                      0.09  -0.02     0.13
  SINCE JAN 1     27.88                     31.73  -3.85    34.08

SNOWFALL (IN)
  YESTERDAY        0.0           8.0  1910   0.5   -0.5      0.0
  MONTH TO DATE    0.0                       0.5   -0.5      0.0
  SINCE DEC 1      0.0                       0.5   -0.5      0.0
  SINCE JUL 1     15.9                       7.9    8.0      1.2
  SNOW DEPTH       0

DEGREE DAYS
 HEATING
  YESTERDAY       21                        30     -9       18
  MONTH TO DATE   21                        30     -9       18
  SINCE DEC 1     21                        30     -9       18
  SINCE JUL 1    999                      1398   -399     1058

 COOLING
  YESTERDAY        0                         0      0        0
  MONTH TO DATE    0                         0      0        0
  SINCE DEC 1      0                         0      0        0
  SINCE JAN 1    978                       539    439      698
..................................................................


WIND (MPH)
  HIGHEST WIND SPEED    28   HIGHEST WIND DIRECTION     W (260)
  HIGHEST GUST SPEED    37   HIGHEST GUST DIRECTION     W (270)
  AVERAGE WIND SPEED    15.4


SKY COVER
  AVERAGE SKY COVER 0.9


WEATHER CONDITIONS
 THE FOLLOWING WEATHER WAS RECORDED YESTERDAY.
  RAIN
  LIGHT RAIN
  FOG


RELATIVE HUMIDITY (PERCENT)
 HIGHEST    93          1200 AM
 LOWEST     65           500 AM
 AVERAGE    79

..........................................................


THE ROCHESTER NY CLIMATE NORMALS FOR TODAY
                         NORMAL    RECORD    YEAR
 MAXIMUM TEMPERATURE (F)   41        65      1982
 MINIMUM TEMPERATURE (F)   28         2      1976


SUNRISE AND SUNSET
DECEMBER  2 2016......SUNRISE   724 AM EST   SUNSET   436 PM EST
DECEMBER  3 2016......SUNRISE   725 AM EST   SUNSET   436 PM EST


-  INDICATES NEGATIVE NUMBERS.
R  INDICATES RECORD WAS SET OR TIED.
MM INDICATES DATA IS MISSING.
T  INDICATES TRACE AMOUNT.




$$
