000
CDUS45 KABQ 280841
CLIROW


CLIMATE REPORT
NATIONAL WEATHER SERVICE ALBUQUERQUE NM
240 AM MDT THU MAY 28 2015


...................................

...THE ROSWELL NM CLIMATE SUMMARY FOR MAY 27 2015...

CLIMATE NORMAL PERIOD 1981 TO 2010
CLIMATE RECORD PERIOD 1893 TO 2015


WEATHER ITEM   OBSERVED TIME   RECORD YEAR NORMAL DEPARTURE
                VALUE   (LST)  VALUE       VALUE  FROM
                                                  NORMAL
...............................................................
TEMPERATURE (F)
 YESTERDAY
  MAXIMUM         92    405 PM 106    1896  89      3
  MINIMUM         52    303 AM  41    1959  58     -6
                                      1903
  AVERAGE         72                        74     -2

PRECIPITATION (IN)
  YESTERDAY        0.00          0.39 2004   0.04  -0.04
  MONTH TO DATE    2.47                      1.07   1.40
  SINCE MAR 1      4.50                      2.19   2.31
  SINCE JAN 1      6.41                      2.99   3.42

SNOWFALL (IN)
  YESTERDAY        0.0
  MONTH TO DATE    0.0
  SINCE MAR 1      T
  SINCE JUL 1     16.2

DEGREE DAYS
 HEATING
  YESTERDAY        0                         0      0
  MONTH TO DATE   26                        27     -1
  SINCE MAR 1    516                       578    -62
  SINCE JUL 1   3233                      3285    -52

 COOLING
  YESTERDAY        7                         9     -2
  MONTH TO DATE   65                       148    -83
  SINCE MAR 1     81                       188   -107
  SINCE JAN 1     81                       188   -107
...............................................................


WIND (MPH)
  HIGHEST WIND SPEED    23   HIGHEST WIND DIRECTION    SE (150)
  HIGHEST GUST SPEED    31   HIGHEST GUST DIRECTION    SE (150)
  AVERAGE WIND SPEED     8.0


SKY COVER
  AVERAGE SKY COVER 0.0


WEATHER CONDITIONS
 THE FOLLOWING WEATHER WAS RECORDED YESTERDAY.
  NO SIGNIFICANT WEATHER WAS OBSERVED.


RELATIVE HUMIDITY (PERCENT)
 HIGHEST    77           300 AM
 LOWEST     15           400 PM
 AVERAGE    46

..........................................................


THE ROSWELL NM CLIMATE NORMALS FOR TODAY
                         NORMAL    RECORD    YEAR
 MAXIMUM TEMPERATURE (F)   89       105      2011
 MINIMUM TEMPERATURE (F)   58        39      1913


SUNRISE AND SUNSET
MAY 28 2015...........SUNRISE   551 AM MDT   SUNSET   800 PM MDT
MAY 29 2015...........SUNRISE   551 AM MDT   SUNSET   801 PM MDT


-  INDICATES NEGATIVE NUMBERS.
R  INDICATES RECORD WAS SET OR TIED.
MM INDICATES DATA IS MISSING.
T  INDICATES TRACE AMOUNT.

$$
