000
CDUS45 KABQ 170845
CLIROW


CLIMATE REPORT
NATIONAL WEATHER SERVICE ALBUQUERQUE NM
245 AM MDT WED SEP 17 2014


...................................

...THE ROSWELL NM CLIMATE SUMMARY FOR SEPTEMBER 16 2014...

CLIMATE NORMAL PERIOD 1981 TO 2010
CLIMATE RECORD PERIOD 1893 TO 2014


WEATHER ITEM   OBSERVED TIME   RECORD YEAR NORMAL DEPARTURE
                VALUE   (LST)  VALUE       VALUE  FROM
                                                  NORMAL
...............................................................
TEMPERATURE (F)
 YESTERDAY
  MAXIMUM         71    106 PM 100    1956  86    -15
  MINIMUM         66   1159 PM  44    1961  59      7
                                      1951
  AVERAGE         69                        72     -3

PRECIPITATION (IN)
  YESTERDAY        0.09          2.92 1923   0.05   0.04
  MONTH TO DATE    1.86                      0.87   0.99
  SINCE SEP 1      1.86                      0.87   0.99
  SINCE JAN 1     14.10                      9.80   4.30

SNOWFALL (IN)
  YESTERDAY        0.0
  MONTH TO DATE    0.0
  SINCE SEP 1      0.0
  SINCE JUL 1      0.0

DEGREE DAYS
 HEATING
  YESTERDAY        0                         0      0
  MONTH TO DATE   16                         0     16
  SINCE SEP 1     16                         0     16
  SINCE JUL 1     16                         0     16

 COOLING
  YESTERDAY        4                         7     -3
  MONTH TO DATE  134                       153    -19
  SINCE SEP 1    134                       153    -19
  SINCE JAN 1   1819                      1677    142
...............................................................


WIND (MPH)
  HIGHEST WIND SPEED    13   HIGHEST WIND DIRECTION    SE (140)
  HIGHEST GUST SPEED    16   HIGHEST GUST DIRECTION    SE (140)
  AVERAGE WIND SPEED     1.4


SKY COVER
  AVERAGE SKY COVER 0.9


WEATHER CONDITIONS
 THE FOLLOWING WEATHER WAS RECORDED YESTERDAY.
  LIGHT RAIN
  FOG


RELATIVE HUMIDITY (PERCENT)
 HIGHEST    93           300 AM
 LOWEST     84          1000 AM
 AVERAGE    89

..........................................................


THE ROSWELL NM CLIMATE NORMALS FOR TODAY
                         NORMAL    RECORD    YEAR
 MAXIMUM TEMPERATURE (F)   85        98      2005
                                             1896
 MINIMUM TEMPERATURE (F)   58        41      1968
                                             1951


SUNRISE AND SUNSET
SEPTEMBER 17 2014.....SUNRISE   643 AM MDT   SUNSET   702 PM MDT
SEPTEMBER 18 2014.....SUNRISE   644 AM MDT   SUNSET   700 PM MDT


-  INDICATES NEGATIVE NUMBERS.
R  INDICATES RECORD WAS SET OR TIED.
MM INDICATES DATA IS MISSING.
T  INDICATES TRACE AMOUNT.




$$
