000
CDUS45 KABQ 260844
CLIROW


CLIMATE REPORT
NATIONAL WEATHER SERVICE ALBUQUERQUE NM
142 AM MST FRI DEC 26 2014


...................................

...THE ROSWELL NM CLIMATE SUMMARY FOR DECEMBER 25 2014...

CLIMATE NORMAL PERIOD 1981 TO 2010
CLIMATE RECORD PERIOD 1893 TO 2014


WEATHER ITEM   OBSERVED TIME   RECORD YEAR NORMAL DEPARTURE
                VALUE   (LST)  VALUE       VALUE  FROM
                                                  NORMAL
...............................................................
TEMPERATURE (F)
 YESTERDAY
  MAXIMUM         68    257 PM  74    2008  53     15
                                      1955
  MINIMUM         29    450 AM   1    1924  25      4
  AVERAGE         49                        39     10

PRECIPITATION (IN)
  YESTERDAY        0.00          0.60 1991   0.02  -0.02
  MONTH TO DATE    0.07                      0.53  -0.46
  SINCE DEC 1      0.07                      0.53  -0.46
  SINCE JAN 1     17.97                     12.80   5.17

SNOWFALL (IN)
  YESTERDAY        0.0
  MONTH TO DATE    0.0
  SINCE DEC 1      0.0
  SINCE JUL 1      1.8

DEGREE DAYS
 HEATING
  YESTERDAY       16                        26    -10
  MONTH TO DATE  479                       610   -131
  SINCE DEC 1    479                       610   -131
  SINCE JUL 1   1136                      1256   -120

 COOLING
  YESTERDAY        0                         0      0
  MONTH TO DATE    0                         0      0
  SINCE DEC 1      0                         0      0
  SINCE JAN 1   1928                      1789    139
...............................................................


WIND (MPH)
  HIGHEST WIND SPEED    31   HIGHEST WIND DIRECTION     S (200)
  HIGHEST GUST SPEED    39   HIGHEST GUST DIRECTION    SW (210)
  AVERAGE WIND SPEED    10.2


SKY COVER
  AVERAGE SKY COVER 0.0


WEATHER CONDITIONS
 THE FOLLOWING WEATHER WAS RECORDED YESTERDAY.
  NO SIGNIFICANT WEATHER WAS OBSERVED.


RELATIVE HUMIDITY (PERCENT)
 HIGHEST    63           100 AM
 LOWEST      9           300 PM
 AVERAGE    36

..........................................................


THE ROSWELL NM CLIMATE NORMALS FOR TODAY
                         NORMAL    RECORD    YEAR
 MAXIMUM TEMPERATURE (F)   53        78      1920
 MINIMUM TEMPERATURE (F)   25         3      1997


SUNRISE AND SUNSET
DECEMBER 26 2014......SUNRISE   700 AM MST   SUNSET   458 PM MST
DECEMBER 27 2014......SUNRISE   700 AM MST   SUNSET   458 PM MST


-  INDICATES NEGATIVE NUMBERS.
R  INDICATES RECORD WAS SET OR TIED.
MM INDICATES DATA IS MISSING.
T  INDICATES TRACE AMOUNT.




$$
