000
CDUS45 KABQ 220833
CLIROW


CLIMATE REPORT
NATIONAL WEATHER SERVICE ALBUQUERQUE NM
233 AM MDT TUE JUL 22 2014


...................................

...THE ROSWELL NM CLIMATE SUMMARY FOR JULY 21 2014...

CLIMATE NORMAL PERIOD 1981 TO 2010
CLIMATE RECORD PERIOD 1893 TO 2014


WEATHER ITEM   OBSERVED TIME   RECORD YEAR NORMAL DEPARTURE
                VALUE   (LST)  VALUE       VALUE  FROM
                                                  NORMAL
...............................................................
TEMPERATURE (F)
 YESTERDAY
  MAXIMUM        101    302 PM 104    1951  93      8
  MINIMUM         69    514 AM  55    1894  67      2
  AVERAGE         85                        80      5

PRECIPITATION (IN)
  YESTERDAY        0.00          1.71 1912   0.07  -0.07
  MONTH TO DATE    0.65                      1.46  -0.81
  SINCE JUN 1      2.08                      3.19  -1.11
  SINCE JAN 1      6.94                      6.36   0.58

SNOWFALL (IN)
  YESTERDAY        0.0
  MONTH TO DATE    0.0
  SINCE JUN 1      0.0
  SINCE JUL 1      0.0

DEGREE DAYS
 HEATING
  YESTERDAY        0                         0      0
  MONTH TO DATE    0                         0      0
  SINCE JUN 1      0                         1     -1
  SINCE JUL 1      0                         0      0

 COOLING
  YESTERDAY       20                        15      5
  MONTH TO DATE  325                       327     -2
  SINCE JUN 1    805                       724     81
  SINCE JAN 1   1059                       949    110
...............................................................


WIND (MPH)
  HIGHEST WIND SPEED    24   HIGHEST WIND DIRECTION    SE (120)
  HIGHEST GUST SPEED    28   HIGHEST GUST DIRECTION    SE (130)
  AVERAGE WIND SPEED     7.9


SKY COVER
  AVERAGE SKY COVER 0.0


WEATHER CONDITIONS
 THE FOLLOWING WEATHER WAS RECORDED YESTERDAY.
  NO SIGNIFICANT WEATHER WAS OBSERVED.


RELATIVE HUMIDITY (PERCENT)
 HIGHEST    79           600 AM
 LOWEST     19           400 PM
 AVERAGE    49

..........................................................


THE ROSWELL NM CLIMATE NORMALS FOR TODAY
                         NORMAL    RECORD    YEAR
 MAXIMUM TEMPERATURE (F)   93       103      2003
                                             1966
 MINIMUM TEMPERATURE (F)   67        54      1947
                                             1894


SUNRISE AND SUNSET
JULY 22 2014..........SUNRISE   604 AM MDT   SUNSET   805 PM MDT
JULY 23 2014..........SUNRISE   605 AM MDT   SUNSET   804 PM MDT


-  INDICATES NEGATIVE NUMBERS.
R  INDICATES RECORD WAS SET OR TIED.
MM INDICATES DATA IS MISSING.
T  INDICATES TRACE AMOUNT.




$$
