000
CDUS45 KABQ 290833
CLIROW


CLIMATE REPORT
NATIONAL WEATHER SERVICE ALBUQUERQUE NM
232 AM MDT SUN MAY 29 2016


...................................

...THE ROSWELL NM CLIMATE SUMMARY FOR MAY 28 2016...

CLIMATE NORMAL PERIOD 1981 TO 2010
CLIMATE RECORD PERIOD 1893 TO 2016


WEATHER ITEM   OBSERVED TIME   RECORD YEAR NORMAL DEPARTURE
                VALUE   (LST)  VALUE       VALUE  FROM
                                                  NORMAL
...............................................................
TEMPERATURE (F)
 YESTERDAY
  MAXIMUM         90    453 PM 105    2011  89      1
  MINIMUM         56    514 AM  39    1913  58     -2
  AVERAGE         73                        74     -1

PRECIPITATION (IN)
  YESTERDAY        0.00          1.41 1988   0.05  -0.05
  MONTH TO DATE    0.60                      1.12  -0.52
  SINCE MAR 1      1.37                      2.24  -0.87
  SINCE JAN 1      1.93                      3.04  -1.11

SNOWFALL (IN)
  YESTERDAY        0.0
  MONTH TO DATE    0.0
  SINCE MAR 1      T
  SINCE JUL 1     17.8

DEGREE DAYS
 HEATING
  YESTERDAY        0                         0      0
  MONTH TO DATE   62                        27     35
  SINCE MAR 1    477                       578   -101
  SINCE JUL 1   3037                      3285   -248

 COOLING
  YESTERDAY        8                         9     -1
  MONTH TO DATE  132                       157    -25
  SINCE MAR 1    152                       197    -45
  SINCE JAN 1    152                       197    -45
...............................................................


WIND (MPH)
  HIGHEST WIND SPEED    21   HIGHEST WIND DIRECTION    SE (130)
  HIGHEST GUST SPEED    26   HIGHEST GUST DIRECTION     S (160)
  AVERAGE WIND SPEED     8.2


SKY COVER
  AVERAGE SKY COVER 0.0


WEATHER CONDITIONS
 THE FOLLOWING WEATHER WAS RECORDED YESTERDAY.
  NO SIGNIFICANT WEATHER WAS OBSERVED.


RELATIVE HUMIDITY (PERCENT)
 HIGHEST    44           600 AM
 LOWEST      8           500 PM
 AVERAGE    26

..........................................................


THE ROSWELL NM CLIMATE NORMALS FOR TODAY
                         NORMAL    RECORD    YEAR
 MAXIMUM TEMPERATURE (F)   90       103      1951
 MINIMUM TEMPERATURE (F)   59        40      1947


SUNRISE AND SUNSET
MAY 29 2016...........SUNRISE   550 AM MDT   SUNSET   801 PM MDT
MAY 30 2016...........SUNRISE   550 AM MDT   SUNSET   802 PM MDT


-  INDICATES NEGATIVE NUMBERS.
R  INDICATES RECORD WAS SET OR TIED.
MM INDICATES DATA IS MISSING.
T  INDICATES TRACE AMOUNT.




$$
