000
CDUS45 KABQ 130831
CLIROW


CLIMATE REPORT
NATIONAL WEATHER SERVICE ALBUQUERQUE NM
229 AM MDT SUN JUL 13 2014


...................................

...THE ROSWELL NM CLIMATE SUMMARY FOR JULY 12 2014...

CLIMATE NORMAL PERIOD 1981 TO 2010
CLIMATE RECORD PERIOD 1893 TO 2014


WEATHER ITEM   OBSERVED TIME   RECORD YEAR NORMAL DEPARTURE
                VALUE   (LST)  VALUE       VALUE  FROM
                                                  NORMAL
...............................................................
TEMPERATURE (F)
 YESTERDAY
  MAXIMUM         91    534 PM 107    1998  94     -3
  MINIMUM         65    457 AM  54    1897  67     -2
  AVERAGE         78                        81     -3

PRECIPITATION (IN)
  YESTERDAY        0.00          1.30 1949   0.07  -0.07
  MONTH TO DATE    0.13                      0.89  -0.76
  SINCE JUN 1      1.56                      2.62  -1.06
  SINCE JAN 1      6.42                      5.79   0.63

SNOWFALL (IN)
  YESTERDAY        0.0
  MONTH TO DATE    0.0
  SINCE JUN 1      0.0
  SINCE JUL 1      0.0

DEGREE DAYS
 HEATING
  YESTERDAY        0                         0      0
  MONTH TO DATE    0                         0      0
  SINCE JUN 1      0                         1     -1
  SINCE JUL 1      0                         0      0

 COOLING
  YESTERDAY       13                        16     -3
  MONTH TO DATE  176                       190    -14
  SINCE JUN 1    656                       587     69
  SINCE JAN 1    910                       812     98
...............................................................


WIND (MPH)
  HIGHEST WIND SPEED    30   HIGHEST WIND DIRECTION    SE (150)
  HIGHEST GUST SPEED    42   HIGHEST GUST DIRECTION    SE (130)
  AVERAGE WIND SPEED     7.6


SKY COVER
  AVERAGE SKY COVER 0.2


WEATHER CONDITIONS
 THE FOLLOWING WEATHER WAS RECORDED YESTERDAY.
  HAZE


RELATIVE HUMIDITY (PERCENT)
 HIGHEST    78           500 AM
 LOWEST     29           400 PM
 AVERAGE    54

..........................................................


THE ROSWELL NM CLIMATE NORMALS FOR TODAY
                         NORMAL    RECORD    YEAR
 MAXIMUM TEMPERATURE (F)   94       109      1958
 MINIMUM TEMPERATURE (F)   67        55      1894


SUNRISE AND SUNSET
JULY 13 2014..........SUNRISE   559 AM MDT   SUNSET   809 PM MDT
JULY 14 2014..........SUNRISE   559 AM MDT   SUNSET   809 PM MDT


-  INDICATES NEGATIVE NUMBERS.
R  INDICATES RECORD WAS SET OR TIED.
MM INDICATES DATA IS MISSING.
T  INDICATES TRACE AMOUNT.

$$
