000
CDUS45 KABQ 220837
CLIROW


CLIMATE REPORT
NATIONAL WEATHER SERVICE ALBUQUERQUE NM
236 AM MDT WED MAR 22 2017


...................................

...THE ROSWELL NM CLIMATE SUMMARY FOR MARCH 21 2017...

CLIMATE NORMAL PERIOD 1981 TO 2010
CLIMATE RECORD PERIOD 1893 TO 2017


WEATHER ITEM   OBSERVED TIME   RECORD YEAR NORMAL DEPARTURE
                VALUE   (LST)  VALUE       VALUE  FROM
                                                  NORMAL
...............................................................
TEMPERATURE (F)
 YESTERDAY
  MAXIMUM         90    418 PM  92    1907  70     20
  MINIMUM         49    928 AM  16    1965  38     11
  AVERAGE         70                        54     16

PRECIPITATION (IN)
  YESTERDAY        0.00          2.97 1919   0.02  -0.02
  MONTH TO DATE    T                         0.34  -0.34
  SINCE MAR 1      T                         0.34  -0.34
  SINCE JAN 1      1.25                      1.14   0.11

SNOWFALL (IN)
  YESTERDAY        0.0
  MONTH TO DATE    0.0
  SINCE MAR 1      0.0
  SINCE JUL 1      2.5

DEGREE DAYS
 HEATING
  YESTERDAY        0                        11    -11
  MONTH TO DATE  134                       288   -154
  SINCE MAR 1    134                       288   -154
  SINCE JUL 1   2279                      2995   -716

 COOLING
  YESTERDAY        5                         0      5
  MONTH TO DATE   21                         0     21
  SINCE MAR 1     21                         0     21
  SINCE JAN 1     21                         0     21
...............................................................


WIND (MPH)
  HIGHEST WIND SPEED    17   HIGHEST WIND DIRECTION     S (190)
  HIGHEST GUST SPEED    26   HIGHEST GUST DIRECTION     S (170)
  AVERAGE WIND SPEED     4.9


SKY COVER
  AVERAGE SKY COVER 0.0


WEATHER CONDITIONS
 THE FOLLOWING WEATHER WAS RECORDED YESTERDAY.
  NO SIGNIFICANT WEATHER WAS OBSERVED.


RELATIVE HUMIDITY (PERCENT)
 HIGHEST    38           400 AM
 LOWEST     11           200 PM
 AVERAGE    25

..........................................................


THE ROSWELL NM CLIMATE NORMALS FOR TODAY
                         NORMAL    RECORD    YEAR
 MAXIMUM TEMPERATURE (F)   70        87      2016
                                             1907
 MINIMUM TEMPERATURE (F)   38        18      1955
                                             1952
                                             1914


SUNRISE AND SUNSET
MARCH 22 2017.........SUNRISE   659 AM MDT   SUNSET   711 PM MDT
MARCH 23 2017.........SUNRISE   657 AM MDT   SUNSET   712 PM MDT


-  INDICATES NEGATIVE NUMBERS.
R  INDICATES RECORD WAS SET OR TIED.
MM INDICATES DATA IS MISSING.
T  INDICATES TRACE AMOUNT.




$$
