000
CDUS45 KABQ 030844
CLIROW


CLIMATE REPORT
NATIONAL WEATHER SERVICE ALBUQUERQUE NM
144 AM MST SAT DEC 3 2016


...................................

...THE ROSWELL NM CLIMATE SUMMARY FOR DECEMBER 2 2016...

CLIMATE NORMAL PERIOD 1981 TO 2010
CLIMATE RECORD PERIOD 1893 TO 2016


WEATHER ITEM   OBSERVED TIME   RECORD YEAR NORMAL DEPARTURE
                VALUE   (LST)  VALUE       VALUE  FROM
                                                  NORMAL
...............................................................
TEMPERATURE (F)
 YESTERDAY
  MAXIMUM         52    305 PM  83    2008  58     -6
  MINIMUM         26    304 AM  15    1931  28     -2
  AVERAGE         39                        43     -4

PRECIPITATION (IN)
  YESTERDAY        0.02          0.56 1997   0.02   0.00
  MONTH TO DATE    0.02                      0.04  -0.02
  SINCE DEC 1      0.02                      0.04  -0.02
  SINCE JAN 1     10.36                     12.31  -1.95

SNOWFALL (IN)
  YESTERDAY        0.0
  MONTH TO DATE    0.0
  SINCE DEC 1      0.0
  SINCE JUL 1      0.0

DEGREE DAYS
 HEATING
  YESTERDAY       26                        22      4
  MONTH TO DATE   52                        44      8
  SINCE DEC 1     52                        44      8
  SINCE JUL 1    438                       690   -252

 COOLING
  YESTERDAY        0                         0      0
  MONTH TO DATE    0                         0      0
  SINCE DEC 1      0                         0      0
  SINCE JAN 1   2066                      1789    277
...............................................................


WIND (MPH)
  HIGHEST WIND SPEED    17   HIGHEST WIND DIRECTION     N (10)
  HIGHEST GUST SPEED    22   HIGHEST GUST DIRECTION     N (20)
  AVERAGE WIND SPEED    10.3


SKY COVER
  AVERAGE SKY COVER 0.5


WEATHER CONDITIONS
 THE FOLLOWING WEATHER WAS RECORDED YESTERDAY.
  LIGHT RAIN


RELATIVE HUMIDITY (PERCENT)
 HIGHEST    67          1100 PM
 LOWEST     39          1000 AM
 AVERAGE    53

..........................................................


THE ROSWELL NM CLIMATE NORMALS FOR TODAY
                         NORMAL    RECORD    YEAR
 MAXIMUM TEMPERATURE (F)   57        80      1977
 MINIMUM TEMPERATURE (F)   28         4      1931


SUNRISE AND SUNSET
DECEMBER  3 2016......SUNRISE   646 AM MST   SUNSET   450 PM MST
DECEMBER  4 2016......SUNRISE   647 AM MST   SUNSET   450 PM MST


-  INDICATES NEGATIVE NUMBERS.
R  INDICATES RECORD WAS SET OR TIED.
MM INDICATES DATA IS MISSING.
T  INDICATES TRACE AMOUNT.




$$
