671
CDUS45 KABQ 160833
CLIROW


CLIMATE REPORT
NATIONAL WEATHER SERVICE ALBUQUERQUE NM
232 AM MDT WED AUG 16 2017


...................................

...THE ROSWELL NM CLIMATE SUMMARY FOR AUGUST 15 2017...

CLIMATE NORMAL PERIOD 1981 TO 2010
CLIMATE RECORD PERIOD 1893 TO 2017


WEATHER ITEM   OBSERVED TIME   RECORD YEAR NORMAL DEPARTURE
                VALUE   (LST)  VALUE       VALUE  FROM
                                                  NORMAL
...............................................................
TEMPERATURE (F)
 YESTERDAY
  MAXIMUM         93    207 PM 107    2002  92      1
  MINIMUM         69   1159 PM  52    1920  66      3
  AVERAGE         81                        79      2

PRECIPITATION (IN)
  YESTERDAY        0.03          1.20 2006   0.06  -0.03
  MONTH TO DATE    0.83                      0.98  -0.15
  SINCE JUN 1      3.07                      4.77  -1.70
  SINCE JAN 1      6.63                      7.94  -1.31

SNOWFALL (IN)
  YESTERDAY        0.0
  MONTH TO DATE    0.0
  SINCE JUN 1      0.0
  SINCE JUL 1      0.0

DEGREE DAYS
 HEATING
  YESTERDAY        0                         0      0
  MONTH TO DATE    0                         0      0
  SINCE JUN 1      0                         1     -1
  SINCE JUL 1      0                         0      0

 COOLING
  YESTERDAY       16                        14      2
  MONTH TO DATE  226                       218      8
  SINCE JUN 1   1294                      1091    203
  SINCE JAN 1   1575                      1316    259
...............................................................


WIND (MPH)
  HIGHEST WIND SPEED    28   HIGHEST WIND DIRECTION     W (290)
  HIGHEST GUST SPEED    32   HIGHEST GUST DIRECTION     W (290)
  AVERAGE WIND SPEED     8.7


SKY COVER
  AVERAGE SKY COVER 0.1


WEATHER CONDITIONS
 THE FOLLOWING WEATHER WAS RECORDED YESTERDAY.
  THUNDERSTORM
  RAIN
  LIGHT RAIN


RELATIVE HUMIDITY (PERCENT)
 HIGHEST    84          1100 PM
 LOWEST     32           300 PM
 AVERAGE    58

..........................................................


THE ROSWELL NM CLIMATE NORMALS FOR TODAY
                         NORMAL    RECORD    YEAR
 MAXIMUM TEMPERATURE (F)   92       104      1969
 MINIMUM TEMPERATURE (F)   66        58      1904
                                             1898


SUNRISE AND SUNSET
AUGUST 16 2017........SUNRISE   622 AM MDT   SUNSET   742 PM MDT
AUGUST 17 2017........SUNRISE   622 AM MDT   SUNSET   741 PM MDT


-  INDICATES NEGATIVE NUMBERS.
R  INDICATES RECORD WAS SET OR TIED.
MM INDICATES DATA IS MISSING.
T  INDICATES TRACE AMOUNT.




$$
