000
CDUS43 KARX 232235
CLIRST


CLIMATE REPORT
NATIONAL WEATHER SERVICE LA CROSSE WI
434 PM CST TUE JAN 23 2018


...................................

...THE ROCHESTER MN CLIMATE SUMMARY FOR JANUARY 23 2018...
VALID TODAY AS OF 0430 PM LOCAL TIME.

CLIMATE NORMAL PERIOD 1981 TO 2010
CLIMATE RECORD PERIOD 1886 TO 2018


WEATHER ITEM   OBSERVED TIME   RECORD YEAR NORMAL DEPARTURE LAST
                VALUE   (LST)  VALUE       VALUE  FROM      YEAR
                                                  NORMAL
..................................................................
TEMPERATURE (F)
 TODAY
  MAXIMUM         24    250 AM  50    1981  24      0       33
  MINIMUM         16    812 AM -34    1935   7      9       30
  AVERAGE         20                        16      4       32

PRECIPITATION (IN)
  TODAY            T             0.50 1949   0.03  -0.03      T
  MONTH TO DATE    1.40                      0.64   0.76     1.31
  SINCE DEC 1      1.91                      1.87   0.04     3.38
  SINCE JAN 1      1.40                      0.64   0.76     1.31

SNOWFALL (IN)
  TODAY            T             5.8  1988   0.4   -0.4       T
  MONTH TO DATE   15.8                       8.7    7.1      3.7
  SINCE JUL 1     26.3                      28.1   -1.8     24.4
  SNOW DEPTH       8

DEGREE DAYS
 HEATING
  TODAY           45                        49     -4       33
  MONTH TO DATE 1201                      1140     61     1102
  SINCE JUL 1   4231                      4218     13     3673

 COOLING
  TODAY            0                         0      0        0
  MONTH TO DATE    0                         0      0        0
  SINCE JAN 1      0                         0      0        0
..................................................................


WIND (MPH)
  HIGHEST WIND SPEED    29   HIGHEST WIND DIRECTION     N (360)
  HIGHEST GUST SPEED    37   HIGHEST GUST DIRECTION     N (350)
  AVERAGE WIND SPEED    18.5


SKY COVER
  POSSIBLE SUNSHINE  MM
  AVERAGE SKY COVER 1.0


WEATHER CONDITIONS
 THE FOLLOWING WEATHER WAS RECORDED TODAY.
  LIGHT SNOW
  FOG
  BLOWING SNOW


RELATIVE HUMIDITY (PERCENT)
 HIGHEST    96           300 AM
 LOWEST     84           100 PM
 AVERAGE    90

..........................................................


THE ROCHESTER MN CLIMATE NORMALS FOR TOMORROW
                         NORMAL    RECORD    YEAR
 MAXIMUM TEMPERATURE (F)   24        55      1981
 MINIMUM TEMPERATURE (F)    8       -34      1935


SUNRISE AND SUNSET
JANUARY 23 2018.......SUNRISE   736 AM CST   SUNSET   508 PM CST
JANUARY 24 2018.......SUNRISE   735 AM CST   SUNSET   510 PM CST


-  INDICATES NEGATIVE NUMBERS.
R  INDICATES RECORD WAS SET OR TIED.
MM INDICATES DATA IS MISSING.
T  INDICATES TRACE AMOUNT.




$$
