000
CDUS43 KARX 220639
CLIRST


CLIMATE REPORT
NATIONAL WEATHER SERVICE LA CROSSE WI
138 AM CDT WED OCT 22 2014


...................................

...THE ROCHESTER MN CLIMATE SUMMARY FOR OCTOBER 21 2014...

CLIMATE NORMAL PERIOD 1981 TO 2010
CLIMATE RECORD PERIOD 1886 TO 2014


WEATHER ITEM   OBSERVED TIME   RECORD YEAR NORMAL DEPARTURE LAST
                VALUE   (LST)  VALUE       VALUE  FROM      YEAR
                                                  NORMAL
..................................................................
TEMPERATURE (F)
 YESTERDAY
  MAXIMUM         57    304 PM  85    1947  56      1       39
  MINIMUM         37    616 AM  14    1930  37      0       25
                                      1913
  AVERAGE         47                        47      0       32

PRECIPITATION (IN)
  YESTERDAY        0.00          1.57 2009   0.06  -0.06     0.00
  MONTH TO DATE    2.09                      1.62   0.47     2.96
  SINCE SEP 1      5.63                      5.07   0.56     4.18
  SINCE JAN 1     31.05                     29.26   1.79    38.88

SNOWFALL (IN)
  YESTERDAY        0.0           T    1987   0.0    0.0      0.0
                                      1976
                                      1949
  MONTH TO DATE    T                         0.3   -0.3       T
  SINCE JUL 1      T                         0.3   -0.3       T
  SNOW DEPTH       0

DEGREE DAYS
 HEATING
  YESTERDAY       18                        18      0       33
  MONTH TO DATE  352                       313     39      281
  SINCE JUL 1    557                       528     29      435

 COOLING
  YESTERDAY        0                         0      0        0
  MONTH TO DATE    0                         4     -4        0
  SINCE JAN 1    491                       583    -92      656
..................................................................


WIND (MPH)
  HIGHEST WIND SPEED    14   HIGHEST WIND DIRECTION    SE (140)
  HIGHEST GUST SPEED    17   HIGHEST GUST DIRECTION    SE (130)
  AVERAGE WIND SPEED     7.8


SKY COVER
  POSSIBLE SUNSHINE  MM
  AVERAGE SKY COVER 0.0


WEATHER CONDITIONS
 THE FOLLOWING WEATHER WAS RECORDED YESTERDAY.
  NO SIGNIFICANT WEATHER WAS OBSERVED.


RELATIVE HUMIDITY (PERCENT)
 HIGHEST    92           300 AM
 LOWEST     55           400 PM
 AVERAGE    74

..........................................................


THE ROCHESTER MN CLIMATE NORMALS FOR TODAY
                         NORMAL    RECORD    YEAR
 MAXIMUM TEMPERATURE (F)   56        80      1992
 MINIMUM TEMPERATURE (F)   37        16      1930


SUNRISE AND SUNSET
OCTOBER 22 2014.......SUNRISE   733 AM CDT   SUNSET   615 PM CDT
OCTOBER 23 2014.......SUNRISE   735 AM CDT   SUNSET   613 PM CDT


-  INDICATES NEGATIVE NUMBERS.
R  INDICATES RECORD WAS SET OR TIED.
MM INDICATES DATA IS MISSING.
T  INDICATES TRACE AMOUNT.




$$
