000
CDUS45 KCYS 210728
CLIRWL


CLIMATE REPORT
NATIONAL WEATHER SERVICE CHEYENNE WY
128 AM MDT SUN SEP 21 2014


...................................

...THE RAWLINS WY AIRPORT CLIMATE SUMMARY FOR SEPTEMBER 20 2014...

CLIMATE NORMAL PERIOD 1981 TO 2010
CLIMATE RECORD PERIOD 1951 TO 2014


WEATHER ITEM   OBSERVED TIME   RECORD YEAR NORMAL DEPARTURE LAST
                VALUE   (LST)  VALUE       VALUE  FROM      YEAR
                                                  NORMAL
..................................................................
TEMPERATURE (F)
 YESTERDAY
  MAXIMUM         78    351 PM  82    1956  69      9       72
  MINIMUM         39    604 AM  13    1965  38      1       29
  AVERAGE         59                        54      5       51

PRECIPITATION (IN)
  YESTERDAY        0.00          0.30 2004   0.04  -0.04     0.00
  MONTH TO DATE    0.59                      0.63  -0.04     2.07
  SINCE JAN 1      5.11                      7.18  -2.07     5.84

DEGREE DAYS
 HEATING
  YESTERDAY        6                        11     -5       14
  MONTH TO DATE  144                       154    -10       82
  SINCE SEP 1    144                       154    -10       82
  SINCE JUL 1    244                       247     -3       90

 COOLING
  YESTERDAY        0                         0      0        0
  MONTH TO DATE    2                         2      0       49
  SINCE SEP 1      2                         2      0       49
  SINCE JAN 1    211                       183     28      371
..................................................................


WIND (MPH)
  HIGHEST WIND SPEED    24   HIGHEST WIND DIRECTION     E (70)
  HIGHEST GUST SPEED    31   HIGHEST GUST DIRECTION     E (70)
  AVERAGE WIND SPEED     8.1


SKY COVER
  AVERAGE SKY COVER 0.0


WEATHER CONDITIONS
 THE FOLLOWING WEATHER WAS RECORDED YESTERDAY.
  NO SIGNIFICANT WEATHER WAS OBSERVED.


RELATIVE HUMIDITY (PERCENT)
 HIGHEST    70           500 AM
 LOWEST     16           200 PM
 AVERAGE    43

..........................................................


THE RAWLINS WY AIRPORT CLIMATE NORMALS FOR TODAY
                         NORMAL    RECORD    YEAR
 MAXIMUM TEMPERATURE (F)   68        80      1966
 MINIMUM TEMPERATURE (F)   38        20      1995


SUNRISE AND SUNSET
SEPTEMBER 21 2014.....SUNRISE   655 AM MDT   SUNSET   708 PM MDT
SEPTEMBER 22 2014.....SUNRISE   656 AM MDT   SUNSET   706 PM MDT


-  INDICATES NEGATIVE NUMBERS.
R  INDICATES RECORD WAS SET OR TIED.
MM INDICATES DATA IS MISSING.
T  INDICATES TRACE AMOUNT.




$$
