000
CDUS45 KCYS 270730
CLIRWL


CLIMATE REPORT
NATIONAL WEATHER SERVICE CHEYENNE WY
129 AM MDT WED JUL 27 2016


...................................

...THE RAWLINS WY AIRPORT CLIMATE SUMMARY FOR JULY 26 2016...

CLIMATE NORMAL PERIOD 1981 TO 2010
CLIMATE RECORD PERIOD 1951 TO 2016


WEATHER ITEM   OBSERVED TIME   RECORD YEAR NORMAL DEPARTURE LAST
                VALUE   (LST)  VALUE       VALUE  FROM      YEAR
                                                  NORMAL
..................................................................
TEMPERATURE (F)
 YESTERDAY
  MAXIMUM         91   1227 PM  97    2000  85      6       89
  MINIMUM         52    411 AM  43    1995  52      0       48
                                      1973
  AVERAGE         72                        68      4       69

PRECIPITATION (IN)
  YESTERDAY        0.00          0.28 1981   0.03  -0.03     0.00
  MONTH TO DATE    0.06                      0.69  -0.63     0.95
  SINCE JAN 1      6.06                      5.64   0.42     7.82

DEGREE DAYS
 HEATING
  YESTERDAY        0                         1     -1        0
  MONTH TO DATE   16                        33    -17       22
  SINCE JUN 1     70                       223   -153       88
  SINCE JUL 1     16                        33    -17       22

 COOLING
  YESTERDAY        7                         4      3        4
  MONTH TO DATE   96                        82     14       55
  SINCE JUN 1    137                       101     36      116
  SINCE JAN 1    137                       101     36      116
..................................................................


WIND (MPH)
  HIGHEST WIND SPEED    33   HIGHEST WIND DIRECTION    SW (210)
  HIGHEST GUST SPEED    46   HIGHEST GUST DIRECTION    SW (210)
  AVERAGE WIND SPEED    10.3


SKY COVER
  AVERAGE SKY COVER 0.0


WEATHER CONDITIONS
 THE FOLLOWING WEATHER WAS RECORDED YESTERDAY.
  NO SIGNIFICANT WEATHER WAS OBSERVED.


RELATIVE HUMIDITY (PERCENT)
 HIGHEST    38           500 AM
 LOWEST      8           200 PM
 AVERAGE    23

..........................................................


THE RAWLINS WY AIRPORT CLIMATE NORMALS FOR TODAY
                         NORMAL    RECORD    YEAR
 MAXIMUM TEMPERATURE (F)   84        93      2008
                                             2000
 MINIMUM TEMPERATURE (F)   52        40      2005


SUNRISE AND SUNSET
JULY 27 2016..........SUNRISE   558 AM MDT   SUNSET   832 PM MDT
JULY 28 2016..........SUNRISE   559 AM MDT   SUNSET   831 PM MDT


-  INDICATES NEGATIVE NUMBERS.
R  INDICATES RECORD WAS SET OR TIED.
MM INDICATES DATA IS MISSING.
T  INDICATES TRACE AMOUNT.




$$
