000
CDUS45 KCYS 260739
CLIRWL


CLIMATE REPORT
NATIONAL WEATHER SERVICE CHEYENNE WY
1238 AM MST MON JAN 26 2015


...................................

...THE RAWLINS WY AIRPORT CLIMATE SUMMARY FOR JANUARY 25 2015...

CLIMATE NORMAL PERIOD 1981 TO 2010
CLIMATE RECORD PERIOD 1951 TO 2015


WEATHER ITEM   OBSERVED TIME   RECORD YEAR NORMAL DEPARTURE LAST
                VALUE   (LST)  VALUE       VALUE  FROM      YEAR
                                                  NORMAL
..................................................................
TEMPERATURE (F)
 YESTERDAY
  MAXIMUM         42    418 PM  47    1953  31     11       41
  MINIMUM         27    237 AM -14    1991  12     15       26
  AVERAGE         35                        21     14       34

PRECIPITATION (IN)
  YESTERDAY        0.00          0.38 2009   0.01  -0.01     0.00
  MONTH TO DATE    0.11                      0.30  -0.19     0.09
  SINCE JAN 1      0.11                      0.30  -0.19     0.09

DEGREE DAYS
 HEATING
  YESTERDAY       30                        44    -14       31
  MONTH TO DATE  988                      1078    -90     1009
  SINCE DEC 1   2230                      2426   -196     2414
  SINCE JUL 1   4121                      4532   -411     4398

 COOLING
  YESTERDAY        0                         0      0        0
  MONTH TO DATE    0                         0      0        0
  SINCE DEC 1      0                         0      0        0
  SINCE JAN 1      0                         0      0        0
..................................................................


WIND (MPH)
  HIGHEST WIND SPEED    32   HIGHEST WIND DIRECTION     W (250)
  HIGHEST GUST SPEED    39   HIGHEST GUST DIRECTION     W (250)
  AVERAGE WIND SPEED    20.1


SKY COVER
  AVERAGE SKY COVER 0.2


WEATHER CONDITIONS
 THE FOLLOWING WEATHER WAS RECORDED YESTERDAY.
  NO SIGNIFICANT WEATHER WAS OBSERVED.


RELATIVE HUMIDITY (PERCENT)
 HIGHEST    92           100 AM
 LOWEST     57           300 PM
 AVERAGE    75

..........................................................


THE RAWLINS WY AIRPORT CLIMATE NORMALS FOR TODAY
                         NORMAL    RECORD    YEAR
 MAXIMUM TEMPERATURE (F)   31        47      1982
 MINIMUM TEMPERATURE (F)   12       -27      1961


SUNRISE AND SUNSET
JANUARY 26 2015.......SUNRISE   727 AM MST   SUNSET   516 PM MST
JANUARY 27 2015.......SUNRISE   726 AM MST   SUNSET   518 PM MST


-  INDICATES NEGATIVE NUMBERS.
R  INDICATES RECORD WAS SET OR TIED.
MM INDICATES DATA IS MISSING.
T  INDICATES TRACE AMOUNT.




$$
