000
CDUS45 KCYS 280733
CLIRWL


CLIMATE REPORT
NATIONAL WEATHER SERVICE CHEYENNE WY
132 AM MDT THU MAY 28 2015


...................................

...THE RAWLINS WY AIRPORT CLIMATE SUMMARY FOR MAY 27 2015...

CLIMATE NORMAL PERIOD 1981 TO 2010
CLIMATE RECORD PERIOD 1951 TO 2015


WEATHER ITEM   OBSERVED TIME   RECORD YEAR NORMAL DEPARTURE LAST
                VALUE   (LST)  VALUE       VALUE  FROM      YEAR
                                                  NORMAL
..................................................................
TEMPERATURE (F)
 YESTERDAY
  MAXIMUM         65    245 PM  83    1969  68     -3       80
  MINIMUM         45   1049 PM  28    1965  38      7       45
                                      1952
  AVERAGE         55                        53      2       63

PRECIPITATION (IN)
  YESTERDAY        0.03          1.06 1992   0.05  -0.02     0.00
  MONTH TO DATE    4.23                      1.22   3.01     0.84
  SINCE JAN 1      6.13                      3.73   2.40     2.48

DEGREE DAYS
 HEATING
  YESTERDAY       10                        12     -2        2
  MONTH TO DATE  477                       437     40      404
  SINCE MAR 1   1994                      2199   -205     2055
  SINCE JUL 1   7225                      8156   -931     7819

 COOLING
  YESTERDAY        0                         0      0        0
  MONTH TO DATE    0                         0      0        0
  SINCE MAR 1      0                         0      0        0
  SINCE JAN 1      0                         0      0        0
..................................................................


WIND (MPH)
  HIGHEST WIND SPEED    29   HIGHEST WIND DIRECTION     W (280)
  HIGHEST GUST SPEED    37   HIGHEST GUST DIRECTION     W (270)
  AVERAGE WIND SPEED    10.5


SKY COVER
  AVERAGE SKY COVER 0.5


WEATHER CONDITIONS
 THE FOLLOWING WEATHER WAS RECORDED YESTERDAY.
  THUNDERSTORM
  LIGHT RAIN
  HAZE


RELATIVE HUMIDITY (PERCENT)
 HIGHEST    93           400 AM
 LOWEST     39           400 PM
 AVERAGE    66

..........................................................


THE RAWLINS WY AIRPORT CLIMATE NORMALS FOR TODAY
                         NORMAL    RECORD    YEAR
 MAXIMUM TEMPERATURE (F)   68        86      2003
 MINIMUM TEMPERATURE (F)   38        24      1995


SUNRISE AND SUNSET
MAY 28 2015...........SUNRISE   539 AM MDT   SUNSET   834 PM MDT
MAY 29 2015...........SUNRISE   538 AM MDT   SUNSET   835 PM MDT


-  INDICATES NEGATIVE NUMBERS.
R  INDICATES RECORD WAS SET OR TIED.
MM INDICATES DATA IS MISSING.
T  INDICATES TRACE AMOUNT.




$$
