000
CDUS45 KPIH 272326
CLIRXE


CLIMATE REPORT
NATIONAL WEATHER SERVICE POCATELLO ID
425 PM MST MON FEB 27 2017


...................................

...THE REXBURG ID CLIMATE SUMMARY FOR FEBRUARY 27 2017...
VALID TODAY AS OF 0400 PM LOCAL TIME.

CLIMATE NORMAL PERIOD 1981 TO 2010
CLIMATE RECORD PERIOD 1998 TO 2017


WEATHER ITEM   OBSERVED TIME   RECORD YEAR NORMAL DEPARTURE LAST
                VALUE   (LST)  VALUE       VALUE  FROM      YEAR
                                                  NORMAL
..................................................................
TEMPERATURE (F)
 TODAY
  MAXIMUM         25    213 PM  47    2014  37    -12       42
  MINIMUM         21    923 AM  -2    2002  16      5       23
  AVERAGE         23                        26     -3       33

PRECIPITATION (IN)
  TODAY            0.04         MM      MM   0.03   0.01     0.00
  MONTH TO DATE    1.12                      0.80   0.32     0.12
  SINCE OCT 1      8.02                      4.75   3.27     4.91
  SINCE JAN 1      2.26                      1.54   0.72     1.75

SNOWFALL (IN)
  TODAY           MM
  MONTH TO DATE   MM
  SINCE DEC 1     MM
  SINCE JUL 1     MM
  SNOW DEPTH      MM

DEGREE DAYS
 HEATING
  TODAY           42                        39      3       32
  MONTH TO DATE  967                      1158   -191     1078
  SINCE DEC 1   4104                      3923    181     3780
  SINCE JUL 1   5751                      5935   -184     5514

 COOLING
  TODAY            0                         0      0        0
  MONTH TO DATE    0                         0      0        0
  SINCE DEC 1      0                         0      0        0
  SINCE JAN 1      0                         0      0        0
..................................................................


WIND (MPH)
  HIGHEST WIND SPEED    22   HIGHEST WIND DIRECTION    SW (230)
  HIGHEST GUST SPEED    30   HIGHEST GUST DIRECTION    SW (220)
  AVERAGE WIND SPEED     7.8


SKY COVER
  POSSIBLE SUNSHINE  MM
  AVERAGE SKY COVER 0.9


WEATHER CONDITIONS
 THE FOLLOWING WEATHER WAS RECORDED TODAY.
  HEAVY SNOW
  SNOW
  LIGHT SNOW
  FOG
  FOG W/VISIBILITY <= 1/4 MILE


RELATIVE HUMIDITY (PERCENT)
 HIGHEST   100           400 AM
 LOWEST     88           400 PM
 AVERAGE    94

..........................................................


THE REXBURG ID CLIMATE NORMALS FOR TOMORROW
                         NORMAL    RECORD    YEAR
 MAXIMUM TEMPERATURE (F)   37        48      2014
 MINIMUM TEMPERATURE (F)   17        -3      2001


SUNRISE AND SUNSET
FEBRUARY 27 2017......SUNRISE   707 AM MST   SUNSET   614 PM MST
FEBRUARY 28 2017......SUNRISE   705 AM MST   SUNSET   615 PM MST


-  INDICATES NEGATIVE NUMBERS.
R  INDICATES RECORD WAS SET OR TIED.
MM INDICATES DATA IS MISSING.
T  INDICATES TRACE AMOUNT.




$$
