000
CDUS45 KPIH 290731
CLIRXE


CLIMATE REPORT
NATIONAL WEATHER SERVICE POCATELLO ID
131 AM MDT TUE JUL 29 2014


...................................

...THE REXBURG ID CLIMATE SUMMARY FOR JULY 28 2014...

CLIMATE NORMAL PERIOD 1981 TO 2010
CLIMATE RECORD PERIOD 1998 TO 2014


WEATHER ITEM   OBSERVED TIME   RECORD YEAR NORMAL DEPARTURE LAST
                VALUE   (LST)  VALUE       VALUE  FROM      YEAR
                                                  NORMAL
..................................................................
TEMPERATURE (F)
 YESTERDAY
  MAXIMUM         88    304 PM  97    2006  87      1       80
  MINIMUM         53    613 AM  42    2002  52      1       51
  AVERAGE         71                        69      2       66

PRECIPITATION (IN)
  YESTERDAY        T            MM      MM   0.02  -0.02     0.04
  MONTH TO DATE    1.30                      0.66   0.64     0.26
  SINCE OCT 1      8.95                     11.11  -2.16     8.13
  SINCE JAN 1      7.09                      7.90  -0.81     4.74

SNOWFALL (IN)
  YESTERDAY       MM
  MONTH TO DATE   MM
  SINCE JUN 1     MM
  SINCE JUL 1     MM
  SNOW DEPTH      MM

DEGREE DAYS
 HEATING
  YESTERDAY        0                         0      0        0
  MONTH TO DATE    8                        27    -19        0
  SINCE JUN 1    163                       199    -36      117
  SINCE JUL 1      8                        27    -19        0

 COOLING
  YESTERDAY        6                         4      2        1
  MONTH TO DATE  152                        77     75      179
  SINCE JUN 1    155                        95     60      238
  SINCE JAN 1    155                        99     56      240
..................................................................


WIND (MPH)
  HIGHEST WIND SPEED    16   HIGHEST WIND DIRECTION     S (180)
  HIGHEST GUST SPEED    21   HIGHEST GUST DIRECTION     S (180)
  AVERAGE WIND SPEED     5.5


SKY COVER
  POSSIBLE SUNSHINE  MM
  AVERAGE SKY COVER 0.2


WEATHER CONDITIONS
 THE FOLLOWING WEATHER WAS RECORDED YESTERDAY.
  NO SIGNIFICANT WEATHER WAS OBSERVED.


RELATIVE HUMIDITY (PERCENT)
 HIGHEST    71           600 AM
 LOWEST     17           300 PM
 AVERAGE    44

..........................................................


THE REXBURG ID CLIMATE NORMALS FOR TODAY
                         NORMAL    RECORD    YEAR
 MAXIMUM TEMPERATURE (F)   87        95      2007
                                             2006
                                             2000
 MINIMUM TEMPERATURE (F)   52        45      2011


SUNRISE AND SUNSET
JULY 29 2014..........SUNRISE   613 AM MDT   SUNSET   854 PM MDT
JULY 30 2014..........SUNRISE   614 AM MDT   SUNSET   853 PM MDT


-  INDICATES NEGATIVE NUMBERS.
R  INDICATES RECORD WAS SET OR TIED.
MM INDICATES DATA IS MISSING.
T  INDICATES TRACE AMOUNT.




$$
