000
CDUS45 KPIH 302334
CLIRXE


CLIMATE REPORT
NATIONAL WEATHER SERVICE POCATELLO ID
531 PM MDT SUN AUG 30 2015


...................................

...THE REXBURG ID CLIMATE SUMMARY FOR AUGUST 30 2015...
VALID TODAY AS OF 0500 PM LOCAL TIME.

CLIMATE NORMAL PERIOD 1981 TO 2010
CLIMATE RECORD PERIOD 1998 TO 2015


WEATHER ITEM   OBSERVED TIME   RECORD YEAR NORMAL DEPARTURE LAST
                VALUE   (LST)  VALUE       VALUE  FROM      YEAR
                                                  NORMAL
..................................................................
TEMPERATURE (F)
 TODAY
  MAXIMUM         80    247 PM  91    2008  79      1       69
                                      2007
  MINIMUM         55    234 AM  41    2005  45     10       54
  AVERAGE         68                        62      6       62

PRECIPITATION (IN)
  TODAY            T            MM      MM   0.04  -0.04     0.06
  MONTH TO DATE    0.55                      0.92  -0.37     3.86
  SINCE OCT 1      9.91                     12.09  -2.18    12.81
  SINCE JAN 1      7.14                      8.88  -1.74    10.95

SNOWFALL (IN)
  TODAY           MM
  MONTH TO DATE   MM
  SINCE JUN 1     MM
  SINCE JUL 1     MM
  SNOW DEPTH      MM

DEGREE DAYS
 HEATING
  TODAY            0                         4     -4        3
  MONTH TO DATE   26                        38    -12       58
  SINCE JUN 1    110                       240   -130      221
  SINCE JUL 1     70                        68      2       66

 COOLING
  TODAY            3                         1      2        0
  MONTH TO DATE  104                        84     20       56
  SINCE JUN 1    289                       194     95      222
  SINCE JAN 1    289                       198     91      222
..................................................................


WIND (MPH)
  HIGHEST WIND SPEED    26   HIGHEST WIND DIRECTION    SW (220)
  HIGHEST GUST SPEED    33   HIGHEST GUST DIRECTION    SW (230)
  AVERAGE WIND SPEED    12.2


SKY COVER
  POSSIBLE SUNSHINE  MM
  AVERAGE SKY COVER 0.2


WEATHER CONDITIONS
 THE FOLLOWING WEATHER WAS RECORDED TODAY.
  THUNDERSTORM
  LIGHT RAIN


RELATIVE HUMIDITY (PERCENT)
 HIGHEST    93           300 AM
 LOWEST     16           400 PM
 AVERAGE    55

..........................................................


THE REXBURG ID CLIMATE NORMALS FOR TOMORROW
                         NORMAL    RECORD    YEAR
 MAXIMUM TEMPERATURE (F)   79        89      1998
 MINIMUM TEMPERATURE (F)   45        33      2006


SUNRISE AND SUNSET
AUGUST 30 2015........SUNRISE   648 AM MDT   SUNSET   807 PM MDT
AUGUST 31 2015........SUNRISE   649 AM MDT   SUNSET   805 PM MDT


-  INDICATES NEGATIVE NUMBERS.
R  INDICATES RECORD WAS SET OR TIED.
MM INDICATES DATA IS MISSING.
T  INDICATES TRACE AMOUNT.




$$
