000
CDUS45 KPIH 250730
CLIRXE


CLIMATE REPORT
NATIONAL WEATHER SERVICE POCATELLO ID
130 AM MDT TUE APR 25 2017


...................................

...THE REXBURG ID CLIMATE SUMMARY FOR APRIL 24 2017...

CLIMATE NORMAL PERIOD 1981 TO 2010
CLIMATE RECORD PERIOD 1998 TO 2017


WEATHER ITEM   OBSERVED TIME   RECORD YEAR NORMAL DEPARTURE LAST
                VALUE   (LST)  VALUE       VALUE  FROM      YEAR
                                                  NORMAL
..................................................................
TEMPERATURE (F)
 YESTERDAY
  MAXIMUM         46    623 PM  79    2012  59    -13       53
  MINIMUM         34    833 PM  20    2002  33      1       42
  AVERAGE         40                        46     -6       48

PRECIPITATION (IN)
  YESTERDAY        0.35         MM      MM   0.05   0.30     0.08
  MONTH TO DATE    1.45                      1.15   0.30     0.78
  SINCE OCT 1     10.35                      6.99   3.36     6.65
  SINCE JAN 1      4.59                      3.78   0.81     3.49

SNOWFALL (IN)
  YESTERDAY       MM
  MONTH TO DATE   MM
  SINCE MAR 1     MM
  SINCE JUL 1     MM
  SNOW DEPTH      MM

DEGREE DAYS
 HEATING
  YESTERDAY       25                        19      6       17
  MONTH TO DATE  523                       528     -5      387
  SINCE MAR 1   1262                      1484   -222     1244
  SINCE JUL 1   7057                      7457   -400     6821

 COOLING
  YESTERDAY        0                         0      0        0
  MONTH TO DATE    0                         0      0        0
  SINCE MAR 1      0                         0      0        0
  SINCE JAN 1      0                         0      0        0
..................................................................


WIND (MPH)
  HIGHEST WIND SPEED    22   HIGHEST WIND DIRECTION    SW (210)
  HIGHEST GUST SPEED    29   HIGHEST GUST DIRECTION    SW (210)
  AVERAGE WIND SPEED    11.1


SKY COVER
  POSSIBLE SUNSHINE  MM
  AVERAGE SKY COVER 0.9


WEATHER CONDITIONS
 THE FOLLOWING WEATHER WAS RECORDED YESTERDAY.
  HEAVY RAIN
  RAIN
  LIGHT RAIN
  FOG


RELATIVE HUMIDITY (PERCENT)
 HIGHEST   100           900 PM
 LOWEST     70           300 AM
 AVERAGE    85

..........................................................


THE REXBURG ID CLIMATE NORMALS FOR TODAY
                         NORMAL    RECORD    YEAR
 MAXIMUM TEMPERATURE (F)   59        77      2012
 MINIMUM TEMPERATURE (F)   33        25      2013
                                             2009


SUNRISE AND SUNSET
APRIL 25 2017.........SUNRISE   628 AM MDT   SUNSET   823 PM MDT
APRIL 26 2017.........SUNRISE   626 AM MDT   SUNSET   825 PM MDT


-  INDICATES NEGATIVE NUMBERS.
R  INDICATES RECORD WAS SET OR TIED.
MM INDICATES DATA IS MISSING.
T  INDICATES TRACE AMOUNT.




$$
