000
CDUS45 KPIH 270807
CLIRXE


CLIMATE REPORT
NATIONAL WEATHER SERVICE POCATELLO ID
106 AM MST TUE JAN 27 2015


...................................

...THE REXBURG ID CLIMATE SUMMARY FOR JANUARY 26 2015...

CLIMATE NORMAL PERIOD 1981 TO 2010
CLIMATE RECORD PERIOD 1998 TO 2015


WEATHER ITEM   OBSERVED TIME   RECORD YEAR NORMAL DEPARTURE LAST
                VALUE   (LST)  VALUE       VALUE  FROM      YEAR
                                                  NORMAL
..................................................................
TEMPERATURE (F)
 YESTERDAY
  MAXIMUM         40R   410 PM  39    2013  29     11       19
  MINIMUM         16    814 AM -12    2009  11      5        1
  AVERAGE         28                        20      8       10

PRECIPITATION (IN)
  YESTERDAY        0.00         MM      MM   0.02  -0.02     0.00
  MONTH TO DATE    0.46                      0.65  -0.19     0.46
  SINCE OCT 1      3.23                      3.86  -0.63     2.32
  SINCE JAN 1      0.46                      0.65  -0.19     0.46

SNOWFALL (IN)
  YESTERDAY       MM
  MONTH TO DATE   MM
  SINCE DEC 1     MM
  SINCE JUL 1     MM
  SNOW DEPTH      MM

DEGREE DAYS
 HEATING
  YESTERDAY       37                        45     -8       55
  MONTH TO DATE 1141                      1170    -29     1163
  SINCE DEC 1   2300                      2540   -240     2739
  SINCE JUL 1   4110                      4552   -442     4502

 COOLING
  YESTERDAY        0                         0      0        0
  MONTH TO DATE    0                         0      0        0
  SINCE DEC 1      0                         0      0        0
  SINCE JAN 1      0                         0      0        0
..................................................................


WIND (MPH)
  HIGHEST WIND SPEED     7   HIGHEST WIND DIRECTION    NE (60)
  HIGHEST GUST SPEED    10   HIGHEST GUST DIRECTION    NE (60)
  AVERAGE WIND SPEED     3.1


SKY COVER
  POSSIBLE SUNSHINE  MM
  AVERAGE SKY COVER 0.2


WEATHER CONDITIONS
 THE FOLLOWING WEATHER WAS RECORDED YESTERDAY.
  FOG
  FOG W/VISIBILITY <= 1/4 MILE


RELATIVE HUMIDITY (PERCENT)
 HIGHEST   100          1200 AM
 LOWEST     70           300 PM
 AVERAGE    85

..........................................................


THE REXBURG ID CLIMATE NORMALS FOR TODAY
                         NORMAL    RECORD    YEAR
 MAXIMUM TEMPERATURE (F)   29        42      2003
 MINIMUM TEMPERATURE (F)   11       -22      2009


SUNRISE AND SUNSET
JANUARY 27 2015.......SUNRISE   749 AM MST   SUNSET   531 PM MST
JANUARY 28 2015.......SUNRISE   748 AM MST   SUNSET   532 PM MST


-  INDICATES NEGATIVE NUMBERS.
R  INDICATES RECORD WAS SET OR TIED.
MM INDICATES DATA IS MISSING.
T  INDICATES TRACE AMOUNT.




$$
