000
CDUS45 KPIH 230734
CLIRXE


CLIMATE REPORT
NATIONAL WEATHER SERVICE POCATELLO ID
132 AM MDT SAT JUL 23 2016


...................................

...THE REXBURG ID CLIMATE SUMMARY FOR JULY 22 2016...

CLIMATE NORMAL PERIOD 1981 TO 2010
CLIMATE RECORD PERIOD 1998 TO 2016


WEATHER ITEM   OBSERVED TIME   RECORD YEAR NORMAL DEPARTURE LAST
                VALUE   (LST)  VALUE       VALUE  FROM      YEAR
                                                  NORMAL
..................................................................
TEMPERATURE (F)
 YESTERDAY
  MAXIMUM         92    325 PM  96    2007  86      6       85
                                      2006
                                      2003
  MINIMUM         58   1159 PM  45    1999  51      7       51
  AVERAGE         75                        68      7       68

PRECIPITATION (IN)
  YESTERDAY        0.00         MM      MM   0.02  -0.02     0.20
  MONTH TO DATE    0.15                      0.54  -0.39     0.61
  SINCE OCT 1      9.07                     10.99  -1.92     9.05
  SINCE JAN 1      5.91                      7.78  -1.87     6.28

SNOWFALL (IN)
  YESTERDAY       MM
  MONTH TO DATE   MM
  SINCE JUN 1     MM
  SINCE JUL 1     MM
  SNOW DEPTH      MM

DEGREE DAYS
 HEATING
  YESTERDAY        0                         0      0        0
  MONTH TO DATE   34                        27      7       16
  SINCE JUN 1    104                       199    -95       56
  SINCE JUL 1     34                        27      7       16

 COOLING
  YESTERDAY       10                         4      6        3
  MONTH TO DATE   68                        53     15       75
  SINCE JUN 1    120                        71     49      164
  SINCE JAN 1    120                        75     45      164
..................................................................


WIND (MPH)
  HIGHEST WIND SPEED    24   HIGHEST WIND DIRECTION    SW (230)
  HIGHEST GUST SPEED    30   HIGHEST GUST DIRECTION    SW (230)
  AVERAGE WIND SPEED    11.2


SKY COVER
  POSSIBLE SUNSHINE  MM
  AVERAGE SKY COVER 0.0


WEATHER CONDITIONS
 THE FOLLOWING WEATHER WAS RECORDED YESTERDAY.
  NO SIGNIFICANT WEATHER WAS OBSERVED.


RELATIVE HUMIDITY (PERCENT)
 HIGHEST    65           200 AM
 LOWEST     10           500 PM
 AVERAGE    38

..........................................................


THE REXBURG ID CLIMATE NORMALS FOR TODAY
                         NORMAL    RECORD    YEAR
 MAXIMUM TEMPERATURE (F)   86        99      2007
 MINIMUM TEMPERATURE (F)   51        46      2011
                                             1999


SUNRISE AND SUNSET
JULY 23 2016..........SUNRISE   607 AM MDT   SUNSET   900 PM MDT
JULY 24 2016..........SUNRISE   608 AM MDT   SUNSET   859 PM MDT


-  INDICATES NEGATIVE NUMBERS.
R  INDICATES RECORD WAS SET OR TIED.
MM INDICATES DATA IS MISSING.
T  INDICATES TRACE AMOUNT.




$$
