000
CDUS45 KPIH 280735
CLIRXE


CLIMATE REPORT
NATIONAL WEATHER SERVICE POCATELLO ID
132 AM MDT SUN MAY 28 2017


...................................

...THE REXBURG ID CLIMATE SUMMARY FOR MAY 27 2017...

CLIMATE NORMAL PERIOD 1981 TO 2010
CLIMATE RECORD PERIOD 1998 TO 2017


WEATHER ITEM   OBSERVED TIME   RECORD YEAR NORMAL DEPARTURE LAST
                VALUE   (LST)  VALUE       VALUE  FROM      YEAR
                                                  NORMAL
..................................................................
TEMPERATURE (F)
 YESTERDAY
  MAXIMUM         66    348 PM  82    2007  69     -3       67
                                      2003
  MINIMUM         35    527 AM  34    2011  42     -7       42
  AVERAGE         51                        56     -5       55

PRECIPITATION (IN)
  YESTERDAY        0.00         MM      MM   0.07  -0.07     0.01
  MONTH TO DATE    1.08                      1.49  -0.41     2.04
  SINCE OCT 1     12.09                      8.81   3.28     8.86
  SINCE JAN 1      6.33                      5.60   0.73     5.70

SNOWFALL (IN)
  YESTERDAY       MM
  MONTH TO DATE   MM
  SINCE MAR 1     MM
  SINCE JUL 1     MM
  SNOW DEPTH      MM

DEGREE DAYS
 HEATING
  YESTERDAY       14                        10      4       10
  MONTH TO DATE  332                       356    -24      329
  SINCE MAR 1   1729                      1948   -219     1689
  SINCE JUL 1   7524                      7921   -397     7266

 COOLING
  YESTERDAY        0                         0      0        0
  MONTH TO DATE    0                         0      0        0
  SINCE MAR 1      0                         0      0        0
  SINCE JAN 1      0                         0      0        0
..................................................................


WIND (MPH)
  HIGHEST WIND SPEED     9   HIGHEST WIND DIRECTION    SW (230)
  HIGHEST GUST SPEED    12   HIGHEST GUST DIRECTION     W (250)
  AVERAGE WIND SPEED     3.3


SKY COVER
  POSSIBLE SUNSHINE  MM
  AVERAGE SKY COVER 0.4


WEATHER CONDITIONS
 THE FOLLOWING WEATHER WAS RECORDED YESTERDAY.
  NO SIGNIFICANT WEATHER WAS OBSERVED.


RELATIVE HUMIDITY (PERCENT)
 HIGHEST   100          1200 AM
 LOWEST     37           400 PM
 AVERAGE    69

..........................................................


THE REXBURG ID CLIMATE NORMALS FOR TODAY
                         NORMAL    RECORD    YEAR
 MAXIMUM TEMPERATURE (F)   69        92      2003
 MINIMUM TEMPERATURE (F)   42        34      2006


SUNRISE AND SUNSET
MAY 28 2017...........SUNRISE   550 AM MDT   SUNSET   859 PM MDT
MAY 29 2017...........SUNRISE   549 AM MDT   SUNSET   900 PM MDT


-  INDICATES NEGATIVE NUMBERS.
R  INDICATES RECORD WAS SET OR TIED.
MM INDICATES DATA IS MISSING.
T  INDICATES TRACE AMOUNT.




$$
