964
CDUS45 KPIH 240731
CLIRXE


CLIMATE REPORT
NATIONAL WEATHER SERVICE POCATELLO ID
130 AM MDT WED AUG 24 2016


...................................

...THE REXBURG ID CLIMATE SUMMARY FOR AUGUST 23 2016...

CLIMATE NORMAL PERIOD 1981 TO 2010
CLIMATE RECORD PERIOD 1998 TO 2016


WEATHER ITEM   OBSERVED TIME   RECORD YEAR NORMAL DEPARTURE LAST
                VALUE   (LST)  VALUE       VALUE  FROM      YEAR
                                                  NORMAL
..................................................................
TEMPERATURE (F)
 YESTERDAY
  MAXIMUM         80    340 PM  91    2006  82     -2       82
                                      2000
  MINIMUM         41    616 AM  38    2015  48     -7       38
                                      2008
  AVERAGE         61                        65     -4       60

PRECIPITATION (IN)
  YESTERDAY        0.00         MM      MM   0.03  -0.03     0.00
  MONTH TO DATE    0.04                      0.65  -0.61     0.53
  SINCE OCT 1      9.11                     11.82  -2.71     9.89
  SINCE JAN 1      5.95                      8.61  -2.66     7.12

SNOWFALL (IN)
  YESTERDAY       MM
  MONTH TO DATE   MM
  SINCE JUN 1     MM
  SINCE JUL 1     MM
  SNOW DEPTH      MM

DEGREE DAYS
 HEATING
  YESTERDAY        4                         2      2        5
  MONTH TO DATE   14                        19     -5       26
  SINCE JUN 1    118                       221   -103      110
  SINCE JUL 1     48                        49     -1       70

 COOLING
  YESTERDAY        0                         2     -2        0
  MONTH TO DATE   63                        76    -13       76
  SINCE JUN 1    235                       186     49      261
  SINCE JAN 1    235                       190     45      261
..................................................................


WIND (MPH)
  HIGHEST WIND SPEED    21   HIGHEST WIND DIRECTION    SW (210)
  HIGHEST GUST SPEED    27   HIGHEST GUST DIRECTION    SW (220)
  AVERAGE WIND SPEED     8.1


SKY COVER
  POSSIBLE SUNSHINE  MM
  AVERAGE SKY COVER 0.0


WEATHER CONDITIONS
 THE FOLLOWING WEATHER WAS RECORDED YESTERDAY.
  NO SIGNIFICANT WEATHER WAS OBSERVED.


RELATIVE HUMIDITY (PERCENT)
 HIGHEST    62           600 AM
 LOWEST      7           200 PM
 AVERAGE    35

..........................................................


THE REXBURG ID CLIMATE NORMALS FOR TODAY
                         NORMAL    RECORD    YEAR
 MAXIMUM TEMPERATURE (F)   82        93      2011
 MINIMUM TEMPERATURE (F)   47        38      2010


SUNRISE AND SUNSET
AUGUST 24 2016........SUNRISE   642 AM MDT   SUNSET   816 PM MDT
AUGUST 25 2016........SUNRISE   643 AM MDT   SUNSET   814 PM MDT


-  INDICATES NEGATIVE NUMBERS.
R  INDICATES RECORD WAS SET OR TIED.
MM INDICATES DATA IS MISSING.
T  INDICATES TRACE AMOUNT.




$$
