000
CDUS45 KPIH 292324
CLIRXE


CLIMATE REPORT
NATIONAL WEATHER SERVICE POCATELLO ID
520 PM MDT SUN MAR 29 2015


...................................

...THE REXBURG ID CLIMATE SUMMARY FOR MARCH 29 2015...
VALID TODAY AS OF 0500 PM LOCAL TIME.

CLIMATE NORMAL PERIOD 1981 TO 2010
CLIMATE RECORD PERIOD 1998 TO 2015


WEATHER ITEM   OBSERVED TIME   RECORD YEAR NORMAL DEPARTURE LAST
                VALUE   (LST)  VALUE       VALUE  FROM      YEAR
                                                  NORMAL
..................................................................
TEMPERATURE (F)
 TODAY
  MAXIMUM         60R   318 PM  59    2013  50     10       53
  MINIMUM         25    600 AM  14    2008  29     -4       38
  AVERAGE         43                        39      4       46

PRECIPITATION (IN)
  TODAY            0.00         MM      MM   0.04  -0.04     0.15
  MONTH TO DATE    0.25                      0.96  -0.71     0.68
  SINCE OCT 1      4.03                      5.74  -1.71     3.94
  SINCE JAN 1      1.26                      2.53  -1.27     2.08

SNOWFALL (IN)
  TODAY           MM
  MONTH TO DATE   MM
  SINCE MAR 1     MM
  SINCE JUL 1     MM
  SNOW DEPTH      MM

DEGREE DAYS
 HEATING
  TODAY           22                        26     -4       19
  MONTH TO DATE  704                       906   -202      799
  SINCE MAR 1    704                       906   -202      799
  SINCE JUL 1   5788                      6879  -1091     6614

 COOLING
  TODAY            0                         0      0        0
  MONTH TO DATE    0                         0      0        0
  SINCE MAR 1      0                         0      0        0
  SINCE JAN 1      0                         0      0        0
..................................................................


WIND (MPH)
  HIGHEST WIND SPEED    16   HIGHEST WIND DIRECTION    SW (230)
  HIGHEST GUST SPEED    24   HIGHEST GUST DIRECTION    SW (230)
  AVERAGE WIND SPEED     6.3


SKY COVER
  POSSIBLE SUNSHINE  MM
  AVERAGE SKY COVER 0.0


WEATHER CONDITIONS
 THE FOLLOWING WEATHER WAS RECORDED TODAY.
  NO SIGNIFICANT WEATHER WAS OBSERVED.


RELATIVE HUMIDITY (PERCENT)
 HIGHEST    75           700 AM
 LOWEST     19           400 PM
 AVERAGE    47

..........................................................


THE REXBURG ID CLIMATE NORMALS FOR TOMORROW
                         NORMAL    RECORD    YEAR
 MAXIMUM TEMPERATURE (F)   51        70      2004
 MINIMUM TEMPERATURE (F)   29        13      2008


SUNRISE AND SUNSET
MARCH 29 2015.........SUNRISE   714 AM MDT   SUNSET   750 PM MDT
MARCH 30 2015.........SUNRISE   713 AM MDT   SUNSET   752 PM MDT


-  INDICATES NEGATIVE NUMBERS.
R  INDICATES RECORD WAS SET OR TIED.
MM INDICATES DATA IS MISSING.
T  INDICATES TRACE AMOUNT.




$$
