000
CDUS45 KPIH 270735
CLIRXE


CLIMATE REPORT
NATIONAL WEATHER SERVICE POCATELLO ID
133 AM MDT TUE SEP 27 2016


...................................

...THE REXBURG ID CLIMATE SUMMARY FOR SEPTEMBER 26 2016...

CLIMATE NORMAL PERIOD 1981 TO 2010
CLIMATE RECORD PERIOD 1998 TO 2016


WEATHER ITEM   OBSERVED TIME   RECORD YEAR NORMAL DEPARTURE LAST
                VALUE   (LST)  VALUE       VALUE  FROM      YEAR
                                                  NORMAL
..................................................................
TEMPERATURE (F)
 YESTERDAY
  MAXIMUM         71    509 PM  85    2010  67      4       84
  MINIMUM         37    702 AM  28    2000  36      1       51
  AVERAGE         54                        52      2       68

PRECIPITATION (IN)
  YESTERDAY        0.00         MM      MM   0.04  -0.04     0.00
  MONTH TO DATE    1.78                      0.82   0.96     0.43
  SINCE OCT 1     10.89                     12.95  -2.06    10.34
  SINCE JAN 1      7.73                      9.74  -2.01     7.57

SNOWFALL (IN)
  YESTERDAY       MM
  MONTH TO DATE   MM
  SINCE SEP 1     MM
  SINCE JUL 1     MM
  SNOW DEPTH      MM

DEGREE DAYS
 HEATING
  YESTERDAY       11                        13     -2        0
  MONTH TO DATE  234                       228      6      144
  SINCE SEP 1    234                       228      6      144
  SINCE JUL 1    298                       301     -3      219

 COOLING
  YESTERDAY        0                         0      0        3
  MONTH TO DATE   14                         5      9       18
  SINCE SEP 1     14                         5      9       18
  SINCE JAN 1    261                       207     54      307
..................................................................


WIND (MPH)
  HIGHEST WIND SPEED    10   HIGHEST WIND DIRECTION    NE (60)
  HIGHEST GUST SPEED    13   HIGHEST GUST DIRECTION    NE (60)
  AVERAGE WIND SPEED     2.1


SKY COVER
  POSSIBLE SUNSHINE  MM
  AVERAGE SKY COVER 0.0


WEATHER CONDITIONS
 THE FOLLOWING WEATHER WAS RECORDED YESTERDAY.
  NO SIGNIFICANT WEATHER WAS OBSERVED.


RELATIVE HUMIDITY (PERCENT)
 HIGHEST   100           200 AM
 LOWEST     33           400 PM
 AVERAGE    67

..........................................................


THE REXBURG ID CLIMATE NORMALS FOR TODAY
                         NORMAL    RECORD    YEAR
 MAXIMUM TEMPERATURE (F)   67        85      2001
 MINIMUM TEMPERATURE (F)   36        29      2000


SUNRISE AND SUNSET
SEPTEMBER 27 2016.....SUNRISE   721 AM MDT   SUNSET   714 PM MDT
SEPTEMBER 28 2016.....SUNRISE   722 AM MDT   SUNSET   713 PM MDT


-  INDICATES NEGATIVE NUMBERS.
R  INDICATES RECORD WAS SET OR TIED.
MM INDICATES DATA IS MISSING.
T  INDICATES TRACE AMOUNT.




$$
