000
CDUS46 KSTO 230852
CLISAC

CLIMATE REPORT
NATIONAL WEATHER SERVICE SACRAMENTO, CA
147 AM PDT THU OCT 23 2014


...................................

...THE SACRAMENTO EXEC. AIRPORT CA CLIMATE SUMMARY FOR OCTOBER 22 2014...

CLIMATE NORMAL PERIOD 1981 TO 2010
CLIMATE RECORD PERIOD 1930 TO 2014


WEATHER ITEM   OBSERVED TIME   RECORD YEAR NORMAL DEPARTURE LAST
                VALUE   (LST)  VALUE       VALUE  FROM      YEAR
                                                  NORMAL
..................................................................
TEMPERATURE (F)
 YESTERDAY
  MAXIMUM         76    410 PM  88    1964  75      1       85
                                      1959
  MINIMUM         48    654 AM  39    1961  49     -1       47
                                      1949
  AVERAGE         62

PRECIPITATION (IN)
  YESTERDAY        0.00          1.06 1973   0.03  -0.03     0.00
  MONTH TO DATE    0.17                      0.55  -0.38     0.00
  SINCE JUL 1      0.64                      0.89  -0.25     0.59
  SINCE JAN 1      8.53                     12.79  -4.26     4.50

SNOWFALL (IN)
  YESTERDAY        0.0           0.0  2002   0.0             0.0
                                      2001
  MONTH TO DATE    0.0                       0.0             0.0
  SINCE SEP 1      0.0                       0.0             0.0
  SINCE JUL 1      0.0                       0.0             0.0

DEGREE DAYS
 HEATING
  YESTERDAY        3

 COOLING
  YESTERDAY        0
..................................................................


WIND (MPH)
  RESULTANT WIND SPEED   1   RESULTANT WIND DIRECTION   S (170)
  HIGHEST WIND SPEED     6   HIGHEST WIND DIRECTION    SE (140)
  HIGHEST GUST SPEED    14   HIGHEST GUST DIRECTION     S (180)


SKY COVER
  POSSIBLE SUNSHINE  MM
  AVERAGE SKY COVER 0.0


WEATHER CONDITIONS
 THE FOLLOWING WEATHER WAS RECORDED YESTERDAY.
  NO SIGNIFICANT WEATHER WAS OBSERVED.


RELATIVE HUMIDITY (PERCENT)
 HIGHEST    86
 LOWEST     29
 AVERAGE    58

..........................................................


THE SACRAMENTO EXEC. AIRPORT CA CLIMATE NORMALS FOR TODAY
                         NORMAL    RECORD    YEAR
 MAXIMUM TEMPERATURE (F)   75        89      1965
 MINIMUM TEMPERATURE (F)   49        38      1961


SUNRISE AND SUNSET
OCTOBER 23 2014.......SUNRISE   723 AM PDT   SUNSET   617 PM PDT
OCTOBER 24 2014.......SUNRISE   724 AM PDT   SUNSET   616 PM PDT


-  INDICATES NEGATIVE NUMBERS.
R  INDICATES RECORD WAS SET OR TIED.
MM INDICATES DATA IS MISSING.
T  INDICATES TRACE AMOUNT.



&&
....................................................................

SACRAMENTO CITY CLIMATE DATA FOR WEDNESDAY OCTOBER 22 2014

HIGH...   77  RECORD HIGH    89 IN 1988    NORMAL    HIGH   75
LOW....   51  RECORD LOW     40 IN 1914    NORMAL    LOW    52

RAIN SINCE MIDNIGHT....  0.00   RECORD THIS DATE....... 1.32 IN 1889
TOTAL THIS MONTH.......  0.09   NORMAL SEASON TO DATE.........  0.99
TOTAL SINCE JULY 1ST...  0.65   PERCENT OF NORMAL.............   66%


$$
NNNN
