000
CDUS46 KSTO 280839
CLISAC

CLIMATE REPORT
NATIONAL WEATHER SERVICE SACRAMENTO, CA
139 AM PDT THU MAY 28 2015


...................................

...THE SACRAMENTO EXEC. AIRPORT CA CLIMATE SUMMARY FOR MAY 27 2015...

CLIMATE NORMAL PERIOD 1981 TO 2010
CLIMATE RECORD PERIOD 1930 TO 2015


WEATHER ITEM   OBSERVED TIME   RECORD YEAR NORMAL DEPARTURE LAST
                VALUE   (LST)  VALUE       VALUE  FROM      YEAR
                                                  NORMAL
..................................................................
TEMPERATURE (F)
 YESTERDAY
  MAXIMUM         80    348 PM 100    1984  83     -3       87
  MINIMUM         54    552 AM  43    1977  53      1       58
  AVERAGE         67

PRECIPITATION (IN)
  YESTERDAY        0.00          1.35 1990   0.02  -0.02     0.00
  MONTH TO DATE    0.07                      0.61  -0.54      T
  SINCE OCT 1     15.34                     17.90  -2.56     9.20
  SINCE JAN 1      4.96                     11.62  -6.66     7.89

SNOWFALL (IN)
  YESTERDAY        0.0          MM      MM   0.0             0.0
  MONTH TO DATE    0.0                       0.0             0.0
  SINCE MAR 1      0.0                       0.0             0.0
  SINCE JUL 1      0.0                       0.0             0.0

DEGREE DAYS
 HEATING
  YESTERDAY        0

 COOLING
  YESTERDAY        2
..................................................................


WIND (MPH)
  RESULTANT WIND SPEED   7   RESULTANT WIND DIRECTION   S (200)
  HIGHEST WIND SPEED    16   HIGHEST WIND DIRECTION    SW (220)
  HIGHEST GUST SPEED    21   HIGHEST GUST DIRECTION     S (200)


SKY COVER
  POSSIBLE SUNSHINE  MM
  AVERAGE SKY COVER 0.1


WEATHER CONDITIONS
 THE FOLLOWING WEATHER WAS RECORDED YESTERDAY.
  NO SIGNIFICANT WEATHER WAS OBSERVED.


RELATIVE HUMIDITY (PERCENT)
 HIGHEST    89
 LOWEST     39
 AVERAGE    64

..........................................................


THE SACRAMENTO EXEC. AIRPORT CA CLIMATE NORMALS FOR TODAY
                         NORMAL    RECORD    YEAR
 MAXIMUM TEMPERATURE (F)   83       105      1984
 MINIMUM TEMPERATURE (F)   53        43      2010


SUNRISE AND SUNSET
MAY 28 2015...........SUNRISE   545 AM PDT   SUNSET   821 PM PDT
MAY 29 2015...........SUNRISE   545 AM PDT   SUNSET   822 PM PDT


-  INDICATES NEGATIVE NUMBERS.
R  INDICATES RECORD WAS SET OR TIED.
MM INDICATES DATA IS MISSING.
T  INDICATES TRACE AMOUNT.






&&
....................................................................

SACRAMENTO CITY CLIMATE DATA FOR WEDNESDAY MAY 27 2015

HIGH...   83  RECORD HIGH   104 IN 1984    NORMAL    HIGH   83
LOW....   54  RECORD LOW     45 IN 1927    NORMAL    LOW    56

RAIN SINCE MIDNIGHT....  0.00   RECORD THIS DATE....... 1.56 IN 1990
TOTAL THIS MONTH.......  0.19   NORMAL SINCE OCT 1ST.........  19.63
TOTAL SINCE OCT 1ST... 13.73   PERCENT OF NORMAL.............  70%


$$
NNNN
