000
CDUS46 KSTO 310047
CLISAC

CLIMATE REPORT
NATIONAL WEATHER SERVICE SACRAMENTO, CA
545 PM PDT SAT AUG 30 2014


...................................

...THE SACRAMENTO EXEC. AIRPORT CA CLIMATE SUMMARY FOR AUGUST 30 2014...
VALID TODAY AS OF 0500 PM LOCAL TIME.

CLIMATE NORMAL PERIOD 1981 TO 2010
CLIMATE RECORD PERIOD 1930 TO 2014


WEATHER ITEM   OBSERVED TIME   RECORD YEAR NORMAL DEPARTURE LAST
                VALUE   (LST)  VALUE       VALUE  FROM      YEAR
                                                  NORMAL
..................................................................
TEMPERATURE (F)
 TODAY
  MAXIMUM         96    334 PM 107    1968  90      6       97
  MINIMUM         63    520 AM  51    1989  57      6       61
                                      1957
  AVERAGE         80

PRECIPITATION (IN)
  TODAY            0.00          0.01 1984   0.01  -0.01     0.00
  MONTH TO DATE    T                         0.05  -0.05      T
  SINCE JUL 1      0.01                      0.05  -0.04      T
  SINCE JAN 1      7.90                     11.95  -4.05     3.91

SNOWFALL (IN)
  TODAY            0.0          MM      MM   0.0             0.0
  MONTH TO DATE    0.0                       0.0             0.0
  SINCE JUN 1      0.0                       0.0             0.0
  SINCE JUL 1      0.0                       0.0             0.0

DEGREE DAYS
 HEATING
  TODAY            0

 COOLING
  TODAY           15
..................................................................


WIND (MPH)
  RESULTANT WIND SPEED   2   RESULTANT WIND DIRECTION  SE (150)
  HIGHEST WIND SPEED    12   HIGHEST WIND DIRECTION    SW (220)
  HIGHEST GUST SPEED    16   HIGHEST GUST DIRECTION     S (200)


SKY COVER
  POSSIBLE SUNSHINE  MM
  AVERAGE SKY COVER 0.0


WEATHER CONDITIONS
 THE FOLLOWING WEATHER WAS RECORDED TODAY.
  NO SIGNIFICANT WEATHER WAS OBSERVED.


RELATIVE HUMIDITY (PERCENT)
 HIGHEST    67
 LOWEST     19
 AVERAGE    43

..........................................................


THE SACRAMENTO EXEC. AIRPORT CA CLIMATE NORMALS FOR TOMORROW
                         NORMAL    RECORD    YEAR
 MAXIMUM TEMPERATURE (F)   90       104      1998
                                             1976
 MINIMUM TEMPERATURE (F)   57        50      1957


SUNRISE AND SUNSET
AUGUST 30 2014........SUNRISE   634 AM PDT   SUNSET   739 PM PDT
AUGUST 31 2014........SUNRISE   634 AM PDT   SUNSET   737 PM PDT


-  INDICATES NEGATIVE NUMBERS.
R  INDICATES RECORD WAS SET OR TIED.
MM INDICATES DATA IS MISSING.
T  INDICATES TRACE AMOUNT.






&&
....................................................................

SACRAMENTO CITY CLIMATE DATA FOR SATURDAY AUGUST 30 2014

HIGH...   98  RECORD HIGH   110 IN 1987    NORMAL    HIGH   91
LOW....   64  RECORD LOW     48 IN 1887    NORMAL    LOW    60

RAIN SINCE MIDNIGHT....  0.00   RECORD THIS DATE.......  0.2 IN 1896
TOTAL THIS MONTH.......  0.00   NORMAL SEASON TO DATE.........  0.03
TOTAL SINCE JULY 1ST...  0.02   PERCENT OF NORMAL.............   66%


$$
