000
CDUS46 KSTO 280845 RRA
CLISAC

CLIMATE REPORT
NATIONAL WEATHER SERVICE SACRAMENTO, CA
142 AM PDT FRI APR 28 2017


.................................................................

...THE SACRAMENTO EXEC. AIRPORT CA CLIMATE SUMMARY FOR APRIL 27 2017...

CLIMATE NORMAL PERIOD 1981 TO 2010
CLIMATE RECORD PERIOD 1930 TO 2017


WEATHER ITEM   OBSERVED TIME   RECORD YEAR NORMAL DEPARTURE LAST
                VALUE   (LST)  VALUE       VALUE  FROM      YEAR
                                                  NORMAL
..................................................................
TEMPERATURE (F)
 YESTERDAY
  MAXIMUM         76    409 PM  94    2004  75      1       71
  MINIMUM         50    347 AM  33    1970  48      2       47
  AVERAGE         63

PRECIPITATION (IN)
  YESTERDAY        0.00          1.34 1953   0.03  -0.03     0.45
  MONTH TO DATE    2.93                      1.07   1.86     1.03
  SINCE OCT 1     32.93                     17.21  15.72    15.80
  SINCE JAN 1     23.48                     10.93  12.55    12.36

SNOWFALL (IN)
  YESTERDAY        0.0          MM      MM   0.0             0.0
  MONTH TO DATE    0.0                       0.0             0.0
  SINCE MAR 1      0.0                       0.0             0.0
  SINCE JUL 1      0.0                       0.0             0.0

DEGREE DAYS
 HEATING
  YESTERDAY        2

 COOLING
  YESTERDAY        0
..................................................................


WIND (MPH)
  RESULTANT WIND SPEED   4   RESULTANT WIND DIRECTION   W (290)
  HIGHEST WIND SPEED    17   HIGHEST WIND DIRECTION    NW (330)
  HIGHEST GUST SPEED    22   HIGHEST GUST DIRECTION    NW (320)


SKY COVER
  POSSIBLE SUNSHINE  MM
  AVERAGE SKY COVER 0.3


WEATHER CONDITIONS
 THE FOLLOWING WEATHER WAS RECORDED YESTERDAY.
  NO SIGNIFICANT WEATHER WAS OBSERVED.


RELATIVE HUMIDITY (PERCENT)
 HIGHEST   100
 LOWEST     21
 AVERAGE    61

..........................................................


THE SACRAMENTO EXEC. AIRPORT CA CLIMATE NORMALS FOR TODAY
                         NORMAL    RECORD    YEAR
 MAXIMUM TEMPERATURE (F)   75        92      2013
 MINIMUM TEMPERATURE (F)   48        36      1970


SUNRISE AND SUNSET
APRIL 28 2017.........SUNRISE   612 AM PDT   SUNSET   755 PM PDT
APRIL 29 2017.........SUNRISE   611 AM PDT   SUNSET   756 PM PDT


-  INDICATES NEGATIVE NUMBERS.
R  INDICATES RECORD WAS SET OR TIED.
MM INDICATES DATA IS MISSING.
T  INDICATES TRACE AMOUNT.

&&
....................................................................

SACRAMENTO CITY CLIMATE DATA FOR THURSDAY APRIL 27 2017

HIGH...   78  RECORD HIGH    96 IN 2004    NORMAL    HIGH   76
LOW....   53  RECORD LOW     38 IN 1955    NORMAL    LOW    51

RAIN SINCE MIDNIGHT....  0.00   RECORD THIS DATE....... 1.54 IN 1953
TOTAL THIS MONTH.......  3.36   NORMAL SINCE OCT 1ST.........  18.84
TOTAL SINCE OCT 1ST...  33.66   PERCENT OF NORMAL.............  179%


$$
NNNN
