000
CDUS46 KSTO 260838
CLISAC

CLIMATE REPORT
NATIONAL WEATHER SERVICE SACRAMENTO, CA
1235 AM PST FRI DEC 26 2014


...................................

...THE SACRAMENTO EXEC. AIRPORT CA CLIMATE SUMMARY FOR DECEMBER 25 2014...

CLIMATE NORMAL PERIOD 1981 TO 2010
CLIMATE RECORD PERIOD 1930 TO 2014


WEATHER ITEM   OBSERVED TIME   RECORD YEAR NORMAL DEPARTURE LAST
                VALUE   (LST)  VALUE       VALUE  FROM      YEAR
                                                  NORMAL
..................................................................
TEMPERATURE (F)
 YESTERDAY
  MAXIMUM         58    209 PM  64    2013  52      6       64
  MINIMUM         43    714 AM  22    1990  38      5       33
  AVERAGE         51

PRECIPITATION (IN)
  YESTERDAY        0.00          0.89 2012   0.12  -0.12     0.00
  MONTH TO DATE    8.60                      2.58   6.02     0.43
  SINCE JUL 1     10.85                      5.95   4.90     1.90
  SINCE JAN 1     18.74                     17.85   0.89     5.81

SNOWFALL (IN)
  YESTERDAY        0.0           0.0  2001   0.0             0.0
  MONTH TO DATE    0.0                       0.0             0.0
  SINCE DEC 1      0.0                       0.0             0.0
  SINCE JUL 1      0.0                       0.0             0.0

DEGREE DAYS
 HEATING
  YESTERDAY       14

 COOLING
  YESTERDAY        0
..................................................................


WIND (MPH)
  RESULTANT WIND SPEED  12   RESULTANT WIND DIRECTION  NW (330)
  HIGHEST WIND SPEED    23   HIGHEST WIND DIRECTION     N (340)
  HIGHEST GUST SPEED    33   HIGHEST GUST DIRECTION    NW (320)


SKY COVER
  POSSIBLE SUNSHINE  MM
  AVERAGE SKY COVER 0.0


WEATHER CONDITIONS
 THE FOLLOWING WEATHER WAS RECORDED YESTERDAY.
  NO SIGNIFICANT WEATHER WAS OBSERVED.


RELATIVE HUMIDITY (PERCENT)
 HIGHEST    70
 LOWEST     39
 AVERAGE    55

..........................................................


THE SACRAMENTO EXEC. AIRPORT CA CLIMATE NORMALS FOR TODAY
                         NORMAL    RECORD    YEAR
 MAXIMUM TEMPERATURE (F)   52        66      2013
 MINIMUM TEMPERATURE (F)   38        23      1990


SUNRISE AND SUNSET
DECEMBER 26 2014......SUNRISE   722 AM PST   SUNSET   451 PM PST
DECEMBER 27 2014......SUNRISE   722 AM PST   SUNSET   452 PM PST


-  INDICATES NEGATIVE NUMBERS.
R  INDICATES RECORD WAS SET OR TIED.
MM INDICATES DATA IS MISSING.
T  INDICATES TRACE AMOUNT.






&&
....................................................................

SACRAMENTO CITY CLIMATE DATA FOR THURSDAY DECEMBER 25 2014

HIGH...   57  RECORD HIGH    64 IN 1967    NORMAL    HIGH   53
LOW....   41  RECORD LOW     26 IN 1891    NORMAL    LOW    40

RAIN SINCE MIDNIGHT....  0.00   RECORD THIS DATE....... 2.42 IN 1884
TOTAL THIS MONTH.......  7.63   NORMAL SEASON TO DATE.........  6.6
TOTAL SINCE JULY 1ST...  9.84   PERCENT OF NORMAL.............  149%


$$
