977
CDUS46 KSTO 150048
CLISAC

CLIMATE REPORT
NATIONAL WEATHER SERVICE SACRAMENTO, CA
442 PM PST THU DEC 14 2017


...................................

...THE SACRAMENTO EXEC. AIRPORT CA CLIMATE SUMMARY FOR DECEMBER 14 2017...
VALID TODAY AS OF 0400 PM LOCAL TIME.

CLIMATE NORMAL PERIOD 1981 TO 2010
CLIMATE RECORD PERIOD 1930 TO 2017


WEATHER ITEM   OBSERVED TIME   RECORD YEAR NORMAL DEPARTURE LAST
                VALUE   (LST)  VALUE       VALUE  FROM      YEAR
                                                  NORMAL
..................................................................
TEMPERATURE (F)
 TODAY
  MAXIMUM         62    342 PM  68    1958  54      8       62
  MINIMUM         30    546 AM  26    1972  38     -8       48
  AVERAGE         46

PRECIPITATION (IN)
  TODAY            0.00          1.02 1997   0.11  -0.11     0.00
  MONTH TO DATE    0.03                      1.35  -1.32     1.22
  SINCE OCT 1      2.31                      4.38  -2.07     7.06
  SINCE JAN 1     25.94                     16.62   9.32    19.81

SNOWFALL (IN)
  TODAY            0.0          MM      MM   0.0             0.0
  MONTH TO DATE    0.0                       0.0             0.0
  SINCE DEC 1      0.0                       0.0             0.0
  SINCE JUL 1      0.0                       0.0             0.0

DEGREE DAYS
 HEATING
  TODAY           19

 COOLING
  TODAY            0
..................................................................


WIND (MPH)
  RESULTANT WIND SPEED   2   RESULTANT WIND DIRECTION  SE (130)
  HIGHEST WIND SPEED     9   HIGHEST WIND DIRECTION    SE (130)
  HIGHEST GUST SPEED    11   HIGHEST GUST DIRECTION    SE (130)


SKY COVER
  POSSIBLE SUNSHINE  MM
  AVERAGE SKY COVER 0.0


WEATHER CONDITIONS
 THE FOLLOWING WEATHER WAS RECORDED TODAY.
  FOG
  HAZE


RELATIVE HUMIDITY (PERCENT)
 HIGHEST   100
 LOWEST     51
 AVERAGE    76

..........................................................


THE SACRAMENTO EXEC. AIRPORT CA CLIMATE NORMALS FOR TOMORROW
                         NORMAL    RECORD    YEAR
 MAXIMUM TEMPERATURE (F)   54        68      1958
 MINIMUM TEMPERATURE (F)   38        25      1965


SUNRISE AND SUNSET
DECEMBER 14 2017......SUNRISE   716 AM PST   SUNSET   446 PM PST
DECEMBER 15 2017......SUNRISE   716 AM PST   SUNSET   446 PM PST


-  INDICATES NEGATIVE NUMBERS.
R  INDICATES RECORD WAS SET OR TIED.
MM INDICATES DATA IS MISSING.
T  INDICATES TRACE AMOUNT.

&&
....................................................................

SACRAMENTO CITY CLIMATE DATA FOR THURSDAY DECEMBER 14 2017

HIGH...   65  RECORD HIGH    69 IN 1958    NORMAL    HIGH   54
LOW....   36  RECORD LOW     23 IN 1940    NORMAL    LOW    40

RAIN SINCE MIDNIGHT....  0.00   RECORD THIS DATE....... 1.56 IN 1929
TOTAL THIS MONTH.......  0.03   NORMAL SINCE OCT 1ST.........  4.93
TOTAL SINCE OCT 1ST...   2.62   PERCENT OF NORMAL.............  53%


$$
NNNN
