000
CDUS46 KSGX 230122
CLISAN


CLIMATE REPORT
NATIONAL WEATHER SERVICE SAN DIEGO, CA
522 PM PST SAT NOV 22 2014


...................................

...THE SAN DIEGO/LINDBERGH FIELD CA CLIMATE SUMMARY FOR NOVEMBER 22 2014...
VALID TODAY AS OF 0500 PM LOCAL TIME.

CLIMATE NORMAL PERIOD 1981 TO 2010
CLIMATE RECORD PERIOD 1850 TO 2014


WEATHER ITEM   OBSERVED TIME   RECORD YEAR NORMAL DEPARTURE LAST
                VALUE   (LST)  VALUE       VALUE  FROM      YEAR
                                                  NORMAL
..................................................................
TEMPERATURE (F)
 TODAY
  MAXIMUM         71   1242 PM  83    1954  68      3       65
  MINIMUM         55    642 AM  40    1931  52      3       57
  AVERAGE         63                        60      3       61

PRECIPITATION (IN)
  TODAY            0.00          1.53 1965   0.04  -0.04     0.49
  MONTH TO DATE    0.37                      0.68  -0.31     1.47
  SINCE JUL 1      0.45                      1.45  -1.00     1.77
  SINCE JAN 1      3.27                      8.48  -5.21     5.10

SNOWFALL (IN)
  TODAY            0.0
  MONTH TO DATE    0.0
  SINCE JAN 1      0.0
  SINCE JUL 1      0.0
  SNOW DEPTH       0

DEGREE DAYS
 HEATING
  TODAY            2                         5     -3        4
  MONTH TO DATE   15                        75    -60       25
  SINCE SEP 1     15                        95    -80       47
  SINCE JUL 1     15                        96    -81       47

 COOLING
  TODAY            0                         0      0        0
  MONTH TO DATE   40                        11     29       23
  SINCE SEP 1    581                       250    331      282
  SINCE JAN 1   1483                       718    765      761
..................................................................


WIND (MPH)
  RESULTANT WIND SPEED   2   RESULTANT WIND DIRECTION   W (270)
  HIGHEST WIND SPEED    10   HIGHEST WIND DIRECTION     W (270)
  HIGHEST GUST SPEED    14   HIGHEST GUST DIRECTION    NE (60)
  AVERAGE WIND SPEED     2.1


SKY COVER
  POSSIBLE SUNSHINE  MM
  AVERAGE SKY COVER 0.3


WEATHER CONDITIONS
 THE FOLLOWING WEATHER WAS RECORDED TODAY.
  NO SIGNIFICANT WEATHER WAS OBSERVED.


RELATIVE HUMIDITY (PERCENT)
 HIGHEST    83           400 AM
 LOWEST     41          1200 PM
 AVERAGE    62

..........................................................


THE SAN DIEGO/LINDBERGH FIELD CA CLIMATE NORMALS FOR TOMORROW
                         NORMAL    RECORD    YEAR
 MAXIMUM TEMPERATURE (F)   68        86      1950
                                             1924
 MINIMUM TEMPERATURE (F)   52        38      1931


SUNRISE AND SUNSET
NOVEMBER 22 2014......SUNRISE   625 AM PST   SUNSET   444 PM PST
NOVEMBER 23 2014......SUNRISE   626 AM PST   SUNSET   444 PM PST


-  INDICATES NEGATIVE NUMBERS.
R  INDICATES RECORD WAS SET OR TIED.
MM INDICATES DATA IS MISSING.
T  INDICATES TRACE AMOUNT.




$$
