000
CDUS46 KSGX 010016
CLISAN


CLIMATE REPORT
NATIONAL WEATHER SERVICE SAN DIEGO, CA
516 PM PDT MON AUG 31 2015


...................................

...THE SAN DIEGO/LINDBERGH FIELD CA CLIMATE SUMMARY FOR AUGUST 31 2015...
VALID TODAY AS OF 0500 PM LOCAL TIME.

CLIMATE NORMAL PERIOD 1981 TO 2010
CLIMATE RECORD PERIOD 1874 TO 2015


WEATHER ITEM   OBSERVED TIME   RECORD YEAR NORMAL DEPARTURE LAST
                VALUE   (LST)  VALUE       VALUE  FROM      YEAR
                                                  NORMAL
..................................................................
TEMPERATURE (F)
 TODAY
  MAXIMUM         76    126 PM  98    1955  77     -1       77
  MINIMUM         70    728 AM  58    1942  67      3       67
                                      1901
  AVERAGE         73                        72      1       72

PRECIPITATION (IN)
  TODAY            0.00          0.14 1967   0.00   0.00     0.00
  MONTH TO DATE    0.01                      0.02  -0.01     0.08
  SINCE OCT 1     10.67                     10.19   0.48     5.09
  SINCE JAN 1      5.80                      7.08  -1.28     2.90

DEGREE DAYS
 HEATING
  TODAY            0                         0      0        0
  MONTH TO DATE    0                         0      0        0
  SINCE JUN 1      1                        19    -18        0
  SINCE JUL 1      0                         1     -1        0

 COOLING
  TODAY            8                         7      1        7
  MONTH TO DATE  323                       203    120      278
  SINCE JUN 1    683                       419    264      663
  SINCE JAN 1    866                       468    398      902
..................................................................


WIND (MPH)
  RESULTANT WIND SPEED   6   RESULTANT WIND DIRECTION   S (200)
  HIGHEST WIND SPEED    14   HIGHEST WIND DIRECTION     S (200)
  HIGHEST GUST SPEED    17   HIGHEST GUST DIRECTION    SW (210)
  AVERAGE WIND SPEED     6.8


SKY COVER
  POSSIBLE SUNSHINE  MM
  AVERAGE SKY COVER 0.7


WEATHER CONDITIONS
 THE FOLLOWING WEATHER WAS RECORDED TODAY.
  NO SIGNIFICANT WEATHER WAS OBSERVED.


RELATIVE HUMIDITY (PERCENT)
 HIGHEST    78          1200 AM
 LOWEST     60           100 PM
 AVERAGE    69

..........................................................


THE SAN DIEGO/LINDBERGH FIELD CA CLIMATE NORMALS FOR TOMORROW
                         NORMAL    RECORD    YEAR
 MAXIMUM TEMPERATURE (F)   77       104      1955
 MINIMUM TEMPERATURE (F)   67        58      1881


SUNRISE AND SUNSET
AUGUST 31 2015........SUNRISE   623 AM PDT   SUNSET   715 PM PDT
SEPTEMBER  1 2015.....SUNRISE   623 AM PDT   SUNSET   714 PM PDT


-  INDICATES NEGATIVE NUMBERS.
R  INDICATES RECORD WAS SET OR TIED.
MM INDICATES DATA IS MISSING.
T  INDICATES TRACE AMOUNT.




$$
