302
CDUS46 KSGX 131521
CLISAN


CLIMATE REPORT
NATIONAL WEATHER SERVICE SAN DIEGO, CA
721 AM PST SAT FEB 13 2016


...................................

...THE SAN DIEGO/LINDBERGH FIELD CA CLIMATE SUMMARY FOR FEBRUARY 12 2016...

CLIMATE NORMAL PERIOD 1981 TO 2010
CLIMATE RECORD PERIOD 1874 TO 2016


WEATHER ITEM   OBSERVED TIME   RECORD YEAR NORMAL DEPARTURE LAST
                VALUE   (LST)  VALUE       VALUE  FROM      YEAR
                                                  NORMAL
..................................................................
TEMPERATURE (F)
 YESTERDAY
  MAXIMUM         80    208 PM  86    2015  65     15       86
                                      1943
  MINIMUM         55    609 AM  35    1880  50      5       55
  AVERAGE         68                        58     10       71

PRECIPITATION (IN)
  YESTERDAY        0.00          1.20 2003   0.08  -0.08     0.00
  MONTH TO DATE    T                         0.89  -0.89     0.00
  SINCE OCT 1      6.06                      5.98   0.08     5.29
  SINCE JAN 1      3.21                      2.87   0.34     0.42

DEGREE DAYS
 HEATING
  YESTERDAY        0                         7     -7        0
  MONTH TO DATE   46                        90    -44       26
  SINCE DEC 1    447                       600   -153      280
  SINCE JUL 1    516                       745   -229      302

 COOLING
  YESTERDAY        3                         0      3        6
  MONTH TO DATE   24                         0     24        9
  SINCE DEC 1     24                         2     22       13
  SINCE JAN 1     24                         2     22        9
..................................................................


WIND (MPH)
  RESULTANT WIND SPEED   2   RESULTANT WIND DIRECTION  NW (310)
  HIGHEST WIND SPEED    12   HIGHEST WIND DIRECTION     W (280)
  HIGHEST GUST SPEED    14   HIGHEST GUST DIRECTION    NW (320)
  AVERAGE WIND SPEED     2.5


SKY COVER
  POSSIBLE SUNSHINE  MM
  AVERAGE SKY COVER 0.1


WEATHER CONDITIONS
 THE FOLLOWING WEATHER WAS RECORDED YESTERDAY.
  FOG
  FOG W/VISIBILITY <= 1/4 MILE


RELATIVE HUMIDITY (PERCENT)
 HIGHEST    87          1100 PM
 LOWEST     16          1100 AM
 AVERAGE    52

..........................................................


THE SAN DIEGO/LINDBERGH FIELD CA CLIMATE NORMALS FOR TODAY
                         NORMAL    RECORD    YEAR
 MAXIMUM TEMPERATURE (F)   65        87      1943
 MINIMUM TEMPERATURE (F)   51        35      1894


SUNRISE AND SUNSET
FEBRUARY 13 2016......SUNRISE   634 AM PST   SUNSET   532 PM PST
FEBRUARY 14 2016......SUNRISE   633 AM PST   SUNSET   533 PM PST


-  INDICATES NEGATIVE NUMBERS.
R  INDICATES RECORD WAS SET OR TIED.
MM INDICATES DATA IS MISSING.
T  INDICATES TRACE AMOUNT.




$$
