000
CDUS46 KSGX 280017
CLISAN


CLIMATE REPORT
NATIONAL WEATHER SERVICE SAN DIEGO, CA
517 PM PDT THU APR 27 2017


...................................

...THE SAN DIEGO INTL AIRPORT CA CLIMATE SUMMARY FOR APRIL 27 2017...
VALID TODAY AS OF 0500 PM LOCAL TIME.

CLIMATE NORMAL PERIOD 1981 TO 2010
CLIMATE RECORD PERIOD 1874 TO 2017


WEATHER ITEM   OBSERVED TIME   RECORD YEAR NORMAL DEPARTURE LAST
                VALUE   (LST)  VALUE       VALUE  FROM      YEAR
                                                  NORMAL
..................................................................
TEMPERATURE (F)
 TODAY
  MAXIMUM         69    215 PM  94    2008  68      1       67
  MINIMUM         61    458 AM  45    1883  57      4       58
  AVERAGE         65                        63      2       63

PRECIPITATION (IN)
  TODAY            0.00          0.80 1885   0.01  -0.01      T
  MONTH TO DATE    0.01                      0.73  -0.72     0.55
  SINCE OCT 1     11.71                      9.90   1.81     7.42
  SINCE JAN 1      6.81                      6.79   0.02     4.57

DEGREE DAYS
 HEATING
  TODAY            0                         3     -3        2
  MONTH TO DATE   19                       104    -85       20
  SINCE MAR 1     95                       282   -187       89
  SINCE JUL 1    687                      1140   -453      629

 COOLING
  TODAY            0                         1     -1        0
  MONTH TO DATE   21                         9     12       49
  SINCE MAR 1     32                        14     18       54
  SINCE JAN 1     32                        19     13       99
..................................................................


WIND (MPH)
  RESULTANT WIND SPEED   4   RESULTANT WIND DIRECTION  SW (240)
  HIGHEST WIND SPEED    14   HIGHEST WIND DIRECTION     W (280)
  HIGHEST GUST SPEED    17   HIGHEST GUST DIRECTION     W (280)
  AVERAGE WIND SPEED     7.2


SKY COVER
  POSSIBLE SUNSHINE  MM
  AVERAGE SKY COVER 0.9


WEATHER CONDITIONS
 THE FOLLOWING WEATHER WAS RECORDED TODAY.
  NO SIGNIFICANT WEATHER WAS OBSERVED.


RELATIVE HUMIDITY (PERCENT)
 HIGHEST    90          1200 AM
 LOWEST     66           200 PM
 AVERAGE    78

..........................................................


THE SAN DIEGO INTL AIRPORT CA CLIMATE NORMALS FOR TOMORROW
                         NORMAL    RECORD    YEAR
 MAXIMUM TEMPERATURE (F)   68        88      2008
                                             1921
 MINIMUM TEMPERATURE (F)   57        45      1900
                                             1894
                                             1884


SUNRISE AND SUNSET
APRIL 27 2017.........SUNRISE   605 AM PDT   SUNSET   728 PM PDT
APRIL 28 2017.........SUNRISE   604 AM PDT   SUNSET   728 PM PDT


-  INDICATES NEGATIVE NUMBERS.
R  INDICATES RECORD WAS SET OR TIED.
MM INDICATES DATA IS MISSING.
T  INDICATES TRACE AMOUNT.




$$
