000
CDUS44 KEWX 262252
CLISAT


CLIMATE REPORT
NATIONAL WEATHER SERVICE AUSTIN/SAN ANTONIO, TX
551 PM CDT TUE MAY 26 2015


...................................

...THE SAN ANTONIO CLIMATE SUMMARY FOR MAY 26 2015...
VALID TODAY AS OF 551 PM LOCAL TIME.

CLIMATE NORMAL PERIOD 1981 TO 2010
CLIMATE RECORD PERIOD 1886 TO 2015


WEATHER ITEM   OBSERVED TIME   RECORD YEAR NORMAL DEPARTURE LAST
                VALUE   (LST)  VALUE       VALUE  FROM      YEAR
                                                  NORMAL
..................................................................
TEMPERATURE (F)
 TODAY
  MAXIMUM         90    333 PM 100    1989  89      1       74
  MINIMUM         69    545 AM  54    1947  69      0       65
  AVERAGE         80                        79      1       70

PRECIPITATION (IN)
  TODAY            0.00          3.27 1970   0.14  -0.14     1.72
  MONTH TO DATE    7.05                      3.25   3.80     4.69
  SINCE MAR 1     17.56                      7.66   9.90     6.43
  SINCE JAN 1     21.76                     11.21  10.55     7.08

SNOWFALL (IN)
  TODAY            0.0
  MONTH TO DATE    0.0
  SINCE MAR 1      0.0
  SINCE JUL 1      T
  SNOW DEPTH       0

DEGREE DAYS
 HEATING
  TODAY            0                         0      0        0
  MONTH TO DATE    0                         0      0        4
  SINCE MAR 1    179                       193    -14      232
  SINCE JUL 1   1494                      1494      0     1566

 COOLING
  TODAY           15                        14      1        5
  MONTH TO DATE  294                       296     -2      270
  SINCE MAR 1    565                       529     36      567
  SINCE JAN 1    578                       555     23      632
..................................................................


WIND (MPH)
  HIGHEST WIND SPEED    17   HIGHEST WIND DIRECTION    SE (150)
  HIGHEST GUST SPEED    24   HIGHEST GUST DIRECTION    SE (150)
  AVERAGE WIND SPEED     7.6


SKY COVER
  AVERAGE SKY COVER 0.8


WEATHER CONDITIONS
 THE FOLLOWING WEATHER WAS RECORDED TODAY.
  FOG
  HAZE


RELATIVE HUMIDITY (PERCENT)
 HIGHEST    90           300 AM
 LOWEST     56           200 PM
 AVERAGE    73

..........................................................


THE SAN ANTONIO CLIMATE NORMALS FOR TOMORROW
                         NORMAL    RECORD    YEAR
 MAXIMUM TEMPERATURE (F)   90       100      2011
 MINIMUM TEMPERATURE (F)   70        52      1901


SUNRISE AND SUNSET
MAY 26 2015...........SUNRISE   636 AM CDT   SUNSET   826 PM CDT
MAY 27 2015...........SUNRISE   636 AM CDT   SUNSET   827 PM CDT


-  INDICATES NEGATIVE NUMBERS.
R  INDICATES RECORD WAS SET OR TIED.
MM INDICATES DATA IS MISSING.
T  INDICATES TRACE AMOUNT.




$$
