000
CDUS44 KEWX 242352
CLISAT


CLIMATE REPORT
NATIONAL WEATHER SERVICE AUSTIN/SAN ANTONIO, TX
549 PM CST TUE JAN 24 2017


...................................

...THE SAN ANTONIO CLIMATE SUMMARY FOR JANUARY 24 2017...
VALID TODAY AS OF 0550 PM LOCAL TIME.

CLIMATE NORMAL PERIOD 1981 TO 2010
CLIMATE RECORD PERIOD 1886 TO 2017


WEATHER ITEM   OBSERVED TIME   RECORD YEAR NORMAL DEPARTURE LAST
                VALUE   (LST)  VALUE       VALUE  FROM      YEAR
                                                  NORMAL
..................................................................
TEMPERATURE (F)
 TODAY
  MAXIMUM         82    359 PM  85    1971  63     19       69
  MINIMUM         44    726 AM  15    1963  41      3       35
  AVERAGE         63                        52     11       52

PRECIPITATION (IN)
  TODAY            0.00          0.96 1889   0.07  -0.07     0.00
  MONTH TO DATE    2.71                      1.34   1.37     1.10
  SINCE DEC 1      8.93                      3.25   5.68     2.58
  SINCE JAN 1      2.71                      1.34   1.37     1.10

SNOWFALL (IN)
  TODAY            0.0
  MONTH TO DATE    0.0
  SINCE DEC 1      0.0
  SINCE JUL 1      0.0
  SNOW DEPTH       0

DEGREE DAYS
 HEATING
  TODAY            2                        13    -11       13
  MONTH TO DATE  173                       329   -156      340
  SINCE DEC 1    491                       720   -229      569
  SINCE JUL 1    549                       931   -382      698

 COOLING
  TODAY            0                         0      0        0
  MONTH TO DATE   21                         0     21        0
  SINCE DEC 1     63                        14     49       25
  SINCE JAN 1     21                         0     21        0
..................................................................


WIND (MPH)
  HIGHEST WIND SPEED    17   HIGHEST WIND DIRECTION     S (160)
  HIGHEST GUST SPEED    20   HIGHEST GUST DIRECTION     S (170)
  AVERAGE WIND SPEED     5.6


SKY COVER
  AVERAGE SKY COVER 0.3


WEATHER CONDITIONS
 THE FOLLOWING WEATHER WAS RECORDED TODAY.
  HAZE


RELATIVE HUMIDITY (PERCENT)
 HIGHEST    76           400 AM
 LOWEST     34           400 PM
 AVERAGE    55

..........................................................


THE SAN ANTONIO CLIMATE NORMALS FOR TOMORROW
                         NORMAL    RECORD    YEAR
 MAXIMUM TEMPERATURE (F)   64        87      1971
 MINIMUM TEMPERATURE (F)   41        16      1894


SUNRISE AND SUNSET
JANUARY 24 2017.......SUNRISE   727 AM CST   SUNSET   605 PM CST
JANUARY 25 2017.......SUNRISE   727 AM CST   SUNSET   606 PM CST


-  INDICATES NEGATIVE NUMBERS.
R  INDICATES RECORD WAS SET OR TIED.
MM INDICATES DATA IS MISSING.
T  INDICATES TRACE AMOUNT.




$$
