000
CDUS44 KEWX 220808
CLISAT


CLIMATE REPORT
NATIONAL WEATHER SERVICE AUSTIN/SAN ANTONIO, TX
205 AM CST MON DEC 22 2014


...................................

...THE SAN ANTONIO CLIMATE SUMMARY FOR DECEMBER 21 2014...

CLIMATE NORMAL PERIOD 1981 TO 2010
CLIMATE RECORD PERIOD 1886 TO 2014


WEATHER ITEM   OBSERVED TIME   RECORD YEAR NORMAL DEPARTURE LAST
                VALUE   (LST)  VALUE       VALUE  FROM      YEAR
                                                  NORMAL
..................................................................
TEMPERATURE (F)
 YESTERDAY
  MAXIMUM         56   1159 PM  82    1990  63     -7       75
                                      1948
                                      1933
  MINIMUM         52    929 AM  17    1973  41     11       48
  AVERAGE         54                        52      2       62

PRECIPITATION (IN)
  YESTERDAY        T             2.60 1991   0.07  -0.07     0.22
  MONTH TO DATE    0.95                      1.27  -0.32     0.28
  SINCE DEC 1      0.95                      1.27  -0.32     0.28
  SINCE JAN 1     27.91                     31.63  -3.72    31.73

SNOWFALL (IN)
  YESTERDAY        0.0
  MONTH TO DATE    0.0
  SINCE DEC 1      0.0
  SINCE JUL 1      0.0
  SNOW DEPTH       0

DEGREE DAYS
 HEATING
  YESTERDAY       11                        14     -3        3
  MONTH TO DATE  111                       252   -141      256
  SINCE DEC 1    111                       252   -141      256
  SINCE JUL 1    358                       463   -105      484

 COOLING
  YESTERDAY        0                         0      0        0
  MONTH TO DATE    7                         7      0       18
  SINCE DEC 1      7                         7      0       18
  SINCE JAN 1   3506                      3124    382     3524
..................................................................


WIND (MPH)
  HIGHEST WIND SPEED    13   HIGHEST WIND DIRECTION     S (200)
  HIGHEST GUST SPEED    18   HIGHEST GUST DIRECTION    SW (210)
  AVERAGE WIND SPEED     7.3


SKY COVER
  AVERAGE SKY COVER 1.0


WEATHER CONDITIONS
 THE FOLLOWING WEATHER WAS RECORDED YESTERDAY.
  LIGHT RAIN
  FOG


RELATIVE HUMIDITY (PERCENT)
 HIGHEST    89           100 AM
 LOWEST     77          1200 AM
 AVERAGE    83

..........................................................


THE SAN ANTONIO CLIMATE NORMALS FOR TODAY
                         NORMAL    RECORD    YEAR
 MAXIMUM TEMPERATURE (F)   63        84      1981
 MINIMUM TEMPERATURE (F)   41        13      1989


SUNRISE AND SUNSET
DECEMBER 22 2014......SUNRISE   725 AM CST   SUNSET   540 PM CST
DECEMBER 23 2014......SUNRISE   725 AM CST   SUNSET   541 PM CST


-  INDICATES NEGATIVE NUMBERS.
R  INDICATES RECORD WAS SET OR TIED.
MM INDICATES DATA IS MISSING.
T  INDICATES TRACE AMOUNT.




$$
