000
CDUS44 KEWX 012224
CLISAT


CLIMATE REPORT
NATIONAL WEATHER SERVICE AUSTIN/SAN ANTONIO, TX
523 PM CDT SAT AUG 1 2015


...................................

...THE SAN ANTONIO CLIMATE SUMMARY FOR AUGUST 1 2015...
VALID TODAY AS OF 0523 PM LOCAL TIME.

CLIMATE NORMAL PERIOD 1981 TO 2010
CLIMATE RECORD PERIOD 1886 TO 2015


WEATHER ITEM   OBSERVED TIME   RECORD YEAR NORMAL DEPARTURE LAST
                VALUE   (LST)  VALUE       VALUE  FROM      YEAR
                                                  NORMAL
..................................................................
TEMPERATURE (F)
 TODAY
  MAXIMUM         98    419 PM 103    2013  96      2       94
  MINIMUM         77    624 AM  67    1965  75      2       78
  AVERAGE         88                        86      2       86

PRECIPITATION (IN)
  TODAY            0.00          3.87 1978   0.04  -0.04     0.00
  MONTH TO DATE    0.00                      0.04  -0.04     0.00
  SINCE JUN 1      6.49                      6.92  -0.43     8.63
  SINCE JAN 1     29.77                     18.89  10.88    15.99

SNOWFALL (IN)
  TODAY            0.0
  MONTH TO DATE    0.0
  SINCE JUN 1      0.0
  SINCE JUL 1      0.0
  SNOW DEPTH       0

DEGREE DAYS
 HEATING
  TODAY            0                         0      0        0
  MONTH TO DATE    0                         0      0        0
  SINCE JUN 1      0                         0      0        0
  SINCE JUL 1      0                         0      0        0

 COOLING
  TODAY           23                        21      2       21
  MONTH TO DATE   23                        21      2       21
  SINCE JUN 1   1176                      1152     24     1196
  SINCE JAN 1   1821                      1781     40     1900
..................................................................


WIND (MPH)
  HIGHEST WIND SPEED    16   HIGHEST WIND DIRECTION     E (90)
  HIGHEST GUST SPEED    21   HIGHEST GUST DIRECTION     E (100)
  AVERAGE WIND SPEED     6.5


SKY COVER
  AVERAGE SKY COVER 0.3


WEATHER CONDITIONS
 THE FOLLOWING WEATHER WAS RECORDED TODAY.
  NO SIGNIFICANT WEATHER WAS OBSERVED.


RELATIVE HUMIDITY (PERCENT)
 HIGHEST    82           300 AM
 LOWEST     26           400 PM
 AVERAGE    54

..........................................................


THE SAN ANTONIO CLIMATE NORMALS FOR TOMORROW
                         NORMAL    RECORD    YEAR
 MAXIMUM TEMPERATURE (F)   96       103      2011
 MINIMUM TEMPERATURE (F)   75        63      1925


SUNRISE AND SUNSET
AUGUST  1 2015........SUNRISE   654 AM CDT   SUNSET   826 PM CDT
AUGUST  2 2015........SUNRISE   654 AM CDT   SUNSET   826 PM CDT


-  INDICATES NEGATIVE NUMBERS.
R  INDICATES RECORD WAS SET OR TIED.
MM INDICATES DATA IS MISSING.
T  INDICATES TRACE AMOUNT.




$$
