000
CDUS44 KEWX 012256
CLISAT


CLIMATE REPORT
NATIONAL WEATHER SERVICE AUSTIN/SAN ANTONIO, TX
553 PM CDT WED JUL 1 2015


...................................

...THE SAN ANTONIO CLIMATE SUMMARY FOR JULY 1 2015...
VALID TODAY AS OF 553 PM LOCAL TIME.

CLIMATE NORMAL PERIOD 1981 TO 2010
CLIMATE RECORD PERIOD 1886 TO 2015


WEATHER ITEM   OBSERVED TIME   RECORD YEAR NORMAL DEPARTURE LAST
                VALUE   (LST)  VALUE       VALUE  FROM      YEAR
                                                  NORMAL
..................................................................
TEMPERATURE (F)
 TODAY
  MAXIMUM         89   1250 PM 104    1980  94     -5       94
  MINIMUM         72    543 AM  64    1985  74     -2       76
  AVERAGE         81                        84     -3       85

PRECIPITATION (IN)
  TODAY            0.07          9.52 2002   0.12  -0.05     0.00
  MONTH TO DATE    0.07                      0.12  -0.05     0.00
  SINCE JUN 1      6.49                      4.26   2.23     5.38
  SINCE JAN 1     29.77                     16.23  13.54    12.74

SNOWFALL (IN)
  TODAY            0.0
  MONTH TO DATE    0.0
  SINCE JUN 1      0.0
  SINCE JUL 1      0.0
  SNOW DEPTH       0

DEGREE DAYS
 HEATING
  TODAY            0                         0      0        0
  MONTH TO DATE    0                         0      0        0
  SINCE JUN 1      0                         0      0        0
  SINCE JUL 1      0                         0      0        0

 COOLING
  TODAY           16                        19     -3       20
  MONTH TO DATE   16                        19     -3       20
  SINCE JUN 1    522                       542    -20      571
  SINCE JAN 1   1167                      1171     -4     1275
..................................................................


WIND (MPH)
  HIGHEST WIND SPEED    37   HIGHEST WIND DIRECTION     S (170)
  HIGHEST GUST SPEED    50   HIGHEST GUST DIRECTION     S (170)
  AVERAGE WIND SPEED     8.7


SKY COVER
  AVERAGE SKY COVER 0.5


WEATHER CONDITIONS
 THE FOLLOWING WEATHER WAS RECORDED TODAY.
  HEAVY RAIN
  RAIN
  FOG


RELATIVE HUMIDITY (PERCENT)
 HIGHEST    87          1200 AM
 LOWEST     59           100 PM
 AVERAGE    73

..........................................................


THE SAN ANTONIO CLIMATE NORMALS FOR TOMORROW
                         NORMAL    RECORD    YEAR
 MAXIMUM TEMPERATURE (F)   94       106      1894
 MINIMUM TEMPERATURE (F)   74        64      1924


SUNRISE AND SUNSET
JULY  1 2015..........SUNRISE   637 AM CDT   SUNSET   838 PM CDT
JULY  2 2015..........SUNRISE   638 AM CDT   SUNSET   838 PM CDT


-  INDICATES NEGATIVE NUMBERS.
R  INDICATES RECORD WAS SET OR TIED.
MM INDICATES DATA IS MISSING.
T  INDICATES TRACE AMOUNT.




$$
