000
CDUS44 KEWX 222251
CLISAT


CLIMATE REPORT
NATIONAL WEATHER SERVICE AUSTIN/SAN ANTONIO, TX
550 PM CDT TUE AUG 22 2017


...................................

...THE SAN ANTONIO CLIMATE SUMMARY FOR AUGUST 22 2017...
VALID TODAY AS OF 550 PM LOCAL TIME.

CLIMATE NORMAL PERIOD 1981 TO 2010
CLIMATE RECORD PERIOD 1886 TO 2017


WEATHER ITEM   OBSERVED TIME   RECORD YEAR NORMAL DEPARTURE LAST
                VALUE   (LST)  VALUE       VALUE  FROM      YEAR
                                                  NORMAL
..................................................................
TEMPERATURE (F)
 TODAY
  MAXIMUM         95    357 PM 103    1948  96     -1       91
  MINIMUM         77    638 AM  63    1946  75      2       73
  AVERAGE         86                        85      1       82

PRECIPITATION (IN)
  TODAY            0.00          3.83 1964   0.08  -0.08     0.47
  MONTH TO DATE    3.68                      1.23   2.45     4.83
  SINCE JUN 1      4.24                      8.11  -3.87     7.55
  SINCE JAN 1     17.31                     20.08  -2.77    29.37

SNOWFALL (IN)
  TODAY            0.0
  MONTH TO DATE    0.0
  SINCE JUN 1      0.0
  SINCE JUL 1      0.0
  SNOW DEPTH       0

DEGREE DAYS
 HEATING
  TODAY            0                         0      0        0
  MONTH TO DATE    0                         0      0        0
  SINCE JUN 1      0                         0      0        0
  SINCE JUL 1      0                         0      0        0

 COOLING
  TODAY           21                        20      1       17
  MONTH TO DATE  474                       459     15      431
  SINCE JUN 1   1736                      1590    146     1639
  SINCE JAN 1   2508                      2219    289     2264
..................................................................


WIND (MPH)
  HIGHEST WIND SPEED    15   HIGHEST WIND DIRECTION     S (160)
  HIGHEST GUST SPEED    19   HIGHEST GUST DIRECTION     S (160)
  AVERAGE WIND SPEED     7.4


SKY COVER
  AVERAGE SKY COVER 0.4


WEATHER CONDITIONS
 THE FOLLOWING WEATHER WAS RECORDED TODAY.
  NO SIGNIFICANT WEATHER WAS OBSERVED.


RELATIVE HUMIDITY (PERCENT)
 HIGHEST    88           500 AM
 LOWEST     36           400 PM
 AVERAGE    62

..........................................................


THE SAN ANTONIO CLIMATE NORMALS FOR TOMORROW
                         NORMAL    RECORD    YEAR
 MAXIMUM TEMPERATURE (F)   96       104      2009
                                             1917
 MINIMUM TEMPERATURE (F)   75        62      1891


SUNRISE AND SUNSET
AUGUST 22 2017........SUNRISE   706 AM CDT   SUNSET   807 PM CDT
AUGUST 23 2017........SUNRISE   707 AM CDT   SUNSET   806 PM CDT


-  INDICATES NEGATIVE NUMBERS.
R  INDICATES RECORD WAS SET OR TIED.
MM INDICATES DATA IS MISSING.
T  INDICATES TRACE AMOUNT.




$$
