000
CDUS42 KCHS 042105
CLISAV


CLIMATE REPORT
NATIONAL WEATHER SERVICE CHARLESTON SC
505 PM EDT FRI SEP 4 2015


...................................

...THE SAVANNAH GA CLIMATE SUMMARY FOR SEPTEMBER 4 2015...
VALID TODAY AS OF 0500 PM LOCAL TIME.

CLIMATE NORMAL PERIOD 1981 TO 2010
CLIMATE RECORD PERIOD 1871 TO 2015


WEATHER ITEM   OBSERVED TIME   RECORD YEAR NORMAL DEPARTURE LAST
                VALUE   (LST)  VALUE       VALUE  FROM      YEAR
                                                  NORMAL
..................................................................
TEMPERATURE (F)
 TODAY
  MAXIMUM         93    115 PM 102    1925  88      5       90
  MINIMUM         76    235 PM  62    1887  71      5       74
  AVERAGE         85                        80      5       82

PRECIPITATION (IN)
  TODAY            0.02          6.79 1979   0.18  -0.16     0.24
  MONTH TO DATE    0.06                      0.72  -0.66     0.70
  SINCE SEP 1      0.06                      0.72  -0.66     0.70
  SINCE JAN 1     36.22                     35.09   1.13    35.76

DEGREE DAYS
 HEATING
  TODAY            0                         0      0        0
  MONTH TO DATE    0                         0      0        0
  SINCE SEP 1      0                         0      0        0
  SINCE JUL 1      0                         0      0        0

 COOLING
  TODAY           20                        14      6       17
  MONTH TO DATE   71                        59     12       74
  SINCE SEP 1     71                        59     12       74
  SINCE JAN 1   2225                      1966    259     2187
..................................................................


WIND (MPH)
  HIGHEST WIND SPEED    18   HIGHEST WIND DIRECTION     S (170)
  HIGHEST GUST SPEED    23   HIGHEST GUST DIRECTION     S (170)
  AVERAGE WIND SPEED     4.0


SKY COVER
  POSSIBLE SUNSHINE  MM
  AVERAGE SKY COVER 0.5


WEATHER CONDITIONS
 THE FOLLOWING WEATHER WAS RECORDED TODAY.
  THUNDERSTORM
  LIGHT RAIN


RELATIVE HUMIDITY (PERCENT)
 HIGHEST    94           300 AM
 LOWEST     52          1200 PM
 AVERAGE    73

..........................................................


THE SAVANNAH GA CLIMATE NORMALS FOR TOMORROW
                         NORMAL    RECORD    YEAR
 MAXIMUM TEMPERATURE (F)   88        99      1944
 MINIMUM TEMPERATURE (F)   70        54      1997


SUNRISE AND SUNSET
SEPTEMBER  4 2015.....SUNRISE   702 AM EDT   SUNSET   745 PM EDT
SEPTEMBER  5 2015.....SUNRISE   702 AM EDT   SUNSET   744 PM EDT


-  INDICATES NEGATIVE NUMBERS.
R  INDICATES RECORD WAS SET OR TIED.
MM INDICATES DATA IS MISSING.
T  INDICATES TRACE AMOUNT.




$$
