000
CDUS42 KCHS 260604
CLISAV


CLIMATE REPORT
NATIONAL WEATHER SERVICE CHARLESTON SC
204 AM EDT SUN MAR 26 2017


...................................

...THE SAVANNAH GA CLIMATE SUMMARY FOR MARCH 25 2017...

CLIMATE NORMAL PERIOD 1981 TO 2010
CLIMATE RECORD PERIOD 1871 TO 2017


WEATHER ITEM   OBSERVED TIME   RECORD YEAR NORMAL DEPARTURE LAST
                VALUE   (LST)  VALUE       VALUE  FROM      YEAR
                                                  NORMAL
..................................................................
TEMPERATURE (F)
 YESTERDAY
  MAXIMUM         78    258 PM  89    1929  73      5       77
  MINIMUM         55    538 AM  31    1968  49      6       60
  AVERAGE         67                        61      6       69

PRECIPITATION (IN)
  YESTERDAY        0.00          1.88 1892   0.13  -0.13      T
  MONTH TO DATE    0.44                      2.98  -2.54     0.89
  SINCE MAR 1      0.44                      2.98  -2.54     0.89
  SINCE JAN 1      9.27                      9.46  -0.19     7.30

SNOWFALL (IN)
  YESTERDAY        0.0                       0.0    0.0
  SINCE MAR 1      0.0                       0.0    0.0
  SINCE JUL 1      0.0                       0.3   -0.3

DEGREE DAYS
 HEATING
  YESTERDAY        0                         5     -5        0
  MONTH TO DATE  193                       182     11       95
  SINCE MAR 1    193                       182     11       95
  SINCE JUL 1   1003                      1699   -696     1164

 COOLING
  YESTERDAY        2                         1      1        4
  MONTH TO DATE   28                        25      3       81
  SINCE MAR 1     28                        25      3       81
  SINCE JAN 1     86                        35     51      102
..................................................................


WIND (MPH)
  HIGHEST WIND SPEED    18   HIGHEST WIND DIRECTION    SE (130)
  HIGHEST GUST SPEED    23   HIGHEST GUST DIRECTION     E (110)
  AVERAGE WIND SPEED     7.5


SKY COVER
  POSSIBLE SUNSHINE  MM
  AVERAGE SKY COVER 0.5


WEATHER CONDITIONS
 THE FOLLOWING WEATHER WAS RECORDED YESTERDAY.
  NO SIGNIFICANT WEATHER WAS OBSERVED.


RELATIVE HUMIDITY (PERCENT)
 HIGHEST    93           500 AM
 LOWEST     39          1100 AM
 AVERAGE    66

..........................................................


THE SAVANNAH GA CLIMATE NORMALS FOR TODAY
                         NORMAL    RECORD    YEAR
 MAXIMUM TEMPERATURE (F)   73        88      1929
 MINIMUM TEMPERATURE (F)   50        34      2013
                                             2006
                                             1979


SUNRISE AND SUNSET
MARCH 26 2017.........SUNRISE   721 AM EDT   SUNSET   741 PM EDT
MARCH 27 2017.........SUNRISE   719 AM EDT   SUNSET   741 PM EDT


-  INDICATES NEGATIVE NUMBERS.
R  INDICATES RECORD WAS SET OR TIED.
MM INDICATES DATA IS MISSING.
T  INDICATES TRACE AMOUNT.




$$
