000
CDUS42 KCHS 312114
CLISAV


CLIMATE REPORT
NATIONAL WEATHER SERVICE CHARLESTON SC
513 PM EDT WED AUG 31 2016


...................................

...THE SAVANNAH GA CLIMATE SUMMARY FOR AUGUST 31 2016...
VALID TODAY AS OF 0500 PM LOCAL TIME.

CLIMATE NORMAL PERIOD 1981 TO 2010
CLIMATE RECORD PERIOD 1871 TO 2016


WEATHER ITEM   OBSERVED TIME   RECORD YEAR NORMAL DEPARTURE LAST
                VALUE   (LST)  VALUE       VALUE  FROM      YEAR
                                                  NORMAL
..................................................................
TEMPERATURE (F)
 TODAY
  MAXIMUM         87    355 PM  99    1998  89     -2       86
  MINIMUM         76    827 AM  61    1999  71      5       73
  AVERAGE         82                        80      2       80

PRECIPITATION (IN)
  TODAY            0.22          7.31 1898   0.19   0.03     0.58
  MONTH TO DATE    3.53                      6.56  -3.03     7.84
  SINCE JUN 1     11.70                     18.11  -6.41    18.83
  SINCE JAN 1     34.37                     34.37   0.00    36.16

DEGREE DAYS
 HEATING
  TODAY            0                         0      0        0
  MONTH TO DATE    0                         0      0        0
  SINCE JUN 1      0                         0      0        0
  SINCE JUL 1      0                         0      0        0

 COOLING
  TODAY           17                        15      2       15
  MONTH TO DATE  605                       512     93      527
  SINCE JUN 1   1782                      1504    278     1619
  SINCE JAN 1   2310                      1907    403     2154
..................................................................


WIND (MPH)
  HIGHEST WIND SPEED    21   HIGHEST WIND DIRECTION     E (110)
  HIGHEST GUST SPEED    26   HIGHEST GUST DIRECTION    SE (120)
  AVERAGE WIND SPEED     9.9


SKY COVER
  POSSIBLE SUNSHINE  MM
  AVERAGE SKY COVER 0.7


WEATHER CONDITIONS
 THE FOLLOWING WEATHER WAS RECORDED TODAY.
  HEAVY RAIN
  RAIN
  LIGHT RAIN
  FOG


RELATIVE HUMIDITY (PERCENT)
 HIGHEST    94           500 AM
 LOWEST     63           400 PM
 AVERAGE    79

..........................................................


THE SAVANNAH GA CLIMATE NORMALS FOR TOMORROW
                         NORMAL    RECORD    YEAR
 MAXIMUM TEMPERATURE (F)   89        97      1957
                                             1926
                                             1912
 MINIMUM TEMPERATURE (F)   71        60      1999


SUNRISE AND SUNSET
AUGUST 31 2016........SUNRISE   700 AM EDT   SUNSET   750 PM EDT
SEPTEMBER  1 2016.....SUNRISE   700 AM EDT   SUNSET   748 PM EDT


-  INDICATES NEGATIVE NUMBERS.
R  INDICATES RECORD WAS SET OR TIED.
MM INDICATES DATA IS MISSING.
T  INDICATES TRACE AMOUNT.




$$
