000
CDUS42 KCHS 242119
CLISAV


CLIMATE REPORT
NATIONAL WEATHER SERVICE CHARLESTON SC
519 PM EDT SUN SEP 24 2017


...................................

...THE SAVANNAH GA CLIMATE SUMMARY FOR SEPTEMBER 24 2017...
VALID TODAY AS OF 0500 PM LOCAL TIME.

CLIMATE NORMAL PERIOD 1981 TO 2010
CLIMATE RECORD PERIOD 1871 TO 2017


WEATHER ITEM   OBSERVED TIME   RECORD YEAR NORMAL DEPARTURE LAST
                VALUE   (LST)  VALUE       VALUE  FROM      YEAR
                                                  NORMAL
..................................................................
TEMPERATURE (F)
 TODAY
  MAXIMUM         89    211 PM  96    1986  84      5       91
  MINIMUM         69    648 AM  47    1967  66      3       71
  AVERAGE         79                        75      4       81

PRECIPITATION (IN)
  TODAY            0.00          2.50 1947   0.13  -0.13     0.00
  MONTH TO DATE    5.13                      3.74   1.39     3.61
  SINCE SEP 1      5.13                      3.74   1.39     3.61
  SINCE JAN 1     47.49                     38.11   9.38    37.98

DEGREE DAYS
 HEATING
  TODAY            0                         0      0        0
  MONTH TO DATE    0                         0      0        0
  SINCE SEP 1      0                         0      0        0
  SINCE JUL 1      0                         0      0        0

 COOLING
  TODAY           14                        10      4       16
  MONTH TO DATE  324                       305     19      357
  SINCE SEP 1    324                       305     19      357
  SINCE JAN 1   2584                      2212    372     2667
..................................................................


WIND (MPH)
  HIGHEST WIND SPEED    15   HIGHEST WIND DIRECTION    NE (60)
  HIGHEST GUST SPEED    19   HIGHEST GUST DIRECTION     N (20)
  AVERAGE WIND SPEED     8.1


SKY COVER
  POSSIBLE SUNSHINE  MM
  AVERAGE SKY COVER 0.4


WEATHER CONDITIONS
 THE FOLLOWING WEATHER WAS RECORDED TODAY.
  FOG


RELATIVE HUMIDITY (PERCENT)
 HIGHEST   100           200 AM
 LOWEST     46           400 PM
 AVERAGE    73

..........................................................


THE SAVANNAH GA CLIMATE NORMALS FOR TOMORROW
                         NORMAL    RECORD    YEAR
 MAXIMUM TEMPERATURE (F)   84        95      1986
 MINIMUM TEMPERATURE (F)   65        50      1990
                                             1887


SUNRISE AND SUNSET
SEPTEMBER 24 2017.....SUNRISE   714 AM EDT   SUNSET   718 PM EDT
SEPTEMBER 25 2017.....SUNRISE   715 AM EDT   SUNSET   717 PM EDT


-  INDICATES NEGATIVE NUMBERS.
R  INDICATES RECORD WAS SET OR TIED.
MM INDICATES DATA IS MISSING.
T  INDICATES TRACE AMOUNT.




$$
