000
CDUS42 KCHS 142210
CLISAV


CLIMATE REPORT
NATIONAL WEATHER SERVICE CHARLESTON SC
509 PM EST SUN FEB 14 2016


...................................

...THE SAVANNAH GA CLIMATE SUMMARY FOR FEBRUARY 14 2016...
VALID TODAY AS OF 0500 PM LOCAL TIME.

CLIMATE NORMAL PERIOD 1981 TO 2010
CLIMATE RECORD PERIOD 1871 TO 2016


WEATHER ITEM   OBSERVED TIME   RECORD YEAR NORMAL DEPARTURE LAST
                VALUE   (LST)  VALUE       VALUE  FROM      YEAR
                                                  NORMAL
..................................................................
TEMPERATURE (F)
 TODAY
  MAXIMUM         46    206 PM  82    1962  64    -18       61
                                      1959
  MINIMUM         31    724 AM  10    1899  42    -11       28
  AVERAGE         39                        53    -14       45

PRECIPITATION (IN)
  TODAY            0.00          3.02 1874   0.09  -0.09     0.00
  MONTH TO DATE    3.07                      1.39   1.68     1.04
  SINCE DEC 1      9.55                      8.03   1.52     9.18
  SINCE JAN 1      6.20                      5.08   1.12     5.16

SNOWFALL (IN)
  TODAY            0.0                       0.0    0.0
  SINCE DEC 1      T                         0.2   -0.2
  SINCE JUL 1      T                         0.2   -0.2

DEGREE DAYS
 HEATING
  TODAY           26                        12     14       20
  MONTH TO DATE  205                       188     17      226
  SINCE DEC 1    775                      1095   -320      983
  SINCE JUL 1    900                      1362   -462     1275

 COOLING
  TODAY            0                         0      0        0
  MONTH TO DATE    9                         0      9        0
  SINCE DEC 1    115                        12    103       11
  SINCE JAN 1      9                         3      6        5
..................................................................


WIND (MPH)
  HIGHEST WIND SPEED    17   HIGHEST WIND DIRECTION    NE (60)
  HIGHEST GUST SPEED    22   HIGHEST GUST DIRECTION    NE (50)
  AVERAGE WIND SPEED    10.4


SKY COVER
  POSSIBLE SUNSHINE  MM
  AVERAGE SKY COVER 0.4


WEATHER CONDITIONS
 THE FOLLOWING WEATHER WAS RECORDED TODAY.
  NO SIGNIFICANT WEATHER WAS OBSERVED.


RELATIVE HUMIDITY (PERCENT)
 HIGHEST    64           300 AM
 LOWEST     39          1100 AM
 AVERAGE    52

..........................................................


THE SAVANNAH GA CLIMATE NORMALS FOR TOMORROW
                         NORMAL    RECORD    YEAR
 MAXIMUM TEMPERATURE (F)   64        82      2001
                                             1989
 MINIMUM TEMPERATURE (F)   42        21      1943


SUNRISE AND SUNSET
FEBRUARY 14 2016......SUNRISE   709 AM EST   SUNSET   610 PM EST
FEBRUARY 15 2016......SUNRISE   708 AM EST   SUNSET   611 PM EST


-  INDICATES NEGATIVE NUMBERS.
R  INDICATES RECORD WAS SET OR TIED.
MM INDICATES DATA IS MISSING.
T  INDICATES TRACE AMOUNT.




$$
