000
CDUS42 KCHS 220613
CLISAV


CLIMATE REPORT
NATIONAL WEATHER SERVICE CHARLESTON SC
212 AM EDT SAT JUL 22 2017


...................................

...THE SAVANNAH GA CLIMATE SUMMARY FOR JULY 21 2017...

CLIMATE NORMAL PERIOD 1981 TO 2010
CLIMATE RECORD PERIOD 1871 TO 2017


WEATHER ITEM   OBSERVED TIME   RECORD YEAR NORMAL DEPARTURE LAST
                VALUE   (LST)  VALUE       VALUE  FROM      YEAR
                                                  NORMAL
..................................................................
TEMPERATURE (F)
 YESTERDAY
  MAXIMUM         93    400 PM 103    1942  93      0       93
  MINIMUM         73    500 AM  64    1910  73      0       73
  AVERAGE         83                        83      0       83

PRECIPITATION (IN)
  YESTERDAY        0.00          1.87 1991   0.18  -0.18      T
  MONTH TO DATE    4.47                      3.61   0.86     0.32
  SINCE JUN 1     11.12                      9.56   1.56     7.28
  SINCE JAN 1     34.87                     25.82   9.05    29.95

DEGREE DAYS
 HEATING
  YESTERDAY        0                         0      0        0
  MONTH TO DATE    0                         0      0        0
  SINCE JUN 1      0                         0      0        0
  SINCE JUL 1      0                         0      0        0

 COOLING
  YESTERDAY       18                        18      0       18
  MONTH TO DATE  400                       370     30      442
  SINCE JUN 1    854                       816     38      958
  SINCE JAN 1   1528                      1219    309     1486
..................................................................


WIND (MPH)
  HIGHEST WIND SPEED    13   HIGHEST WIND DIRECTION     S (160)
  HIGHEST GUST SPEED    MM   HIGHEST GUST DIRECTION    MM
  AVERAGE WIND SPEED     5.7


SKY COVER
  POSSIBLE SUNSHINE  MM
  AVERAGE SKY COVER 0.2


WEATHER CONDITIONS
 THE FOLLOWING WEATHER WAS RECORDED YESTERDAY.
  NO SIGNIFICANT WEATHER WAS OBSERVED.


RELATIVE HUMIDITY (PERCENT)
 HIGHEST    87           500 AM
 LOWEST     49           400 PM
 AVERAGE    68

..........................................................


THE SAVANNAH GA CLIMATE NORMALS FOR TODAY
                         NORMAL    RECORD    YEAR
 MAXIMUM TEMPERATURE (F)   93       103      1977
 MINIMUM TEMPERATURE (F)   73        62      1929


SUNRISE AND SUNSET
JULY 22 2017..........SUNRISE   634 AM EDT   SUNSET   829 PM EDT
JULY 23 2017..........SUNRISE   634 AM EDT   SUNSET   828 PM EDT


-  INDICATES NEGATIVE NUMBERS.
R  INDICATES RECORD WAS SET OR TIED.
MM INDICATES DATA IS MISSING.
T  INDICATES TRACE AMOUNT.




$$
