000
CDUS42 KCHS 232107
CLISAV


CLIMATE REPORT
NATIONAL WEATHER SERVICE CHARLESTON SC
507 PM EDT TUE SEP 23 2014


...................................

...THE SAVANNAH GA CLIMATE SUMMARY FOR SEPTEMBER 23 2014...
VALID TODAY AS OF 0500 PM LOCAL TIME.

CLIMATE NORMAL PERIOD 1981 TO 2010
CLIMATE RECORD PERIOD 1871 TO 2014


WEATHER ITEM   OBSERVED TIME   RECORD YEAR NORMAL DEPARTURE LAST
                VALUE   (LST)  VALUE       VALUE  FROM      YEAR
                                                  NORMAL
..................................................................
TEMPERATURE (F)
 TODAY
  MAXIMUM         79    128 PM  94    1980  84     -5       82
                                      1900
  MINIMUM         67    248 AM  49    1983  66      1       66
  AVERAGE         73                        75     -2       74

PRECIPITATION (IN)
  TODAY            0.03          4.63 1947   0.12  -0.09     0.00
  MONTH TO DATE    4.77                      3.61   1.16     1.14
  SINCE SEP 1      4.77                      3.61   1.16     1.14
  SINCE JAN 1     39.83                     37.98   1.85    48.31

DEGREE DAYS
 HEATING
  TODAY            0                         0      0        0
  MONTH TO DATE    0                         0      0        0
  SINCE SEP 1      0                         0      0        0
  SINCE JUL 1      0                         0      0        0

 COOLING
  TODAY            8                        10     -2        9
  MONTH TO DATE  355                       295     60      336
  SINCE SEP 1    355                       295     60      336
  SINCE JAN 1   2468                      2202    266     2185
..................................................................


WIND (MPH)
  HIGHEST WIND SPEED    18   HIGHEST WIND DIRECTION    NE (30)
  HIGHEST GUST SPEED    23   HIGHEST GUST DIRECTION    NE (30)
  AVERAGE WIND SPEED    10.8


SKY COVER
  POSSIBLE SUNSHINE  MM
  AVERAGE SKY COVER 0.8


WEATHER CONDITIONS
 THE FOLLOWING WEATHER WAS RECORDED TODAY.
  RAIN
  LIGHT RAIN


RELATIVE HUMIDITY (PERCENT)
 HIGHEST    81           500 AM
 LOWEST     64           200 PM
 AVERAGE    73

..........................................................


THE SAVANNAH GA CLIMATE NORMALS FOR TOMORROW
                         NORMAL    RECORD    YEAR
 MAXIMUM TEMPERATURE (F)   84        96      1986
 MINIMUM TEMPERATURE (F)   66        47      1967


SUNRISE AND SUNSET
SEPTEMBER 23 2014.....SUNRISE   714 AM EDT   SUNSET   720 PM EDT
SEPTEMBER 24 2014.....SUNRISE   714 AM EDT   SUNSET   719 PM EDT


-  INDICATES NEGATIVE NUMBERS.
R  INDICATES RECORD WAS SET OR TIED.
MM INDICATES DATA IS MISSING.
T  INDICATES TRACE AMOUNT.




$$
