000
CDUS42 KCHS 270604
CLISAV


CLIMATE REPORT
NATIONAL WEATHER SERVICE CHARLESTON SC
204 AM EDT TUE SEP 27 2016


...................................

...THE SAVANNAH GA CLIMATE SUMMARY FOR SEPTEMBER 26 2016...

CLIMATE NORMAL PERIOD 1981 TO 2010
CLIMATE RECORD PERIOD 1871 TO 2016


WEATHER ITEM   OBSERVED TIME   RECORD YEAR NORMAL DEPARTURE LAST
                VALUE   (LST)  VALUE       VALUE  FROM      YEAR
                                                  NORMAL
..................................................................
TEMPERATURE (F)
 YESTERDAY
  MAXIMUM         82    443 PM  95    1961  84     -2       86
  MINIMUM         73   1052 AM  51    1940  65      8       65
  AVERAGE         78                        74      4       76

PRECIPITATION (IN)
  YESTERDAY       MM             3.07 1908   0.14  MM        0.29
  MONTH TO DATE    3.61                      4.00  -0.39     2.15
  SINCE SEP 1      3.61                      4.00  -0.39     2.15
  SINCE JAN 1     37.98                     38.37  -0.39    38.31

DEGREE DAYS
 HEATING
  YESTERDAY        0                         0      0        0
  MONTH TO DATE    0                         0      0        0
  SINCE SEP 1      0                         0      0        0
  SINCE JUL 1      0                         0      0        0

 COOLING
  YESTERDAY       13                         9      4       11
  MONTH TO DATE  386                       324     62      322
  SINCE SEP 1    386                       324     62      322
  SINCE JAN 1   2696                      2231    465     2476
..................................................................


WIND (MPH)
  HIGHEST WIND SPEED    16   HIGHEST WIND DIRECTION    SE (120)
  HIGHEST GUST SPEED    20   HIGHEST GUST DIRECTION     E (100)
  AVERAGE WIND SPEED     5.6


SKY COVER
  POSSIBLE SUNSHINE  MM
  AVERAGE SKY COVER 0.8


WEATHER CONDITIONS
 THE FOLLOWING WEATHER WAS RECORDED YESTERDAY.
  THUNDERSTORM
  HEAVY RAIN
  LIGHT RAIN
  FOG


RELATIVE HUMIDITY (PERCENT)
 HIGHEST    94           800 AM
 LOWEST     67           500 PM
 AVERAGE    81

..........................................................


THE SAVANNAH GA CLIMATE NORMALS FOR TODAY
                         NORMAL    RECORD    YEAR
 MAXIMUM TEMPERATURE (F)   83        96      1986
 MINIMUM TEMPERATURE (F)   65        50      1940


SUNRISE AND SUNSET
SEPTEMBER 27 2016.....SUNRISE   716 AM EDT   SUNSET   714 PM EDT
SEPTEMBER 28 2016.....SUNRISE   717 AM EDT   SUNSET   713 PM EDT


-  INDICATES NEGATIVE NUMBERS.
R  INDICATES RECORD WAS SET OR TIED.
MM INDICATES DATA IS MISSING.
T  INDICATES TRACE AMOUNT.




$$
