000
CDUS42 KCHS 160631
CLISAV


CLIMATE REPORT
NATIONAL WEATHER SERVICE CHARLESTON SC
130 AM EST TUE JAN 16 2018


...................................

...THE SAVANNAH GA CLIMATE SUMMARY FOR JANUARY 15 2018...

CLIMATE NORMAL PERIOD 1981 TO 2010
CLIMATE RECORD PERIOD 1871 TO 2018


WEATHER ITEM   OBSERVED TIME   RECORD YEAR NORMAL DEPARTURE LAST
                VALUE   (LST)  VALUE       VALUE  FROM      YEAR
                                                  NORMAL
..................................................................
TEMPERATURE (F)
 YESTERDAY
  MAXIMUM         52    357 PM  81    2013  60     -8       78
  MINIMUM         28    727 AM  18    1964  38    -10       46
  AVERAGE         40                        49     -9       62

PRECIPITATION (IN)
  YESTERDAY        0.00          1.39 1966   0.13  -0.13     0.00
  MONTH TO DATE    0.66                      1.68  -1.02     1.62
  SINCE DEC 1      3.01                      4.63  -1.62     5.91
  SINCE JAN 1      0.66                      1.68  -1.02     1.62

SNOWFALL (IN)
  YESTERDAY        0.0                       0.0    0.0
  SINCE DEC 1      1.2                       0.2    1.0
  SINCE JUL 1      1.2                       0.2    1.0

DEGREE DAYS
 HEATING
  YESTERDAY       25                        16      9        3
  MONTH TO DATE  332                       240     92      136
  SINCE DEC 1    708                       663     45      408
  SINCE JUL 1    932                       930      2      589

 COOLING
  YESTERDAY        0                         0      0        0
  MONTH TO DATE    3                         0      3        9
  SINCE DEC 1     12                         9      3       19
  SINCE JAN 1      3                         0      3        9
..................................................................


WIND (MPH)
  HIGHEST WIND SPEED    12   HIGHEST WIND DIRECTION    NE (30)
  HIGHEST GUST SPEED    16   HIGHEST GUST DIRECTION    NW (330)
  AVERAGE WIND SPEED     6.0


SKY COVER
  POSSIBLE SUNSHINE  MM
  AVERAGE SKY COVER 0.0


WEATHER CONDITIONS
 THE FOLLOWING WEATHER WAS RECORDED YESTERDAY.
  NO SIGNIFICANT WEATHER WAS OBSERVED.


RELATIVE HUMIDITY (PERCENT)
 HIGHEST    70           800 PM
 LOWEST     28           300 PM
 AVERAGE    49

..........................................................


THE SAVANNAH GA CLIMATE NORMALS FOR TODAY
                         NORMAL    RECORD    YEAR
 MAXIMUM TEMPERATURE (F)   60        82      2013
 MINIMUM TEMPERATURE (F)   38        18      1893


SUNRISE AND SUNSET
JANUARY 16 2018.......SUNRISE   726 AM EST   SUNSET   544 PM EST
JANUARY 17 2018.......SUNRISE   725 AM EST   SUNSET   545 PM EST


-  INDICATES NEGATIVE NUMBERS.
R  INDICATES RECORD WAS SET OR TIED.
MM INDICATES DATA IS MISSING.
T  INDICATES TRACE AMOUNT.




$$
