000
CDUS46 KLOX 270915
CLISBA


CLIMATE REPORT
NATIONAL WEATHER SERVICE LOS ANGELES/OXNARD CA
215 AM PDT SAT MAY 27 2017


...................................

...THE SANTA BARBARA AIRPORT CA CLIMATE SUMMARY FOR MAY 26 2017...

CLIMATE NORMAL PERIOD 1981 TO 2010
CLIMATE RECORD PERIOD 1940 TO 2017


WEATHER ITEM   OBSERVED TIME   RECORD YEAR NORMAL DEPARTURE LAST
                VALUE   (LST)  VALUE       VALUE  FROM      YEAR
                                                  NORMAL
..................................................................
TEMPERATURE (F)
 YESTERDAY
  MAXIMUM         69    241 PM 101    1968  69      0       73
  MINIMUM         56   1157 PM  39    1953  52      4       50
  AVERAGE         63                        61      2       62

PRECIPITATION (IN)
  YESTERDAY        0.00          0.24 1947   0.01  -0.01     0.00
  MONTH TO DATE    0.12                      0.31  -0.19      T
  SINCE OCT 1     24.23                     17.25   6.98    10.19
  SINCE JAN 1     19.42                     11.95   7.47     9.31

SNOWFALL (IN)
  YESTERDAY        0.0
  MONTH TO DATE    0.0
  SINCE MAR 1      0.0
  SINCE JUL 1      0.0

DEGREE DAYS
 HEATING
  YESTERDAY        2                         5     -3        3
  MONTH TO DATE  122                       139    -17      146
  SINCE MAR 1    464                       663   -199      462
  SINCE JUL 1   1832                      2264   -432     1525

 COOLING
  YESTERDAY        0                         0      0        0
  MONTH TO DATE    5                         0      5        0
  SINCE MAR 1     27                         7     20        8
  SINCE JAN 1     27                         7     20       10
..................................................................


WIND (MPH)
  HIGHEST WIND SPEED    14   HIGHEST WIND DIRECTION     W (260)
  HIGHEST GUST SPEED    17   HIGHEST GUST DIRECTION     W (280)
  AVERAGE WIND SPEED     4.8


SKY COVER
  POSSIBLE SUNSHINE  MM
  AVERAGE SKY COVER 0.9


WEATHER CONDITIONS
 THE FOLLOWING WEATHER WAS RECORDED YESTERDAY.
  HAZE


RELATIVE HUMIDITY (PERCENT)
 HIGHEST    93           300 AM
 LOWEST     58           200 PM
 AVERAGE    76

..........................................................


THE SANTA BARBARA AIRPORT CA CLIMATE NORMALS FOR TODAY
                         NORMAL    RECORD    YEAR
 MAXIMUM TEMPERATURE (F)   69        95      1960
 MINIMUM TEMPERATURE (F)   52        44      1987


SUNRISE AND SUNSET
MAY 27 2017...........SUNRISE   550 AM PDT   SUNSET   804 PM PDT
MAY 28 2017...........SUNRISE   549 AM PDT   SUNSET   804 PM PDT


-  INDICATES NEGATIVE NUMBERS.
R  INDICATES RECORD WAS SET OR TIED.
MM INDICATES DATA IS MISSING.
T  INDICATES TRACE AMOUNT.




$$
