000
CDUS46 KLOX 190904
CLISBA


CLIMATE REPORT
NATIONAL WEATHER SERVICE LOS ANGELES/OXNARD CA
204 AM PDT SAT APR 19 2014


...................................

...THE SANTA BARBARA AIRPORT CA CLIMATE SUMMARY FOR APRIL 18 2014...

CLIMATE NORMAL PERIOD 1981 TO 2010
CLIMATE RECORD PERIOD 1940 TO 2014


WEATHER ITEM   OBSERVED TIME   RECORD YEAR NORMAL DEPARTURE LAST
                VALUE   (LST)  VALUE       VALUE  FROM      YEAR
                                                  NORMAL
..................................................................
TEMPERATURE (F)
 YESTERDAY
  MAXIMUM         69    311 PM  79    1992  68      1       71
  MINIMUM         53   1154 PM  37    1968  48      5       45
  AVERAGE         61                        58      3       58

PRECIPITATION (IN)
  YESTERDAY        0.00          0.56 1967   0.03  -0.03     0.00
  MONTH TO DATE    0.26                      0.70  -0.44     0.01
  SINCE JUL 1      6.55                     17.05 -10.50     9.36
  SINCE JAN 1      5.19                     11.34  -6.15     3.29

SNOWFALL (IN)
  YESTERDAY        0.0
  MONTH TO DATE    0.0
  SINCE MAR 1      0.0
  SINCE JUL 1      0.0

DEGREE DAYS
 HEATING
  YESTERDAY        4                         7     -3        7
  MONTH TO DATE  123                       148    -25       94
  SINCE MAR 1    289                       444   -155      331
  SINCE JUL 1   1524                      2045   -521     1825

 COOLING
  YESTERDAY        0                         0      0        0
  MONTH TO DATE    0                         0      0        9
  SINCE MAR 1      5                         2      3       13
  SINCE JAN 1      5                         2      3       13
..................................................................


WIND (MPH)
  HIGHEST WIND SPEED    14   HIGHEST WIND DIRECTION     W (260)
  HIGHEST GUST SPEED    MM   HIGHEST GUST DIRECTION    MM
  AVERAGE WIND SPEED     4.5


SKY COVER
  POSSIBLE SUNSHINE  MM
  AVERAGE SKY COVER 0.6


WEATHER CONDITIONS
 THE FOLLOWING WEATHER WAS RECORDED YESTERDAY.
  HAZE


RELATIVE HUMIDITY (PERCENT)
 HIGHEST    86          1200 AM
 LOWEST     58           300 PM
 AVERAGE    72

..........................................................


THE SANTA BARBARA AIRPORT CA CLIMATE NORMALS FOR TODAY
                         NORMAL    RECORD    YEAR
 MAXIMUM TEMPERATURE (F)   68        87      2009
 MINIMUM TEMPERATURE (F)   48        39      1972


SUNRISE AND SUNSET
APRIL 19 2014.........SUNRISE   623 AM PDT   SUNSET   734 PM PDT
APRIL 20 2014.........SUNRISE   622 AM PDT   SUNSET   735 PM PDT


-  INDICATES NEGATIVE NUMBERS.
R  INDICATES RECORD WAS SET OR TIED.
MM INDICATES DATA IS MISSING.
T  INDICATES TRACE AMOUNT.




$$
