000
CDUS46 KLOX 180910
CLISBA


CLIMATE REPORT
NATIONAL WEATHER SERVICE LOS ANGELES/OXNARD CA
109 AM PST THU DEC 18 2014


...................................

...THE SANTA BARBARA AIRPORT CA CLIMATE SUMMARY FOR DECEMBER 17 2014...

CLIMATE NORMAL PERIOD 1981 TO 2010
CLIMATE RECORD PERIOD 1940 TO 2014


WEATHER ITEM   OBSERVED TIME   RECORD YEAR NORMAL DEPARTURE LAST
                VALUE   (LST)  VALUE       VALUE  FROM      YEAR
                                                  NORMAL
..................................................................
TEMPERATURE (F)
 YESTERDAY
  MAXIMUM         65   1158 AM  77    2013  63      2       77
  MINIMUM         47    526 AM  29    1990  40      7       44
  AVERAGE         56                        52      4       61

PRECIPITATION (IN)
  YESTERDAY        0.13          0.83 1988   0.10   0.03     0.00
  MONTH TO DATE    4.93                      1.33   3.60     0.16
  SINCE JUL 1      6.29                      4.10   2.19     1.36
  SINCE JAN 1     11.49                     16.15  -4.66     4.71

SNOWFALL (IN)
  YESTERDAY       MM
  MONTH TO DATE    0.0
  SINCE DEC 1      0.0
  SINCE JUL 1      0.0

DEGREE DAYS
 HEATING
  YESTERDAY        9                        13     -4        4
  MONTH TO DATE  106                       215   -109      222
  SINCE DEC 1    106                       215   -109      222
  SINCE JUL 1    239                       693   -454      596

 COOLING
  YESTERDAY        0                         0      0        0
  MONTH TO DATE    0                         0      0        0
  SINCE DEC 1      0                         0      0        0
  SINCE JAN 1    529                       188    341      285
..................................................................


WIND (MPH)
  HIGHEST WIND SPEED    16   HIGHEST WIND DIRECTION     W (290)
  HIGHEST GUST SPEED    21   HIGHEST GUST DIRECTION     W (280)
  AVERAGE WIND SPEED     5.0


SKY COVER
  POSSIBLE SUNSHINE  MM
  AVERAGE SKY COVER 0.4


WEATHER CONDITIONS
 THE FOLLOWING WEATHER WAS RECORDED YESTERDAY.
  RAIN
  LIGHT RAIN
  FOG


RELATIVE HUMIDITY (PERCENT)
 HIGHEST    93           300 AM
 LOWEST     44          1200 PM
 AVERAGE    69

..........................................................


THE SANTA BARBARA AIRPORT CA CLIMATE NORMALS FOR TODAY
                         NORMAL    RECORD    YEAR
 MAXIMUM TEMPERATURE (F)   63        77      1950
 MINIMUM TEMPERATURE (F)   40        31      2006
                                             1975


SUNRISE AND SUNSET
DECEMBER 18 2014......SUNRISE   700 AM PST   SUNSET   452 PM PST
DECEMBER 19 2014......SUNRISE   701 AM PST   SUNSET   452 PM PST


-  INDICATES NEGATIVE NUMBERS.
R  INDICATES RECORD WAS SET OR TIED.
MM INDICATES DATA IS MISSING.
T  INDICATES TRACE AMOUNT.




$$
