000
CDUS46 KLOX 291104
CLISBA


CLIMATE REPORT
NATIONAL WEATHER SERVICE LOS ANGELES/OXNARD CA
404 AM PDT FRI AUG 29 2014


...................................

...THE SANTA BARBARA AIRPORT CA CLIMATE SUMMARY FOR AUGUST 28 2014...

CLIMATE NORMAL PERIOD 1981 TO 2010
CLIMATE RECORD PERIOD 1940 TO 2014


WEATHER ITEM   OBSERVED TIME   RECORD YEAR NORMAL DEPARTURE LAST
                VALUE   (LST)  VALUE       VALUE  FROM      YEAR
                                                  NORMAL
..................................................................
TEMPERATURE (F)
 YESTERDAY
  MAXIMUM         83   1157 AM  92    1971  75      8       77
  MINIMUM         60    606 AM  49    1942  57      3       59
  AVERAGE         72                        66      6       68

PRECIPITATION (IN)
  YESTERDAY        0.00          T    2001   0.01  -0.01     0.00
  MONTH TO DATE    0.01                      0.11  -0.10     0.00
  SINCE JUL 1      0.02                      0.14  -0.12     0.07
  SINCE JAN 1      5.22                     12.19  -6.97     3.42

SNOWFALL (IN)
  YESTERDAY        0.0
  MONTH TO DATE    0.0
  SINCE JUN 1      0.0
  SINCE JUL 1      0.0

DEGREE DAYS
 HEATING
  YESTERDAY        0                         1     -1        0
  MONTH TO DATE    0                        28    -28       21
  SINCE JUN 1     52                       145    -93       73
  SINCE JUL 1      0                        55    -55       30

 COOLING
  YESTERDAY        7                         2      5        3
  MONTH TO DATE   82                        56     26       25
  SINCE JUN 1    253                       114    139      117
  SINCE JAN 1    321                       128    193      174
..................................................................


WIND (MPH)
  HIGHEST WIND SPEED    16   HIGHEST WIND DIRECTION     W (260)
  HIGHEST GUST SPEED    18   HIGHEST GUST DIRECTION     W (260)
  AVERAGE WIND SPEED     5.3


SKY COVER
  POSSIBLE SUNSHINE  MM
  AVERAGE SKY COVER 0.0


WEATHER CONDITIONS
 THE FOLLOWING WEATHER WAS RECORDED YESTERDAY.
  HAZE


RELATIVE HUMIDITY (PERCENT)
 HIGHEST    90           200 AM
 LOWEST     43          1200 PM
 AVERAGE    67

..........................................................


THE SANTA BARBARA AIRPORT CA CLIMATE NORMALS FOR TODAY
                         NORMAL    RECORD    YEAR
 MAXIMUM TEMPERATURE (F)   75        96      1971
 MINIMUM TEMPERATURE (F)   57        49      1946


SUNRISE AND SUNSET
AUGUST 29 2014........SUNRISE   630 AM PDT   SUNSET   729 PM PDT
AUGUST 30 2014........SUNRISE   631 AM PDT   SUNSET   728 PM PDT


-  INDICATES NEGATIVE NUMBERS.
R  INDICATES RECORD WAS SET OR TIED.
MM INDICATES DATA IS MISSING.
T  INDICATES TRACE AMOUNT.




$$
