819
CDUS46 KLOX 100904
CLISBA


CLIMATE REPORT
NATIONAL WEATHER SERVICE LOS ANGELES/OXNARD CA
104 AM PST WED FEB 10 2016


...................................

...THE SANTA BARBARA AIRPORT CA CLIMATE SUMMARY FOR FEBRUARY 9 2016...

CLIMATE NORMAL PERIOD 1981 TO 2010
CLIMATE RECORD PERIOD 1940 TO 2016


WEATHER ITEM   OBSERVED TIME   RECORD YEAR NORMAL DEPARTURE LAST
                VALUE   (LST)  VALUE       VALUE  FROM      YEAR
                                                  NORMAL
..................................................................
TEMPERATURE (F)
 YESTERDAY
  MAXIMUM         87R   428 PM  81    2006  64     23       75
  MINIMUM         45    351 AM  32    2004  43      2       51
  AVERAGE         66                        53     13       63

PRECIPITATION (IN)
  YESTERDAY        0.00          2.91 1963   0.13  -0.13     0.00
  MONTH TO DATE    0.00                      1.23  -1.23     0.63
  SINCE OCT 1      6.67                     10.03  -3.36     8.25
  SINCE JAN 1      5.79                      4.73   1.06     1.96

SNOWFALL (IN)
  YESTERDAY        0.0
  MONTH TO DATE    0.0
  SINCE DEC 1      0.0
  SINCE JUL 1      0.0

DEGREE DAYS
 HEATING
  YESTERDAY        0                        12    -12        2
  MONTH TO DATE   84                       108    -24       55
  SINCE DEC 1    724                       914   -190      567
  SINCE JUL 1    966                      1392   -426      700

 COOLING
  YESTERDAY        1                         0      1        0
  MONTH TO DATE    1                         0      1        0
  SINCE DEC 1      1                         0      1        1
  SINCE JAN 1      1                         0      1        0
..................................................................


WIND (MPH)
  HIGHEST WIND SPEED    12   HIGHEST WIND DIRECTION     W (280)
  HIGHEST GUST SPEED    16   HIGHEST GUST DIRECTION     W (270)
  AVERAGE WIND SPEED     2.9


SKY COVER
  POSSIBLE SUNSHINE  MM
  AVERAGE SKY COVER 0.0


WEATHER CONDITIONS
 THE FOLLOWING WEATHER WAS RECORDED YESTERDAY.
  NO SIGNIFICANT WEATHER WAS OBSERVED.


RELATIVE HUMIDITY (PERCENT)
 HIGHEST    83          1100 PM
 LOWEST     13           400 PM
 AVERAGE    48

..........................................................


THE SANTA BARBARA AIRPORT CA CLIMATE NORMALS FOR TODAY
                         NORMAL    RECORD    YEAR
 MAXIMUM TEMPERATURE (F)   64        82      1988
 MINIMUM TEMPERATURE (F)   43        31      2004


SUNRISE AND SUNSET
FEBRUARY 10 2016......SUNRISE   650 AM PST   SUNSET   538 PM PST
FEBRUARY 11 2016......SUNRISE   649 AM PST   SUNSET   539 PM PST


-  INDICATES NEGATIVE NUMBERS.
R  INDICATES RECORD WAS SET OR TIED.
MM INDICATES DATA IS MISSING.
T  INDICATES TRACE AMOUNT.




$$
