000
CDUS46 KLOX 050126
CLISBA


CLIMATE REPORT
NATIONAL WEATHER SERVICE LOS ANGELES/OXNARD CA
626 PM PDT WED MAY 4 2016


...................................

...THE SANTA BARBARA AIRPORT CA CLIMATE SUMMARY FOR MAY 4 2016...
VALID TODAY AS OF 0600 PM LOCAL TIME.

CLIMATE NORMAL PERIOD 1981 TO 2010
CLIMATE RECORD PERIOD 1940 TO 2016


WEATHER ITEM   OBSERVED TIME   RECORD YEAR NORMAL DEPARTURE LAST
                VALUE   (LST)  VALUE       VALUE  FROM      YEAR
                                                  NORMAL
..................................................................
TEMPERATURE (F)
 TODAY
  MAXIMUM         64    332 PM  90    1948  69     -5       66
  MINIMUM         54    732 AM  40    1965  50      4       53
  AVERAGE         59                        59      0       60

PRECIPITATION (IN)
  TODAY            0.00          0.37 1998   0.02  -0.02     0.00
  MONTH TO DATE    0.00                      0.09  -0.09     0.00
  SINCE OCT 1     10.19                     17.03  -6.84     9.00
  SINCE JAN 1      9.31                     11.73  -2.42     2.71

SNOWFALL (IN)
  TODAY            0.0
  MONTH TO DATE    0.0
  SINCE MAR 1      0.0
  SINCE JUL 1      0.0

DEGREE DAYS
 HEATING
  TODAY            6                         6      0        5
  MONTH TO DATE   24                        24      0       26
  SINCE MAR 1    340                       548   -208      290
  SINCE JUL 1   1403                      2149   -746     1115

 COOLING
  TODAY            0                         0      0        0
  MONTH TO DATE    0                         0      0        0
  SINCE MAR 1      8                         7      1       38
  SINCE JAN 1     10                         7      3       38
..................................................................


WIND (MPH)
  HIGHEST WIND SPEED    12   HIGHEST WIND DIRECTION     W (280)
  HIGHEST GUST SPEED    14   HIGHEST GUST DIRECTION     W (270)
  AVERAGE WIND SPEED     4.8


SKY COVER
  POSSIBLE SUNSHINE  MM
  AVERAGE SKY COVER 0.9


WEATHER CONDITIONS
 THE FOLLOWING WEATHER WAS RECORDED TODAY.
  FOG


RELATIVE HUMIDITY (PERCENT)
 HIGHEST   100           200 AM
 LOWEST     67           300 PM
 AVERAGE    84

..........................................................


THE SANTA BARBARA AIRPORT CA CLIMATE NORMALS FOR TOMORROW
                         NORMAL    RECORD    YEAR
 MAXIMUM TEMPERATURE (F)   69        89      1953
 MINIMUM TEMPERATURE (F)   50        39      1975


SUNRISE AND SUNSET
MAY  4 2016...........SUNRISE   606 AM PDT   SUNSET   747 PM PDT
MAY  5 2016...........SUNRISE   605 AM PDT   SUNSET   747 PM PDT


-  INDICATES NEGATIVE NUMBERS.
R  INDICATES RECORD WAS SET OR TIED.
MM INDICATES DATA IS MISSING.
T  INDICATES TRACE AMOUNT.




$$
