000
CDUS46 KLOX 020111
CLISBA


CLIMATE REPORT
NATIONAL WEATHER SERVICE LOS ANGELES/OXNARD CA
511 PM PST SUN MAR 1 2015


...................................

...THE SANTA BARBARA AIRPORT CA CLIMATE SUMMARY FOR MARCH 1 2015...
VALID TODAY AS OF 0500 PM LOCAL TIME.

CLIMATE NORMAL PERIOD 1981 TO 2010
CLIMATE RECORD PERIOD 1940 TO 2015


WEATHER ITEM   OBSERVED TIME   RECORD YEAR NORMAL DEPARTURE LAST
                VALUE   (LST)  VALUE       VALUE  FROM      YEAR
                                                  NORMAL
..................................................................
TEMPERATURE (F)
 TODAY
  MAXIMUM         63    149 PM  87    1963  64     -1       59
  MINIMUM         47    718 AM  34    1962  45      2       54
  AVERAGE         55                        55      0       57

PRECIPITATION (IN)
  TODAY            0.20          1.90 1981   0.12   0.08     0.76
  MONTH TO DATE    0.20                      0.12   0.08     0.76
  SINCE OCT 1      8.72                     12.88  -4.16     5.89
  SINCE JAN 1      2.43                      7.58  -5.15     4.60

SNOWFALL (IN)
  TODAY           MM
  MONTH TO DATE   MM
  SINCE MAR 1     MM
  SINCE JUL 1      0.0

DEGREE DAYS
 HEATING
  TODAY           10                        10      0        8
  MONTH TO DATE   10                        10      0        8
  SINCE MAR 1     10                        10      0        8
  SINCE JUL 1    835                      1611   -776     1243

 COOLING
  TODAY            0                         0      0        0
  MONTH TO DATE    0                         0      0        0
  SINCE MAR 1      0                         0      0        0
  SINCE JAN 1      0                         0      0        0
..................................................................


WIND (MPH)
  HIGHEST WIND SPEED    14   HIGHEST WIND DIRECTION     W (270)
  HIGHEST GUST SPEED    17   HIGHEST GUST DIRECTION     W (270)
  AVERAGE WIND SPEED     5.4


SKY COVER
  POSSIBLE SUNSHINE  MM
  AVERAGE SKY COVER 0.5


WEATHER CONDITIONS
 THE FOLLOWING WEATHER WAS RECORDED TODAY.
  THUNDERSTORM
  HEAVY RAIN
  RAIN
  LIGHT RAIN
  FOG


RELATIVE HUMIDITY (PERCENT)
 HIGHEST    93           500 AM
 LOWEST     56           100 PM
 AVERAGE    75

..........................................................


THE SANTA BARBARA AIRPORT CA CLIMATE NORMALS FOR TOMORROW
                         NORMAL    RECORD    YEAR
 MAXIMUM TEMPERATURE (F)   64        86      1972
 MINIMUM TEMPERATURE (F)   45        32      1971


SUNRISE AND SUNSET
MARCH  1 2015.........SUNRISE   629 AM PST   SUNSET   555 PM PST
MARCH  2 2015.........SUNRISE   627 AM PST   SUNSET   556 PM PST


-  INDICATES NEGATIVE NUMBERS.
R  INDICATES RECORD WAS SET OR TIED.
MM INDICATES DATA IS MISSING.
T  INDICATES TRACE AMOUNT.




$$
