621
CDUS46 KLOX 240901
CLISBA


CLIMATE REPORT
NATIONAL WEATHER SERVICE LOS ANGELES/OXNARD CA
201 AM PDT MON APR 24 2017


...................................

...THE SANTA BARBARA AIRPORT CA CLIMATE SUMMARY FOR APRIL 23 2017...

CLIMATE NORMAL PERIOD 1981 TO 2010
CLIMATE RECORD PERIOD 1940 TO 2017


WEATHER ITEM   OBSERVED TIME   RECORD YEAR NORMAL DEPARTURE LAST
                VALUE   (LST)  VALUE       VALUE  FROM      YEAR
                                                  NORMAL
..................................................................
TEMPERATURE (F)
 YESTERDAY
  MAXIMUM         77    257 PM  82    1995  68      9       78
  MINIMUM         52    518 AM  37    1961  49      3       46
  AVERAGE         65                        58      7       62

PRECIPITATION (IN)
  YESTERDAY        0.00          0.33 1988   0.03  -0.03     0.00
  MONTH TO DATE    0.41                      0.84  -0.43     0.54
  SINCE OCT 1     24.11                     16.78   7.33    10.19
  SINCE JAN 1     19.30                     11.48   7.82     9.31

SNOWFALL (IN)
  YESTERDAY        0.0
  MONTH TO DATE    0.0
  SINCE MAR 1      0.0
  SINCE JUL 1      0.0

DEGREE DAYS
 HEATING
  YESTERDAY        0                         7     -7        3
  MONTH TO DATE  128                       183    -55       85
  SINCE MAR 1    333                       479   -146      278
  SINCE JUL 1   1701                      2080   -379     1341

 COOLING
  YESTERDAY        0                         0      0        0
  MONTH TO DATE    7                         0      7        2
  SINCE MAR 1      7                         2      5        8
  SINCE JAN 1      7                         2      5       10
..................................................................


WIND (MPH)
  HIGHEST WIND SPEED    18   HIGHEST WIND DIRECTION     W (250)
  HIGHEST GUST SPEED    23   HIGHEST GUST DIRECTION    SW (240)
  AVERAGE WIND SPEED     6.5


SKY COVER
  POSSIBLE SUNSHINE  MM
  AVERAGE SKY COVER 0.0


WEATHER CONDITIONS
 THE FOLLOWING WEATHER WAS RECORDED YESTERDAY.
  NO SIGNIFICANT WEATHER WAS OBSERVED.


RELATIVE HUMIDITY (PERCENT)
 HIGHEST    93           200 AM
 LOWEST     40           300 PM
 AVERAGE    67

..........................................................


THE SANTA BARBARA AIRPORT CA CLIMATE NORMALS FOR TODAY
                         NORMAL    RECORD    YEAR
 MAXIMUM TEMPERATURE (F)   68        87      1985
 MINIMUM TEMPERATURE (F)   49        36      1960


SUNRISE AND SUNSET
APRIL 24 2017.........SUNRISE   617 AM PDT   SUNSET   739 PM PDT
APRIL 25 2017.........SUNRISE   616 AM PDT   SUNSET   739 PM PDT


-  INDICATES NEGATIVE NUMBERS.
R  INDICATES RECORD WAS SET OR TIED.
MM INDICATES DATA IS MISSING.
T  INDICATES TRACE AMOUNT.




$$
