000
CDUS43 KIWX 140527
CLISBN


CLIMATE REPORT
NATIONAL WEATHER SERVICE NORTHERN INDIANA
126 AM EDT MON JUL 14 2014


...................................

...THE SOUTH BEND CLIMATE SUMMARY FOR JULY 13 2014...

CLIMATE NORMAL PERIOD 1981 TO 2010
CLIMATE RECORD PERIOD 1893 TO 2014


WEATHER ITEM   OBSERVED TIME   RECORD YEAR NORMAL DEPARTURE LAST
                VALUE   (LST)  VALUE       VALUE  FROM      YEAR
                                                  NORMAL
..................................................................
TEMPERATURE (F)
 YESTERDAY
  MAXIMUM         82    602 PM 106    1936  83     -1       85
  MINIMUM         70    809 AM  49    1940  63      7       57
                                      1926
  AVERAGE         76                        73      3       71

PRECIPITATION (IN)
  YESTERDAY        0.47          2.94 1945   0.13   0.34     0.00
  MONTH TO DATE    1.06                      1.61  -0.55     1.43
  SINCE JUN 1     10.20                      5.40   4.80     4.86
  SINCE JAN 1     25.28                     19.12   6.16    22.16

DEGREE DAYS
 HEATING
  YESTERDAY        0                         0      0        0
  MONTH TO DATE    2                         0      2        3
  SINCE JUN 1     19                        44    -25       40
  SINCE JUL 1      2                         0      2        3

 COOLING
  YESTERDAY       11                         8      3        6
  MONTH TO DATE   73                       104    -31       81
  SINCE JUN 1    289                       269     20      246
  SINCE JAN 1    374                       325     49      342
..................................................................


WIND (MPH)
  HIGHEST WIND SPEED    22   HIGHEST WIND DIRECTION    NW (300)
  HIGHEST GUST SPEED    28   HIGHEST GUST DIRECTION     W (270)
  AVERAGE WIND SPEED     8.6


SKY COVER
  AVERAGE SKY COVER 0.2


WEATHER CONDITIONS
 THE FOLLOWING WEATHER WAS RECORDED YESTERDAY.
  THUNDERSTORM
  HEAVY RAIN
  RAIN
  LIGHT RAIN
  FOG


RELATIVE HUMIDITY (PERCENT)
 HIGHEST    84           700 AM
 LOWEST     46           500 PM
 AVERAGE    65

..........................................................


THE SOUTH BEND CLIMATE NORMALS FOR TODAY
                         NORMAL    RECORD    YEAR
 MAXIMUM TEMPERATURE (F)   83       108      1936
 MINIMUM TEMPERATURE (F)   63        48      1930


SUNRISE AND SUNSET
JULY 14 2014..........SUNRISE   623 AM EDT   SUNSET   919 PM EDT
JULY 15 2014..........SUNRISE   624 AM EDT   SUNSET   918 PM EDT


-  INDICATES NEGATIVE NUMBERS.
R  INDICATES RECORD WAS SET OR TIED.
MM INDICATES DATA IS MISSING.
T  INDICATES TRACE AMOUNT.




$$
