000
CDUS43 KIWX 310522
CLISBN


CLIMATE REPORT
NATIONAL WEATHER SERVICE NORTHERN INDIANA
122 AM EDT FRI JUL 31 2015


...................................

...THE SOUTH BEND CLIMATE SUMMARY FOR JULY 30 2015...

CLIMATE NORMAL PERIOD 1981 TO 2010
CLIMATE RECORD PERIOD 1893 TO 2015


WEATHER ITEM   OBSERVED TIME   RECORD YEAR NORMAL DEPARTURE LAST
                VALUE   (LST)  VALUE       VALUE  FROM      YEAR
                                                  NORMAL
..................................................................
TEMPERATURE (F)
 YESTERDAY
  MAXIMUM         86    412 PM 102    1999  82      4       77
  MINIMUM         61    604 AM  45    1936  63     -2       56
  AVERAGE         74                        72      2       67

PRECIPITATION (IN)
  YESTERDAY        0.00          1.22 1909   0.13  -0.13     0.04
  MONTH TO DATE    4.79                      3.87   0.92     1.79
  SINCE JUN 1      8.86                      7.66   1.20    10.93
  SINCE JAN 1     21.95                     21.38   0.57    26.01

SNOWFALL (IN)
  YESTERDAY        0.0           0.0  2002   0.0    0.0      0.0
                                      2001
  MONTH TO DATE    0.0                       0.0    0.0      0.0
  SINCE JUN 1      0.0                       0.0    0.0      0.0
  SINCE JUL 1      0.0                       0.0    0.0      0.0
  SNOW DEPTH       0

DEGREE DAYS
 HEATING
  YESTERDAY        0                         0      0        0
  MONTH TO DATE   10                         0     10       18
  SINCE JUN 1     29                        44    -15       35
  SINCE JUL 1     10                         0     10       18

 COOLING
  YESTERDAY        9                         8      1        2
  MONTH TO DATE  198                       240    -42      135
  SINCE JUN 1    355                       405    -50      351
  SINCE JAN 1    441                       461    -20      436
..................................................................


WIND (MPH)
  HIGHEST WIND SPEED    20   HIGHEST WIND DIRECTION     W (290)
  HIGHEST GUST SPEED    25   HIGHEST GUST DIRECTION     W (290)
  AVERAGE WIND SPEED     8.3


SKY COVER
  AVERAGE SKY COVER 0.0


WEATHER CONDITIONS
 THE FOLLOWING WEATHER WAS RECORDED YESTERDAY.
  NO SIGNIFICANT WEATHER WAS OBSERVED.


RELATIVE HUMIDITY (PERCENT)
 HIGHEST    84           300 AM
 LOWEST     34           200 PM
 AVERAGE    59

..........................................................


THE SOUTH BEND CLIMATE NORMALS FOR TODAY
                         NORMAL    RECORD    YEAR
 MAXIMUM TEMPERATURE (F)   82        98      1917
 MINIMUM TEMPERATURE (F)   63        45      1918


SUNRISE AND SUNSET
JULY 31 2015..........SUNRISE   638 AM EDT   SUNSET   904 PM EDT
AUGUST  1 2015........SUNRISE   639 AM EDT   SUNSET   903 PM EDT


-  INDICATES NEGATIVE NUMBERS.
R  INDICATES RECORD WAS SET OR TIED.
MM INDICATES DATA IS MISSING.
T  INDICATES TRACE AMOUNT.




$$
