000
CDUS41 KAKQ 270530
CLISBY


CLIMATE REPORT
NATIONAL WEATHER SERVICE WAKEFIELD, VA
130 AM EDT SAT AUG 27 2016


...................................

...THE SALISBURY MD CLIMATE SUMMARY FOR AUGUST 26 2016...

CLIMATE NORMAL PERIOD 1981 TO 2010
CLIMATE RECORD PERIOD 1900 TO 2016


WEATHER ITEM   OBSERVED TIME   RECORD YEAR NORMAL DEPARTURE LAST
                VALUE   (LST)  VALUE       VALUE  FROM      YEAR
                                                  NORMAL
..................................................................
TEMPERATURE (F)
 YESTERDAY
  MAXIMUM         94    121 PM  98    1948  83     11       83
  MINIMUM         72    548 AM  46    1944  64      8       62
  AVERAGE         83                        74      9       73

PRECIPITATION (IN)
  YESTERDAY        0.00          1.65 1958   0.13  -0.13     0.00
  MONTH TO DATE    2.70                      3.84  -1.14     5.66
  SINCE JUN 1     15.33                     11.93   3.40    20.18
  SINCE JAN 1     34.06                     30.48   3.58    37.39

SNOWFALL (IN)
  YESTERDAY        0.0           0.0  2002   0.0    0.0
                                      2001
  MONTH TO DATE    0.0                       0.0    0.0
  SINCE NOV 1     19.8                       9.3   10.5
  SINCE JUL 1      0.0                       0.0    0.0
  SNOW DEPTH       0

DEGREE DAYS
 HEATING
  YESTERDAY        0                         0      0        0
  MONTH TO DATE    0                         0      0        0
  SINCE JUN 1      1                        20    -19       15
  SINCE JUL 1      0                         1     -1        0

 COOLING
  YESTERDAY       18                         9      9        8
  MONTH TO DATE  368                       266    102      266
  SINCE JUN 1   1037                       857    180      911
  SINCE JAN 1   1122                       941    181     1067
..................................................................


WIND (MPH)
  HIGHEST WIND SPEED    15   HIGHEST WIND DIRECTION     W (290)
  HIGHEST GUST SPEED    19   HIGHEST GUST DIRECTION    NW (320)
  AVERAGE WIND SPEED     4.8


SKY COVER
  POSSIBLE SUNSHINE  MM
  AVERAGE SKY COVER 0.0


WEATHER CONDITIONS
 THE FOLLOWING WEATHER WAS RECORDED YESTERDAY.
  NO SIGNIFICANT WEATHER WAS OBSERVED.


RELATIVE HUMIDITY (PERCENT)
 HIGHEST   100           400 AM
 LOWEST     49           200 PM
 AVERAGE    75

..........................................................


THE SALISBURY MD CLIMATE NORMALS FOR TODAY
                         NORMAL    RECORD    YEAR
 MAXIMUM TEMPERATURE (F)   83       100      1948
 MINIMUM TEMPERATURE (F)   64        47      1944


SUNRISE AND SUNSET
AUGUST 27 2016........SUNRISE   628 AM EDT   SUNSET   738 PM EDT
AUGUST 28 2016........SUNRISE   628 AM EDT   SUNSET   737 PM EDT


-  INDICATES NEGATIVE NUMBERS.
R  INDICATES RECORD WAS SET OR TIED.
MM INDICATES DATA IS MISSING.
T  INDICATES TRACE AMOUNT.




$$
