000
CDUS41 KAKQ 311020
CLISBY


CLIMATE REPORT
NATIONAL WEATHER SERVICE WAKEFIELD, VA
619 AM EDT FRI OCT 31 2014


...................................

...THE SALISBURY MD CLIMATE SUMMARY FOR OCTOBER 30 2014...

CLIMATE NORMAL PERIOD 1981 TO 2010
CLIMATE RECORD PERIOD 1900 TO 2014


WEATHER ITEM   OBSERVED TIME   RECORD YEAR NORMAL DEPARTURE LAST
                VALUE   (LST)  VALUE       VALUE  FROM      YEAR
                                                  NORMAL
..................................................................
TEMPERATURE (F)
 YESTERDAY
  MAXIMUM         65    228 PM  83    1946  64      1       65
  MINIMUM         46   1051 PM  25    1952  42      4       47
  AVERAGE         56                        53      3       56

PRECIPITATION (IN)
  YESTERDAY        0.00          1.80 1917   0.12  -0.12      T
  MONTH TO DATE    1.72                      3.37  -1.65     3.68
  SINCE SEP 1      6.10                      7.35  -1.25     4.45
  SINCE JAN 1     26.38                     38.42 -12.04    44.13

SNOWFALL (IN)
  YESTERDAY        0.0           0.0    MM   0.0    0.0
  MONTH TO DATE    0.0                       0.0    0.0
  SINCE NOV 1     22.5                       9.3   13.2
  SINCE JUL 1      0.0                       0.0    0.0
  SNOW DEPTH       0

DEGREE DAYS
 HEATING
  YESTERDAY        9                        12     -3        9
  MONTH TO DATE  113                       253   -140      160
  SINCE SEP 1    119                       299   -180      187
  SINCE JUL 1    119                       301   -182      187

 COOLING
  YESTERDAY        0                         0      0        0
  MONTH TO DATE   33                        22     11       88
  SINCE SEP 1    253                       164     89      257
  SINCE JAN 1   1375                      1147    228     1620
..................................................................


WIND (MPH)
  HIGHEST WIND SPEED    14   HIGHEST WIND DIRECTION     N (340)
  HIGHEST GUST SPEED    19   HIGHEST GUST DIRECTION    NW (330)
  AVERAGE WIND SPEED     4.8


SKY COVER
  POSSIBLE SUNSHINE  MM
  AVERAGE SKY COVER 0.2


WEATHER CONDITIONS
 THE FOLLOWING WEATHER WAS RECORDED YESTERDAY.
  FOG


RELATIVE HUMIDITY (PERCENT)
 HIGHEST    89           100 AM
 LOWEST     37           300 PM
 AVERAGE    63

..........................................................


THE SALISBURY MD CLIMATE NORMALS FOR TODAY
                         NORMAL    RECORD    YEAR
 MAXIMUM TEMPERATURE (F)   64        83      1946
 MINIMUM TEMPERATURE (F)   42        24      2008


SUNRISE AND SUNSET
OCTOBER 31 2014.......SUNRISE   727 AM EDT   SUNSET   604 PM EDT
NOVEMBER  1 2014......SUNRISE   728 AM EDT   SUNSET   602 PM EDT


-  INDICATES NEGATIVE NUMBERS.
R  INDICATES RECORD WAS SET OR TIED.
MM INDICATES DATA IS MISSING.
T  INDICATES TRACE AMOUNT.




$$
