000
CDUS41 KAKQ 020632
CLISBY


CLIMATE REPORT
NATIONAL WEATHER SERVICE WAKEFIELD, VA
132 AM EST MON MAR 2 2015


...................................

...THE SALISBURY MD CLIMATE SUMMARY FOR MARCH 1 2015...

CLIMATE NORMAL PERIOD 1981 TO 2010
CLIMATE RECORD PERIOD 1900 TO 2015


WEATHER ITEM   OBSERVED TIME   RECORD YEAR NORMAL DEPARTURE LAST
                VALUE   (LST)  VALUE       VALUE  FROM      YEAR
                                                  NORMAL
..................................................................
TEMPERATURE (F)
 YESTERDAY
  MAXIMUM         35   1159 PM  80    1976  50    -15       49
  MINIMUM         16    334 AM  13    1980  31    -15       16
  AVERAGE         26                        40    -14       33

PRECIPITATION (IN)
  YESTERDAY        0.47          1.48 1910   0.13   0.34     0.00
  MONTH TO DATE    0.47                      0.13   0.34     0.00
  SINCE MAR 1      0.47                      0.13   0.34     0.00
  SINCE JAN 1      8.19                      7.09   1.10     7.22

SNOWFALL (IN)
  YESTERDAY        0.0           3.0  1980   0.1   -0.1
  MONTH TO DATE    0.0                       0.1   -0.1
  SINCE NOV 1     10.5                       8.4    2.1
  SINCE JUL 1     10.5                       8.4    2.1
  SNOW DEPTH       0

DEGREE DAYS
 HEATING
  YESTERDAY       39                        25     14       32
  MONTH TO DATE   39                        25     14       32
  SINCE MAR 1     39                        25     14       32
  SINCE JUL 1   3252                      3330    -78     3172

 COOLING
  YESTERDAY        0                         0      0        0
  MONTH TO DATE    0                         0      0        0
  SINCE MAR 1      0                         0      0        0
  SINCE JAN 1      0                         0      0        0
..................................................................


WIND (MPH)
  HIGHEST WIND SPEED     9   HIGHEST WIND DIRECTION     S (160)
  HIGHEST GUST SPEED    11   HIGHEST GUST DIRECTION    SE (150)
  AVERAGE WIND SPEED     2.6


SKY COVER
  POSSIBLE SUNSHINE  MM
  AVERAGE SKY COVER 0.8


WEATHER CONDITIONS
 THE FOLLOWING WEATHER WAS RECORDED YESTERDAY.
  RAIN
  LIGHT RAIN
  LT FREEZING RAIN
  LIGHT SNOW
  FOG


RELATIVE HUMIDITY (PERCENT)
 HIGHEST    89           300 PM
 LOWEST     58           900 AM
 AVERAGE    74

..........................................................


THE SALISBURY MD CLIMATE NORMALS FOR TODAY
                         NORMAL    RECORD    YEAR
 MAXIMUM TEMPERATURE (F)   51        78      1972
 MINIMUM TEMPERATURE (F)   31        15      1980


SUNRISE AND SUNSET
MARCH  2 2015.........SUNRISE   633 AM EST   SUNSET   556 PM EST
MARCH  3 2015.........SUNRISE   631 AM EST   SUNSET   557 PM EST


-  INDICATES NEGATIVE NUMBERS.
R  INDICATES RECORD WAS SET OR TIED.
MM INDICATES DATA IS MISSING.
T  INDICATES TRACE AMOUNT.




$$
