000
CDUS41 KAKQ 190826
CLISBY


CLIMATE REPORT
NATIONAL WEATHER SERVICE WAKEFIELD, VA
426 AM EDT FRI SEP 19 2014


...................................

...THE SALISBURY MD CLIMATE SUMMARY FOR SEPTEMBER 18 2014...

CLIMATE NORMAL PERIOD 1981 TO 2010
CLIMATE RECORD PERIOD 1900 TO 2014


WEATHER ITEM   OBSERVED TIME   RECORD YEAR NORMAL DEPARTURE LAST
                VALUE   (LST)  VALUE       VALUE  FROM      YEAR
                                                  NORMAL
..................................................................
TEMPERATURE (F)
 YESTERDAY
  MAXIMUM         79    254 PM  94    1921  78      1       75
  MINIMUM         51    602 AM  40    1990  57     -6       48
  AVERAGE         65                        68     -3       62

PRECIPITATION (IN)
  YESTERDAY        T             4.61 1936   0.14  -0.14     0.00
  MONTH TO DATE    3.03                      2.37   0.66     0.32
  SINCE SEP 1      3.03                      2.37   0.66     0.32
  SINCE JAN 1     23.31                     33.44 -10.13    40.00

SNOWFALL (IN)
  YESTERDAY        0.0           0.0  2002   0.0    0.0
                                      2001
  MONTH TO DATE    0.0                       0.0    0.0
  SINCE NOV 1     22.5                       9.3   13.2
  SINCE JUL 1      0.0                       0.0    0.0
  SNOW DEPTH       0

DEGREE DAYS
 HEATING
  YESTERDAY        0                         2     -2        3
  MONTH TO DATE    0                        11    -11       14
  SINCE SEP 1      0                        11    -11       14
  SINCE JUL 1      0                        13    -13       14

 COOLING
  YESTERDAY        0                         4     -4        0
  MONTH TO DATE  170                       109     61      159
  SINCE SEP 1    170                       109     61      159
  SINCE JAN 1   1292                      1092    200     1522
..................................................................


WIND (MPH)
  HIGHEST WIND SPEED    14   HIGHEST WIND DIRECTION    SE (150)
  HIGHEST GUST SPEED    20   HIGHEST GUST DIRECTION    SE (140)
  AVERAGE WIND SPEED     1.8


SKY COVER
  POSSIBLE SUNSHINE  MM
  AVERAGE SKY COVER 0.4


WEATHER CONDITIONS
 THE FOLLOWING WEATHER WAS RECORDED YESTERDAY.
  LIGHT RAIN


RELATIVE HUMIDITY (PERCENT)
 HIGHEST    86           700 AM
 LOWEST     35          1200 PM
 AVERAGE    61

..........................................................


THE SALISBURY MD CLIMATE NORMALS FOR TODAY
                         NORMAL    RECORD    YEAR
 MAXIMUM TEMPERATURE (F)   78        93      1983
 MINIMUM TEMPERATURE (F)   57        40      1943


SUNRISE AND SUNSET
SEPTEMBER 19 2014.....SUNRISE   647 AM EDT   SUNSET   704 PM EDT
SEPTEMBER 20 2014.....SUNRISE   648 AM EDT   SUNSET   702 PM EDT


-  INDICATES NEGATIVE NUMBERS.
R  INDICATES RECORD WAS SET OR TIED.
MM INDICATES DATA IS MISSING.
T  INDICATES TRACE AMOUNT.




$$
