000
CDUS41 KAKQ 300545
CLISBY


CLIMATE REPORT
NATIONAL WEATHER SERVICE WAKEFIELD, VA
145 AM EDT TUE MAY 30 2017


...................................

...THE SALISBURY MD CLIMATE SUMMARY FOR MAY 29 2017...

CLIMATE NORMAL PERIOD 1981 TO 2010
CLIMATE RECORD PERIOD 1900 TO 2017


WEATHER ITEM   OBSERVED TIME   RECORD YEAR NORMAL DEPARTURE LAST
                VALUE   (LST)  VALUE       VALUE  FROM      YEAR
                                                  NORMAL
..................................................................
TEMPERATURE (F)
 YESTERDAY
  MAXIMUM         76    315 PM  96    1941  77     -1       83
  MINIMUM         58   1123 PM  35    1936  56      2       58
  AVERAGE         67                        66      1       71

PRECIPITATION (IN)
  YESTERDAY        T             2.21 1990   0.13  -0.13     0.04
  MONTH TO DATE    4.96                      3.36   1.60     4.54
  SINCE MAR 1     11.61                     11.33   0.28     9.99
  SINCE JAN 1     16.41                     18.29  -1.88    16.84

SNOWFALL (IN)
  YESTERDAY        0.0           0.0  2002   0.0    0.0
                                      2001
  MONTH TO DATE    0.0                       0.0    0.0
  SINCE NOV 1      9.6                       9.3    0.3
  SINCE JUL 1      9.6                       9.3    0.3
  SNOW DEPTH       0

DEGREE DAYS
 HEATING
  YESTERDAY        0                         2     -2        0
  MONTH TO DATE  131                       138     -7      159
  SINCE MAR 1    935                      1113   -178      965
  SINCE JUL 1   3686                      4418   -732     3636

 COOLING
  YESTERDAY        2                         4     -2        6
  MONTH TO DATE   61                        59      2       46
  SINCE MAR 1    131                        76     55       70
  SINCE JAN 1    131                        76     55       70
..................................................................


WIND (MPH)
  HIGHEST WIND SPEED    14   HIGHEST WIND DIRECTION     E (90)
  HIGHEST GUST SPEED    18   HIGHEST GUST DIRECTION     E (80)
  AVERAGE WIND SPEED     7.3


SKY COVER
  POSSIBLE SUNSHINE  MM
  AVERAGE SKY COVER 0.7


WEATHER CONDITIONS
 THE FOLLOWING WEATHER WAS RECORDED YESTERDAY.
  LIGHT RAIN
  FOG


RELATIVE HUMIDITY (PERCENT)
 HIGHEST   100           200 AM
 LOWEST     73           200 PM
 AVERAGE    87

..........................................................


THE SALISBURY MD CLIMATE NORMALS FOR TODAY
                         NORMAL    RECORD    YEAR
 MAXIMUM TEMPERATURE (F)   77        95      2011
                                             1987
 MINIMUM TEMPERATURE (F)   56        40      1926


SUNRISE AND SUNSET
MAY 30 2017...........SUNRISE   541 AM EDT   SUNSET   819 PM EDT
MAY 31 2017...........SUNRISE   540 AM EDT   SUNSET   819 PM EDT


-  INDICATES NEGATIVE NUMBERS.
R  INDICATES RECORD WAS SET OR TIED.
MM INDICATES DATA IS MISSING.
T  INDICATES TRACE AMOUNT.




$$
