000
CDUS41 KAKQ 170645
CLISBY


CLIMATE REPORT
NATIONAL WEATHER SERVICE WAKEFIELD, VA
145 AM EST WED JAN 17 2018


...................................

...THE SALISBURY MD CLIMATE SUMMARY FOR JANUARY 16 2018...

CLIMATE NORMAL PERIOD 1981 TO 2010
CLIMATE RECORD PERIOD 1900 TO 2018


WEATHER ITEM   OBSERVED TIME   RECORD YEAR NORMAL DEPARTURE LAST
                VALUE   (LST)  VALUE       VALUE  FROM      YEAR
                                                  NORMAL
..................................................................
TEMPERATURE (F)
 YESTERDAY
  MAXIMUM         47    325 PM  69    1953  44      3       45
  MINIMUM         25    512 AM   2    1982  26     -1       30
  AVERAGE         36                        35      1       38

PRECIPITATION (IN)
  YESTERDAY        0.00          1.44 1936   0.12  -0.12     0.00
  MONTH TO DATE    1.15                      1.82  -0.67     2.03
  SINCE DEC 1      2.29                      5.53  -3.24     4.96
  SINCE JAN 1      1.15                      1.82  -0.67     2.03

SNOWFALL (IN)
  YESTERDAY        0.0           4.0  1965   0.1   -0.1
  MONTH TO DATE    9.4                       1.3    8.1
  SINCE NOV 1     16.4                       3.1   13.3
  SINCE JUL 1     16.4                       3.1   13.3
  SNOW DEPTH       0

DEGREE DAYS
 HEATING
  YESTERDAY       29                        30     -1       27
  MONTH TO DATE  587                       475    112      434
  SINCE DEC 1   1463                      1281    182     1214
  SINCE JUL 1   2134                      2099     35     1874

 COOLING
  YESTERDAY        0                         0      0        0
  MONTH TO DATE    0                         0      0        0
  SINCE DEC 1      0                         0      0        0
  SINCE JAN 1      0                         0      0        0
..................................................................


WIND (MPH)
  HIGHEST WIND SPEED     8   HIGHEST WIND DIRECTION    NE (40)
  HIGHEST GUST SPEED    10   HIGHEST GUST DIRECTION    NE (60)
  AVERAGE WIND SPEED     3.4


SKY COVER
  POSSIBLE SUNSHINE  MM
  AVERAGE SKY COVER 0.6


WEATHER CONDITIONS
 THE FOLLOWING WEATHER WAS RECORDED YESTERDAY.
  FOG


RELATIVE HUMIDITY (PERCENT)
 HIGHEST   100          1200 AM
 LOWEST     70          1200 PM
 AVERAGE    85

..........................................................


THE SALISBURY MD CLIMATE NORMALS FOR TODAY
                         NORMAL    RECORD    YEAR
 MAXIMUM TEMPERATURE (F)   44        75      1943
 MINIMUM TEMPERATURE (F)   26        -6      1965


SUNRISE AND SUNSET
JANUARY 17 2018.......SUNRISE   717 AM EST   SUNSET   508 PM EST
JANUARY 18 2018.......SUNRISE   716 AM EST   SUNSET   509 PM EST


-  INDICATES NEGATIVE NUMBERS.
R  INDICATES RECORD WAS SET OR TIED.
MM INDICATES DATA IS MISSING.
T  INDICATES TRACE AMOUNT.




$$
