000
CDUS41 KAKQ 270535
CLISBY


CLIMATE REPORT
NATIONAL WEATHER SERVICE WAKEFIELD, VA
134 AM EDT THU JUL 27 2017


...................................

...THE SALISBURY MD CLIMATE SUMMARY FOR JULY 26 2017...

CLIMATE NORMAL PERIOD 1981 TO 2010
CLIMATE RECORD PERIOD 1900 TO 2017


WEATHER ITEM   OBSERVED TIME   RECORD YEAR NORMAL DEPARTURE LAST
                VALUE   (LST)  VALUE       VALUE  FROM      YEAR
                                                  NORMAL
..................................................................
TEMPERATURE (F)
 YESTERDAY
  MAXIMUM         80   1137 AM  98    2012  86     -6       93
                                      1930
  MINIMUM         65    446 AM  53    1920  67     -2       75
  AVERAGE         73                        77     -4       84

PRECIPITATION (IN)
  YESTERDAY        0.00          1.61 2000   0.16  -0.16     0.46
  MONTH TO DATE    5.55                      3.53   2.02     3.67
  SINCE JUN 1      7.54                      7.24   0.30    10.00
  SINCE JAN 1     24.07                     25.79  -1.72    28.73

SNOWFALL (IN)
  YESTERDAY        0.0           0.0  2002   0.0    0.0
                                      2001
  MONTH TO DATE    0.0                       0.0    0.0
  SINCE NOV 1      9.6                       9.3    0.3
  SINCE JUL 1      0.0                       0.0    0.0
  SNOW DEPTH       0

DEGREE DAYS
 HEATING
  YESTERDAY        0                         0      0        0
  MONTH TO DATE    0                         0      0        0
  SINCE JUN 1     15                        19     -4        1
  SINCE JUL 1      0                         0      0        0

 COOLING
  YESTERDAY        8                        12     -4       19
  MONTH TO DATE  405                       307     98      376
  SINCE JUN 1    683                       534    149      589
  SINCE JAN 1    821                       618    203      674
..................................................................


WIND (MPH)
  HIGHEST WIND SPEED    15   HIGHEST WIND DIRECTION    SE (130)
  HIGHEST GUST SPEED    19   HIGHEST GUST DIRECTION    SE (120)
  AVERAGE WIND SPEED     5.0


SKY COVER
  POSSIBLE SUNSHINE  MM
  AVERAGE SKY COVER 0.6


WEATHER CONDITIONS
 THE FOLLOWING WEATHER WAS RECORDED YESTERDAY.
  NO SIGNIFICANT WEATHER WAS OBSERVED.


RELATIVE HUMIDITY (PERCENT)
 HIGHEST   100          1200 AM
 LOWEST     67          1000 AM
 AVERAGE    84

..........................................................


THE SALISBURY MD CLIMATE NORMALS FOR TODAY
                         NORMAL    RECORD    YEAR
 MAXIMUM TEMPERATURE (F)   86       102      1940
 MINIMUM TEMPERATURE (F)   67        52      1920


SUNRISE AND SUNSET
JULY 27 2017..........SUNRISE   600 AM EDT   SUNSET   816 PM EDT
JULY 28 2017..........SUNRISE   601 AM EDT   SUNSET   815 PM EDT


-  INDICATES NEGATIVE NUMBERS.
R  INDICATES RECORD WAS SET OR TIED.
MM INDICATES DATA IS MISSING.
T  INDICATES TRACE AMOUNT.




$$
