000
CDUS41 KAKQ 170645
CLISBY


CLIMATE REPORT
NATIONAL WEATHER SERVICE WAKEFIELD, VA
145 AM EST FRI NOV 17 2017


...................................

...THE SALISBURY MD CLIMATE SUMMARY FOR NOVEMBER 16 2017...

CLIMATE NORMAL PERIOD 1981 TO 2010
CLIMATE RECORD PERIOD 1900 TO 2017


WEATHER ITEM   OBSERVED TIME   RECORD YEAR NORMAL DEPARTURE LAST
                VALUE   (LST)  VALUE       VALUE  FROM      YEAR
                                                  NORMAL
..................................................................
TEMPERATURE (F)
 YESTERDAY
  MAXIMUM         60    334 PM  78    1928  59      1       64
  MINIMUM         44   1159 PM  17    1933  38      6       33
  AVERAGE         52                        48      4       49

PRECIPITATION (IN)
  YESTERDAY        T             1.50 1926   0.11  -0.11     0.07
  MONTH TO DATE    1.27                      1.78  -0.51     0.36
  SINCE SEP 1      7.26                      9.25  -1.99    17.26
  SINCE JAN 1     49.32                     40.32   9.00    51.32

SNOWFALL (IN)
  YESTERDAY       MM             T    1940   0.0   MM
  MONTH TO DATE    0.0                       0.0    0.0
  SINCE NOV 1      0.0                       0.0    0.0
  SINCE JUL 1      0.0                       0.0    0.0
  SNOW DEPTH       0

DEGREE DAYS
 HEATING
  YESTERDAY       13                        17     -4       16
  MONTH TO DATE  221                       236    -15      235
  SINCE SEP 1    389                       547   -158      410
  SINCE JUL 1    389                       549   -160      410

 COOLING
  YESTERDAY        0                         0      0        0
  MONTH TO DATE    1                         0      1        4
  SINCE SEP 1    248                       167     81      290
  SINCE JAN 1   1415                      1150    265     1479
..................................................................


WIND (MPH)
  HIGHEST WIND SPEED    22   HIGHEST WIND DIRECTION    NW (330)
  HIGHEST GUST SPEED    26   HIGHEST GUST DIRECTION    NW (310)
  AVERAGE WIND SPEED     7.0


SKY COVER
  POSSIBLE SUNSHINE  MM
  AVERAGE SKY COVER 0.4


WEATHER CONDITIONS
 THE FOLLOWING WEATHER WAS RECORDED YESTERDAY.
  LIGHT RAIN
  FOG


RELATIVE HUMIDITY (PERCENT)
 HIGHEST   100          1200 AM
 LOWEST     47           400 PM
 AVERAGE    74

..........................................................


THE SALISBURY MD CLIMATE NORMALS FOR TODAY
                         NORMAL    RECORD    YEAR
 MAXIMUM TEMPERATURE (F)   58        75      1927
 MINIMUM TEMPERATURE (F)   38        13      1933


SUNRISE AND SUNSET
NOVEMBER 17 2017......SUNRISE   646 AM EST   SUNSET   448 PM EST
NOVEMBER 18 2017......SUNRISE   647 AM EST   SUNSET   447 PM EST


-  INDICATES NEGATIVE NUMBERS.
R  INDICATES RECORD WAS SET OR TIED.
MM INDICATES DATA IS MISSING.
T  INDICATES TRACE AMOUNT.




$$
