000
CDUS41 KAKQ 010845
CLISBY


CLIMATE REPORT
NATIONAL WEATHER SERVICE WAKEFIELD, VA
445 AM EDT FRI AUG 1 2014


...................................

...THE SALISBURY MD CLIMATE SUMMARY FOR JULY 31 2014...

CLIMATE NORMAL PERIOD 1981 TO 2010
CLIMATE RECORD PERIOD 1900 TO 2014


WEATHER ITEM   OBSERVED TIME   RECORD YEAR NORMAL DEPARTURE LAST
                VALUE   (LST)  VALUE       VALUE  FROM      YEAR
                                                  NORMAL
..................................................................
TEMPERATURE (F)
 YESTERDAY
  MAXIMUM         88    150 PM  99    1917  86      2       85
  MINIMUM         59    336 AM  52    1956  67     -8       63
  AVERAGE         74                        76     -2       74

PRECIPITATION (IN)
  YESTERDAY        0.00          1.87 1952   0.18  -0.18     0.00
  MONTH TO DATE    3.28                      4.38  -1.10     3.81
  SINCE JUN 1      4.12                      8.09  -3.97    13.73
  SINCE JAN 1     15.94                     26.64 -10.70    32.38

SNOWFALL (IN)
  YESTERDAY        0.0           0.0  2002   0.0    0.0
                                      2001
  MONTH TO DATE    0.0                       0.0    0.0
  SINCE NOV 1     22.5                       9.3   13.2
  SINCE JUL 1      0.0                       0.0    0.0
  SNOW DEPTH       0

DEGREE DAYS
 HEATING
  YESTERDAY        0                         0      0        0
  MONTH TO DATE    0                         0      0        0
  SINCE JUN 1      5                        20    -15        0
  SINCE JUL 1      0                         1     -1        0

 COOLING
  YESTERDAY        9                        11     -2        9
  MONTH TO DATE  390                       364     26      506
  SINCE JUN 1    683                       591     92      839
  SINCE JAN 1    818                       675    143     1030
..................................................................


WIND (MPH)
  HIGHEST WIND SPEED    15   HIGHEST WIND DIRECTION     W (250)
  HIGHEST GUST SPEED    21   HIGHEST GUST DIRECTION     W (250)
  AVERAGE WIND SPEED     5.2


SKY COVER
  POSSIBLE SUNSHINE  MM
  AVERAGE SKY COVER 0.1


WEATHER CONDITIONS
 THE FOLLOWING WEATHER WAS RECORDED YESTERDAY.
  NO SIGNIFICANT WEATHER WAS OBSERVED.


RELATIVE HUMIDITY (PERCENT)
 HIGHEST    84           400 AM
 LOWEST     39           200 PM
 AVERAGE    62

..........................................................


THE SALISBURY MD CLIMATE NORMALS FOR TODAY
                         NORMAL    RECORD    YEAR
 MAXIMUM TEMPERATURE (F)   86        99      1915
 MINIMUM TEMPERATURE (F)   67        51      2001


SUNRISE AND SUNSET
AUGUST  1 2014........SUNRISE   604 AM EDT   SUNSET   812 PM EDT
AUGUST  2 2014........SUNRISE   605 AM EDT   SUNSET   811 PM EDT


-  INDICATES NEGATIVE NUMBERS.
R  INDICATES RECORD WAS SET OR TIED.
MM INDICATES DATA IS MISSING.
T  INDICATES TRACE AMOUNT.




$$
