000
CDUS41 KAKQ 270832
CLISBY


CLIMATE REPORT
NATIONAL WEATHER SERVICE WAKEFIELD, VA
330 AM EST TUE JAN 27 2015


...................................

...THE SALISBURY MD CLIMATE SUMMARY FOR JANUARY 26 2015...

CLIMATE NORMAL PERIOD 1981 TO 2010
CLIMATE RECORD PERIOD 1900 TO 2015


WEATHER ITEM   OBSERVED TIME   RECORD YEAR NORMAL DEPARTURE LAST
                VALUE   (LST)  VALUE       VALUE  FROM      YEAR
                                                  NORMAL
..................................................................
TEMPERATURE (F)
 YESTERDAY
  MAXIMUM         48   1258 PM  73    1950  44      4       40
  MINIMUM         34   1159 PM  -1    1940  27      7       21
  AVERAGE         41                        36      5       31

PRECIPITATION (IN)
  YESTERDAY        0.18          1.70 1986   0.12   0.06     0.00
  MONTH TO DATE    4.54                      3.00   1.54     2.00
  SINCE DEC 1      6.23                      6.71  -0.48     5.18
  SINCE JAN 1      4.54                      3.00   1.54     2.00

SNOWFALL (IN)
  YESTERDAY        T            10.1  1987   0.1   -0.1
  MONTH TO DATE    T                         2.5   -2.5
  SINCE NOV 1      T                         4.3   -4.3
  SINCE JUL 1      T                         4.3   -4.3
  SNOW DEPTH       0

DEGREE DAYS
 HEATING
  YESTERDAY       24                        30     -6       34
  MONTH TO DATE  723                       775    -52      800
  SINCE DEC 1   1367                      1581   -214     1470
  SINCE JUL 1   2039                      2399   -360     2175

 COOLING
  YESTERDAY        0                         0      0        0
  MONTH TO DATE    0                         0      0        0
  SINCE DEC 1      0                         0      0        5
  SINCE JAN 1      0                         0      0        0
..................................................................


WIND (MPH)
  HIGHEST WIND SPEED    22   HIGHEST WIND DIRECTION     N (20)
  HIGHEST GUST SPEED    29   HIGHEST GUST DIRECTION     N (20)
  AVERAGE WIND SPEED    12.6


SKY COVER
  POSSIBLE SUNSHINE  MM
  AVERAGE SKY COVER 0.9


WEATHER CONDITIONS
 THE FOLLOWING WEATHER WAS RECORDED YESTERDAY.
  RAIN
  LIGHT RAIN
  LIGHT SNOW
  FOG
  HAZE


RELATIVE HUMIDITY (PERCENT)
 HIGHEST    89           800 PM
 LOWEST     70          1200 AM
 AVERAGE    80

..........................................................


THE SALISBURY MD CLIMATE NORMALS FOR TODAY
                         NORMAL    RECORD    YEAR
 MAXIMUM TEMPERATURE (F)   44        71      1974
 MINIMUM TEMPERATURE (F)   27         0      1987


SUNRISE AND SUNSET
JANUARY 27 2015.......SUNRISE   711 AM EST   SUNSET   519 PM EST
JANUARY 28 2015.......SUNRISE   711 AM EST   SUNSET   520 PM EST


-  INDICATES NEGATIVE NUMBERS.
R  INDICATES RECORD WAS SET OR TIED.
MM INDICATES DATA IS MISSING.
T  INDICATES TRACE AMOUNT.




$$
